[INFO] cloning repository https://github.com/hota1024/raspberry-pi-pico-rust
[INFO] running `Command { std: "git" "-c" "credential.helper=" "-c" "credential.helper=/workspace/cargo-home/bin/git-credential-null" "clone" "--bare" "https://github.com/hota1024/raspberry-pi-pico-rust" "/workspace/cache/git-repos/https%3A%2F%2Fgithub.com%2Fhota1024%2Fraspberry-pi-pico-rust", kill_on_drop: false }`
[INFO] [stderr] Cloning into bare repository '/workspace/cache/git-repos/https%3A%2F%2Fgithub.com%2Fhota1024%2Fraspberry-pi-pico-rust'...
[INFO] running `Command { std: "git" "rev-parse" "HEAD", kill_on_drop: false }`
[INFO] [stdout] 4fb139a934d5b81b1d5e6d2d2a1481544618d428
[INFO] testing hota1024/raspberry-pi-pico-rust against beta-2021-08-01 for beta-1.55-1
[INFO] running `Command { std: "git" "clone" "/workspace/cache/git-repos/https%3A%2F%2Fgithub.com%2Fhota1024%2Fraspberry-pi-pico-rust" "/workspace/builds/worker-94/source", kill_on_drop: false }`
[INFO] [stderr] Cloning into '/workspace/builds/worker-94/source'...
[INFO] [stderr] done.
[INFO] validating manifest of git repo https://github.com/hota1024/raspberry-pi-pico-rust on toolchain beta-2021-08-01
[INFO] running `Command { std: "/workspace/cargo-home/bin/cargo" "+beta-2021-08-01" "metadata" "--manifest-path" "Cargo.toml" "--no-deps", kill_on_drop: false }`
[INFO] removed /workspace/builds/worker-94/source/.cargo/config
[INFO] started tweaking git repo https://github.com/hota1024/raspberry-pi-pico-rust
[INFO] finished tweaking git repo https://github.com/hota1024/raspberry-pi-pico-rust
[INFO] tweaked toml for git repo https://github.com/hota1024/raspberry-pi-pico-rust written to /workspace/builds/worker-94/source/Cargo.toml
[INFO] crate git repo https://github.com/hota1024/raspberry-pi-pico-rust already has a lockfile, it will not be regenerated
[INFO] running `Command { std: "/workspace/cargo-home/bin/cargo" "+beta-2021-08-01" "fetch" "--manifest-path" "Cargo.toml", kill_on_drop: false }`
[INFO] [stderr]     Updating git repository `https://github.com/White-Green/raspi-pico-sdk-rs`
[INFO] [stderr]  Downloading crates ...
[INFO] [stderr]   Downloaded guess_host_triple v0.1.2
[INFO] [stderr]   Downloaded clang-sys v1.1.0
[INFO] running `Command { std: "docker" "create" "-v" "/var/lib/crater-agent-workspace/builds/worker-94/target:/opt/rustwide/target:rw,Z" "-v" "/var/lib/crater-agent-workspace/builds/worker-94/source:/opt/rustwide/workdir:ro,Z" "-v" "/var/lib/crater-agent-workspace/cargo-home:/opt/rustwide/cargo-home:ro,Z" "-v" "/var/lib/crater-agent-workspace/rustup-home:/opt/rustwide/rustup-home:ro,Z" "-e" "SOURCE_DIR=/opt/rustwide/workdir" "-e" "CARGO_TARGET_DIR=/opt/rustwide/target" "-e" "CARGO_HOME=/opt/rustwide/cargo-home" "-e" "RUSTUP_HOME=/opt/rustwide/rustup-home" "-w" "/opt/rustwide/workdir" "-m" "1610612736" "--user" "0:0" "--network" "none" "ghcr.io/rust-lang/crates-build-env/linux@sha256:34b6a614d2c27851fe6cbf88fbd1137609cefab8b10d0615aaeb6fd47975d74e" "/opt/rustwide/cargo-home/bin/cargo" "+beta-2021-08-01" "metadata" "--no-deps" "--format-version=1", kill_on_drop: false }`
[INFO] [stdout] f43ac009dfdd62a50c79f1d762d8f7fdee66b89aef64703671d03544de9ee867
[INFO] running `Command { std: "docker" "start" "-a" "f43ac009dfdd62a50c79f1d762d8f7fdee66b89aef64703671d03544de9ee867", kill_on_drop: false }`
[INFO] running `Command { std: "docker" "inspect" "f43ac009dfdd62a50c79f1d762d8f7fdee66b89aef64703671d03544de9ee867", kill_on_drop: false }`
[INFO] running `Command { std: "docker" "rm" "-f" "f43ac009dfdd62a50c79f1d762d8f7fdee66b89aef64703671d03544de9ee867", kill_on_drop: false }`
[INFO] [stdout] f43ac009dfdd62a50c79f1d762d8f7fdee66b89aef64703671d03544de9ee867
[INFO] running `Command { std: "docker" "create" "-v" "/var/lib/crater-agent-workspace/builds/worker-94/target:/opt/rustwide/target:rw,Z" "-v" "/var/lib/crater-agent-workspace/builds/worker-94/source:/opt/rustwide/workdir:ro,Z" "-v" "/var/lib/crater-agent-workspace/cargo-home:/opt/rustwide/cargo-home:ro,Z" "-v" "/var/lib/crater-agent-workspace/rustup-home:/opt/rustwide/rustup-home:ro,Z" "-e" "SOURCE_DIR=/opt/rustwide/workdir" "-e" "CARGO_TARGET_DIR=/opt/rustwide/target" "-e" "CARGO_INCREMENTAL=0" "-e" "RUST_BACKTRACE=full" "-e" "RUSTFLAGS=--cap-lints=warn" "-e" "CARGO_HOME=/opt/rustwide/cargo-home" "-e" "RUSTUP_HOME=/opt/rustwide/rustup-home" "-w" "/opt/rustwide/workdir" "-m" "1610612736" "--user" "0:0" "--network" "none" "ghcr.io/rust-lang/crates-build-env/linux@sha256:34b6a614d2c27851fe6cbf88fbd1137609cefab8b10d0615aaeb6fd47975d74e" "/opt/rustwide/cargo-home/bin/cargo" "+beta-2021-08-01" "build" "--frozen" "--message-format=json", kill_on_drop: false }`
[INFO] [stdout] 84b10ae83496e01c391104e72d6aa120062086c67f194dd883dc40d93b10aa7a
[INFO] running `Command { std: "docker" "start" "-a" "84b10ae83496e01c391104e72d6aa120062086c67f194dd883dc40d93b10aa7a", kill_on_drop: false }`
[INFO] [stderr]    Compiling libc v0.2.86
[INFO] [stderr]    Compiling proc-macro2 v1.0.24
[INFO] [stderr]    Compiling once_cell v1.5.2
[INFO] [stderr]    Compiling regex-syntax v0.6.22
[INFO] [stderr]    Compiling bindgen v0.56.0
[INFO] [stderr]    Compiling strsim v0.8.0
[INFO] [stderr]    Compiling vec_map v0.8.2
[INFO] [stderr]    Compiling humantime v2.1.0
[INFO] [stderr]    Compiling peeking_take_while v0.1.2
[INFO] [stderr]    Compiling cc v1.0.66
[INFO] [stderr]    Compiling shlex v0.1.1
[INFO] [stderr]    Compiling rustc-hash v1.1.0
[INFO] [stderr]    Compiling cty v0.2.1
[INFO] [stderr]    Compiling clang-sys v1.1.0
[INFO] [stderr]    Compiling nom v5.1.2
[INFO] [stderr]    Compiling libloading v0.6.7
[INFO] [stderr]    Compiling textwrap v0.11.0
[INFO] [stderr]    Compiling thread_local v1.1.3
[INFO] [stderr]    Compiling cmake v0.1.45
[INFO] [stderr]    Compiling quote v1.0.8
[INFO] [stderr]    Compiling atty v0.2.14
[INFO] [stderr]    Compiling which v3.1.1
[INFO] [stderr]    Compiling errno v0.2.7
[INFO] [stderr]    Compiling clap v2.33.3
[INFO] [stderr]    Compiling guess_host_triple v0.1.2
[INFO] [stderr]    Compiling regex v1.4.3
[INFO] [stderr]    Compiling cexpr v0.4.0
[INFO] [stderr]    Compiling clang v1.0.3
[INFO] [stderr]    Compiling env_logger v0.8.3
[INFO] [stderr]    Compiling raspi_pico_sdk_sys v0.1.0 (https://github.com/White-Green/raspi-pico-sdk-rs?branch=main#207582fd)
[INFO] [stderr] error: failed to run custom build command for `raspi_pico_sdk_sys v0.1.0 (https://github.com/White-Green/raspi-pico-sdk-rs?branch=main#207582fd)`
[INFO] [stderr] 
[INFO] [stderr] Caused by:
[INFO] [stderr]   process didn't exit successfully: `/opt/rustwide/target/debug/build/raspi_pico_sdk_sys-fdc735b9fa062da7/build-script-build` (exit status: 101)
[INFO] [stderr]   --- stdout
[INFO] [stderr]   cargo:rerun-if-changed=cmake_depend/CMakeLists.txt
[INFO] [stderr]   cargo:rerun-if-changed=cmake_pico/CMakeLists.txt
[INFO] [stderr]   cargo:rerun-if-changed=cmake_pico/entry.c
[INFO] [stderr]   cargo:rerun-if-changed=src/lib.rs
[INFO] [stderr]   cargo:rerun-if-changed=build.rs
[INFO] [stderr]   running: "cmake" "/opt/rustwide/cargo-home/git/checkouts/raspi-pico-sdk-rs-850e275791388e4c/207582f/sys/cmake_pico" "-DENTRY_POINT=/opt/rustwide/target/debug/build/raspi_pico_sdk_sys-3be5a3c436000c48/out/entry.c" "-DCMAKE_INSTALL_PREFIX=/opt/rustwide/target/debug/build/raspi_pico_sdk_sys-3be5a3c436000c48/out" "-DCMAKE_C_FLAGS= -ffunction-sections -fdata-sections -fPIC -m64" "-DCMAKE_C_COMPILER=/usr/bin/cc" "-DCMAKE_CXX_FLAGS= -ffunction-sections -fdata-sections -fPIC -m64" "-DCMAKE_CXX_COMPILER=/usr/bin/c++" "-DCMAKE_ASM_FLAGS= -ffunction-sections -fdata-sections -fPIC -m64" "-DCMAKE_ASM_COMPILER=/usr/bin/cc" "-DCMAKE_BUILD_TYPE=Debug"
[INFO] [stderr]   -- Configuring incomplete, errors occurred!
[INFO] [stderr] 
[INFO] [stderr]   --- stderr
[INFO] [stderr]   Downloading Raspberry Pi Pico SDK
[INFO] [stderr]   Scanning dependencies of target pico_sdk-populate
[INFO] [stderr]   [ 11%] Creating directories for 'pico_sdk-populate'
[INFO] [stderr]   [ 22%] Performing download step (git clone) for 'pico_sdk-populate'
[INFO] [stderr]   Cloning into 'pico_sdk-src'...
[INFO] [stderr]   fatal: unable to access 'https://github.com/raspberrypi/pico-sdk/': Could not resolve host: github.com
[INFO] [stderr]   Cloning into 'pico_sdk-src'...
[INFO] [stderr]   fatal: unable to access 'https://github.com/raspberrypi/pico-sdk/': Could not resolve host: github.com
[INFO] [stderr]   Cloning into 'pico_sdk-src'...
[INFO] [stderr]   fatal: unable to access 'https://github.com/raspberrypi/pico-sdk/': Could not resolve host: github.com
[INFO] [stderr]   -- Had to git clone more than once:
[INFO] [stderr]             3 times.
[INFO] [stderr]   CMake Error at pico_sdk-subbuild/pico_sdk-populate-prefix/tmp/pico_sdk-populate-gitclone.cmake:31 (message):
[INFO] [stderr]     Failed to clone repository: 'https://github.com/raspberrypi/pico-sdk'
[INFO] [stderr] 
[INFO] [stderr] 
[INFO] [stderr]   make[2]: *** [CMakeFiles/pico_sdk-populate.dir/build.make:92: pico_sdk-populate-prefix/src/pico_sdk-populate-stamp/pico_sdk-populate-download] Error 1
[INFO] [stderr]   make[1]: *** [CMakeFiles/Makefile2:76: CMakeFiles/pico_sdk-populate.dir/all] Error 2
[INFO] [stderr]   make: *** [Makefile:84: all] Error 2
[INFO] [stderr] 
[INFO] [stderr]   CMake Error at /usr/share/cmake-3.16/Modules/FetchContent.cmake:915 (message):
[INFO] [stderr]     Build step for pico_sdk failed: 2
[INFO] [stderr]   Call Stack (most recent call first):
[INFO] [stderr]     /usr/share/cmake-3.16/Modules/FetchContent.cmake:1006 (__FetchContent_directPopulate)
[INFO] [stderr]     pico_sdk_import.cmake:39 (FetchContent_Populate)
[INFO] [stderr]     CMakeLists.txt:4 (include)
[INFO] [stderr] 
[INFO] [stderr] 
[INFO] [stderr]   thread 'main' panicked at '
[INFO] [stderr]   command did not execute successfully, got: exit status: 1
[INFO] [stderr] 
[INFO] [stderr]   build script failed, must exit now', /opt/rustwide/cargo-home/registry/src/github.com-1ecc6299db9ec823/cmake-0.1.45/src/lib.rs:894:5
[INFO] [stderr]   stack backtrace:
[INFO] [stderr]      0:     0x56433828f310 - std::backtrace_rs::backtrace::libunwind::trace::hff4d1766e93f64f1
[INFO] [stderr]                                  at /rustc/53fd98ca776cb875bc9e5514f56b52eb74f9e7a9/library/std/src/../../backtrace/src/backtrace/libunwind.rs:90:5
[INFO] [stderr]      1:     0x56433828f310 - std::backtrace_rs::backtrace::trace_unsynchronized::h56bbc8eb78770bcb
[INFO] [stderr]                                  at /rustc/53fd98ca776cb875bc9e5514f56b52eb74f9e7a9/library/std/src/../../backtrace/src/backtrace/mod.rs:66:5
[INFO] [stderr]      2:     0x56433828f310 - std::sys_common::backtrace::_print_fmt::h5c8e75464faca780
[INFO] [stderr]                                  at /rustc/53fd98ca776cb875bc9e5514f56b52eb74f9e7a9/library/std/src/sys_common/backtrace.rs:67:5
[INFO] [stderr]      3:     0x56433828f310 - <std::sys_common::backtrace::_print::DisplayBacktrace as core::fmt::Display>::fmt::h48b88277def8b362
[INFO] [stderr]                                  at /rustc/53fd98ca776cb875bc9e5514f56b52eb74f9e7a9/library/std/src/sys_common/backtrace.rs:46:22
[INFO] [stderr]      4:     0x5643382b4cac - core::fmt::write::h3381b3176fe2b3d3
[INFO] [stderr]                                  at /rustc/53fd98ca776cb875bc9e5514f56b52eb74f9e7a9/library/core/src/fmt/mod.rs:1115:17
[INFO] [stderr]      5:     0x56433828bde5 - std::io::Write::write_fmt::hd42607e5d8e44db0
[INFO] [stderr]                                  at /rustc/53fd98ca776cb875bc9e5514f56b52eb74f9e7a9/library/std/src/io/mod.rs:1665:15
[INFO] [stderr]      6:     0x564338291a6b - std::sys_common::backtrace::_print::ha537687d6c17dd0d
[INFO] [stderr]                                  at /rustc/53fd98ca776cb875bc9e5514f56b52eb74f9e7a9/library/std/src/sys_common/backtrace.rs:49:5
[INFO] [stderr]      7:     0x564338291a6b - std::sys_common::backtrace::print::h61376ae57d131d72
[INFO] [stderr]                                  at /rustc/53fd98ca776cb875bc9e5514f56b52eb74f9e7a9/library/std/src/sys_common/backtrace.rs:36:9
[INFO] [stderr]      8:     0x564338291a6b - std::panicking::default_hook::{{closure}}::h0f7208c0b9644a54
[INFO] [stderr]                                  at /rustc/53fd98ca776cb875bc9e5514f56b52eb74f9e7a9/library/std/src/panicking.rs:208:50
[INFO] [stderr]      9:     0x564338291541 - std::panicking::default_hook::hdac7fc06578c14ce
[INFO] [stderr]                                  at /rustc/53fd98ca776cb875bc9e5514f56b52eb74f9e7a9/library/std/src/panicking.rs:225:9
[INFO] [stderr]     10:     0x564338292134 - std::panicking::rust_panic_with_hook::h72b21c283da3d1ef
[INFO] [stderr]                                  at /rustc/53fd98ca776cb875bc9e5514f56b52eb74f9e7a9/library/std/src/panicking.rs:622:17
[INFO] [stderr]     11:     0x564338291c17 - std::panicking::begin_panic_handler::{{closure}}::he5778f1729cff84a
[INFO] [stderr]                                  at /rustc/53fd98ca776cb875bc9e5514f56b52eb74f9e7a9/library/std/src/panicking.rs:519:13
[INFO] [stderr]     12:     0x56433828f7ec - std::sys_common::backtrace::__rust_end_short_backtrace::h2d11ca8b453b4b1d
[INFO] [stderr]                                  at /rustc/53fd98ca776cb875bc9e5514f56b52eb74f9e7a9/library/std/src/sys_common/backtrace.rs:141:18
[INFO] [stderr]     13:     0x564338291b79 - rust_begin_unwind
[INFO] [stderr]                                  at /rustc/53fd98ca776cb875bc9e5514f56b52eb74f9e7a9/library/std/src/panicking.rs:515:5
[INFO] [stderr]     14:     0x564337cecbbb - std::panicking::begin_panic_fmt::h746518bde832d259
[INFO] [stderr]                                  at /rustc/53fd98ca776cb875bc9e5514f56b52eb74f9e7a9/library/std/src/panicking.rs:457:5
[INFO] [stderr]     15:     0x5643380f7ed3 - cmake::fail::h4cda36ca1fcdfea5
[INFO] [stderr]                                  at /opt/rustwide/cargo-home/registry/src/github.com-1ecc6299db9ec823/cmake-0.1.45/src/lib.rs:894:5
[INFO] [stderr]     16:     0x5643380f78e1 - cmake::run::h7d0ef8ba9439e35d
[INFO] [stderr]                                  at /opt/rustwide/cargo-home/registry/src/github.com-1ecc6299db9ec823/cmake-0.1.45/src/lib.rs:872:9
[INFO] [stderr]     17:     0x5643380f4275 - cmake::Config::build::hd31d925887ffe078
[INFO] [stderr]                                  at /opt/rustwide/cargo-home/registry/src/github.com-1ecc6299db9ec823/cmake-0.1.45/src/lib.rs:707:13
[INFO] [stderr]     18:     0x564337ceeefe - build_script_build::main::h2e827f9ea444959d
[INFO] [stderr]                                  at /opt/rustwide/cargo-home/git/checkouts/raspi-pico-sdk-rs-850e275791388e4c/207582f/sys/build.rs:80:5
[INFO] [stderr]     19:     0x564337cf543b - core::ops::function::FnOnce::call_once::h9da574545ed1035c
[INFO] [stderr]                                  at /rustc/53fd98ca776cb875bc9e5514f56b52eb74f9e7a9/library/core/src/ops/function.rs:227:5
[INFO] [stderr]     20:     0x564337cf8b0e - std::sys_common::backtrace::__rust_begin_short_backtrace::hef0bef6a84b4bd9a
[INFO] [stderr]                                  at /rustc/53fd98ca776cb875bc9e5514f56b52eb74f9e7a9/library/std/src/sys_common/backtrace.rs:125:18
[INFO] [stderr]     21:     0x564337cf7161 - std::rt::lang_start::{{closure}}::hfcdb09acf90d2ee3
[INFO] [stderr]                                  at /rustc/53fd98ca776cb875bc9e5514f56b52eb74f9e7a9/library/std/src/rt.rs:63:18
[INFO] [stderr]     22:     0x56433829263a - core::ops::function::impls::<impl core::ops::function::FnOnce<A> for &F>::call_once::ha88a7d1a4d24e549
[INFO] [stderr]                                  at /rustc/53fd98ca776cb875bc9e5514f56b52eb74f9e7a9/library/core/src/ops/function.rs:259:13
[INFO] [stderr]     23:     0x56433829263a - std::panicking::try::do_call::hd3b1d7740607ccc7
[INFO] [stderr]                                  at /rustc/53fd98ca776cb875bc9e5514f56b52eb74f9e7a9/library/std/src/panicking.rs:401:40
[INFO] [stderr]     24:     0x56433829263a - std::panicking::try::h0ee8c65ac7461507
[INFO] [stderr]                                  at /rustc/53fd98ca776cb875bc9e5514f56b52eb74f9e7a9/library/std/src/panicking.rs:365:19
[INFO] [stderr]     25:     0x56433829263a - std::panic::catch_unwind::head47f0de4ccd838
[INFO] [stderr]                                  at /rustc/53fd98ca776cb875bc9e5514f56b52eb74f9e7a9/library/std/src/panic.rs:434:14
[INFO] [stderr]     26:     0x56433829263a - std::rt::lang_start_internal::{{closure}}::hbc7de8ec820ac085
[INFO] [stderr]                                  at /rustc/53fd98ca776cb875bc9e5514f56b52eb74f9e7a9/library/std/src/rt.rs:45:48
[INFO] [stderr]     27:     0x56433829263a - std::panicking::try::do_call::h2609e52e8bad4a7b
[INFO] [stderr]                                  at /rustc/53fd98ca776cb875bc9e5514f56b52eb74f9e7a9/library/std/src/panicking.rs:401:40
[INFO] [stderr]     28:     0x56433829263a - std::panicking::try::hd0929f0b603e0389
[INFO] [stderr]                                  at /rustc/53fd98ca776cb875bc9e5514f56b52eb74f9e7a9/library/std/src/panicking.rs:365:19
[INFO] [stderr]     29:     0x56433829263a - std::panic::catch_unwind::h27902b81c3e47571
[INFO] [stderr]                                  at /rustc/53fd98ca776cb875bc9e5514f56b52eb74f9e7a9/library/std/src/panic.rs:434:14
[INFO] [stderr]     30:     0x56433829263a - std::rt::lang_start_internal::h3fb2d794dd391e3e
[INFO] [stderr]                                  at /rustc/53fd98ca776cb875bc9e5514f56b52eb74f9e7a9/library/std/src/rt.rs:45:20
[INFO] [stderr]     31:     0x564337cf7130 - std::rt::lang_start::h78378fe4b61ba9b5
[INFO] [stderr]                                  at /rustc/53fd98ca776cb875bc9e5514f56b52eb74f9e7a9/library/std/src/rt.rs:62:5
[INFO] [stderr]     32:     0x564337cf2d0c - main
[INFO] [stderr]     33:     0x7fbd7f75c0b3 - __libc_start_main
[INFO] [stderr]     34:     0x564337cee06e - _start
[INFO] [stderr]     35:                0x0 - <unknown>
[INFO] running `Command { std: "docker" "inspect" "84b10ae83496e01c391104e72d6aa120062086c67f194dd883dc40d93b10aa7a", kill_on_drop: false }`
[INFO] running `Command { std: "docker" "rm" "-f" "84b10ae83496e01c391104e72d6aa120062086c67f194dd883dc40d93b10aa7a", kill_on_drop: false }`
[INFO] [stdout] 84b10ae83496e01c391104e72d6aa120062086c67f194dd883dc40d93b10aa7a
