[INFO] cloning repository https://github.com/hgzimmerman/rust_sms
[INFO] running `Command { std: "git" "-c" "credential.helper=" "-c" "credential.helper=/workspace/cargo-home/bin/git-credential-null" "clone" "--bare" "https://github.com/hgzimmerman/rust_sms" "/workspace/cache/git-repos/https%3A%2F%2Fgithub.com%2Fhgzimmerman%2Frust_sms", kill_on_drop: false }`
[INFO] [stderr] Cloning into bare repository '/workspace/cache/git-repos/https%3A%2F%2Fgithub.com%2Fhgzimmerman%2Frust_sms'...
[INFO] running `Command { std: "git" "rev-parse" "HEAD", kill_on_drop: false }`
[INFO] [stdout] df64bbc467e362b4937972a107a41e8901bfa6f0
[INFO] testing hgzimmerman/rust_sms against beta-2021-08-01 for beta-1.55-1
[INFO] running `Command { std: "git" "clone" "/workspace/cache/git-repos/https%3A%2F%2Fgithub.com%2Fhgzimmerman%2Frust_sms" "/workspace/builds/worker-9/source", kill_on_drop: false }`
[INFO] [stderr] Cloning into '/workspace/builds/worker-9/source'...
[INFO] [stderr] done.
[INFO] validating manifest of git repo https://github.com/hgzimmerman/rust_sms on toolchain beta-2021-08-01
[INFO] running `Command { std: "/workspace/cargo-home/bin/cargo" "+beta-2021-08-01" "metadata" "--manifest-path" "Cargo.toml" "--no-deps", kill_on_drop: false }`
[INFO] started tweaking git repo https://github.com/hgzimmerman/rust_sms
[INFO] finished tweaking git repo https://github.com/hgzimmerman/rust_sms
[INFO] tweaked toml for git repo https://github.com/hgzimmerman/rust_sms written to /workspace/builds/worker-9/source/Cargo.toml
[INFO] crate git repo https://github.com/hgzimmerman/rust_sms already has a lockfile, it will not be regenerated
[INFO] running `Command { std: "/workspace/cargo-home/bin/cargo" "+beta-2021-08-01" "fetch" "--manifest-path" "Cargo.toml", kill_on_drop: false }`
[INFO] [stderr]     Blocking waiting for file lock on package cache
[INFO] [stderr]     Blocking waiting for file lock on package cache
[INFO] [stderr]  Downloading crates ...
[INFO] [stderr]   Downloaded pq-sys v0.4.4
[INFO] [stderr]   Downloaded hyper v0.10.12
[INFO] [stderr]   Downloaded untrusted v0.5.0
[INFO] [stderr]   Downloaded simplelog v0.4.2
[INFO] [stderr]   Downloaded backtrace v0.3.2
[INFO] [stderr]   Downloaded ordermap v0.2.10
[INFO] [stderr]   Downloaded smallvec v0.4.2
[INFO] [stderr]   Downloaded backtrace-sys v0.1.12
[INFO] [stderr]   Downloaded rocket v0.3.2
[INFO] [stderr]   Downloaded redox_syscall v0.1.30
[INFO] [stderr]   Downloaded state v0.3.1
[INFO] [stderr]   Downloaded rocket_codegen v0.3.2
[INFO] [stderr]   Downloaded hyper-native-tls v0.2.4
[INFO] [stderr]   Downloaded twilio v0.1.2
[INFO] [stderr]   Downloaded diesel_codegen v0.15.0
[INFO] [stderr]   Downloaded diesel_infer_schema v0.15.0
[INFO] [stderr]   Downloaded diesel v0.15.2
[INFO] running `Command { std: "docker" "create" "-v" "/var/lib/crater-agent-workspace/builds/worker-9/target:/opt/rustwide/target:rw,Z" "-v" "/var/lib/crater-agent-workspace/builds/worker-9/source:/opt/rustwide/workdir:ro,Z" "-v" "/var/lib/crater-agent-workspace/cargo-home:/opt/rustwide/cargo-home:ro,Z" "-v" "/var/lib/crater-agent-workspace/rustup-home:/opt/rustwide/rustup-home:ro,Z" "-e" "SOURCE_DIR=/opt/rustwide/workdir" "-e" "CARGO_TARGET_DIR=/opt/rustwide/target" "-e" "CARGO_HOME=/opt/rustwide/cargo-home" "-e" "RUSTUP_HOME=/opt/rustwide/rustup-home" "-w" "/opt/rustwide/workdir" "-m" "1610612736" "--user" "0:0" "--network" "none" "ghcr.io/rust-lang/crates-build-env/linux@sha256:34b6a614d2c27851fe6cbf88fbd1137609cefab8b10d0615aaeb6fd47975d74e" "/opt/rustwide/cargo-home/bin/cargo" "+beta-2021-08-01" "metadata" "--no-deps" "--format-version=1", kill_on_drop: false }`
[INFO] [stdout] 7e5c2fee0cda706bf413d2cae172c7ba16d22920bee544381d8b8971fd6e714f
[INFO] [stderr] WARNING: Your kernel does not support swap limit capabilities or the cgroup is not mounted. Memory limited without swap.
[INFO] running `Command { std: "docker" "start" "-a" "7e5c2fee0cda706bf413d2cae172c7ba16d22920bee544381d8b8971fd6e714f", kill_on_drop: false }`
[INFO] running `Command { std: "docker" "inspect" "7e5c2fee0cda706bf413d2cae172c7ba16d22920bee544381d8b8971fd6e714f", kill_on_drop: false }`
[INFO] running `Command { std: "docker" "rm" "-f" "7e5c2fee0cda706bf413d2cae172c7ba16d22920bee544381d8b8971fd6e714f", kill_on_drop: false }`
[INFO] [stdout] 7e5c2fee0cda706bf413d2cae172c7ba16d22920bee544381d8b8971fd6e714f
[INFO] running `Command { std: "docker" "create" "-v" "/var/lib/crater-agent-workspace/builds/worker-9/target:/opt/rustwide/target:rw,Z" "-v" "/var/lib/crater-agent-workspace/builds/worker-9/source:/opt/rustwide/workdir:ro,Z" "-v" "/var/lib/crater-agent-workspace/cargo-home:/opt/rustwide/cargo-home:ro,Z" "-v" "/var/lib/crater-agent-workspace/rustup-home:/opt/rustwide/rustup-home:ro,Z" "-e" "SOURCE_DIR=/opt/rustwide/workdir" "-e" "CARGO_TARGET_DIR=/opt/rustwide/target" "-e" "CARGO_INCREMENTAL=0" "-e" "RUST_BACKTRACE=full" "-e" "RUSTFLAGS=--cap-lints=warn" "-e" "CARGO_HOME=/opt/rustwide/cargo-home" "-e" "RUSTUP_HOME=/opt/rustwide/rustup-home" "-w" "/opt/rustwide/workdir" "-m" "1610612736" "--user" "0:0" "--network" "none" "ghcr.io/rust-lang/crates-build-env/linux@sha256:34b6a614d2c27851fe6cbf88fbd1137609cefab8b10d0615aaeb6fd47975d74e" "/opt/rustwide/cargo-home/bin/cargo" "+beta-2021-08-01" "build" "--frozen" "--message-format=json", kill_on_drop: false }`
[INFO] [stdout] be7038be3354cebf774a036eed8fe338d5ca836fb9932bbce4eb4f2c1c4e716f
[INFO] [stderr] WARNING: Your kernel does not support swap limit capabilities or the cgroup is not mounted. Memory limited without swap.
[INFO] running `Command { std: "docker" "start" "-a" "be7038be3354cebf774a036eed8fe338d5ca836fb9932bbce4eb4f2c1c4e716f", kill_on_drop: false }`
[INFO] [stderr]    Compiling libc v0.2.29
[INFO] [stderr]    Compiling yansi v0.3.3
[INFO] [stderr]    Compiling openssl v0.9.17
[INFO] [stderr]    Compiling serde v1.0.11
[INFO] [stderr]    Compiling pq-sys v0.4.4
[INFO] [stderr]    Compiling pear v0.0.10
[INFO] [stderr]    Compiling pear_codegen v0.0.10
[INFO] [stderr]    Compiling state v0.3.1
[INFO] [stderr]    Compiling smallvec v0.4.2
[INFO] [stderr]    Compiling coco v0.1.1
[INFO] [stderr]    Compiling openssl-sys v0.9.17
[INFO] [stderr]    Compiling backtrace-sys v0.1.12
[INFO] [stderr]    Compiling base64 v0.5.2
[INFO] [stderr]    Compiling rust-crypto v0.2.36
[INFO] [stderr]    Compiling mime v0.2.6
[INFO] [stderr]    Compiling syn v0.11.11
[INFO] [stdout] error[E0557]: feature has been removed
[INFO] [stdout]  --> /opt/rustwide/cargo-home/registry/src/github.com-1ecc6299db9ec823/pear_codegen-0.0.10/src/lib.rs:1:45
[INFO] [stdout]   |
[INFO] [stdout] 1 | #![feature(plugin_registrar, rustc_private, quote)]
[INFO] [stdout]   |                                             ^^^^^ feature has been removed
[INFO] [stdout] 
[INFO] [stdout] 
[INFO] [stdout] error[E0462]: found staticlib `rustc` instead of rlib or dylib
[INFO] [stdout]  --> /opt/rustwide/cargo-home/registry/src/github.com-1ecc6299db9ec823/pear_codegen-0.0.10/src/lib.rs:3:1
[INFO] [stdout]   |
[INFO] [stdout] 3 | extern crate rustc;
[INFO] [stdout]   | ^^^^^^^^^^^^^^^^^^^
[INFO] [stdout]   |
[INFO] [stdout]   = help: please recompile that crate using --crate-type lib
[INFO] [stdout]   = note: the following crate versions were found:
[INFO] [stdout]           crate `rustc`: /opt/rustwide/rustup-home/toolchains/beta-2021-08-01-x86_64-unknown-linux-gnu/lib/rustlib/x86_64-unknown-linux-gnu/lib/librustc-beta_rt.msan.a
[INFO] [stdout]           crate `rustc`: /opt/rustwide/rustup-home/toolchains/beta-2021-08-01-x86_64-unknown-linux-gnu/lib/rustlib/x86_64-unknown-linux-gnu/lib/librustc-beta_rt.asan.a
[INFO] [stdout]           crate `rustc`: /opt/rustwide/rustup-home/toolchains/beta-2021-08-01-x86_64-unknown-linux-gnu/lib/rustlib/x86_64-unknown-linux-gnu/lib/librustc-beta_rt.lsan.a
[INFO] [stdout]           crate `rustc`: /opt/rustwide/rustup-home/toolchains/beta-2021-08-01-x86_64-unknown-linux-gnu/lib/rustlib/x86_64-unknown-linux-gnu/lib/librustc-beta_rt.tsan.a
[INFO] [stdout] 
[INFO] [stdout] 
[INFO] [stdout] error: aborting due to 2 previous errors
[INFO] [stdout] 
[INFO] [stdout] 
[INFO] [stdout] For more information about this error, try `rustc --explain E0557`.
[INFO] [stdout] 
[INFO] [stderr] error: could not compile `pear_codegen` due to 3 previous errors
[INFO] [stderr] warning: build failed, waiting for other jobs to finish...
[INFO] [stdout] error[E0557]: feature has been removed
[INFO] [stdout]  --> /opt/rustwide/cargo-home/registry/src/github.com-1ecc6299db9ec823/yansi-0.3.3/src/lib.rs:1:40
[INFO] [stdout]   |
[INFO] [stdout] 1 | #![cfg_attr(feature="nightly", feature(const_fn))]
[INFO] [stdout]   |                                        ^^^^^^^^ feature has been removed
[INFO] [stdout]   |
[INFO] [stdout]   = note: split into finer-grained feature gates
[INFO] [stdout] 
[INFO] [stdout] 
[INFO] [stdout] error[E0557]: feature has been removed
[INFO] [stdout]  --> /opt/rustwide/cargo-home/registry/src/github.com-1ecc6299db9ec823/state-0.3.1/src/lib.rs:1:12
[INFO] [stdout]   |
[INFO] [stdout] 1 | #![feature(const_fn, drop_types_in_const)]
[INFO] [stdout]   |            ^^^^^^^^ feature has been removed
[INFO] [stdout]   |
[INFO] [stdout]   = note: split into finer-grained feature gates
[INFO] [stdout] 
[INFO] [stdout] 
[INFO] [stdout] error[E0554]: `#![feature]` may not be used on the beta release channel
[INFO] [stdout]  --> /opt/rustwide/cargo-home/registry/src/github.com-1ecc6299db9ec823/state-0.3.1/src/lib.rs:1:1
[INFO] [stdout]   |
[INFO] [stdout] 1 | #![feature(const_fn, drop_types_in_const)]
[INFO] [stdout]   | ^^^^^^^^^^^^^^^^^^^^^^^^^^^^^^^^^^^^^^^^^^
[INFO] [stdout]   |
[INFO] [stdout]   = help: the feature `drop_types_in_const` has been stable since 1.22.0 and no longer requires an attribute to enable
[INFO] [stdout] 
[INFO] [stdout] 
[INFO] [stdout] error[E0554]: `#![feature]` may not be used on the beta release channel
[INFO] [stdout]  --> /opt/rustwide/cargo-home/registry/src/github.com-1ecc6299db9ec823/yansi-0.3.3/src/lib.rs:1:32
[INFO] [stdout]   |
[INFO] [stdout] 1 | #![cfg_attr(feature="nightly", feature(const_fn))]
[INFO] [stdout]   |                                ^^^^^^^^^^^^^^^^^
[INFO] [stdout] 
[INFO] [stdout] 
[INFO] [stdout] error: aborting due to 2 previous errors
[INFO] [stdout] 
[INFO] [stdout] 
[INFO] [stdout] Some errors have detailed explanations: E0554, E0557.
[INFO] [stdout] 
[INFO] [stdout] For more information about an error, try `rustc --explain E0554`.
[INFO] [stdout] 
[INFO] [stdout] error: aborting due to 2 previous errors
[INFO] [stdout] 
[INFO] [stdout] 
[INFO] [stdout] Some errors have detailed explanations: E0554, E0557.
[INFO] [stdout] 
[INFO] [stdout] For more information about an error, try `rustc --explain E0554`.
[INFO] [stdout] 
[INFO] [stderr] error: build failed
[INFO] running `Command { std: "docker" "inspect" "be7038be3354cebf774a036eed8fe338d5ca836fb9932bbce4eb4f2c1c4e716f", kill_on_drop: false }`
[INFO] running `Command { std: "docker" "rm" "-f" "be7038be3354cebf774a036eed8fe338d5ca836fb9932bbce4eb4f2c1c4e716f", kill_on_drop: false }`
[INFO] [stdout] be7038be3354cebf774a036eed8fe338d5ca836fb9932bbce4eb4f2c1c4e716f
