[INFO] cloning repository https://github.com/hatoo/ash-offscreen-rendering-example
[INFO] running `Command { std: "git" "-c" "credential.helper=" "-c" "credential.helper=/workspace/cargo-home/bin/git-credential-null" "clone" "--bare" "https://github.com/hatoo/ash-offscreen-rendering-example" "/workspace/cache/git-repos/https%3A%2F%2Fgithub.com%2Fhatoo%2Fash-offscreen-rendering-example", kill_on_drop: false }`
[INFO] [stderr] Cloning into bare repository '/workspace/cache/git-repos/https%3A%2F%2Fgithub.com%2Fhatoo%2Fash-offscreen-rendering-example'...
[INFO] running `Command { std: "git" "rev-parse" "HEAD", kill_on_drop: false }`
[INFO] [stdout] 446ef0f7c047c3a408a837b385e1953c5b5b4bb7
[INFO] testing hatoo/ash-offscreen-rendering-example against beta-2021-08-01 for beta-1.55-1
[INFO] running `Command { std: "git" "clone" "/workspace/cache/git-repos/https%3A%2F%2Fgithub.com%2Fhatoo%2Fash-offscreen-rendering-example" "/workspace/builds/worker-10/source", kill_on_drop: false }`
[INFO] [stderr] Cloning into '/workspace/builds/worker-10/source'...
[INFO] [stderr] done.
[INFO] validating manifest of git repo https://github.com/hatoo/ash-offscreen-rendering-example on toolchain beta-2021-08-01
[INFO] running `Command { std: "/workspace/cargo-home/bin/cargo" "+beta-2021-08-01" "metadata" "--manifest-path" "Cargo.toml" "--no-deps", kill_on_drop: false }`
[INFO] removed /workspace/builds/worker-10/source/rust-toolchain
[INFO] started tweaking git repo https://github.com/hatoo/ash-offscreen-rendering-example
[INFO] finished tweaking git repo https://github.com/hatoo/ash-offscreen-rendering-example
[INFO] tweaked toml for git repo https://github.com/hatoo/ash-offscreen-rendering-example written to /workspace/builds/worker-10/source/Cargo.toml
[INFO] crate git repo https://github.com/hatoo/ash-offscreen-rendering-example already has a lockfile, it will not be regenerated
[INFO] running `Command { std: "/workspace/cargo-home/bin/cargo" "+beta-2021-08-01" "fetch" "--manifest-path" "Cargo.toml", kill_on_drop: false }`
[INFO] [stderr]     Updating git repository `https://github.com/EmbarkStudios/rust-gpu`
[INFO] [stderr]     Updating git repository `https://github.com/gfx-rs/rspirv.git`
[INFO] [stderr]     Updating git submodule `https://github.com/KhronosGroup/SPIRV-Headers.git`
[INFO] [stderr]  Downloading crates ...
[INFO] [stderr]   Downloaded raw-string v0.3.5
[INFO] [stderr]   Downloaded spirv-tools v0.6.1
[INFO] [stderr]   Downloaded ash v0.33.0+1.2.186
[INFO] [stderr]   Downloaded sanitize-filename v0.3.0
[INFO] [stderr]   Downloaded spirv-tools-sys v0.4.1
[INFO] running `Command { std: "docker" "create" "-v" "/var/lib/crater-agent-workspace/builds/worker-10/target:/opt/rustwide/target:rw,Z" "-v" "/var/lib/crater-agent-workspace/builds/worker-10/source:/opt/rustwide/workdir:ro,Z" "-v" "/var/lib/crater-agent-workspace/cargo-home:/opt/rustwide/cargo-home:ro,Z" "-v" "/var/lib/crater-agent-workspace/rustup-home:/opt/rustwide/rustup-home:ro,Z" "-e" "SOURCE_DIR=/opt/rustwide/workdir" "-e" "CARGO_TARGET_DIR=/opt/rustwide/target" "-e" "CARGO_HOME=/opt/rustwide/cargo-home" "-e" "RUSTUP_HOME=/opt/rustwide/rustup-home" "-w" "/opt/rustwide/workdir" "-m" "1610612736" "--user" "0:0" "--network" "none" "ghcr.io/rust-lang/crates-build-env/linux@sha256:34b6a614d2c27851fe6cbf88fbd1137609cefab8b10d0615aaeb6fd47975d74e" "/opt/rustwide/cargo-home/bin/cargo" "+beta-2021-08-01" "metadata" "--no-deps" "--format-version=1", kill_on_drop: false }`
[INFO] [stdout] ad32abe640d9803c08f958561ce314375972c8e6927e4eab0dc360dd3e199728
[INFO] running `Command { std: "docker" "start" "-a" "ad32abe640d9803c08f958561ce314375972c8e6927e4eab0dc360dd3e199728", kill_on_drop: false }`
[INFO] running `Command { std: "docker" "inspect" "ad32abe640d9803c08f958561ce314375972c8e6927e4eab0dc360dd3e199728", kill_on_drop: false }`
[INFO] running `Command { std: "docker" "rm" "-f" "ad32abe640d9803c08f958561ce314375972c8e6927e4eab0dc360dd3e199728", kill_on_drop: false }`
[INFO] [stdout] ad32abe640d9803c08f958561ce314375972c8e6927e4eab0dc360dd3e199728
[INFO] running `Command { std: "docker" "create" "-v" "/var/lib/crater-agent-workspace/builds/worker-10/target:/opt/rustwide/target:rw,Z" "-v" "/var/lib/crater-agent-workspace/builds/worker-10/source:/opt/rustwide/workdir:ro,Z" "-v" "/var/lib/crater-agent-workspace/cargo-home:/opt/rustwide/cargo-home:ro,Z" "-v" "/var/lib/crater-agent-workspace/rustup-home:/opt/rustwide/rustup-home:ro,Z" "-e" "SOURCE_DIR=/opt/rustwide/workdir" "-e" "CARGO_TARGET_DIR=/opt/rustwide/target" "-e" "CARGO_INCREMENTAL=0" "-e" "RUST_BACKTRACE=full" "-e" "RUSTFLAGS=--cap-lints=warn" "-e" "CARGO_HOME=/opt/rustwide/cargo-home" "-e" "RUSTUP_HOME=/opt/rustwide/rustup-home" "-w" "/opt/rustwide/workdir" "-m" "1610612736" "--user" "0:0" "--network" "none" "ghcr.io/rust-lang/crates-build-env/linux@sha256:34b6a614d2c27851fe6cbf88fbd1137609cefab8b10d0615aaeb6fd47975d74e" "/opt/rustwide/cargo-home/bin/cargo" "+beta-2021-08-01" "build" "--frozen" "--message-format=json", kill_on_drop: false }`
[INFO] [stdout] 62882c56fb8d081a777bb848f4277fa7fbe6414760e2fc90f3be4231ffbb5bbe
[INFO] running `Command { std: "docker" "start" "-a" "62882c56fb8d081a777bb848f4277fa7fbe6414760e2fc90f3be4231ffbb5bbe", kill_on_drop: false }`
[INFO] [stderr]     Blocking waiting for file lock on package cache
[INFO] [stderr]    Compiling libc v0.2.98
[INFO] [stderr]    Compiling syn v1.0.74
[INFO] [stderr]    Compiling libm v0.2.1
[INFO] [stderr]    Compiling serde_derive v1.0.127
[INFO] [stderr]    Compiling serde v1.0.127
[INFO] [stderr]    Compiling once_cell v1.8.0
[INFO] [stderr]    Compiling regex-syntax v0.6.25
[INFO] [stderr]    Compiling convert_case v0.4.0
[INFO] [stderr]    Compiling serde_json v1.0.66
[INFO] [stderr]    Compiling itoa v0.4.7
[INFO] [stderr]    Compiling memchr v2.4.0
[INFO] [stderr]    Compiling bimap v0.6.1
[INFO] [stderr]    Compiling rustc-demangle v0.1.20
[INFO] [stderr]    Compiling topological-sort v0.1.0
[INFO] [stderr]    Compiling crc32fast v1.2.1
[INFO] [stderr]    Compiling raw-string v0.3.5
[INFO] [stderr]    Compiling adler32 v1.2.0
[INFO] [stderr]    Compiling num-traits v0.2.14
[INFO] [stderr]    Compiling ahash v0.7.4
[INFO] [stderr]    Compiling indexmap v1.7.0
[INFO] [stderr]    Compiling fxhash v0.2.1
[INFO] [stderr]    Compiling libloading v0.7.0
[INFO] [stderr]    Compiling miniz_oxide v0.3.7
[INFO] [stderr]    Compiling deflate v0.8.6
[INFO] [stderr]    Compiling ash v0.33.0+1.2.186
[INFO] [stderr]    Compiling regex v1.5.4
[INFO] [stderr]    Compiling png v0.16.8
[INFO] [stderr]    Compiling sanitize-filename v0.3.0
[INFO] [stderr]    Compiling spirv_headers v1.5.1 (https://github.com/gfx-rs/rspirv.git?rev=c2a11ba7961fa7c675800f50c1903f0e96c633f8#c2a11ba7)
[INFO] [stderr]    Compiling jobserver v0.1.22
[INFO] [stderr]    Compiling getrandom v0.2.3
[INFO] [stderr]    Compiling filetime v0.2.14
[INFO] [stderr]    Compiling xattr v0.2.2
[INFO] [stderr]    Compiling tar v0.4.35
[INFO] [stderr]    Compiling cc v1.0.69
[INFO] [stderr]    Compiling hashbrown v0.11.2
[INFO] [stderr]    Compiling spirv-tools-sys v0.4.1
[INFO] [stderr] error: could not compile `ash`
[INFO] [stderr] 
[INFO] [stderr] Caused by:
[INFO] [stderr]   process didn't exit successfully: `rustc --crate-name ash --edition=2018 /opt/rustwide/cargo-home/registry/src/github.com-1ecc6299db9ec823/ash-0.33.0+1.2.186/src/lib.rs --error-format=json --json=diagnostic-rendered-ansi --crate-type lib --emit=dep-info,metadata,link -C embed-bitcode=no -C debuginfo=2 --cfg 'feature="default"' --cfg 'feature="libloading"' -C metadata=86ddc8011d3a64fd -C extra-filename=-86ddc8011d3a64fd --out-dir /opt/rustwide/target/debug/deps -L dependency=/opt/rustwide/target/debug/deps --extern libloading=/opt/rustwide/target/debug/deps/liblibloading-8483571d95520ba5.rmeta --cap-lints allow --cap-lints=warn` (signal: 9, SIGKILL: kill)
[INFO] [stderr] warning: build failed, waiting for other jobs to finish...
[INFO] [stderr] The following warnings were emitted during compilation:
[INFO] [stderr] 
[INFO] [stderr] warning: c++: fatal error: Killed signal terminated program cc1plus
[INFO] [stderr] warning: compilation terminated.
[INFO] [stderr] warning: c++: fatal error: Killed signal terminated program cc1plus
[INFO] [stderr] warning: compilation terminated.
[INFO] [stderr] warning: c++: fatal error: Killed signal terminated program cc1plus
[INFO] [stderr] warning: compilation terminated.
[INFO] [stderr] warning: c++: fatal error: Killed signal terminated program cc1plus
[INFO] [stderr] warning: compilation terminated.
[INFO] [stderr] warning: c++: fatal error: Killed signal terminated program cc1plus
[INFO] [stderr] warning: compilation terminated.
[INFO] [stderr] warning: c++: fatal error: Killed signal terminated program cc1plus
[INFO] [stderr] warning: compilation terminated.
[INFO] [stderr] warning: c++: fatal error: Killed signal terminated program cc1plus
[INFO] [stderr] warning: compilation terminated.
[INFO] [stderr] warning: c++: fatal error: Killed signal terminated program cc1plus
[INFO] [stderr] warning: compilation terminated.
[INFO] [stderr] warning: c++: fatal error: Killed signal terminated program cc1plus
[INFO] [stderr] warning: compilation terminated.
[INFO] [stderr] warning: c++: fatal error: Killed signal terminated program cc1plus
[INFO] [stderr] warning: compilation terminated.
[INFO] [stderr] warning: c++: fatal error: Killed signal terminated program cc1plus
[INFO] [stderr] warning: compilation terminated.
[INFO] [stderr] warning: c++: fatal error: Killed signal terminated program cc1plus
[INFO] [stderr] warning: compilation terminated.
[INFO] [stderr] warning: c++: fatal error: Killed signal terminated program cc1plus
[INFO] [stderr] warning: compilation terminated.
[INFO] [stderr] warning: c++: fatal error: Killed signal terminated program cc1plus
[INFO] [stderr] warning: compilation terminated.
[INFO] [stderr] 
[INFO] [stderr] error: build failed
[INFO] running `Command { std: "docker" "inspect" "62882c56fb8d081a777bb848f4277fa7fbe6414760e2fc90f3be4231ffbb5bbe", kill_on_drop: false }`
[INFO] running `Command { std: "docker" "rm" "-f" "62882c56fb8d081a777bb848f4277fa7fbe6414760e2fc90f3be4231ffbb5bbe", kill_on_drop: false }`
[INFO] [stdout] 62882c56fb8d081a777bb848f4277fa7fbe6414760e2fc90f3be4231ffbb5bbe
