[INFO] cloning repository https://github.com/gzbakku/gzbdb
[INFO] running `Command { std: "git" "-c" "credential.helper=" "-c" "credential.helper=/workspace/cargo-home/bin/git-credential-null" "clone" "--bare" "https://github.com/gzbakku/gzbdb" "/workspace/cache/git-repos/https%3A%2F%2Fgithub.com%2Fgzbakku%2Fgzbdb", kill_on_drop: false }`
[INFO] [stderr] Cloning into bare repository '/workspace/cache/git-repos/https%3A%2F%2Fgithub.com%2Fgzbakku%2Fgzbdb'...
[INFO] running `Command { std: "git" "rev-parse" "HEAD", kill_on_drop: false }`
[INFO] [stdout] b2264742e1b1336dbb8cd3f7f0a5b697df934fe1
[INFO] testing gzbakku/gzbdb against beta-2021-08-01 for beta-1.55-1
[INFO] running `Command { std: "git" "clone" "/workspace/cache/git-repos/https%3A%2F%2Fgithub.com%2Fgzbakku%2Fgzbdb" "/workspace/builds/worker-7/source", kill_on_drop: false }`
[INFO] [stderr] Cloning into '/workspace/builds/worker-7/source'...
[INFO] [stderr] done.
[INFO] validating manifest of git repo https://github.com/gzbakku/gzbdb on toolchain beta-2021-08-01
[INFO] running `Command { std: "/workspace/cargo-home/bin/cargo" "+beta-2021-08-01" "metadata" "--manifest-path" "Cargo.toml" "--no-deps", kill_on_drop: false }`
[INFO] started tweaking git repo https://github.com/gzbakku/gzbdb
[INFO] finished tweaking git repo https://github.com/gzbakku/gzbdb
[INFO] tweaked toml for git repo https://github.com/gzbakku/gzbdb written to /workspace/builds/worker-7/source/Cargo.toml
[INFO] crate git repo https://github.com/gzbakku/gzbdb already has a lockfile, it will not be regenerated
[INFO] running `Command { std: "/workspace/cargo-home/bin/cargo" "+beta-2021-08-01" "fetch" "--manifest-path" "Cargo.toml", kill_on_drop: false }`
[INFO] [stderr]     Blocking waiting for file lock on package cache
[INFO] running `Command { std: "docker" "create" "-v" "/var/lib/crater-agent-workspace/builds/worker-7/target:/opt/rustwide/target:rw,Z" "-v" "/var/lib/crater-agent-workspace/builds/worker-7/source:/opt/rustwide/workdir:ro,Z" "-v" "/var/lib/crater-agent-workspace/cargo-home:/opt/rustwide/cargo-home:ro,Z" "-v" "/var/lib/crater-agent-workspace/rustup-home:/opt/rustwide/rustup-home:ro,Z" "-e" "SOURCE_DIR=/opt/rustwide/workdir" "-e" "CARGO_TARGET_DIR=/opt/rustwide/target" "-e" "CARGO_HOME=/opt/rustwide/cargo-home" "-e" "RUSTUP_HOME=/opt/rustwide/rustup-home" "-w" "/opt/rustwide/workdir" "-m" "1610612736" "--user" "0:0" "--network" "none" "ghcr.io/rust-lang/crates-build-env/linux@sha256:34b6a614d2c27851fe6cbf88fbd1137609cefab8b10d0615aaeb6fd47975d74e" "/opt/rustwide/cargo-home/bin/cargo" "+beta-2021-08-01" "metadata" "--no-deps" "--format-version=1", kill_on_drop: false }`
[INFO] [stdout] 5402ef8314a3f27899a0134423f69fb7f182b4c5b03d21972d237e0d0f6f3eb3
[INFO] running `Command { std: "docker" "start" "-a" "5402ef8314a3f27899a0134423f69fb7f182b4c5b03d21972d237e0d0f6f3eb3", kill_on_drop: false }`
[INFO] running `Command { std: "docker" "inspect" "5402ef8314a3f27899a0134423f69fb7f182b4c5b03d21972d237e0d0f6f3eb3", kill_on_drop: false }`
[INFO] running `Command { std: "docker" "rm" "-f" "5402ef8314a3f27899a0134423f69fb7f182b4c5b03d21972d237e0d0f6f3eb3", kill_on_drop: false }`
[INFO] [stdout] 5402ef8314a3f27899a0134423f69fb7f182b4c5b03d21972d237e0d0f6f3eb3
[INFO] running `Command { std: "docker" "create" "-v" "/var/lib/crater-agent-workspace/builds/worker-7/target:/opt/rustwide/target:rw,Z" "-v" "/var/lib/crater-agent-workspace/builds/worker-7/source:/opt/rustwide/workdir:ro,Z" "-v" "/var/lib/crater-agent-workspace/cargo-home:/opt/rustwide/cargo-home:ro,Z" "-v" "/var/lib/crater-agent-workspace/rustup-home:/opt/rustwide/rustup-home:ro,Z" "-e" "SOURCE_DIR=/opt/rustwide/workdir" "-e" "CARGO_TARGET_DIR=/opt/rustwide/target" "-e" "CARGO_INCREMENTAL=0" "-e" "RUST_BACKTRACE=full" "-e" "RUSTFLAGS=--cap-lints=warn" "-e" "CARGO_HOME=/opt/rustwide/cargo-home" "-e" "RUSTUP_HOME=/opt/rustwide/rustup-home" "-w" "/opt/rustwide/workdir" "-m" "1610612736" "--user" "0:0" "--network" "none" "ghcr.io/rust-lang/crates-build-env/linux@sha256:34b6a614d2c27851fe6cbf88fbd1137609cefab8b10d0615aaeb6fd47975d74e" "/opt/rustwide/cargo-home/bin/cargo" "+beta-2021-08-01" "build" "--frozen" "--message-format=json", kill_on_drop: false }`
[INFO] [stdout] 3e2be60ee3e1fe1e465c905e270afdb5c09e4ab8fdebc288f868b3c570fc031e
[INFO] running `Command { std: "docker" "start" "-a" "3e2be60ee3e1fe1e465c905e270afdb5c09e4ab8fdebc288f868b3c570fc031e", kill_on_drop: false }`
[INFO] [stderr]    Compiling syn v1.0.69
[INFO] [stderr]    Compiling futures-sink v0.3.14
[INFO] [stderr]    Compiling futures-core v0.3.14
[INFO] [stderr]    Compiling futures-io v0.3.14
[INFO] [stderr]    Compiling futures-task v0.3.14
[INFO] [stderr]    Compiling openssl-sys v0.9.61
[INFO] [stderr]    Compiling tokio v1.5.0
[INFO] [stderr]    Compiling lock_api v0.4.3
[INFO] [stderr]    Compiling gobject v0.1.0 (/opt/rustwide/workdir/gobject)
[INFO] [stderr]    Compiling getrandom v0.2.2
[INFO] [stderr]    Compiling parking_lot_core v0.8.3
[INFO] [stderr]    Compiling signal-hook-registry v1.3.0
[INFO] [stderr]    Compiling num_cpus v1.13.0
[INFO] [stderr]    Compiling quote v1.0.9
[INFO] [stderr]    Compiling mio v0.7.11
[INFO] [stderr]    Compiling parking_lot v0.11.1
[INFO] [stderr]    Compiling futures-channel v0.3.14
[INFO] [stderr]    Compiling rand_core v0.6.2
[INFO] [stderr]    Compiling rand_chacha v0.3.0
[INFO] [stderr]    Compiling rand v0.8.3
[INFO] [stderr]    Compiling openssl v0.10.33
[INFO] [stderr]    Compiling futures-macro v0.3.14
[INFO] [stderr]    Compiling tokio-macros v1.1.0
[INFO] [stderr]    Compiling futures-util v0.3.14
[INFO] [stderr]    Compiling futures-executor v0.3.14
[INFO] [stderr]    Compiling futures v0.3.14
[INFO] [stderr]    Compiling tokio-io-timeout v1.1.1
[INFO] [stderr]    Compiling gmessage v0.1.0 (/opt/rustwide/workdir/gmessage)
[INFO] [stderr]    Compiling server v0.1.0 (/opt/rustwide/workdir/gmessagetest/server)
[INFO] [stderr]    Compiling client v0.1.0 (/opt/rustwide/workdir/gmessagetest/client)
[INFO] [stdout] warning: variable does not need to be mutable
[INFO] [stdout]   --> gmessage/src/main.rs:46:9
[INFO] [stdout]    |
[INFO] [stdout] 46 |     let mut conn:client::Client;
[INFO] [stdout]    |         ----^^^^
[INFO] [stdout]    |         |
[INFO] [stdout]    |         help: remove this `mut`
[INFO] [stdout]    |
[INFO] [stdout]    = note: `#[warn(unused_mut)]` on by default
[INFO] [stdout] 
[INFO] [stdout] 
[INFO] [stdout] warning: unused variable: `r`
[INFO] [stdout]   --> gmessage/src/main.rs:68:24
[INFO] [stdout]    |
[INFO] [stdout] 68 |                     Ok(r)=>{
[INFO] [stdout]    |                        ^ help: if this is intentional, prefix it with an underscore: `_r`
[INFO] [stdout]    |
[INFO] [stdout]    = note: `#[warn(unused_variables)]` on by default
[INFO] [stdout] 
[INFO] [stdout] 
[INFO] [stdout] warning: unused variable: `e`
[INFO] [stdout]   --> gmessage/src/main.rs:71:25
[INFO] [stdout]    |
[INFO] [stdout] 71 |                     Err(e)=>{
[INFO] [stdout]    |                         ^ help: if this is intentional, prefix it with an underscore: `_e`
[INFO] [stdout] 
[INFO] [stdout] 
[INFO] [stdout] warning: 3 warnings emitted
[INFO] [stdout] 
[INFO] [stdout] 
[INFO] [stderr]     Finished dev [unoptimized + debuginfo] target(s) in 33.19s
[INFO] running `Command { std: "docker" "inspect" "3e2be60ee3e1fe1e465c905e270afdb5c09e4ab8fdebc288f868b3c570fc031e", kill_on_drop: false }`
[INFO] running `Command { std: "docker" "rm" "-f" "3e2be60ee3e1fe1e465c905e270afdb5c09e4ab8fdebc288f868b3c570fc031e", kill_on_drop: false }`
[INFO] [stdout] 3e2be60ee3e1fe1e465c905e270afdb5c09e4ab8fdebc288f868b3c570fc031e
[INFO] running `Command { std: "docker" "create" "-v" "/var/lib/crater-agent-workspace/builds/worker-7/target:/opt/rustwide/target:rw,Z" "-v" "/var/lib/crater-agent-workspace/builds/worker-7/source:/opt/rustwide/workdir:ro,Z" "-v" "/var/lib/crater-agent-workspace/cargo-home:/opt/rustwide/cargo-home:ro,Z" "-v" "/var/lib/crater-agent-workspace/rustup-home:/opt/rustwide/rustup-home:ro,Z" "-e" "SOURCE_DIR=/opt/rustwide/workdir" "-e" "CARGO_TARGET_DIR=/opt/rustwide/target" "-e" "CARGO_INCREMENTAL=0" "-e" "RUST_BACKTRACE=full" "-e" "RUSTFLAGS=--cap-lints=warn" "-e" "CARGO_HOME=/opt/rustwide/cargo-home" "-e" "RUSTUP_HOME=/opt/rustwide/rustup-home" "-w" "/opt/rustwide/workdir" "-m" "1610612736" "--user" "0:0" "--network" "none" "ghcr.io/rust-lang/crates-build-env/linux@sha256:34b6a614d2c27851fe6cbf88fbd1137609cefab8b10d0615aaeb6fd47975d74e" "/opt/rustwide/cargo-home/bin/cargo" "+beta-2021-08-01" "test" "--frozen" "--no-run" "--message-format=json", kill_on_drop: false }`
[INFO] [stdout] a65cfb2b8ae1f3521df9fb7c44ea762d045b92ca84e87c1236e31422f544d126
[INFO] running `Command { std: "docker" "start" "-a" "a65cfb2b8ae1f3521df9fb7c44ea762d045b92ca84e87c1236e31422f544d126", kill_on_drop: false }`
[INFO] [stderr]     Blocking waiting for file lock on package cache
[INFO] [stderr]    Compiling gobject v0.1.0 (/opt/rustwide/workdir/gobject)
[INFO] [stderr]    Compiling gmessage v0.1.0 (/opt/rustwide/workdir/gmessage)
[INFO] [stderr]    Compiling server v0.1.0 (/opt/rustwide/workdir/gmessagetest/server)
[INFO] [stderr]    Compiling client v0.1.0 (/opt/rustwide/workdir/gmessagetest/client)
[INFO] [stdout] error[E0433]: failed to resolve: use of undeclared crate or module `gobject`
[INFO] [stdout]   --> gobject/src/value.rs:11:13
[INFO] [stdout]    |
[INFO] [stdout] 11 |           use gobject::value::{gObjectValue,gObject};
[INFO] [stdout]    |               ^^^^^^^ use of undeclared crate or module `gobject`
[INFO] [stdout]    | 
[INFO] [stdout]   ::: gobject/src/lib.rs:29:26
[INFO] [stdout]    |
[INFO] [stdout] 29 |           let macro_make = gObject!{
[INFO] [stdout]    |  __________________________-
[INFO] [stdout] 30 | |
[INFO] [stdout] 31 | |             "object_tree"=>gObjectValue::object(gObject!{
[INFO] [stdout] 32 | |                 "one"=>gObjectValue::object(gObject!{
[INFO] [stdout] ...  |
[INFO] [stdout] 62 | |
[INFO] [stdout] 63 | |         };
[INFO] [stdout]    | |_________- in this macro invocation
[INFO] [stdout]    |
[INFO] [stdout]    = note: this error originates in the macro `gObject` (in Nightly builds, run with -Z macro-backtrace for more info)
[INFO] [stdout] 
[INFO] [stdout] 
[INFO] [stdout] error[E0433]: failed to resolve: use of undeclared crate or module `gobject`
[INFO] [stdout]   --> gobject/src/value.rs:11:13
[INFO] [stdout]    |
[INFO] [stdout] 11 |           use gobject::value::{gObjectValue,gObject};
[INFO] [stdout]    |               ^^^^^^^ use of undeclared crate or module `gobject`
[INFO] [stdout]    | 
[INFO] [stdout]   ::: gobject/src/lib.rs:71:20
[INFO] [stdout]    |
[INFO] [stdout] 71 |           let data = gObject!{
[INFO] [stdout]    |  ____________________-
[INFO] [stdout] 72 | |             "name"=>gObjectValue::string("akku".to_string()),
[INFO] [stdout] 73 | |             "array"=>gObjectValue::array(vec![
[INFO] [stdout] 74 | |                 gObjectValue::object(gObject!{
[INFO] [stdout] ...  |
[INFO] [stdout] 92 | |             })
[INFO] [stdout] 93 | |         };
[INFO] [stdout]    | |_________- in this macro invocation
[INFO] [stdout]    |
[INFO] [stdout]    = note: this error originates in the macro `gObject` (in Nightly builds, run with -Z macro-backtrace for more info)
[INFO] [stdout] 
[INFO] [stdout] 
[INFO] [stdout] error[E0433]: failed to resolve: use of undeclared crate or module `gobject`
[INFO] [stdout]    --> gobject/src/validater/builder.rs:9:13
[INFO] [stdout]     |
[INFO] [stdout] 9   |           use gobject::validater::{gSchema,gSchemaValue};
[INFO] [stdout]     |               ^^^^^^^ use of undeclared crate or module `gobject`
[INFO] [stdout]     | 
[INFO] [stdout]    ::: gobject/src/lib.rs:95:22
[INFO] [stdout]     |
[INFO] [stdout] 95  |           let schema = gSchema!{
[INFO] [stdout]     |  ______________________-
[INFO] [stdout] 96  | |             "name"=>gSchemaValue::string,
[INFO] [stdout] 97  | |             "array"=>gSchemaValue::array_check(gSchema!{
[INFO] [stdout] 98  | |                 "one"=>gSchemaValue::i32,
[INFO] [stdout] ...   |
[INFO] [stdout] 107 | |             "bank"=>gSchemaValue::object
[INFO] [stdout] 108 | |         };
[INFO] [stdout]     | |_________- in this macro invocation
[INFO] [stdout]     |
[INFO] [stdout]     = note: this error originates in the macro `gSchema` (in Nightly builds, run with -Z macro-backtrace for more info)
[INFO] [stdout] 
[INFO] [stdout] 
[INFO] [stdout] error[E0433]: failed to resolve: use of undeclared crate or module `gobject`
[INFO] [stdout]    --> gobject/src/value.rs:11:13
[INFO] [stdout]     |
[INFO] [stdout] 11  |           use gobject::value::{gObjectValue,gObject};
[INFO] [stdout]     |               ^^^^^^^ use of undeclared crate or module `gobject`
[INFO] [stdout]     | 
[INFO] [stdout]    ::: gobject/src/lib.rs:116:26
[INFO] [stdout]     |
[INFO] [stdout] 116 |           let macro_make = gObject!{
[INFO] [stdout]     |  __________________________-
[INFO] [stdout] 117 | |             "object_tree"=>gObjectValue::object(gObject!{
[INFO] [stdout] 118 | |                 "one"=>gObjectValue::object(gObject!{
[INFO] [stdout] 119 | |                     "two"=>gObjectValue::object(gObject!{
[INFO] [stdout] ...   |
[INFO] [stdout] 125 | |             })
[INFO] [stdout] 126 | |         };
[INFO] [stdout]     | |_________- in this macro invocation
[INFO] [stdout]     |
[INFO] [stdout]     = note: this error originates in the macro `gObject` (in Nightly builds, run with -Z macro-backtrace for more info)
[INFO] [stdout] 
[INFO] [stdout] 
[INFO] [stdout] error[E0433]: failed to resolve: use of undeclared crate or module `gobject`
[INFO] [stdout]    --> gobject/src/value.rs:11:13
[INFO] [stdout]     |
[INFO] [stdout] 11  |           use gobject::value::{gObjectValue,gObject};
[INFO] [stdout]     |               ^^^^^^^ use of undeclared crate or module `gobject`
[INFO] [stdout]     | 
[INFO] [stdout]    ::: gobject/src/lib.rs:137:26
[INFO] [stdout]     |
[INFO] [stdout] 137 |           let macro_make = gObject!{
[INFO] [stdout]     |  __________________________-
[INFO] [stdout] 138 | |             "object_tree"=>gObjectValue::object(gObject!{
[INFO] [stdout] 139 | |                 "one"=>gObjectValue::object(gObject!{
[INFO] [stdout] 140 | |                     "two"=>gObjectValue::object(gObject!{
[INFO] [stdout] ...   |
[INFO] [stdout] 146 | |             })
[INFO] [stdout] 147 | |         };
[INFO] [stdout]     | |_________- in this macro invocation
[INFO] [stdout]     |
[INFO] [stdout]     = note: this error originates in the macro `gObject` (in Nightly builds, run with -Z macro-backtrace for more info)
[INFO] [stdout] 
[INFO] [stdout] 
[INFO] [stdout] error[E0433]: failed to resolve: use of undeclared crate or module `gobject`
[INFO] [stdout]    --> gobject/src/value.rs:11:13
[INFO] [stdout]     |
[INFO] [stdout] 11  |           use gobject::value::{gObjectValue,gObject};
[INFO] [stdout]     |               ^^^^^^^ use of undeclared crate or module `gobject`
[INFO] [stdout]     | 
[INFO] [stdout]    ::: gobject/src/lib.rs:159:26
[INFO] [stdout]     |
[INFO] [stdout] 159 |           let macro_make = gObject!{
[INFO] [stdout]     |  __________________________-
[INFO] [stdout] 160 | |             "string"=>gObjectValue::string("akku".to_string()),
[INFO] [stdout] 161 | |             "null"=>gObjectValue::null,
[INFO] [stdout] 162 | |             "undefined"=>gObjectValue::undefined,
[INFO] [stdout] 163 | |             "bool"=>gObjectValue::bool(false)
[INFO] [stdout] 164 | |         };
[INFO] [stdout]     | |_________- in this macro invocation
[INFO] [stdout]     |
[INFO] [stdout]     = note: this error originates in the macro `gObject` (in Nightly builds, run with -Z macro-backtrace for more info)
[INFO] [stdout] 
[INFO] [stdout] 
[INFO] [stdout] error[E0433]: failed to resolve: use of undeclared crate or module `gobject`
[INFO] [stdout]    --> gobject/src/value.rs:11:13
[INFO] [stdout]     |
[INFO] [stdout] 11  |           use gobject::value::{gObjectValue,gObject};
[INFO] [stdout]     |               ^^^^^^^ use of undeclared crate or module `gobject`
[INFO] [stdout]     | 
[INFO] [stdout]    ::: gobject/src/lib.rs:175:26
[INFO] [stdout]     |
[INFO] [stdout] 175 |           let macro_make = gObject!{
[INFO] [stdout]     |  __________________________-
[INFO] [stdout] 176 | |             "string"=>gObjectValue::string("akku".to_string()),
[INFO] [stdout] 177 | |             "null"=>gObjectValue::null,
[INFO] [stdout] 178 | |             "undefined"=>gObjectValue::undefined,
[INFO] [stdout] 179 | |             "bool"=>gObjectValue::bool(false)
[INFO] [stdout] 180 | |         };
[INFO] [stdout]     | |_________- in this macro invocation
[INFO] [stdout]     |
[INFO] [stdout]     = note: this error originates in the macro `gObject` (in Nightly builds, run with -Z macro-backtrace for more info)
[INFO] [stdout] 
[INFO] [stdout] 
[INFO] [stdout] error[E0433]: failed to resolve: use of undeclared crate or module `gobject`
[INFO] [stdout]    --> gobject/src/value.rs:11:13
[INFO] [stdout]     |
[INFO] [stdout] 11  |           use gobject::value::{gObjectValue,gObject};
[INFO] [stdout]     |               ^^^^^^^ use of undeclared crate or module `gobject`
[INFO] [stdout]     | 
[INFO] [stdout]    ::: gobject/src/lib.rs:193:26
[INFO] [stdout]     |
[INFO] [stdout] 193 |           let macro_make = gObject!{
[INFO] [stdout]     |  __________________________-
[INFO] [stdout] 194 | |             "string"=>gObjectValue::string("akku".to_string()),
[INFO] [stdout] 195 | |             "null"=>gObjectValue::null,
[INFO] [stdout] 196 | |             "undefined"=>gObjectValue::undefined,
[INFO] [stdout] 197 | |             "bool"=>gObjectValue::bool(false)
[INFO] [stdout] 198 | |         };
[INFO] [stdout]     | |_________- in this macro invocation
[INFO] [stdout]     |
[INFO] [stdout]     = note: this error originates in the macro `gObject` (in Nightly builds, run with -Z macro-backtrace for more info)
[INFO] [stdout] 
[INFO] [stdout] 
[INFO] [stdout] error: cannot determine resolution for the macro `gObject`
[INFO] [stdout]   --> gobject/src/lib.rs:31:49
[INFO] [stdout]    |
[INFO] [stdout] 31 |             "object_tree"=>gObjectValue::object(gObject!{
[INFO] [stdout]    |                                                 ^^^^^^^
[INFO] [stdout]    |
[INFO] [stdout]    = note: import resolution is stuck, try simplifying macro imports
[INFO] [stdout] 
[INFO] [stdout] 
[INFO] [stdout] error: cannot determine resolution for the macro `gObject`
[INFO] [stdout]   --> gobject/src/lib.rs:74:38
[INFO] [stdout]    |
[INFO] [stdout] 74 |                 gObjectValue::object(gObject!{
[INFO] [stdout]    |                                      ^^^^^^^
[INFO] [stdout]    |
[INFO] [stdout]    = note: import resolution is stuck, try simplifying macro imports
[INFO] [stdout] 
[INFO] [stdout] 
[INFO] [stdout] error: cannot determine resolution for the macro `gObject`
[INFO] [stdout]   --> gobject/src/lib.rs:78:38
[INFO] [stdout]    |
[INFO] [stdout] 78 |                 gObjectValue::object(gObject!{
[INFO] [stdout]    |                                      ^^^^^^^
[INFO] [stdout]    |
[INFO] [stdout]    = note: import resolution is stuck, try simplifying macro imports
[INFO] [stdout] 
[INFO] [stdout] 
[INFO] [stdout] error: cannot determine resolution for the macro `gObject`
[INFO] [stdout]   --> gobject/src/lib.rs:84:42
[INFO] [stdout]    |
[INFO] [stdout] 84 |             "data"=>gObjectValue::object(gObject!{
[INFO] [stdout]    |                                          ^^^^^^^
[INFO] [stdout]    |
[INFO] [stdout]    = note: import resolution is stuck, try simplifying macro imports
[INFO] [stdout] 
[INFO] [stdout] 
[INFO] [stdout] error: cannot determine resolution for the macro `gObject`
[INFO] [stdout]   --> gobject/src/lib.rs:89:42
[INFO] [stdout]    |
[INFO] [stdout] 89 |             "bank"=>gObjectValue::object(gObject!{
[INFO] [stdout]    |                                          ^^^^^^^
[INFO] [stdout]    |
[INFO] [stdout]    = note: import resolution is stuck, try simplifying macro imports
[INFO] [stdout] 
[INFO] [stdout] 
[INFO] [stdout] error: cannot determine resolution for the macro `gSchema`
[INFO] [stdout]   --> gobject/src/lib.rs:97:48
[INFO] [stdout]    |
[INFO] [stdout] 97 |             "array"=>gSchemaValue::array_check(gSchema!{
[INFO] [stdout]    |                                                ^^^^^^^
[INFO] [stdout]    |
[INFO] [stdout]    = note: import resolution is stuck, try simplifying macro imports
[INFO] [stdout] 
[INFO] [stdout] 
[INFO] [stdout] error: cannot determine resolution for the macro `gSchema`
[INFO] [stdout]    --> gobject/src/lib.rs:102:48
[INFO] [stdout]     |
[INFO] [stdout] 102 |             "data"=>gSchemaValue::object_check(gSchema!{
[INFO] [stdout]     |                                                ^^^^^^^
[INFO] [stdout]     |
[INFO] [stdout]     = note: import resolution is stuck, try simplifying macro imports
[INFO] [stdout] 
[INFO] [stdout] 
[INFO] [stdout] error: cannot determine resolution for the macro `gObject`
[INFO] [stdout]    --> gobject/src/lib.rs:117:49
[INFO] [stdout]     |
[INFO] [stdout] 117 |             "object_tree"=>gObjectValue::object(gObject!{
[INFO] [stdout]     |                                                 ^^^^^^^
[INFO] [stdout]     |
[INFO] [stdout]     = note: import resolution is stuck, try simplifying macro imports
[INFO] [stdout] 
[INFO] [stdout] 
[INFO] [stdout] error: cannot determine resolution for the macro `gObject`
[INFO] [stdout]    --> gobject/src/lib.rs:138:49
[INFO] [stdout]     |
[INFO] [stdout] 138 |             "object_tree"=>gObjectValue::object(gObject!{
[INFO] [stdout]     |                                                 ^^^^^^^
[INFO] [stdout]     |
[INFO] [stdout]     = note: import resolution is stuck, try simplifying macro imports
[INFO] [stdout] 
[INFO] [stdout] 
[INFO] [stdout] error: aborting due to 17 previous errors
[INFO] [stdout] 
[INFO] [stdout] 
[INFO] [stdout] For more information about this error, try `rustc --explain E0433`.
[INFO] [stdout] 
[INFO] [stderr] error: could not compile `gobject` due to 18 previous errors
[INFO] [stderr] warning: build failed, waiting for other jobs to finish...
[INFO] [stdout] warning: variable does not need to be mutable
[INFO] [stdout]   --> gmessage/src/main.rs:46:9
[INFO] [stdout]    |
[INFO] [stdout] 46 |     let mut conn:client::Client;
[INFO] [stdout]    |         ----^^^^
[INFO] [stdout]    |         |
[INFO] [stdout]    |         help: remove this `mut`
[INFO] [stdout]    |
[INFO] [stdout]    = note: `#[warn(unused_mut)]` on by default
[INFO] [stdout] 
[INFO] [stdout] 
[INFO] [stdout] warning: unused variable: `r`
[INFO] [stdout]   --> gmessage/src/main.rs:68:24
[INFO] [stdout]    |
[INFO] [stdout] 68 |                     Ok(r)=>{
[INFO] [stdout]    |                        ^ help: if this is intentional, prefix it with an underscore: `_r`
[INFO] [stdout]    |
[INFO] [stdout]    = note: `#[warn(unused_variables)]` on by default
[INFO] [stdout] 
[INFO] [stdout] 
[INFO] [stdout] warning: unused variable: `e`
[INFO] [stdout]   --> gmessage/src/main.rs:71:25
[INFO] [stdout]    |
[INFO] [stdout] 71 |                     Err(e)=>{
[INFO] [stdout]    |                         ^ help: if this is intentional, prefix it with an underscore: `_e`
[INFO] [stdout] 
[INFO] [stdout] 
[INFO] [stdout] warning: 3 warnings emitted
[INFO] [stdout] 
[INFO] [stdout] 
[INFO] [stderr] error: build failed
[INFO] running `Command { std: "docker" "inspect" "a65cfb2b8ae1f3521df9fb7c44ea762d045b92ca84e87c1236e31422f544d126", kill_on_drop: false }`
[INFO] running `Command { std: "docker" "rm" "-f" "a65cfb2b8ae1f3521df9fb7c44ea762d045b92ca84e87c1236e31422f544d126", kill_on_drop: false }`
[INFO] [stdout] a65cfb2b8ae1f3521df9fb7c44ea762d045b92ca84e87c1236e31422f544d126
