[INFO] cloning repository https://github.com/gyng/datarouter
[INFO] running `Command { std: "git" "-c" "credential.helper=" "-c" "credential.helper=/workspace/cargo-home/bin/git-credential-null" "clone" "--bare" "https://github.com/gyng/datarouter" "/workspace/cache/git-repos/https%3A%2F%2Fgithub.com%2Fgyng%2Fdatarouter", kill_on_drop: false }`
[INFO] [stderr] Cloning into bare repository '/workspace/cache/git-repos/https%3A%2F%2Fgithub.com%2Fgyng%2Fdatarouter'...
[INFO] running `Command { std: "git" "rev-parse" "HEAD", kill_on_drop: false }`
[INFO] [stdout] 5075c6a1bd9975cdf5536d9aae0f090db80b3085
[INFO] testing gyng/datarouter against beta-2021-08-01 for beta-1.55-1
[INFO] running `Command { std: "git" "clone" "/workspace/cache/git-repos/https%3A%2F%2Fgithub.com%2Fgyng%2Fdatarouter" "/workspace/builds/worker-0/source", kill_on_drop: false }`
[INFO] [stderr] Cloning into '/workspace/builds/worker-0/source'...
[INFO] [stderr] done.
[INFO] validating manifest of git repo https://github.com/gyng/datarouter on toolchain beta-2021-08-01
[INFO] running `Command { std: "/workspace/cargo-home/bin/cargo" "+beta-2021-08-01" "metadata" "--manifest-path" "Cargo.toml" "--no-deps", kill_on_drop: false }`
[INFO] removed /workspace/builds/worker-0/source/rust-toolchain
[INFO] started tweaking git repo https://github.com/gyng/datarouter
[INFO] finished tweaking git repo https://github.com/gyng/datarouter
[INFO] tweaked toml for git repo https://github.com/gyng/datarouter written to /workspace/builds/worker-0/source/Cargo.toml
[INFO] crate git repo https://github.com/gyng/datarouter already has a lockfile, it will not be regenerated
[INFO] running `Command { std: "/workspace/cargo-home/bin/cargo" "+beta-2021-08-01" "fetch" "--manifest-path" "Cargo.toml", kill_on_drop: false }`
[INFO] [stderr]  Downloading crates ...
[INFO] [stderr]   Downloaded postgres v0.14.2
[INFO] [stderr]   Downloaded digest v0.5.2
[INFO] [stderr]   Downloaded hmac v0.1.1
[INFO] [stderr]   Downloaded digest-buffer v0.3.1
[INFO] [stderr]   Downloaded constant_time_eq v0.1.2
[INFO] [stderr]   Downloaded biscuit v0.0.6
[INFO] [stderr]   Downloaded data-encoding v1.2.0
[INFO] [stderr]   Downloaded num-complex v0.1.39
[INFO] [stderr]   Downloaded typenum v1.5.2
[INFO] [stderr]   Downloaded crypto-mac v0.3.0
[INFO] [stderr]   Downloaded tokio-core v0.1.8
[INFO] [stderr]   Downloaded yansi v0.3.0
[INFO] [stderr]   Downloaded rocket v0.3.0
[INFO] [stderr]   Downloaded md5 v0.3.5
[INFO] [stderr]   Downloaded byte-tools v0.1.3
[INFO] [stderr]   Downloaded redox_syscall v0.1.26
[INFO] [stderr]   Downloaded sha2 v0.5.3
[INFO] [stderr]   Downloaded postgres-shared v0.3.0
[INFO] [stderr]   Downloaded rocket_codegen v0.3.0
[INFO] [stderr]   Downloaded postgres-protocol v0.3.0
[INFO] [stderr]   Downloaded cookie v0.9.1
[INFO] [stderr]   Downloaded untrusted v0.5.0
[INFO] [stderr]   Downloaded generic-array v0.7.2
[INFO] [stderr]   Downloaded stringprep v0.1.0
[INFO] [stderr]   Downloaded reqwest v0.7.1
[INFO] [stderr]   Downloaded state v0.3.1
[INFO] running `Command { std: "docker" "create" "-v" "/var/lib/crater-agent-workspace/builds/worker-0/target:/opt/rustwide/target:rw,Z" "-v" "/var/lib/crater-agent-workspace/builds/worker-0/source:/opt/rustwide/workdir:ro,Z" "-v" "/var/lib/crater-agent-workspace/cargo-home:/opt/rustwide/cargo-home:ro,Z" "-v" "/var/lib/crater-agent-workspace/rustup-home:/opt/rustwide/rustup-home:ro,Z" "-e" "SOURCE_DIR=/opt/rustwide/workdir" "-e" "CARGO_TARGET_DIR=/opt/rustwide/target" "-e" "CARGO_HOME=/opt/rustwide/cargo-home" "-e" "RUSTUP_HOME=/opt/rustwide/rustup-home" "-w" "/opt/rustwide/workdir" "-m" "1610612736" "--user" "0:0" "--network" "none" "ghcr.io/rust-lang/crates-build-env/linux@sha256:34b6a614d2c27851fe6cbf88fbd1137609cefab8b10d0615aaeb6fd47975d74e" "/opt/rustwide/cargo-home/bin/cargo" "+beta-2021-08-01" "metadata" "--no-deps" "--format-version=1", kill_on_drop: false }`
[INFO] [stdout] 1061ef693b222205c08a2da937681e227df7b37d0e210fa4e1d0d6a2c58b93e9
[INFO] running `Command { std: "docker" "start" "-a" "1061ef693b222205c08a2da937681e227df7b37d0e210fa4e1d0d6a2c58b93e9", kill_on_drop: false }`
[INFO] running `Command { std: "docker" "inspect" "1061ef693b222205c08a2da937681e227df7b37d0e210fa4e1d0d6a2c58b93e9", kill_on_drop: false }`
[INFO] running `Command { std: "docker" "rm" "-f" "1061ef693b222205c08a2da937681e227df7b37d0e210fa4e1d0d6a2c58b93e9", kill_on_drop: false }`
[INFO] [stdout] 1061ef693b222205c08a2da937681e227df7b37d0e210fa4e1d0d6a2c58b93e9
[INFO] running `Command { std: "docker" "create" "-v" "/var/lib/crater-agent-workspace/builds/worker-0/target:/opt/rustwide/target:rw,Z" "-v" "/var/lib/crater-agent-workspace/builds/worker-0/source:/opt/rustwide/workdir:ro,Z" "-v" "/var/lib/crater-agent-workspace/cargo-home:/opt/rustwide/cargo-home:ro,Z" "-v" "/var/lib/crater-agent-workspace/rustup-home:/opt/rustwide/rustup-home:ro,Z" "-e" "SOURCE_DIR=/opt/rustwide/workdir" "-e" "CARGO_TARGET_DIR=/opt/rustwide/target" "-e" "CARGO_INCREMENTAL=0" "-e" "RUST_BACKTRACE=full" "-e" "RUSTFLAGS=--cap-lints=warn" "-e" "CARGO_HOME=/opt/rustwide/cargo-home" "-e" "RUSTUP_HOME=/opt/rustwide/rustup-home" "-w" "/opt/rustwide/workdir" "-m" "1610612736" "--user" "0:0" "--network" "none" "ghcr.io/rust-lang/crates-build-env/linux@sha256:34b6a614d2c27851fe6cbf88fbd1137609cefab8b10d0615aaeb6fd47975d74e" "/opt/rustwide/cargo-home/bin/cargo" "+beta-2021-08-01" "build" "--frozen" "--message-format=json", kill_on_drop: false }`
[INFO] [stdout] 5b91c1b1d28c1c5b32b3f5944f1b5e9034b3f17dc956efcde3a9f5d889adb26f
[INFO] running `Command { std: "docker" "start" "-a" "5b91c1b1d28c1c5b32b3f5944f1b5e9034b3f17dc956efcde3a9f5d889adb26f", kill_on_drop: false }`
[INFO] [stderr]     Blocking waiting for file lock on package cache
[INFO] [stderr]    Compiling libc v0.2.26
[INFO] [stderr]    Compiling num-traits v0.1.39
[INFO] [stderr]    Compiling typenum v1.5.2
[INFO] [stderr]    Compiling unicode-normalization v0.1.5
[INFO] [stderr]    Compiling version_check v0.1.3
[INFO] [stderr]    Compiling odds v0.2.25
[INFO] [stderr]    Compiling scopeguard v0.3.2
[INFO] [stderr]    Compiling rayon-core v1.2.1
[INFO] [stderr]    Compiling either v1.1.0
[INFO] [stderr]    Compiling byteorder v1.1.0
[INFO] [stderr]    Compiling lazy_static v0.2.8
[INFO] [stderr]    Compiling futures v0.1.14
[INFO] [stderr]    Compiling serde v1.0.10
[INFO] [stderr]    Compiling gcc v0.3.51
[INFO] [stderr]    Compiling percent-encoding v1.0.0
[INFO] [stderr]    Compiling yansi v0.3.0
[INFO] [stderr]    Compiling byte-tools v0.1.3
[INFO] [stderr]    Compiling unicode-xid v0.0.4
[INFO] [stderr]    Compiling log v0.3.8
[INFO] [stderr]    Compiling untrusted v0.5.0
[INFO] [stderr]    Compiling constant_time_eq v0.1.2
[INFO] [stderr]    Compiling quote v0.3.15
[INFO] [stderr]    Compiling dtoa v0.4.1
[INFO] [stderr]    Compiling linked-hash-map v0.4.2
[INFO] [stderr]    Compiling itoa v0.3.1
[INFO] [stderr]    Compiling md5 v0.3.5
[INFO] [stderr]    Compiling httparse v1.2.3
[INFO] [stderr]    Compiling fallible-iterator v0.1.3
[INFO] [stderr]    Compiling state v0.3.1
[INFO] [stderr]    Compiling hex v0.2.0
[INFO] [stderr]    Compiling ordermap v0.2.10
[INFO] [stderr]    Compiling smallvec v0.4.1
[INFO] [stdout] error[E0557]: feature has been removed
[INFO] [stdout]  --> /opt/rustwide/cargo-home/registry/src/github.com-1ecc6299db9ec823/yansi-0.3.0/src/lib.rs:1:40
[INFO] [stdout]   |
[INFO] [stdout] 1 | #![cfg_attr(feature="nightly", feature(const_fn))]
[INFO] [stdout]   |                                        ^^^^^^^^ feature has been removed
[INFO] [stdout]   |
[INFO] [stdout]   = note: split into finer-grained feature gates
[INFO] [stdout] 
[INFO] [stdout] 
[INFO] [stdout] error[E0554]: `#![feature]` may not be used on the beta release channel
[INFO] [stdout]  --> /opt/rustwide/cargo-home/registry/src/github.com-1ecc6299db9ec823/yansi-0.3.0/src/lib.rs:1:32
[INFO] [stdout]   |
[INFO] [stdout] 1 | #![cfg_attr(feature="nightly", feature(const_fn))]
[INFO] [stdout]   |                                ^^^^^^^^^^^^^^^^^
[INFO] [stdout] 
[INFO] [stdout] 
[INFO] [stdout] error: aborting due to 2 previous errors
[INFO] [stdout] 
[INFO] [stdout] 
[INFO] [stdout] Some errors have detailed explanations: E0554, E0557.
[INFO] [stdout] 
[INFO] [stdout] For more information about an error, try `rustc --explain E0554`.
[INFO] [stdout] 
[INFO] [stderr] error: could not compile `yansi` due to 3 previous errors
[INFO] [stderr] warning: build failed, waiting for other jobs to finish...
[INFO] [stdout] error[E0557]: feature has been removed
[INFO] [stdout]  --> /opt/rustwide/cargo-home/registry/src/github.com-1ecc6299db9ec823/state-0.3.1/src/lib.rs:1:12
[INFO] [stdout]   |
[INFO] [stdout] 1 | #![feature(const_fn, drop_types_in_const)]
[INFO] [stdout]   |            ^^^^^^^^ feature has been removed
[INFO] [stdout]   |
[INFO] [stdout]   = note: split into finer-grained feature gates
[INFO] [stdout] 
[INFO] [stdout] 
[INFO] [stdout] error[E0554]: `#![feature]` may not be used on the beta release channel
[INFO] [stdout]  --> /opt/rustwide/cargo-home/registry/src/github.com-1ecc6299db9ec823/state-0.3.1/src/lib.rs:1:1
[INFO] [stdout]   |
[INFO] [stdout] 1 | #![feature(const_fn, drop_types_in_const)]
[INFO] [stdout]   | ^^^^^^^^^^^^^^^^^^^^^^^^^^^^^^^^^^^^^^^^^^
[INFO] [stdout]   |
[INFO] [stdout]   = help: the feature `drop_types_in_const` has been stable since 1.22.0 and no longer requires an attribute to enable
[INFO] [stdout] 
[INFO] [stdout] 
[INFO] [stdout] error: aborting due to 2 previous errors
[INFO] [stdout] 
[INFO] [stdout] 
[INFO] [stdout] Some errors have detailed explanations: E0554, E0557.
[INFO] [stdout] 
[INFO] [stdout] For more information about an error, try `rustc --explain E0554`.
[INFO] [stdout] 
[INFO] [stderr] error: build failed
[INFO] running `Command { std: "docker" "inspect" "5b91c1b1d28c1c5b32b3f5944f1b5e9034b3f17dc956efcde3a9f5d889adb26f", kill_on_drop: false }`
[INFO] running `Command { std: "docker" "rm" "-f" "5b91c1b1d28c1c5b32b3f5944f1b5e9034b3f17dc956efcde3a9f5d889adb26f", kill_on_drop: false }`
[INFO] [stdout] 5b91c1b1d28c1c5b32b3f5944f1b5e9034b3f17dc956efcde3a9f5d889adb26f
