[INFO] cloning repository https://github.com/gusfrehse/persar
[INFO] running `Command { std: "git" "-c" "credential.helper=" "-c" "credential.helper=/workspace/cargo-home/bin/git-credential-null" "clone" "--bare" "https://github.com/gusfrehse/persar" "/workspace/cache/git-repos/https%3A%2F%2Fgithub.com%2Fgusfrehse%2Fpersar", kill_on_drop: false }`
[INFO] [stderr] Cloning into bare repository '/workspace/cache/git-repos/https%3A%2F%2Fgithub.com%2Fgusfrehse%2Fpersar'...
[INFO] running `Command { std: "git" "rev-parse" "HEAD", kill_on_drop: false }`
[INFO] [stdout] 631770ef61b03df156a788475eb571a9de751006
[INFO] testing gusfrehse/persar against 1.54.0 for beta-1.55-1
[INFO] running `Command { std: "git" "clone" "/workspace/cache/git-repos/https%3A%2F%2Fgithub.com%2Fgusfrehse%2Fpersar" "/workspace/builds/worker-12/source", kill_on_drop: false }`
[INFO] [stderr] Cloning into '/workspace/builds/worker-12/source'...
[INFO] [stderr] done.
[INFO] validating manifest of git repo https://github.com/gusfrehse/persar on toolchain 1.54.0
[INFO] running `Command { std: "/workspace/cargo-home/bin/cargo" "+1.54.0" "metadata" "--manifest-path" "Cargo.toml" "--no-deps", kill_on_drop: false }`
[INFO] started tweaking git repo https://github.com/gusfrehse/persar
[INFO] finished tweaking git repo https://github.com/gusfrehse/persar
[INFO] tweaked toml for git repo https://github.com/gusfrehse/persar written to /workspace/builds/worker-12/source/Cargo.toml
[INFO] crate git repo https://github.com/gusfrehse/persar already has a lockfile, it will not be regenerated
[INFO] running `Command { std: "/workspace/cargo-home/bin/cargo" "+1.54.0" "fetch" "--manifest-path" "Cargo.toml", kill_on_drop: false }`
[INFO] running `Command { std: "docker" "create" "-v" "/var/lib/crater-agent-workspace/builds/worker-12/target:/opt/rustwide/target:rw,Z" "-v" "/var/lib/crater-agent-workspace/builds/worker-12/source:/opt/rustwide/workdir:ro,Z" "-v" "/var/lib/crater-agent-workspace/cargo-home:/opt/rustwide/cargo-home:ro,Z" "-v" "/var/lib/crater-agent-workspace/rustup-home:/opt/rustwide/rustup-home:ro,Z" "-e" "SOURCE_DIR=/opt/rustwide/workdir" "-e" "CARGO_TARGET_DIR=/opt/rustwide/target" "-e" "CARGO_HOME=/opt/rustwide/cargo-home" "-e" "RUSTUP_HOME=/opt/rustwide/rustup-home" "-w" "/opt/rustwide/workdir" "-m" "1610612736" "--user" "0:0" "--network" "none" "ghcr.io/rust-lang/crates-build-env/linux@sha256:34b6a614d2c27851fe6cbf88fbd1137609cefab8b10d0615aaeb6fd47975d74e" "/opt/rustwide/cargo-home/bin/cargo" "+1.54.0" "metadata" "--no-deps" "--format-version=1", kill_on_drop: false }`
[INFO] [stdout] 2c6269d04b83178d44c80ec609419f16d0b80db9c01e43868e6f6a14f0a8fb96
[INFO] running `Command { std: "docker" "start" "-a" "2c6269d04b83178d44c80ec609419f16d0b80db9c01e43868e6f6a14f0a8fb96", kill_on_drop: false }`
[INFO] running `Command { std: "docker" "inspect" "2c6269d04b83178d44c80ec609419f16d0b80db9c01e43868e6f6a14f0a8fb96", kill_on_drop: false }`
[INFO] running `Command { std: "docker" "rm" "-f" "2c6269d04b83178d44c80ec609419f16d0b80db9c01e43868e6f6a14f0a8fb96", kill_on_drop: false }`
[INFO] [stdout] 2c6269d04b83178d44c80ec609419f16d0b80db9c01e43868e6f6a14f0a8fb96
[INFO] running `Command { std: "docker" "create" "-v" "/var/lib/crater-agent-workspace/builds/worker-12/target:/opt/rustwide/target:rw,Z" "-v" "/var/lib/crater-agent-workspace/builds/worker-12/source:/opt/rustwide/workdir:ro,Z" "-v" "/var/lib/crater-agent-workspace/cargo-home:/opt/rustwide/cargo-home:ro,Z" "-v" "/var/lib/crater-agent-workspace/rustup-home:/opt/rustwide/rustup-home:ro,Z" "-e" "SOURCE_DIR=/opt/rustwide/workdir" "-e" "CARGO_TARGET_DIR=/opt/rustwide/target" "-e" "CARGO_INCREMENTAL=0" "-e" "RUST_BACKTRACE=full" "-e" "RUSTFLAGS=--cap-lints=warn" "-e" "CARGO_HOME=/opt/rustwide/cargo-home" "-e" "RUSTUP_HOME=/opt/rustwide/rustup-home" "-w" "/opt/rustwide/workdir" "-m" "1610612736" "--user" "0:0" "--network" "none" "ghcr.io/rust-lang/crates-build-env/linux@sha256:34b6a614d2c27851fe6cbf88fbd1137609cefab8b10d0615aaeb6fd47975d74e" "/opt/rustwide/cargo-home/bin/cargo" "+1.54.0" "build" "--frozen" "--message-format=json", kill_on_drop: false }`
[INFO] [stdout] 0812804c7c37a3447ba4296ed119cb16915b7ce022b49745f2fae0ee578cad15
[INFO] running `Command { std: "docker" "start" "-a" "0812804c7c37a3447ba4296ed119cb16915b7ce022b49745f2fae0ee578cad15", kill_on_drop: false }`
[INFO] [stderr]    Compiling persar v0.1.0 (/opt/rustwide/workdir)
[INFO] [stdout] error: expected one of `:`, `@`, or `|`, found `;`
[INFO] [stdout]   --> src/parser.rs:21:35
[INFO] [stdout]    |
[INFO] [stdout] 21 | pub fn seq<T, U>(f : Parser<T>, g ; Parser<U>) -> Parser<(T,U)>
[INFO] [stdout]    |                                   ^ expected one of `:`, `@`, or `|`
[INFO] [stdout] 
[INFO] [stdout] 
[INFO] [stdout] error[E0615]: attempted to take value of method `len` on type `&str`
[INFO] [stdout]   --> src/parser.rs:14:10
[INFO] [stdout]    |
[INFO] [stdout] 14 |     if s.len == 0 {
[INFO] [stdout]    |          ^^^ method, not a field
[INFO] [stdout]    |
[INFO] [stdout] help: use parentheses to call the method
[INFO] [stdout]    |
[INFO] [stdout] 14 |     if s.len() == 0 {
[INFO] [stdout]    |             ^^
[INFO] [stdout] 
[INFO] [stdout] 
[INFO] [stdout] error[E0308]: mismatched types
[INFO] [stdout]   --> src/parser.rs:15:7
[INFO] [stdout]    |
[INFO] [stdout] 15 |     Some(())
[INFO] [stdout]    |          ^^ expected tuple, found `()`
[INFO] [stdout]    |
[INFO] [stdout]    = note:  expected tuple `(String, ())`
[INFO] [stdout]            found unit type `()`
[INFO] [stdout] 
[INFO] [stdout] 
[INFO] [stdout] error[E0308]: mismatched types
[INFO] [stdout]   --> src/parser.rs:21:51
[INFO] [stdout]    |
[INFO] [stdout] 21 | pub fn seq<T, U>(f : Parser<T>, g ; Parser<U>) -> Parser<(T,U)>
[INFO] [stdout]    |        ---                                        ^^^^^^^^^^^^^ expected fn pointer, found `()`
[INFO] [stdout]    |        |
[INFO] [stdout]    |        implicitly returns `()` as its body has no tail or `return` expression
[INFO] [stdout]    |
[INFO] [stdout]    = note: expected fn pointer `for<'r> fn(&'r str) -> Option<(String, (T, U))>`
[INFO] [stdout]                found unit type `()`
[INFO] [stdout] 
[INFO] [stdout] 
[INFO] [stdout] error: aborting due to 4 previous errors
[INFO] [stdout] 
[INFO] [stdout] 
[INFO] [stdout] Some errors have detailed explanations: E0308, E0615.
[INFO] [stdout] 
[INFO] [stdout] For more information about an error, try `rustc --explain E0308`.
[INFO] [stdout] 
[INFO] [stderr] error: could not compile `persar`
[INFO] [stderr] 
[INFO] [stderr] To learn more, run the command again with --verbose.
[INFO] running `Command { std: "docker" "inspect" "0812804c7c37a3447ba4296ed119cb16915b7ce022b49745f2fae0ee578cad15", kill_on_drop: false }`
[INFO] running `Command { std: "docker" "rm" "-f" "0812804c7c37a3447ba4296ed119cb16915b7ce022b49745f2fae0ee578cad15", kill_on_drop: false }`
[INFO] [stdout] 0812804c7c37a3447ba4296ed119cb16915b7ce022b49745f2fae0ee578cad15
