[INFO] cloning repository https://github.com/gulitsky/stm32-cube-rs
[INFO] running `Command { std: "git" "-c" "credential.helper=" "-c" "credential.helper=/workspace/cargo-home/bin/git-credential-null" "clone" "--bare" "https://github.com/gulitsky/stm32-cube-rs" "/workspace/cache/git-repos/https%3A%2F%2Fgithub.com%2Fgulitsky%2Fstm32-cube-rs", kill_on_drop: false }`
[INFO] [stderr] Cloning into bare repository '/workspace/cache/git-repos/https%3A%2F%2Fgithub.com%2Fgulitsky%2Fstm32-cube-rs'...
[INFO] running `Command { std: "git" "rev-parse" "HEAD", kill_on_drop: false }`
[INFO] [stdout] 6ceaed31239ca05e6317c5377c948a947deefcb6
[INFO] testing gulitsky/stm32-cube-rs against beta-2021-08-01 for beta-1.55-1
[INFO] running `Command { std: "git" "clone" "/workspace/cache/git-repos/https%3A%2F%2Fgithub.com%2Fgulitsky%2Fstm32-cube-rs" "/workspace/builds/worker-56/source", kill_on_drop: false }`
[INFO] [stderr] Cloning into '/workspace/builds/worker-56/source'...
[INFO] [stderr] done.
[INFO] validating manifest of git repo https://github.com/gulitsky/stm32-cube-rs on toolchain beta-2021-08-01
[INFO] running `Command { std: "/workspace/cargo-home/bin/cargo" "+beta-2021-08-01" "metadata" "--manifest-path" "Cargo.toml" "--no-deps", kill_on_drop: false }`
[INFO] started tweaking git repo https://github.com/gulitsky/stm32-cube-rs
[INFO] finished tweaking git repo https://github.com/gulitsky/stm32-cube-rs
[INFO] tweaked toml for git repo https://github.com/gulitsky/stm32-cube-rs written to /workspace/builds/worker-56/source/Cargo.toml
[INFO] crate git repo https://github.com/gulitsky/stm32-cube-rs already has a lockfile, it will not be regenerated
[INFO] running `Command { std: "/workspace/cargo-home/bin/cargo" "+beta-2021-08-01" "fetch" "--manifest-path" "Cargo.toml", kill_on_drop: false }`
[INFO] [stderr]     Blocking waiting for file lock on package cache
[INFO] [stderr]     Blocking waiting for file lock on package cache
[INFO] [stderr]  Downloading crates ...
[INFO] [stderr]   Downloaded strum v0.21.0
[INFO] [stderr]   Downloaded unicode-segmentation v1.7.1
[INFO] [stderr]   Downloaded proc-macro2 v1.0.26
[INFO] [stderr]   Downloaded serde-xml-rs v0.4.1
[INFO] [stderr]   Downloaded heck v0.3.2
[INFO] [stderr]   Downloaded serde_derive v1.0.127
[INFO] [stderr]   Downloaded thiserror-impl v1.0.24
[INFO] [stderr]   Downloaded serde v1.0.127
[INFO] [stderr]   Downloaded xml-rs v0.8.3
[INFO] [stderr]   Downloaded thiserror v1.0.24
[INFO] [stderr]   Downloaded strum_macros v0.21.0
[INFO] running `Command { std: "docker" "create" "-v" "/var/lib/crater-agent-workspace/builds/worker-56/target:/opt/rustwide/target:rw,Z" "-v" "/var/lib/crater-agent-workspace/builds/worker-56/source:/opt/rustwide/workdir:ro,Z" "-v" "/var/lib/crater-agent-workspace/cargo-home:/opt/rustwide/cargo-home:ro,Z" "-v" "/var/lib/crater-agent-workspace/rustup-home:/opt/rustwide/rustup-home:ro,Z" "-e" "SOURCE_DIR=/opt/rustwide/workdir" "-e" "CARGO_TARGET_DIR=/opt/rustwide/target" "-e" "CARGO_HOME=/opt/rustwide/cargo-home" "-e" "RUSTUP_HOME=/opt/rustwide/rustup-home" "-w" "/opt/rustwide/workdir" "-m" "1610612736" "--user" "0:0" "--network" "none" "ghcr.io/rust-lang/crates-build-env/linux@sha256:34b6a614d2c27851fe6cbf88fbd1137609cefab8b10d0615aaeb6fd47975d74e" "/opt/rustwide/cargo-home/bin/cargo" "+beta-2021-08-01" "metadata" "--no-deps" "--format-version=1", kill_on_drop: false }`
[INFO] [stdout] bcd2a92ac822b74eb8ffa1928ea86c19827506d624f03418b11fe51dab16c6f5
[INFO] running `Command { std: "docker" "start" "-a" "bcd2a92ac822b74eb8ffa1928ea86c19827506d624f03418b11fe51dab16c6f5", kill_on_drop: false }`
[INFO] running `Command { std: "docker" "inspect" "bcd2a92ac822b74eb8ffa1928ea86c19827506d624f03418b11fe51dab16c6f5", kill_on_drop: false }`
[INFO] running `Command { std: "docker" "rm" "-f" "bcd2a92ac822b74eb8ffa1928ea86c19827506d624f03418b11fe51dab16c6f5", kill_on_drop: false }`
[INFO] [stdout] bcd2a92ac822b74eb8ffa1928ea86c19827506d624f03418b11fe51dab16c6f5
[INFO] running `Command { std: "docker" "create" "-v" "/var/lib/crater-agent-workspace/builds/worker-56/target:/opt/rustwide/target:rw,Z" "-v" "/var/lib/crater-agent-workspace/builds/worker-56/source:/opt/rustwide/workdir:ro,Z" "-v" "/var/lib/crater-agent-workspace/cargo-home:/opt/rustwide/cargo-home:ro,Z" "-v" "/var/lib/crater-agent-workspace/rustup-home:/opt/rustwide/rustup-home:ro,Z" "-e" "SOURCE_DIR=/opt/rustwide/workdir" "-e" "CARGO_TARGET_DIR=/opt/rustwide/target" "-e" "CARGO_INCREMENTAL=0" "-e" "RUST_BACKTRACE=full" "-e" "RUSTFLAGS=--cap-lints=warn" "-e" "CARGO_HOME=/opt/rustwide/cargo-home" "-e" "RUSTUP_HOME=/opt/rustwide/rustup-home" "-w" "/opt/rustwide/workdir" "-m" "1610612736" "--user" "0:0" "--network" "none" "ghcr.io/rust-lang/crates-build-env/linux@sha256:34b6a614d2c27851fe6cbf88fbd1137609cefab8b10d0615aaeb6fd47975d74e" "/opt/rustwide/cargo-home/bin/cargo" "+beta-2021-08-01" "build" "--frozen" "--message-format=json", kill_on_drop: false }`
[INFO] [stdout] 8af3e889fde75e2e3d6d8dd881d3681ddf45a8a3b9f907bd19823c3cc1d1d51b
[INFO] running `Command { std: "docker" "start" "-a" "8af3e889fde75e2e3d6d8dd881d3681ddf45a8a3b9f907bd19823c3cc1d1d51b", kill_on_drop: false }`
[INFO] [stderr]     Blocking waiting for file lock on package cache
[INFO] [stderr]    Compiling proc-macro2 v1.0.26
[INFO] [stderr]    Compiling unicode-xid v0.2.2
[INFO] [stderr]    Compiling syn v1.0.72
[INFO] [stderr]    Compiling serde_derive v1.0.127
[INFO] [stderr]    Compiling log v0.4.14
[INFO] [stderr]    Compiling serde v1.0.127
[INFO] [stderr]    Compiling unicode-segmentation v1.7.1
[INFO] [stderr]    Compiling cfg-if v1.0.0
[INFO] [stderr]    Compiling xml-rs v0.8.3
[INFO] [stderr]    Compiling heck v0.3.2
[INFO] [stderr]    Compiling quote v1.0.9
[INFO] [stderr]    Compiling thiserror-impl v1.0.24
[INFO] [stderr]    Compiling strum_macros v0.21.0
[INFO] [stderr]    Compiling thiserror v1.0.24
[INFO] [stderr]    Compiling strum v0.21.0
[INFO] [stderr]    Compiling serde-xml-rs v0.4.1
[INFO] [stderr]    Compiling stm32-cube-rs v0.1.0-canary (/opt/rustwide/workdir)
[INFO] [stdout] error[E0277]: the trait bound `Core: Deserialize<'_>` is not satisfied
[INFO] [stdout]     --> src/mcu.rs:7:5
[INFO] [stdout]      |
[INFO] [stdout] 7    |     #[serde(rename(deserialize = "$value"))]
[INFO] [stdout]      |     ^ the trait `Deserialize<'_>` is not implemented for `Core`
[INFO] [stdout]      |
[INFO] [stdout] note: required by `next_element`
[INFO] [stdout]     --> /opt/rustwide/cargo-home/registry/src/github.com-1ecc6299db9ec823/serde-1.0.127/src/de/mod.rs:1703:5
[INFO] [stdout]      |
[INFO] [stdout] 1703 | /     fn next_element<T>(&mut self) -> Result<Option<T>, Self::Error>
[INFO] [stdout] 1704 | |     where
[INFO] [stdout] 1705 | |         T: Deserialize<'de>,
[INFO] [stdout]      | |____________________________^
[INFO] [stdout] 
[INFO] [stdout] 
[INFO] [stdout] error[E0277]: the trait bound `Family: Deserialize<'_>` is not satisfied
[INFO] [stdout]     --> src/mcu.rs:9:5
[INFO] [stdout]      |
[INFO] [stdout] 9    |     #[serde(rename(deserialize = "$value"))]
[INFO] [stdout]      |     ^ the trait `Deserialize<'_>` is not implemented for `Family`
[INFO] [stdout]      |
[INFO] [stdout] note: required by `next_element`
[INFO] [stdout]     --> /opt/rustwide/cargo-home/registry/src/github.com-1ecc6299db9ec823/serde-1.0.127/src/de/mod.rs:1703:5
[INFO] [stdout]      |
[INFO] [stdout] 1703 | /     fn next_element<T>(&mut self) -> Result<Option<T>, Self::Error>
[INFO] [stdout] 1704 | |     where
[INFO] [stdout] 1705 | |         T: Deserialize<'de>,
[INFO] [stdout]      | |____________________________^
[INFO] [stdout] 
[INFO] [stdout] 
[INFO] [stdout] error[E0277]: the trait bound `Core: Deserialize<'_>` is not satisfied
[INFO] [stdout]     --> src/mcu.rs:7:5
[INFO] [stdout]      |
[INFO] [stdout] 7    |     #[serde(rename(deserialize = "$value"))]
[INFO] [stdout]      |     ^ the trait `Deserialize<'_>` is not implemented for `Core`
[INFO] [stdout]      |
[INFO] [stdout] note: required by `next_value`
[INFO] [stdout]     --> /opt/rustwide/cargo-home/registry/src/github.com-1ecc6299db9ec823/serde-1.0.127/src/de/mod.rs:1842:5
[INFO] [stdout]      |
[INFO] [stdout] 1842 | /     fn next_value<V>(&mut self) -> Result<V, Self::Error>
[INFO] [stdout] 1843 | |     where
[INFO] [stdout] 1844 | |         V: Deserialize<'de>,
[INFO] [stdout]      | |____________________________^
[INFO] [stdout] 
[INFO] [stdout] 
[INFO] [stdout] error[E0277]: the trait bound `Family: Deserialize<'_>` is not satisfied
[INFO] [stdout]     --> src/mcu.rs:9:5
[INFO] [stdout]      |
[INFO] [stdout] 9    |     #[serde(rename(deserialize = "$value"))]
[INFO] [stdout]      |     ^ the trait `Deserialize<'_>` is not implemented for `Family`
[INFO] [stdout]      |
[INFO] [stdout] note: required by `next_value`
[INFO] [stdout]     --> /opt/rustwide/cargo-home/registry/src/github.com-1ecc6299db9ec823/serde-1.0.127/src/de/mod.rs:1842:5
[INFO] [stdout]      |
[INFO] [stdout] 1842 | /     fn next_value<V>(&mut self) -> Result<V, Self::Error>
[INFO] [stdout] 1843 | |     where
[INFO] [stdout] 1844 | |         V: Deserialize<'de>,
[INFO] [stdout]      | |____________________________^
[INFO] [stdout] 
[INFO] [stdout] 
[INFO] [stdout] error: aborting due to 4 previous errors
[INFO] [stdout] 
[INFO] [stdout] 
[INFO] [stdout] For more information about this error, try `rustc --explain E0277`.
[INFO] [stdout] 
[INFO] [stderr] error: could not compile `stm32-cube-rs` due to 5 previous errors
[INFO] running `Command { std: "docker" "inspect" "8af3e889fde75e2e3d6d8dd881d3681ddf45a8a3b9f907bd19823c3cc1d1d51b", kill_on_drop: false }`
[INFO] running `Command { std: "docker" "rm" "-f" "8af3e889fde75e2e3d6d8dd881d3681ddf45a8a3b9f907bd19823c3cc1d1d51b", kill_on_drop: false }`
[INFO] [stdout] 8af3e889fde75e2e3d6d8dd881d3681ddf45a8a3b9f907bd19823c3cc1d1d51b
