[INFO] cloning repository https://github.com/goohy214/ece598-sp2020
[INFO] running `Command { std: "git" "-c" "credential.helper=" "-c" "credential.helper=/workspace/cargo-home/bin/git-credential-null" "clone" "--bare" "https://github.com/goohy214/ece598-sp2020" "/workspace/cache/git-repos/https%3A%2F%2Fgithub.com%2Fgoohy214%2Fece598-sp2020", kill_on_drop: false }`
[INFO] [stderr] Cloning into bare repository '/workspace/cache/git-repos/https%3A%2F%2Fgithub.com%2Fgoohy214%2Fece598-sp2020'...
[INFO] running `Command { std: "git" "rev-parse" "HEAD", kill_on_drop: false }`
[INFO] [stdout] 3dab901fadd0c274f4a0d491c0c8f30d298e37fe
[INFO] testing goohy214/ece598-sp2020 against 1.54.0 for beta-1.55-1
[INFO] running `Command { std: "git" "clone" "/workspace/cache/git-repos/https%3A%2F%2Fgithub.com%2Fgoohy214%2Fece598-sp2020" "/workspace/builds/worker-111/source", kill_on_drop: false }`
[INFO] [stderr] Cloning into '/workspace/builds/worker-111/source'...
[INFO] [stderr] done.
[INFO] validating manifest of git repo https://github.com/goohy214/ece598-sp2020 on toolchain 1.54.0
[INFO] running `Command { std: "/workspace/cargo-home/bin/cargo" "+1.54.0" "metadata" "--manifest-path" "Cargo.toml" "--no-deps", kill_on_drop: false }`
[INFO] started tweaking git repo https://github.com/goohy214/ece598-sp2020
[INFO] finished tweaking git repo https://github.com/goohy214/ece598-sp2020
[INFO] tweaked toml for git repo https://github.com/goohy214/ece598-sp2020 written to /workspace/builds/worker-111/source/Cargo.toml
[INFO] crate git repo https://github.com/goohy214/ece598-sp2020 already has a lockfile, it will not be regenerated
[INFO] running `Command { std: "/workspace/cargo-home/bin/cargo" "+1.54.0" "fetch" "--manifest-path" "Cargo.toml", kill_on_drop: false }`
[INFO] [stderr]     Blocking waiting for file lock on package cache
[INFO] [stderr]     Blocking waiting for file lock on package cache
[INFO] [stderr]  Downloading crates ...
[INFO] [stderr]   Downloaded chunked_transfer v0.3.1
[INFO] [stderr]   Downloaded tiny_http v0.6.2
[INFO] [stderr]   Downloaded ascii v0.8.7
[INFO] [stderr]   Downloaded stderrlog v0.4.1
[INFO] [stderr]   Downloaded wasm-bindgen-macro-support v0.2.51
[INFO] [stderr]   Downloaded wasm-bindgen v0.2.51
[INFO] [stderr]   Downloaded js-sys v0.3.28
[INFO] [stderr]   Downloaded is-odd v1.0.0
[INFO] [stderr]   Downloaded wasm-bindgen-macro v0.2.51
[INFO] [stderr]   Downloaded wasm-bindgen-shared v0.2.51
[INFO] [stderr]   Downloaded wasm-bindgen-backend v0.2.51
[INFO] [stderr]   Downloaded wasm-bindgen-webidl v0.2.51
[INFO] [stderr]   Downloaded web-sys v0.3.28
[INFO] running `Command { std: "docker" "create" "-v" "/var/lib/crater-agent-workspace/builds/worker-111/target:/opt/rustwide/target:rw,Z" "-v" "/var/lib/crater-agent-workspace/builds/worker-111/source:/opt/rustwide/workdir:ro,Z" "-v" "/var/lib/crater-agent-workspace/cargo-home:/opt/rustwide/cargo-home:ro,Z" "-v" "/var/lib/crater-agent-workspace/rustup-home:/opt/rustwide/rustup-home:ro,Z" "-e" "SOURCE_DIR=/opt/rustwide/workdir" "-e" "CARGO_TARGET_DIR=/opt/rustwide/target" "-e" "CARGO_HOME=/opt/rustwide/cargo-home" "-e" "RUSTUP_HOME=/opt/rustwide/rustup-home" "-w" "/opt/rustwide/workdir" "-m" "1610612736" "--user" "0:0" "--network" "none" "ghcr.io/rust-lang/crates-build-env/linux@sha256:34b6a614d2c27851fe6cbf88fbd1137609cefab8b10d0615aaeb6fd47975d74e" "/opt/rustwide/cargo-home/bin/cargo" "+1.54.0" "metadata" "--no-deps" "--format-version=1", kill_on_drop: false }`
[INFO] [stdout] 6eb9d001ab8c346966171ce553e2a0c12394fb25e458e2e8e3a95377c5ae6ead
[INFO] running `Command { std: "docker" "start" "-a" "6eb9d001ab8c346966171ce553e2a0c12394fb25e458e2e8e3a95377c5ae6ead", kill_on_drop: false }`
[INFO] running `Command { std: "docker" "inspect" "6eb9d001ab8c346966171ce553e2a0c12394fb25e458e2e8e3a95377c5ae6ead", kill_on_drop: false }`
[INFO] running `Command { std: "docker" "rm" "-f" "6eb9d001ab8c346966171ce553e2a0c12394fb25e458e2e8e3a95377c5ae6ead", kill_on_drop: false }`
[INFO] [stdout] 6eb9d001ab8c346966171ce553e2a0c12394fb25e458e2e8e3a95377c5ae6ead
[INFO] running `Command { std: "docker" "create" "-v" "/var/lib/crater-agent-workspace/builds/worker-111/target:/opt/rustwide/target:rw,Z" "-v" "/var/lib/crater-agent-workspace/builds/worker-111/source:/opt/rustwide/workdir:ro,Z" "-v" "/var/lib/crater-agent-workspace/cargo-home:/opt/rustwide/cargo-home:ro,Z" "-v" "/var/lib/crater-agent-workspace/rustup-home:/opt/rustwide/rustup-home:ro,Z" "-e" "SOURCE_DIR=/opt/rustwide/workdir" "-e" "CARGO_TARGET_DIR=/opt/rustwide/target" "-e" "CARGO_INCREMENTAL=0" "-e" "RUST_BACKTRACE=full" "-e" "RUSTFLAGS=--cap-lints=warn" "-e" "CARGO_HOME=/opt/rustwide/cargo-home" "-e" "RUSTUP_HOME=/opt/rustwide/rustup-home" "-w" "/opt/rustwide/workdir" "-m" "1610612736" "--user" "0:0" "--network" "none" "ghcr.io/rust-lang/crates-build-env/linux@sha256:34b6a614d2c27851fe6cbf88fbd1137609cefab8b10d0615aaeb6fd47975d74e" "/opt/rustwide/cargo-home/bin/cargo" "+1.54.0" "build" "--frozen" "--message-format=json", kill_on_drop: false }`
[INFO] [stdout] acac33422d822bea19444e625b2cb64e5f10d0a189e2066da9ec4fa9272804b3
[INFO] running `Command { std: "docker" "start" "-a" "acac33422d822bea19444e625b2cb64e5f10d0a189e2066da9ec4fa9272804b3", kill_on_drop: false }`
[INFO] [stderr]     Blocking waiting for file lock on package cache
[INFO] [stderr]    Compiling autocfg v0.1.6
[INFO] [stderr]    Compiling libc v0.2.62
[INFO] [stderr]    Compiling proc-macro2 v1.0.5
[INFO] [stderr]    Compiling syn v1.0.5
[INFO] [stderr]    Compiling log v0.4.8
[INFO] [stderr]    Compiling smallvec v0.6.10
[INFO] [stderr]    Compiling matches v0.1.8
[INFO] [stderr]    Compiling arrayvec v0.4.12
[INFO] [stderr]    Compiling serde v1.0.101
[INFO] [stderr]    Compiling nodrop v0.1.14
[INFO] [stderr]    Compiling ryu v1.0.2
[INFO] [stderr]    Compiling bitflags v1.2.0
[INFO] [stderr]    Compiling cc v1.0.45
[INFO] [stderr]    Compiling unicode-width v0.1.6
[INFO] [stderr]    Compiling termcolor v0.3.6
[INFO] [stderr]    Compiling ascii v0.8.7
[INFO] [stderr]    Compiling spin v0.5.2
[INFO] [stderr]    Compiling strsim v0.8.0
[INFO] [stderr]    Compiling lazycell v1.2.1
[INFO] [stderr]    Compiling chunked_transfer v0.3.1
[INFO] [stderr]    Compiling vec_map v0.8.1
[INFO] [stderr]    Compiling untrusted v0.7.0
[INFO] [stderr]    Compiling itoa v0.4.4
[INFO] [stderr]    Compiling ansi_term v0.11.0
[INFO] [stderr]    Compiling hex v0.4.0
[INFO] [stderr]    Compiling is-odd v1.0.0
[INFO] [stderr]    Compiling thread_local v0.3.6
[INFO] [stderr]    Compiling crossbeam-queue v0.1.2
[INFO] [stderr]    Compiling memoffset v0.5.1
[INFO] [stderr]    Compiling unicode-bidi v0.3.4
[INFO] [stderr]    Compiling num-traits v0.2.8
[INFO] [stderr]    Compiling num-integer v0.1.41
[INFO] [stderr]    Compiling rand_pcg v0.1.2
[INFO] [stderr]    Compiling rand_chacha v0.1.1
[INFO] [stderr]    Compiling rand v0.6.5
[INFO] [stderr]    Compiling bincode v1.2.0
[INFO] [stderr]    Compiling unicode-normalization v0.1.8
[INFO] [stderr]    Compiling quote v1.0.2
[INFO] [stderr]    Compiling time v0.1.42
[INFO] [stderr]    Compiling iovec v0.1.4
[INFO] [stderr]    Compiling term_size v0.3.1
[INFO] [stderr]    Compiling net2 v0.2.33
[INFO] [stderr]    Compiling rand_os v0.1.3
[INFO] [stderr]    Compiling atty v0.2.13
[INFO] [stderr]    Compiling ring v0.16.9
[INFO] [stderr]    Compiling textwrap v0.11.0
[INFO] [stderr]    Compiling mio v0.6.19
[INFO] [stderr]    Compiling crossbeam-epoch v0.7.2
[INFO] [stderr]    Compiling idna v0.1.5
[INFO] [stderr]    Compiling idna v0.2.0
[INFO] [stderr]    Compiling crossbeam-deque v0.7.1
[INFO] [stderr]    Compiling clap v2.33.0
[INFO] [stderr]    Compiling crossbeam v0.7.2
[INFO] [stderr]    Compiling mio-extras v2.0.5
[INFO] [stderr]    Compiling url v1.7.2
[INFO] [stderr]    Compiling url v2.1.0
[INFO] [stderr]    Compiling chrono v0.4.9
[INFO] [stderr]    Compiling stderrlog v0.4.1
[INFO] [stderr]    Compiling tiny_http v0.6.2
[INFO] [stderr]    Compiling serde_derive v1.0.101
[INFO] [stderr]    Compiling proc-macro-hack v0.5.11
[INFO] [stderr]    Compiling hex-literal-impl v0.2.1
[INFO] [stderr]    Compiling hex-literal v0.2.1
[INFO] [stderr]    Compiling serde_json v1.0.44
[INFO] [stderr]    Compiling bitcoin v0.1.0 (/opt/rustwide/workdir)
[INFO] [stdout] error[E0583]: file not found for module `api`
[INFO] [stdout]  --> src/main.rs:5:1
[INFO] [stdout]   |
[INFO] [stdout] 5 | pub mod api;
[INFO] [stdout]   | ^^^^^^^^^^^^
[INFO] [stdout]   |
[INFO] [stdout]   = help: to create the module `api`, create file "src/api.rs" or "src/api/mod.rs"
[INFO] [stdout] 
[INFO] [stdout] 
[INFO] [stdout] error[E0583]: file not found for module `crypto`
[INFO] [stdout]  --> src/main.rs:8:1
[INFO] [stdout]   |
[INFO] [stdout] 8 | pub mod crypto;
[INFO] [stdout]   | ^^^^^^^^^^^^^^^
[INFO] [stdout]   |
[INFO] [stdout]   = help: to create the module `crypto`, create file "src/crypto.rs" or "src/crypto/mod.rs"
[INFO] [stdout] 
[INFO] [stdout] 
[INFO] [stdout] error[E0583]: file not found for module `network`
[INFO] [stdout]   --> src/main.rs:10:1
[INFO] [stdout]    |
[INFO] [stdout] 10 | pub mod network;
[INFO] [stdout]    | ^^^^^^^^^^^^^^^^
[INFO] [stdout]    |
[INFO] [stdout]    = help: to create the module `network`, create file "src/network.rs" or "src/network/mod.rs"
[INFO] [stdout] 
[INFO] [stdout] 
[INFO] [stdout] error[E0432]: unresolved import `crate::crypto::hash`
[INFO] [stdout]  --> src/block.rs:2:20
[INFO] [stdout]   |
[INFO] [stdout] 2 | use crate::crypto::hash::{H256, Hashable};
[INFO] [stdout]   |                    ^^^^ could not find `hash` in `crypto`
[INFO] [stdout] 
[INFO] [stdout] 
[INFO] [stdout] error[E0432]: unresolved import `crate::crypto::hash`
[INFO] [stdout]  --> src/blockchain.rs:2:20
[INFO] [stdout]   |
[INFO] [stdout] 2 | use crate::crypto::hash::H256;
[INFO] [stdout]   |                    ^^^^ could not find `hash` in `crypto`
[INFO] [stdout] 
[INFO] [stdout] 
[INFO] [stdout] error[E0432]: unresolved import `crate::network::server`
[INFO] [stdout]  --> src/miner.rs:1:21
[INFO] [stdout]   |
[INFO] [stdout] 1 | use crate::network::server::Handle as ServerHandle;
[INFO] [stdout]   |                     ^^^^^^ could not find `server` in `network`
[INFO] [stdout] 
[INFO] [stdout] 
[INFO] [stdout] error[E0432]: unresolved import `api::Server`
[INFO] [stdout]   --> src/main.rs:16:5
[INFO] [stdout]    |
[INFO] [stdout] 16 | use api::Server as ApiServer;
[INFO] [stdout]    |     ^^^^^^^^^^^^^^^^^^^^^^^^ no `Server` in `api`
[INFO] [stdout] 
[INFO] [stdout] 
[INFO] [stdout] error[E0432]: unresolved imports `network::server`, `network::worker`
[INFO] [stdout]   --> src/main.rs:17:15
[INFO] [stdout]    |
[INFO] [stdout] 17 | use network::{server, worker};
[INFO] [stdout]    |               ^^^^^^  ^^^^^^ no `worker` in `network`
[INFO] [stdout]    |               |
[INFO] [stdout]    |               no `server` in `network`
[INFO] [stdout] 
[INFO] [stdout] 
[INFO] [stdout] warning: unused import: `rand::Rng`
[INFO] [stdout]  --> src/transaction.rs:1:5
[INFO] [stdout]   |
[INFO] [stdout] 1 | use rand::Rng; 
[INFO] [stdout]   |     ^^^^^^^^^
[INFO] [stdout]   |
[INFO] [stdout]   = note: `#[warn(unused_imports)]` on by default
[INFO] [stdout] 
[INFO] [stdout] 
[INFO] [stdout] warning: unused import: `rand::distributions::Alphanumeric`
[INFO] [stdout]  --> src/transaction.rs:2:5
[INFO] [stdout]   |
[INFO] [stdout] 2 | use rand::distributions::Alphanumeric;
[INFO] [stdout]   |     ^^^^^^^^^^^^^^^^^^^^^^^^^^^^^^^^^
[INFO] [stdout] 
[INFO] [stdout] 
[INFO] [stdout] warning: unused import: `EdDSAParameters`
[INFO] [stdout]  --> src/transaction.rs:4:87
[INFO] [stdout]   |
[INFO] [stdout] 4 | use ring::signature::{self,Ed25519KeyPair, Signature, KeyPair, VerificationAlgorithm, EdDSAParameters,UnparsedPublicKey};
[INFO] [stdout]   |                                                                                       ^^^^^^^^^^^^^^^
[INFO] [stdout] 
[INFO] [stdout] 
[INFO] [stdout] error: aborting due to 8 previous errors; 3 warnings emitted
[INFO] [stdout] 
[INFO] [stdout] 
[INFO] [stdout] Some errors have detailed explanations: E0432, E0583.
[INFO] [stdout] 
[INFO] [stdout] For more information about an error, try `rustc --explain E0432`.
[INFO] [stdout] 
[INFO] [stderr] error: could not compile `bitcoin`
[INFO] [stderr] 
[INFO] [stderr] To learn more, run the command again with --verbose.
[INFO] running `Command { std: "docker" "inspect" "acac33422d822bea19444e625b2cb64e5f10d0a189e2066da9ec4fa9272804b3", kill_on_drop: false }`
[INFO] running `Command { std: "docker" "rm" "-f" "acac33422d822bea19444e625b2cb64e5f10d0a189e2066da9ec4fa9272804b3", kill_on_drop: false }`
[INFO] [stdout] acac33422d822bea19444e625b2cb64e5f10d0a189e2066da9ec4fa9272804b3
