[INFO] cloning repository https://github.com/golddranks/ongen
[INFO] running `Command { std: "git" "-c" "credential.helper=" "-c" "credential.helper=/workspace/cargo-home/bin/git-credential-null" "clone" "--bare" "https://github.com/golddranks/ongen" "/workspace/cache/git-repos/https%3A%2F%2Fgithub.com%2Fgolddranks%2Fongen", kill_on_drop: false }`
[INFO] [stderr] Cloning into bare repository '/workspace/cache/git-repos/https%3A%2F%2Fgithub.com%2Fgolddranks%2Fongen'...
[INFO] running `Command { std: "git" "rev-parse" "HEAD", kill_on_drop: false }`
[INFO] [stdout] b74a6b7a9680ba9da14dee6a860c2c62617ca07c
[INFO] testing golddranks/ongen against beta-2021-08-01 for beta-1.55-1
[INFO] running `Command { std: "git" "clone" "/workspace/cache/git-repos/https%3A%2F%2Fgithub.com%2Fgolddranks%2Fongen" "/workspace/builds/worker-13/source", kill_on_drop: false }`
[INFO] [stderr] Cloning into '/workspace/builds/worker-13/source'...
[INFO] [stderr] done.
[INFO] validating manifest of git repo https://github.com/golddranks/ongen on toolchain beta-2021-08-01
[INFO] running `Command { std: "/workspace/cargo-home/bin/cargo" "+beta-2021-08-01" "metadata" "--manifest-path" "Cargo.toml" "--no-deps", kill_on_drop: false }`
[INFO] started tweaking git repo https://github.com/golddranks/ongen
[INFO] finished tweaking git repo https://github.com/golddranks/ongen
[INFO] tweaked toml for git repo https://github.com/golddranks/ongen written to /workspace/builds/worker-13/source/Cargo.toml
[INFO] crate git repo https://github.com/golddranks/ongen already has a lockfile, it will not be regenerated
[INFO] running `Command { std: "/workspace/cargo-home/bin/cargo" "+beta-2021-08-01" "fetch" "--manifest-path" "Cargo.toml", kill_on_drop: false }`
[INFO] [stderr]  Downloading crates ...
[INFO] [stderr]   Downloaded pkg-config v0.3.0
[INFO] [stderr]   Downloaded portaudio v0.3.2
[INFO] running `Command { std: "docker" "create" "-v" "/var/lib/crater-agent-workspace/builds/worker-13/target:/opt/rustwide/target:rw,Z" "-v" "/var/lib/crater-agent-workspace/builds/worker-13/source:/opt/rustwide/workdir:ro,Z" "-v" "/var/lib/crater-agent-workspace/cargo-home:/opt/rustwide/cargo-home:ro,Z" "-v" "/var/lib/crater-agent-workspace/rustup-home:/opt/rustwide/rustup-home:ro,Z" "-e" "SOURCE_DIR=/opt/rustwide/workdir" "-e" "CARGO_TARGET_DIR=/opt/rustwide/target" "-e" "CARGO_HOME=/opt/rustwide/cargo-home" "-e" "RUSTUP_HOME=/opt/rustwide/rustup-home" "-w" "/opt/rustwide/workdir" "-m" "1610612736" "--user" "0:0" "--network" "none" "ghcr.io/rust-lang/crates-build-env/linux@sha256:34b6a614d2c27851fe6cbf88fbd1137609cefab8b10d0615aaeb6fd47975d74e" "/opt/rustwide/cargo-home/bin/cargo" "+beta-2021-08-01" "metadata" "--no-deps" "--format-version=1", kill_on_drop: false }`
[INFO] [stdout] 03a88c549ea83768c7ee5bad9cd89faa93847934d0fa0c657fefc4cac95b7fd9
[INFO] running `Command { std: "docker" "start" "-a" "03a88c549ea83768c7ee5bad9cd89faa93847934d0fa0c657fefc4cac95b7fd9", kill_on_drop: false }`
[INFO] running `Command { std: "docker" "inspect" "03a88c549ea83768c7ee5bad9cd89faa93847934d0fa0c657fefc4cac95b7fd9", kill_on_drop: false }`
[INFO] running `Command { std: "docker" "rm" "-f" "03a88c549ea83768c7ee5bad9cd89faa93847934d0fa0c657fefc4cac95b7fd9", kill_on_drop: false }`
[INFO] [stdout] 03a88c549ea83768c7ee5bad9cd89faa93847934d0fa0c657fefc4cac95b7fd9
[INFO] running `Command { std: "docker" "create" "-v" "/var/lib/crater-agent-workspace/builds/worker-13/target:/opt/rustwide/target:rw,Z" "-v" "/var/lib/crater-agent-workspace/builds/worker-13/source:/opt/rustwide/workdir:ro,Z" "-v" "/var/lib/crater-agent-workspace/cargo-home:/opt/rustwide/cargo-home:ro,Z" "-v" "/var/lib/crater-agent-workspace/rustup-home:/opt/rustwide/rustup-home:ro,Z" "-e" "SOURCE_DIR=/opt/rustwide/workdir" "-e" "CARGO_TARGET_DIR=/opt/rustwide/target" "-e" "CARGO_INCREMENTAL=0" "-e" "RUST_BACKTRACE=full" "-e" "RUSTFLAGS=--cap-lints=warn" "-e" "CARGO_HOME=/opt/rustwide/cargo-home" "-e" "RUSTUP_HOME=/opt/rustwide/rustup-home" "-w" "/opt/rustwide/workdir" "-m" "1610612736" "--user" "0:0" "--network" "none" "ghcr.io/rust-lang/crates-build-env/linux@sha256:34b6a614d2c27851fe6cbf88fbd1137609cefab8b10d0615aaeb6fd47975d74e" "/opt/rustwide/cargo-home/bin/cargo" "+beta-2021-08-01" "build" "--frozen" "--message-format=json", kill_on_drop: false }`
[INFO] [stdout] 99f408a08444608df7f2915c026c66748a2ae0fc20140541df7672695ba842db
[INFO] running `Command { std: "docker" "start" "-a" "99f408a08444608df7f2915c026c66748a2ae0fc20140541df7672695ba842db", kill_on_drop: false }`
[INFO] [stderr]    Compiling pkg-config v0.3.0
[INFO] [stdout] error[E0432]: unresolved import `std::fs::PathExt`
[INFO] [stdout]   --> /opt/rustwide/cargo-home/registry/src/github.com-1ecc6299db9ec823/pkg-config-0.3.0/src/lib.rs:60:5
[INFO] [stdout]    |
[INFO] [stdout] 60 | use std::fs::PathExt;
[INFO] [stdout]    |     ^^^^^^^^^^^^^^^^ no `PathExt` in `fs`
[INFO] [stdout] 
[INFO] [stdout] 
[INFO] [stdout] error[E0554]: `#![feature]` may not be used on the beta release channel
[INFO] [stdout]   --> /opt/rustwide/cargo-home/registry/src/github.com-1ecc6299db9ec823/pkg-config-0.3.0/src/lib.rs:53:1
[INFO] [stdout]    |
[INFO] [stdout] 53 | #![feature(env, path, unicode, process, fs)]
[INFO] [stdout]    | ^^^^^^^^^^^^^^^^^^^^^^^^^^^^^^^^^^^^^^^^^^^^
[INFO] [stdout] 
[INFO] [stdout] 
[INFO] [stdout] error[E0061]: this function takes 0 arguments but 1 argument was supplied
[INFO] [stdout]     --> /opt/rustwide/cargo-home/registry/src/github.com-1ecc6299db9ec823/pkg-config-0.3.0/src/lib.rs:170:27
[INFO] [stdout]      |
[INFO] [stdout] 170  |                 dirs.push(PathBuf::new(val));
[INFO] [stdout]      |                           ^^^^^^^^^^^^ --- supplied 1 argument
[INFO] [stdout]      |                           |
[INFO] [stdout]      |                           expected 0 arguments
[INFO] [stdout]      |
[INFO] [stdout] note: associated function defined here
[INFO] [stdout] 
[INFO] [stdout] 
[INFO] [stdout] error[E0061]: this function takes 0 arguments but 1 argument was supplied
[INFO] [stdout]     --> /opt/rustwide/cargo-home/registry/src/github.com-1ecc6299db9ec823/pkg-config-0.3.0/src/lib.rs:171:37
[INFO] [stdout]      |
[INFO] [stdout] 171  |                 ret.link_paths.push(PathBuf::new(val));
[INFO] [stdout]      |                                     ^^^^^^^^^^^^ --- supplied 1 argument
[INFO] [stdout]      |                                     |
[INFO] [stdout]      |                                     expected 0 arguments
[INFO] [stdout]      |
[INFO] [stdout] note: associated function defined here
[INFO] [stdout] 
[INFO] [stdout] 
[INFO] [stdout] error[E0061]: this function takes 0 arguments but 1 argument was supplied
[INFO] [stdout]     --> /opt/rustwide/cargo-home/registry/src/github.com-1ecc6299db9ec823/pkg-config-0.3.0/src/lib.rs:174:42
[INFO] [stdout]      |
[INFO] [stdout] 174  |                 ret.framework_paths.push(PathBuf::new(val));
[INFO] [stdout]      |                                          ^^^^^^^^^^^^ --- supplied 1 argument
[INFO] [stdout]      |                                          |
[INFO] [stdout]      |                                          expected 0 arguments
[INFO] [stdout]      |
[INFO] [stdout] note: associated function defined here
[INFO] [stdout] 
[INFO] [stdout] 
[INFO] [stdout] error[E0061]: this function takes 0 arguments but 1 argument was supplied
[INFO] [stdout]     --> /opt/rustwide/cargo-home/registry/src/github.com-1ecc6299db9ec823/pkg-config-0.3.0/src/lib.rs:176:40
[INFO] [stdout]      |
[INFO] [stdout] 176  |                 ret.include_paths.push(PathBuf::new(val));
[INFO] [stdout]      |                                        ^^^^^^^^^^^^ --- supplied 1 argument
[INFO] [stdout]      |                                        |
[INFO] [stdout]      |                                        expected 0 arguments
[INFO] [stdout]      |
[INFO] [stdout] note: associated function defined here
[INFO] [stdout] 
[INFO] [stdout] 
[INFO] [stdout] error[E0369]: binary operation `==` cannot be applied to type `ToUppercase`
[INFO] [stdout]    --> /opt/rustwide/cargo-home/registry/src/github.com-1ecc6299db9ec823/pkg-config-0.3.0/src/lib.rs:218:57
[INFO] [stdout]     |
[INFO] [stdout] 218 |     name.chars().map(|c| c.to_uppercase()).map(|c| if c == '-' {'_'} else {c})
[INFO] [stdout]     |                                                       - ^^ --- char
[INFO] [stdout]     |                                                       |
[INFO] [stdout]     |                                                       ToUppercase
[INFO] [stdout] 
[INFO] [stdout] 
[INFO] [stdout] error[E0308]: `if` and `else` have incompatible types
[INFO] [stdout]    --> /opt/rustwide/cargo-home/registry/src/github.com-1ecc6299db9ec823/pkg-config-0.3.0/src/lib.rs:218:76
[INFO] [stdout]     |
[INFO] [stdout] 218 |     name.chars().map(|c| c.to_uppercase()).map(|c| if c == '-' {'_'} else {c})
[INFO] [stdout]     |                                                                 ---        ^ expected `char`, found struct `ToUppercase`
[INFO] [stdout]     |                                                                 |
[INFO] [stdout]     |                                                                 expected because of this
[INFO] [stdout] 
[INFO] [stdout] 
[INFO] [stdout] error: aborting due to 8 previous errors
[INFO] [stdout] 
[INFO] [stdout] 
[INFO] [stdout] Some errors have detailed explanations: E0061, E0308, E0369, E0432, E0554.
[INFO] [stdout] 
[INFO] [stdout] For more information about an error, try `rustc --explain E0061`.
[INFO] [stdout] 
[INFO] [stderr] error: could not compile `pkg-config` due to 9 previous errors
[INFO] running `Command { std: "docker" "inspect" "99f408a08444608df7f2915c026c66748a2ae0fc20140541df7672695ba842db", kill_on_drop: false }`
[INFO] running `Command { std: "docker" "rm" "-f" "99f408a08444608df7f2915c026c66748a2ae0fc20140541df7672695ba842db", kill_on_drop: false }`
[INFO] [stdout] 99f408a08444608df7f2915c026c66748a2ae0fc20140541df7672695ba842db
