[INFO] cloning repository https://github.com/gamemaker1/blop
[INFO] running `Command { std: "git" "-c" "credential.helper=" "-c" "credential.helper=/workspace/cargo-home/bin/git-credential-null" "clone" "--bare" "https://github.com/gamemaker1/blop" "/workspace/cache/git-repos/https%3A%2F%2Fgithub.com%2Fgamemaker1%2Fblop", kill_on_drop: false }`
[INFO] [stderr] Cloning into bare repository '/workspace/cache/git-repos/https%3A%2F%2Fgithub.com%2Fgamemaker1%2Fblop'...
[INFO] running `Command { std: "git" "rev-parse" "HEAD", kill_on_drop: false }`
[INFO] [stdout] e77c2a8659c0a2044bd28a9297521d5b1eefe8ff
[INFO] testing gamemaker1/blop against beta-2021-08-01 for beta-1.55-1
[INFO] running `Command { std: "git" "clone" "/workspace/cache/git-repos/https%3A%2F%2Fgithub.com%2Fgamemaker1%2Fblop" "/workspace/builds/worker-1/source", kill_on_drop: false }`
[INFO] [stderr] Cloning into '/workspace/builds/worker-1/source'...
[INFO] [stderr] done.
[INFO] validating manifest of git repo https://github.com/gamemaker1/blop on toolchain beta-2021-08-01
[INFO] running `Command { std: "/workspace/cargo-home/bin/cargo" "+beta-2021-08-01" "metadata" "--manifest-path" "Cargo.toml" "--no-deps", kill_on_drop: false }`
[INFO] started tweaking git repo https://github.com/gamemaker1/blop
[INFO] finished tweaking git repo https://github.com/gamemaker1/blop
[INFO] tweaked toml for git repo https://github.com/gamemaker1/blop written to /workspace/builds/worker-1/source/Cargo.toml
[INFO] crate git repo https://github.com/gamemaker1/blop already has a lockfile, it will not be regenerated
[INFO] running `Command { std: "/workspace/cargo-home/bin/cargo" "+beta-2021-08-01" "fetch" "--manifest-path" "Cargo.toml", kill_on_drop: false }`
[INFO] [stderr]  Downloading crates ...
[INFO] [stderr]   Downloaded wasmer_enumset_derive v0.5.0
[INFO] [stderr]   Downloaded wasmer_enumset v1.0.1
[INFO] [stderr]   Downloaded cursive_core v0.2.2
[INFO] [stderr]   Downloaded cursive v0.16.3
[INFO] running `Command { std: "docker" "create" "-v" "/var/lib/crater-agent-workspace/builds/worker-1/target:/opt/rustwide/target:rw,Z" "-v" "/var/lib/crater-agent-workspace/builds/worker-1/source:/opt/rustwide/workdir:ro,Z" "-v" "/var/lib/crater-agent-workspace/cargo-home:/opt/rustwide/cargo-home:ro,Z" "-v" "/var/lib/crater-agent-workspace/rustup-home:/opt/rustwide/rustup-home:ro,Z" "-e" "SOURCE_DIR=/opt/rustwide/workdir" "-e" "CARGO_TARGET_DIR=/opt/rustwide/target" "-e" "CARGO_HOME=/opt/rustwide/cargo-home" "-e" "RUSTUP_HOME=/opt/rustwide/rustup-home" "-w" "/opt/rustwide/workdir" "-m" "1610612736" "--user" "0:0" "--network" "none" "ghcr.io/rust-lang/crates-build-env/linux@sha256:34b6a614d2c27851fe6cbf88fbd1137609cefab8b10d0615aaeb6fd47975d74e" "/opt/rustwide/cargo-home/bin/cargo" "+beta-2021-08-01" "metadata" "--no-deps" "--format-version=1", kill_on_drop: false }`
[INFO] [stdout] 4f5a7d4463032e226741a3ff5161e9a8f5645cbbf64c0a30b7a138b8948baec1
[INFO] [stderr] WARNING: Your kernel does not support swap limit capabilities or the cgroup is not mounted. Memory limited without swap.
[INFO] running `Command { std: "docker" "start" "-a" "4f5a7d4463032e226741a3ff5161e9a8f5645cbbf64c0a30b7a138b8948baec1", kill_on_drop: false }`
[INFO] running `Command { std: "docker" "inspect" "4f5a7d4463032e226741a3ff5161e9a8f5645cbbf64c0a30b7a138b8948baec1", kill_on_drop: false }`
[INFO] running `Command { std: "docker" "rm" "-f" "4f5a7d4463032e226741a3ff5161e9a8f5645cbbf64c0a30b7a138b8948baec1", kill_on_drop: false }`
[INFO] [stdout] 4f5a7d4463032e226741a3ff5161e9a8f5645cbbf64c0a30b7a138b8948baec1
[INFO] running `Command { std: "docker" "create" "-v" "/var/lib/crater-agent-workspace/builds/worker-1/target:/opt/rustwide/target:rw,Z" "-v" "/var/lib/crater-agent-workspace/builds/worker-1/source:/opt/rustwide/workdir:ro,Z" "-v" "/var/lib/crater-agent-workspace/cargo-home:/opt/rustwide/cargo-home:ro,Z" "-v" "/var/lib/crater-agent-workspace/rustup-home:/opt/rustwide/rustup-home:ro,Z" "-e" "SOURCE_DIR=/opt/rustwide/workdir" "-e" "CARGO_TARGET_DIR=/opt/rustwide/target" "-e" "CARGO_INCREMENTAL=0" "-e" "RUST_BACKTRACE=full" "-e" "RUSTFLAGS=--cap-lints=warn" "-e" "CARGO_HOME=/opt/rustwide/cargo-home" "-e" "RUSTUP_HOME=/opt/rustwide/rustup-home" "-w" "/opt/rustwide/workdir" "-m" "1610612736" "--user" "0:0" "--network" "none" "ghcr.io/rust-lang/crates-build-env/linux@sha256:34b6a614d2c27851fe6cbf88fbd1137609cefab8b10d0615aaeb6fd47975d74e" "/opt/rustwide/cargo-home/bin/cargo" "+beta-2021-08-01" "build" "--frozen" "--message-format=json", kill_on_drop: false }`
[INFO] [stdout] bbc003ccdbdf4a8162a7d09754bbf1b35793914014e9e1819c6f9d7ab6794b8e
[INFO] [stderr] WARNING: Your kernel does not support swap limit capabilities or the cgroup is not mounted. Memory limited without swap.
[INFO] running `Command { std: "docker" "start" "-a" "bbc003ccdbdf4a8162a7d09754bbf1b35793914014e9e1819c6f9d7ab6794b8e", kill_on_drop: false }`
[INFO] [stderr]    Compiling signal-hook v0.3.9
[INFO] [stderr]    Compiling once_cell v1.8.0
[INFO] [stderr]    Compiling unicode-segmentation v1.8.0
[INFO] [stderr]    Compiling xi-unicode v0.3.0
[INFO] [stderr]    Compiling num-traits v0.2.14
[INFO] [stderr]    Compiling num-integer v0.1.44
[INFO] [stderr]    Compiling num-iter v0.1.42
[INFO] [stderr]    Compiling ahash v0.6.3
[INFO] [stderr]    Compiling ncurses v5.101.0
[INFO] [stderr]    Compiling time v0.1.43
[INFO] [stderr]    Compiling getrandom v0.2.3
[INFO] [stderr]    Compiling signal-hook-registry v1.4.0
[INFO] [stderr]    Compiling term_size v0.3.2
[INFO] [stderr]    Compiling darling_core v0.10.2
[INFO] [stderr]    Compiling enum-map-derive v0.4.6
[INFO] [stderr]    Compiling num-complex v0.3.1
[INFO] [stderr]    Compiling num-rational v0.3.2
[INFO] [stderr]    Compiling chrono v0.4.19
[INFO] [stderr]    Compiling enum-map v0.6.4
[INFO] [stderr]    Compiling darling_macro v0.10.2
[INFO] [stderr]    Compiling num v0.3.1
[INFO] [stderr]    Compiling darling v0.10.2
[INFO] [stderr]    Compiling wasmer_enumset_derive v0.5.0
[INFO] [stderr]    Compiling wasmer_enumset v1.0.1
[INFO] [stderr]    Compiling cursive_core v0.2.2
[INFO] [stderr]    Compiling cursive v0.16.3
[INFO] [stderr]    Compiling blop v0.1.0 (/opt/rustwide/workdir)
[INFO] [stdout] error[E0433]: failed to resolve: could not find `disks` in the crate root
[INFO] [stdout]    --> src/main.rs:207:41
[INFO] [stdout]     |
[INFO] [stdout] 207 |                     .child(Button::new("fdisk", super::disks::fdisk))
[INFO] [stdout]     |                                                        ^^^^^ could not find `disks` in the crate root
[INFO] [stdout] 
[INFO] [stdout] 
[INFO] [stdout] error[E0433]: failed to resolve: could not find `disks` in the crate root
[INFO] [stdout]    --> src/main.rs:208:41
[INFO] [stdout]     |
[INFO] [stdout] 208 |                     .child(Button::new("gdisk", super::disks::gdisk))
[INFO] [stdout]     |                                                        ^^^^^ could not find `disks` in the crate root
[INFO] [stdout] 
[INFO] [stdout] 
[INFO] [stdout] error[E0433]: failed to resolve: could not find `disks` in the crate root
[INFO] [stdout]    --> src/main.rs:209:42
[INFO] [stdout]     |
[INFO] [stdout] 209 |                     .child(Button::new("parted", super::disks::parted))
[INFO] [stdout]     |                                                         ^^^^^ could not find `disks` in the crate root
[INFO] [stdout] 
[INFO] [stdout] 
[INFO] [stdout] error: aborting due to 3 previous errors
[INFO] [stdout] 
[INFO] [stdout] 
[INFO] [stdout] For more information about this error, try `rustc --explain E0433`.
[INFO] [stdout] 
[INFO] [stderr] error: could not compile `blop` due to 4 previous errors
[INFO] running `Command { std: "docker" "inspect" "bbc003ccdbdf4a8162a7d09754bbf1b35793914014e9e1819c6f9d7ab6794b8e", kill_on_drop: false }`
[INFO] running `Command { std: "docker" "rm" "-f" "bbc003ccdbdf4a8162a7d09754bbf1b35793914014e9e1819c6f9d7ab6794b8e", kill_on_drop: false }`
[INFO] [stdout] bbc003ccdbdf4a8162a7d09754bbf1b35793914014e9e1819c6f9d7ab6794b8e
