[INFO] cloning repository https://github.com/frondeus/neu-lang
[INFO] running `Command { std: "git" "-c" "credential.helper=" "-c" "credential.helper=/workspace/cargo-home/bin/git-credential-null" "clone" "--bare" "https://github.com/frondeus/neu-lang" "/workspace/cache/git-repos/https%3A%2F%2Fgithub.com%2Ffrondeus%2Fneu-lang", kill_on_drop: false }`
[INFO] [stderr] Cloning into bare repository '/workspace/cache/git-repos/https%3A%2F%2Fgithub.com%2Ffrondeus%2Fneu-lang'...
[INFO] running `Command { std: "git" "rev-parse" "HEAD", kill_on_drop: false }`
[INFO] [stdout] a94b8c509800f40e3bdbcfc7d4c5d01afd7088b4
[INFO] testing frondeus/neu-lang against beta-2021-08-01 for beta-1.55-1
[INFO] running `Command { std: "git" "clone" "/workspace/cache/git-repos/https%3A%2F%2Fgithub.com%2Ffrondeus%2Fneu-lang" "/workspace/builds/worker-6/source", kill_on_drop: false }`
[INFO] [stderr] Cloning into '/workspace/builds/worker-6/source'...
[INFO] [stderr] done.
[INFO] validating manifest of git repo https://github.com/frondeus/neu-lang on toolchain beta-2021-08-01
[INFO] running `Command { std: "/workspace/cargo-home/bin/cargo" "+beta-2021-08-01" "metadata" "--manifest-path" "Cargo.toml" "--no-deps", kill_on_drop: false }`
[INFO] started tweaking git repo https://github.com/frondeus/neu-lang
[INFO] finished tweaking git repo https://github.com/frondeus/neu-lang
[INFO] tweaked toml for git repo https://github.com/frondeus/neu-lang written to /workspace/builds/worker-6/source/Cargo.toml
[INFO] running `Command { std: "/workspace/cargo-home/bin/cargo" "+beta-2021-08-01" "generate-lockfile" "--manifest-path" "Cargo.toml" "-Zno-index-update", kill_on_drop: false }`
[INFO] [stderr]     Updating git repository `https://github.com/frondeus/diff-assert.git`
[INFO] [stderr]     Updating git repository `https://github.com/KillTheMule/nvim-rs.git`
[INFO] [stderr]     Updating git submodule `https://github.com/neovim/neovim`
[INFO] running `Command { std: "/workspace/cargo-home/bin/cargo" "+beta-2021-08-01" "fetch" "--manifest-path" "Cargo.toml", kill_on_drop: false }`
[INFO] [stderr]     Blocking waiting for file lock on package cache
[INFO] [stderr]     Blocking waiting for file lock on package cache
[INFO] running `Command { std: "docker" "create" "-v" "/var/lib/crater-agent-workspace/builds/worker-6/target:/opt/rustwide/target:rw,Z" "-v" "/var/lib/crater-agent-workspace/builds/worker-6/source:/opt/rustwide/workdir:ro,Z" "-v" "/var/lib/crater-agent-workspace/cargo-home:/opt/rustwide/cargo-home:ro,Z" "-v" "/var/lib/crater-agent-workspace/rustup-home:/opt/rustwide/rustup-home:ro,Z" "-e" "SOURCE_DIR=/opt/rustwide/workdir" "-e" "CARGO_TARGET_DIR=/opt/rustwide/target" "-e" "CARGO_HOME=/opt/rustwide/cargo-home" "-e" "RUSTUP_HOME=/opt/rustwide/rustup-home" "-w" "/opt/rustwide/workdir" "-m" "1610612736" "--user" "0:0" "--network" "none" "ghcr.io/rust-lang/crates-build-env/linux@sha256:34b6a614d2c27851fe6cbf88fbd1137609cefab8b10d0615aaeb6fd47975d74e" "/opt/rustwide/cargo-home/bin/cargo" "+beta-2021-08-01" "metadata" "--no-deps" "--format-version=1", kill_on_drop: false }`
[INFO] [stdout] 1f18991c8d85d7428e37e95e13bca63366551a95379f3f8a114723de790ac1d5
[INFO] [stderr] WARNING: Your kernel does not support swap limit capabilities or the cgroup is not mounted. Memory limited without swap.
[INFO] running `Command { std: "docker" "start" "-a" "1f18991c8d85d7428e37e95e13bca63366551a95379f3f8a114723de790ac1d5", kill_on_drop: false }`
[INFO] running `Command { std: "docker" "inspect" "1f18991c8d85d7428e37e95e13bca63366551a95379f3f8a114723de790ac1d5", kill_on_drop: false }`
[INFO] running `Command { std: "docker" "rm" "-f" "1f18991c8d85d7428e37e95e13bca63366551a95379f3f8a114723de790ac1d5", kill_on_drop: false }`
[INFO] [stdout] 1f18991c8d85d7428e37e95e13bca63366551a95379f3f8a114723de790ac1d5
[INFO] running `Command { std: "docker" "create" "-v" "/var/lib/crater-agent-workspace/builds/worker-6/target:/opt/rustwide/target:rw,Z" "-v" "/var/lib/crater-agent-workspace/builds/worker-6/source:/opt/rustwide/workdir:ro,Z" "-v" "/var/lib/crater-agent-workspace/cargo-home:/opt/rustwide/cargo-home:ro,Z" "-v" "/var/lib/crater-agent-workspace/rustup-home:/opt/rustwide/rustup-home:ro,Z" "-e" "SOURCE_DIR=/opt/rustwide/workdir" "-e" "CARGO_TARGET_DIR=/opt/rustwide/target" "-e" "CARGO_INCREMENTAL=0" "-e" "RUST_BACKTRACE=full" "-e" "RUSTFLAGS=--cap-lints=warn" "-e" "CARGO_HOME=/opt/rustwide/cargo-home" "-e" "RUSTUP_HOME=/opt/rustwide/rustup-home" "-w" "/opt/rustwide/workdir" "-m" "1610612736" "--user" "0:0" "--network" "none" "ghcr.io/rust-lang/crates-build-env/linux@sha256:34b6a614d2c27851fe6cbf88fbd1137609cefab8b10d0615aaeb6fd47975d74e" "/opt/rustwide/cargo-home/bin/cargo" "+beta-2021-08-01" "build" "--frozen" "--message-format=json", kill_on_drop: false }`
[INFO] [stdout] e486ab5fe4b35d25ccde52cdc3622f4610e76e2d6eac775a804cceafc94f38cf
[INFO] [stderr] WARNING: Your kernel does not support swap limit capabilities or the cgroup is not mounted. Memory limited without swap.
[INFO] running `Command { std: "docker" "start" "-a" "e486ab5fe4b35d25ccde52cdc3622f4610e76e2d6eac775a804cceafc94f38cf", kill_on_drop: false }`
[INFO] [stderr]    Compiling libc v0.2.98
[INFO] [stderr]    Compiling syn v1.0.74
[INFO] [stderr]    Compiling futures v0.1.31
[INFO] [stderr]    Compiling oorandom v11.1.3
[INFO] [stderr]    Compiling serde v1.0.127
[INFO] [stderr]    Compiling pulldown-cmark v0.7.2
[INFO] [stderr]    Compiling neu-diagnostics v0.1.0 (/opt/rustwide/workdir/crates/utils/diagnostics)
[INFO] [stderr]    Compiling smol_str v0.1.18
[INFO] [stderr]    Compiling text-size v1.1.0
[INFO] [stderr]    Compiling pin-project-internal v0.4.28
[INFO] [stderr]    Compiling async-trait v0.1.51
[INFO] [stderr]    Compiling urlencoding v1.3.3
[INFO] [stderr]    Compiling os_str_bytes v2.4.0
[INFO] [stderr]    Compiling diffs v0.4.1
[INFO] [stderr]    Compiling instant v0.1.10
[INFO] [stderr]    Compiling indexmap v1.7.0
[INFO] [stderr]    Compiling futures-util v0.3.16
[INFO] [stderr]    Compiling tokio v1.9.0
[INFO] [stderr]    Compiling neu-arena v0.1.0 (/opt/rustwide/workdir/crates/utils/arena)
[INFO] [stderr]    Compiling textwrap v0.12.1
[INFO] [stderr]    Compiling thread_local v1.1.3
[INFO] [stderr]    Compiling headers-core v0.2.0
[INFO] [stderr]    Compiling http-body v0.3.1
[INFO] [stderr]    Compiling tracing v0.1.26
[INFO] [stderr]    Compiling bstr v0.2.16
[INFO] [stderr]    Compiling twoway v0.1.8
[INFO] [stderr]    Compiling buf_redux v0.8.4
[INFO] [stderr]    Compiling object v0.26.0
[INFO] [stderr]    Compiling futures-channel v0.3.16
[INFO] [stderr]    Compiling neu-parser v0.1.0 (/opt/rustwide/workdir/crates/utils/parser)
[INFO] [stderr]    Compiling crossbeam-channel v0.4.4
[INFO] [stderr]    Compiling rmp v0.8.10
[INFO] [stderr]    Compiling os_type v2.3.0
[INFO] [stderr]    Compiling crossbeam-deque v0.7.4
[INFO] [stderr]    Compiling sha-1 v0.9.7
[INFO] [stderr]    Compiling rmpv v0.4.7
[INFO] [stderr]    Compiling globset v0.4.8
[INFO] [stderr]    Compiling crossbeam v0.7.3
[INFO] [stderr]    Compiling iovec v0.1.4
[INFO] [stderr]    Compiling parking_lot_core v0.8.3
[INFO] [stderr]    Compiling num_cpus v1.13.0
[INFO] [stderr]    Compiling net2 v0.2.37
[INFO] [stderr]    Compiling signal-hook-registry v1.4.0
[INFO] [stderr]    Compiling getrandom v0.1.16
[INFO] [stderr]    Compiling getrandom v0.2.3
[INFO] [stderr]    Compiling atty v0.2.14
[INFO] [stderr]    Compiling time v0.1.43
[INFO] [stderr]    Compiling mio v0.7.13
[INFO] [stderr]    Compiling socket2 v0.3.19
[INFO] [stderr]    Compiling inotify-sys v0.1.5
[INFO] [stderr]    Compiling filetime v0.2.14
[INFO] [stderr]    Compiling ignore v0.4.18
[INFO] [stderr]    Compiling env_logger v0.7.1
[INFO] [stderr]    Compiling colored v1.9.3
[INFO] [stderr]    Compiling headers v0.3.4
[INFO] [stderr]    Compiling chrono v0.4.19
[INFO] [stderr]    Compiling bytes v0.4.12
[INFO] [stderr]    Compiling rand_core v0.5.1
[INFO] [stderr]    Compiling rand_core v0.6.3
[INFO] [stderr]    Compiling uuid v0.8.2
[INFO] [stderr]    Compiling parking_lot v0.11.1
[INFO] [stderr]    Compiling inotify v0.7.1
[INFO] [stderr]    Compiling mio v0.6.23
[INFO] [stderr]    Compiling rand_chacha v0.2.2
[INFO] [stderr]    Compiling rand_chacha v0.3.1
[INFO] [stderr]    Compiling tokio-io v0.1.13
[INFO] [stderr]    Compiling rand v0.7.3
[INFO] [stderr]    Compiling rand v0.8.4
[INFO] [stderr]    Compiling mio-uds v0.6.8
[INFO] [stderr]    Compiling mio-extras v2.0.6
[INFO] [stderr]    Compiling diff_utils v1.0.0-pre1 (https://github.com/frondeus/diff-assert.git#ec385767)
[INFO] [stderr]    Compiling notify v4.0.17
[INFO] [stderr]    Compiling backtrace v0.3.61
[INFO] [stderr]    Compiling test-runner v0.1.0 (/opt/rustwide/workdir/crates/utils/test-runner)
[INFO] [stderr]    Compiling tungstenite v0.11.1
[INFO] [stderr]    Compiling tempfile v3.2.0
[INFO] [stderr]    Compiling multipart v0.17.1
[INFO] [stderr]    Compiling proc-macro-error v1.0.4
[INFO] [stderr]    Compiling futures-macro v0.3.16
[INFO] [stderr]    Compiling salsa-macros v0.15.2
[INFO] [stderr]    Compiling tokio-macros v0.2.6
[INFO] [stderr]    Compiling serde_derive v1.0.127
[INFO] [stderr]    Compiling derive_more v0.99.16
[INFO] [stderr]    Compiling pin-project-internal v1.0.8
[INFO] [stderr]    Compiling tokio-macros v1.3.0
[INFO] [stderr]    Compiling thiserror-impl v1.0.26
[INFO] [stderr]    Compiling clap_derive v3.0.0-beta.2
[INFO] [stderr]    Compiling tokio v0.2.25
[INFO] [stderr]    Compiling thiserror v1.0.26
[INFO] [stderr]    Compiling clap v3.0.0-beta.2
[INFO] [stderr]    Compiling salsa v0.15.2
[INFO] [stderr]    Compiling pin-project v1.0.8
[INFO] [stderr]    Compiling pin-project v0.4.28
[INFO] [stderr]    Compiling tracing-futures v0.2.5
[INFO] [stderr]    Compiling neu-canceled v0.1.0 (/opt/rustwide/workdir/crates/utils/canceled)
[INFO] [stderr]    Compiling neu-syntax v0.1.0 (/opt/rustwide/workdir/crates/lang/syntax)
[INFO] [stderr]    Compiling tokio-util v0.3.1
[INFO] [stderr]    Compiling neu-eval v0.1.0 (/opt/rustwide/workdir/crates/lang/eval)
[INFO] [stderr]    Compiling neu-analyze v0.1.0 (/opt/rustwide/workdir/crates/lang/analyze)
[INFO] [stderr]    Compiling futures-executor v0.3.16
[INFO] [stderr]    Compiling tokio-tungstenite v0.11.0
[INFO] [stderr]    Compiling h2 v0.2.7
[INFO] [stderr]    Compiling neu-render v0.1.0 (/opt/rustwide/workdir/crates/lang/render)
[INFO] [stderr]    Compiling futures v0.3.16
[INFO] [stderr]    Compiling neu-db v0.1.0 (/opt/rustwide/workdir/crates/lang/db)
[INFO] [stderr]    Compiling tokio-util v0.6.7
[INFO] [stderr]    Compiling parity-tokio-ipc v0.9.0
[INFO] [stderr]    Compiling nvim-rs v0.2.1-alpha.0 (https://github.com/KillTheMule/nvim-rs.git?branch=master#a121a29f)
[INFO] [stderr]    Compiling serde_json v1.0.66
[INFO] [stderr]    Compiling toml v0.5.8
[INFO] [stderr]    Compiling serde_urlencoded v0.6.1
[INFO] [stderr]    Compiling human-panic v1.0.3
[INFO] [stderr]    Compiling neu-nvim v0.1.0 (/opt/rustwide/workdir/crates/ide/neovim)
[INFO] [stderr]    Compiling hyper v0.13.10
[INFO] [stdout] error[E0277]: the trait bound `tokio::io::Stdout: tokio::io::async_write::AsyncWrite` is not satisfied
[INFO] [stdout]   --> crates/ide/neovim/src/diagnostic.rs:7:12
[INFO] [stdout]    |
[INFO] [stdout] 7  |     bufnr: Buffer,
[INFO] [stdout]    |            ^^^^^^ the trait `tokio::io::async_write::AsyncWrite` is not implemented for `tokio::io::Stdout`
[INFO] [stdout]    | 
[INFO] [stdout]   ::: /opt/rustwide/cargo-home/git/checkouts/nvim-rs-be8ec18c7fa103f5/a121a29/src/exttypes/buffer.rs:10:6
[INFO] [stdout]    |
[INFO] [stdout] 10 |   W: AsyncWrite + Send + Unpin + 'static,
[INFO] [stdout]    |      ---------- required by this bound in `nvim_rs::Buffer`
[INFO] [stdout]    |
[INFO] [stdout]    = note: required because of the requirements on the impl of `futures::AsyncWrite` for `nvim_rs::compat::tokio::Compat<tokio::io::Stdout>`
[INFO] [stdout] 
[INFO] [stdout] 
[INFO] [stdout] error[E0277]: the trait bound `tokio::io::Stdout: tokio::io::async_write::AsyncWrite` is not satisfied
[INFO] [stdout]   --> crates/ide/neovim/src/state.rs:5:19
[INFO] [stdout]    |
[INFO] [stdout] 5  |     pub debug_bf: Buffer,
[INFO] [stdout]    |                   ^^^^^^ the trait `tokio::io::async_write::AsyncWrite` is not implemented for `tokio::io::Stdout`
[INFO] [stdout]    | 
[INFO] [stdout]   ::: /opt/rustwide/cargo-home/git/checkouts/nvim-rs-be8ec18c7fa103f5/a121a29/src/exttypes/buffer.rs:10:6
[INFO] [stdout]    |
[INFO] [stdout] 10 |   W: AsyncWrite + Send + Unpin + 'static,
[INFO] [stdout]    |      ---------- required by this bound in `nvim_rs::Buffer`
[INFO] [stdout]    |
[INFO] [stdout]    = note: required because of the requirements on the impl of `futures::AsyncWrite` for `nvim_rs::compat::tokio::Compat<tokio::io::Stdout>`
[INFO] [stdout] 
[INFO] [stdout] 
[INFO] [stdout] error[E0277]: the trait bound `tokio::io::Stdout: tokio::io::async_write::AsyncWrite` is not satisfied
[INFO] [stdout]   --> crates/ide/neovim/src/diagnostic.rs:16:17
[INFO] [stdout]    |
[INFO] [stdout] 16 |         bufnr: &Buffer,
[INFO] [stdout]    |                 ^^^^^^ the trait `tokio::io::async_write::AsyncWrite` is not implemented for `tokio::io::Stdout`
[INFO] [stdout]    | 
[INFO] [stdout]   ::: /opt/rustwide/cargo-home/git/checkouts/nvim-rs-be8ec18c7fa103f5/a121a29/src/exttypes/buffer.rs:10:6
[INFO] [stdout]    |
[INFO] [stdout] 10 |   W: AsyncWrite + Send + Unpin + 'static,
[INFO] [stdout]    |      ---------- required by this bound in `nvim_rs::Buffer`
[INFO] [stdout]    |
[INFO] [stdout]    = note: required because of the requirements on the impl of `futures::AsyncWrite` for `nvim_rs::compat::tokio::Compat<tokio::io::Stdout>`
[INFO] [stdout] 
[INFO] [stdout] 
[INFO] [stdout] error[E0277]: the trait bound `tokio::io::Stdout: tokio::io::async_write::AsyncWrite` is not satisfied
[INFO] [stdout]   --> crates/ide/neovim/src/handler.rs:60:31
[INFO] [stdout]    |
[INFO] [stdout] 60 |     async fn handle_err(api: &Neovim, e: impl Future<Output = Result<()>>) {
[INFO] [stdout]    |                               ^^^^^^ the trait `tokio::io::async_write::AsyncWrite` is not implemented for `tokio::io::Stdout`
[INFO] [stdout]    | 
[INFO] [stdout]   ::: /opt/rustwide/cargo-home/git/checkouts/nvim-rs-be8ec18c7fa103f5/a121a29/src/neovim.rs:50:6
[INFO] [stdout]    |
[INFO] [stdout] 50 |   W: AsyncWrite + Send + Unpin + 'static,
[INFO] [stdout]    |      ---------- required by this bound in `nvim_rs::Neovim`
[INFO] [stdout]    |
[INFO] [stdout]    = note: required because of the requirements on the impl of `futures::AsyncWrite` for `nvim_rs::compat::tokio::Compat<tokio::io::Stdout>`
[INFO] [stdout] 
[INFO] [stdout] 
[INFO] [stdout] error[E0277]: the trait bound `tokio::io::Stdout: tokio::io::async_write::AsyncWrite` is not satisfied
[INFO] [stdout]   --> crates/ide/neovim/src/handler.rs:72:54
[INFO] [stdout]    |
[INFO] [stdout] 72 |     async fn on_load(&self, _args: Vec<Value>, api: &Neovim) -> Result<()> {
[INFO] [stdout]    |                                                      ^^^^^^ the trait `tokio::io::async_write::AsyncWrite` is not implemented for `tokio::io::Stdout`
[INFO] [stdout]    | 
[INFO] [stdout]   ::: /opt/rustwide/cargo-home/git/checkouts/nvim-rs-be8ec18c7fa103f5/a121a29/src/neovim.rs:50:6
[INFO] [stdout]    |
[INFO] [stdout] 50 |   W: AsyncWrite + Send + Unpin + 'static,
[INFO] [stdout]    |      ---------- required by this bound in `nvim_rs::Neovim`
[INFO] [stdout]    |
[INFO] [stdout]    = note: required because of the requirements on the impl of `futures::AsyncWrite` for `nvim_rs::compat::tokio::Compat<tokio::io::Stdout>`
[INFO] [stdout] 
[INFO] [stdout] 
[INFO] [stdout] error[E0277]: the trait bound `tokio::io::Stdout: tokio::io::async_write::AsyncWrite` is not satisfied
[INFO] [stdout]   --> crates/ide/neovim/src/handler.rs:99:69
[INFO] [stdout]    |
[INFO] [stdout] 99 |     async fn on_nvim_buf_lines_event(&self, args: Vec<Value>, api: &Neovim) -> Result<()> {
[INFO] [stdout]    |                                                                     ^^^^^^ the trait `tokio::io::async_write::AsyncWrite` is not implemented for `tokio::io::Stdout`
[INFO] [stdout]    | 
[INFO] [stdout]   ::: /opt/rustwide/cargo-home/git/checkouts/nvim-rs-be8ec18c7fa103f5/a121a29/src/neovim.rs:50:6
[INFO] [stdout]    |
[INFO] [stdout] 50 |   W: AsyncWrite + Send + Unpin + 'static,
[INFO] [stdout]    |      ---------- required by this bound in `nvim_rs::Neovim`
[INFO] [stdout]    |
[INFO] [stdout]    = note: required because of the requirements on the impl of `futures::AsyncWrite` for `nvim_rs::compat::tokio::Compat<tokio::io::Stdout>`
[INFO] [stdout] 
[INFO] [stdout] 
[INFO] [stdout] error[E0277]: the trait bound `tokio::io::Stdout: tokio::io::async_write::AsyncWrite` is not satisfied
[INFO] [stdout]   --> crates/ide/neovim/src/state.rs:10:26
[INFO] [stdout]    |
[INFO] [stdout] 10 |     pub fn new(debug_bf: Buffer, highlight_ns: i64) -> Self {
[INFO] [stdout]    |                          ^^^^^^ the trait `tokio::io::async_write::AsyncWrite` is not implemented for `tokio::io::Stdout`
[INFO] [stdout]    | 
[INFO] [stdout]   ::: /opt/rustwide/cargo-home/git/checkouts/nvim-rs-be8ec18c7fa103f5/a121a29/src/exttypes/buffer.rs:10:6
[INFO] [stdout]    |
[INFO] [stdout] 10 |   W: AsyncWrite + Send + Unpin + 'static,
[INFO] [stdout]    |      ---------- required by this bound in `nvim_rs::Buffer`
[INFO] [stdout]    |
[INFO] [stdout]    = note: required because of the requirements on the impl of `futures::AsyncWrite` for `nvim_rs::compat::tokio::Compat<tokio::io::Stdout>`
[INFO] [stdout] 
[INFO] [stdout] 
[INFO] [stdout] error[E0277]: the trait bound `tokio::io::Stdout: tokio::io::async_write::AsyncWrite` is not satisfied
[INFO] [stdout]    --> crates/ide/neovim/src/handler.rs:320:72
[INFO] [stdout]     |
[INFO] [stdout] 320 |     async fn handle_notify(&self, name: String, args: Vec<Value>, api: Neovim) {
[INFO] [stdout]     |                                                                        ^^^^^^ the trait `tokio::io::async_write::AsyncWrite` is not implemented for `tokio::io::Stdout`
[INFO] [stdout]     | 
[INFO] [stdout]    ::: /opt/rustwide/cargo-home/git/checkouts/nvim-rs-be8ec18c7fa103f5/a121a29/src/neovim.rs:50:6
[INFO] [stdout]     |
[INFO] [stdout] 50  |   W: AsyncWrite + Send + Unpin + 'static,
[INFO] [stdout]     |      ---------- required by this bound in `nvim_rs::Neovim`
[INFO] [stdout]     |
[INFO] [stdout]     = note: required because of the requirements on the impl of `futures::AsyncWrite` for `nvim_rs::compat::tokio::Compat<tokio::io::Stdout>`
[INFO] [stdout] 
[INFO] [stdout] 
[INFO] [stdout] error: aborting due to 8 previous errors
[INFO] [stdout] 
[INFO] [stdout] 
[INFO] [stdout] For more information about this error, try `rustc --explain E0277`.
[INFO] [stdout] 
[INFO] [stderr] error: could not compile `neu-nvim` due to 9 previous errors
[INFO] [stderr] warning: build failed, waiting for other jobs to finish...
[INFO] [stderr] error: build failed
[INFO] running `Command { std: "docker" "inspect" "e486ab5fe4b35d25ccde52cdc3622f4610e76e2d6eac775a804cceafc94f38cf", kill_on_drop: false }`
[INFO] running `Command { std: "docker" "rm" "-f" "e486ab5fe4b35d25ccde52cdc3622f4610e76e2d6eac775a804cceafc94f38cf", kill_on_drop: false }`
[INFO] [stdout] e486ab5fe4b35d25ccde52cdc3622f4610e76e2d6eac775a804cceafc94f38cf
