[INFO] cloning repository https://github.com/frogshead/rust-bluepill
[INFO] running `Command { std: "git" "-c" "credential.helper=" "-c" "credential.helper=/workspace/cargo-home/bin/git-credential-null" "clone" "--bare" "https://github.com/frogshead/rust-bluepill" "/workspace/cache/git-repos/https%3A%2F%2Fgithub.com%2Ffrogshead%2Frust-bluepill", kill_on_drop: false }`
[INFO] [stderr] Cloning into bare repository '/workspace/cache/git-repos/https%3A%2F%2Fgithub.com%2Ffrogshead%2Frust-bluepill'...
[INFO] running `Command { std: "git" "rev-parse" "HEAD", kill_on_drop: false }`
[INFO] [stdout] c494a01d6ab38b2e59b6b1d7a1d63574ddde806a
[INFO] testing frogshead/rust-bluepill against beta-2021-08-01 for beta-1.55-1
[INFO] running `Command { std: "git" "clone" "/workspace/cache/git-repos/https%3A%2F%2Fgithub.com%2Ffrogshead%2Frust-bluepill" "/workspace/builds/worker-2/source", kill_on_drop: false }`
[INFO] [stderr] Cloning into '/workspace/builds/worker-2/source'...
[INFO] [stderr] done.
[INFO] validating manifest of git repo https://github.com/frogshead/rust-bluepill on toolchain beta-2021-08-01
[INFO] running `Command { std: "/workspace/cargo-home/bin/cargo" "+beta-2021-08-01" "metadata" "--manifest-path" "Cargo.toml" "--no-deps", kill_on_drop: false }`
[INFO] started tweaking git repo https://github.com/frogshead/rust-bluepill
[INFO] finished tweaking git repo https://github.com/frogshead/rust-bluepill
[INFO] tweaked toml for git repo https://github.com/frogshead/rust-bluepill written to /workspace/builds/worker-2/source/Cargo.toml
[INFO] crate git repo https://github.com/frogshead/rust-bluepill already has a lockfile, it will not be regenerated
[INFO] running `Command { std: "/workspace/cargo-home/bin/cargo" "+beta-2021-08-01" "fetch" "--manifest-path" "Cargo.toml", kill_on_drop: false }`
[INFO] [stderr]  Downloading crates ...
[INFO] [stderr]   Downloaded untagged-option v0.1.1
[INFO] [stderr]   Downloaded cortex-m v0.4.3
[INFO] [stderr]   Downloaded aligned v0.1.1
[INFO] [stderr]   Downloaded stm32f103xx v0.8.0
[INFO] [stderr]   Downloaded bare-metal v0.1.1
[INFO] running `Command { std: "docker" "create" "-v" "/var/lib/crater-agent-workspace/builds/worker-2/target:/opt/rustwide/target:rw,Z" "-v" "/var/lib/crater-agent-workspace/builds/worker-2/source:/opt/rustwide/workdir:ro,Z" "-v" "/var/lib/crater-agent-workspace/cargo-home:/opt/rustwide/cargo-home:ro,Z" "-v" "/var/lib/crater-agent-workspace/rustup-home:/opt/rustwide/rustup-home:ro,Z" "-e" "SOURCE_DIR=/opt/rustwide/workdir" "-e" "CARGO_TARGET_DIR=/opt/rustwide/target" "-e" "CARGO_HOME=/opt/rustwide/cargo-home" "-e" "RUSTUP_HOME=/opt/rustwide/rustup-home" "-w" "/opt/rustwide/workdir" "-m" "1610612736" "--user" "0:0" "--network" "none" "ghcr.io/rust-lang/crates-build-env/linux@sha256:34b6a614d2c27851fe6cbf88fbd1137609cefab8b10d0615aaeb6fd47975d74e" "/opt/rustwide/cargo-home/bin/cargo" "+beta-2021-08-01" "metadata" "--no-deps" "--format-version=1", kill_on_drop: false }`
[INFO] [stdout] 84646c935dc13cef52b854bb57f51451906721520a8a2763ce0e1caf8cb415f4
[INFO] [stderr] WARNING: Your kernel does not support swap limit capabilities or the cgroup is not mounted. Memory limited without swap.
[INFO] running `Command { std: "docker" "start" "-a" "84646c935dc13cef52b854bb57f51451906721520a8a2763ce0e1caf8cb415f4", kill_on_drop: false }`
[INFO] running `Command { std: "docker" "inspect" "84646c935dc13cef52b854bb57f51451906721520a8a2763ce0e1caf8cb415f4", kill_on_drop: false }`
[INFO] running `Command { std: "docker" "rm" "-f" "84646c935dc13cef52b854bb57f51451906721520a8a2763ce0e1caf8cb415f4", kill_on_drop: false }`
[INFO] [stdout] 84646c935dc13cef52b854bb57f51451906721520a8a2763ce0e1caf8cb415f4
[INFO] running `Command { std: "docker" "create" "-v" "/var/lib/crater-agent-workspace/builds/worker-2/target:/opt/rustwide/target:rw,Z" "-v" "/var/lib/crater-agent-workspace/builds/worker-2/source:/opt/rustwide/workdir:ro,Z" "-v" "/var/lib/crater-agent-workspace/cargo-home:/opt/rustwide/cargo-home:ro,Z" "-v" "/var/lib/crater-agent-workspace/rustup-home:/opt/rustwide/rustup-home:ro,Z" "-e" "SOURCE_DIR=/opt/rustwide/workdir" "-e" "CARGO_TARGET_DIR=/opt/rustwide/target" "-e" "CARGO_INCREMENTAL=0" "-e" "RUST_BACKTRACE=full" "-e" "RUSTFLAGS=--cap-lints=warn" "-e" "CARGO_HOME=/opt/rustwide/cargo-home" "-e" "RUSTUP_HOME=/opt/rustwide/rustup-home" "-w" "/opt/rustwide/workdir" "-m" "1610612736" "--user" "0:0" "--network" "none" "ghcr.io/rust-lang/crates-build-env/linux@sha256:34b6a614d2c27851fe6cbf88fbd1137609cefab8b10d0615aaeb6fd47975d74e" "/opt/rustwide/cargo-home/bin/cargo" "+beta-2021-08-01" "build" "--frozen" "--message-format=json", kill_on_drop: false }`
[INFO] [stdout] ff87f124f30c6a5b63327665f362bf92941816a894a40505f4b2897dde61f729
[INFO] [stderr] WARNING: Your kernel does not support swap limit capabilities or the cgroup is not mounted. Memory limited without swap.
[INFO] running `Command { std: "docker" "start" "-a" "ff87f124f30c6a5b63327665f362bf92941816a894a40505f4b2897dde61f729", kill_on_drop: false }`
[INFO] [stderr]    Compiling vcell v0.1.0
[INFO] [stderr]    Compiling cortex-m v0.4.3
[INFO] [stderr]    Compiling aligned v0.1.1
[INFO] [stderr]    Compiling bare-metal v0.1.1
[INFO] [stderr]    Compiling untagged-option v0.1.1
[INFO] [stderr]    Compiling nb v0.1.1
[INFO] [stderr]    Compiling volatile-register v0.2.0
[INFO] [stdout] error[E0557]: feature has been removed
[INFO] [stdout]   --> /opt/rustwide/cargo-home/registry/src/github.com-1ecc6299db9ec823/aligned-0.1.1/src/lib.rs:32:12
[INFO] [stdout]    |
[INFO] [stdout] 32 | #![feature(const_fn)]
[INFO] [stdout]    |            ^^^^^^^^ feature has been removed
[INFO] [stdout]    |
[INFO] [stdout]    = note: split into finer-grained feature gates
[INFO] [stdout] 
[INFO] [stdout] 
[INFO] [stdout] error[E0554]: `#![feature]` may not be used on the beta release channel
[INFO] [stdout]   --> /opt/rustwide/cargo-home/registry/src/github.com-1ecc6299db9ec823/aligned-0.1.1/src/lib.rs:32:1
[INFO] [stdout]    |
[INFO] [stdout] 32 | #![feature(const_fn)]
[INFO] [stdout]    | ^^^^^^^^^^^^^^^^^^^^^
[INFO] [stdout] 
[INFO] [stdout] 
[INFO] [stdout] error[E0557]: feature has been removed
[INFO] [stdout]  --> /opt/rustwide/cargo-home/registry/src/github.com-1ecc6299db9ec823/untagged-option-0.1.1/src/lib.rs:5:29
[INFO] [stdout]   |
[INFO] [stdout] 5 | #![feature(untagged_unions, const_fn)]
[INFO] [stdout]   |                             ^^^^^^^^ feature has been removed
[INFO] [stdout]   |
[INFO] [stdout]   = note: split into finer-grained feature gates
[INFO] [stdout] 
[INFO] [stdout] 
[INFO] [stdout] error[E0557]: feature has been removed
[INFO] [stdout]  --> /opt/rustwide/cargo-home/registry/src/github.com-1ecc6299db9ec823/bare-metal-0.1.1/src/lib.rs:5:12
[INFO] [stdout]   |
[INFO] [stdout] 5 | #![feature(const_fn,const_unsafe_cell_new)]
[INFO] [stdout]   |            ^^^^^^^^ feature has been removed
[INFO] [stdout]   |
[INFO] [stdout]   = note: split into finer-grained feature gates
[INFO] [stdout] 
[INFO] [stdout] 
[INFO] [stdout] error[E0554]: `#![feature]` may not be used on the beta release channel
[INFO] [stdout]  --> /opt/rustwide/cargo-home/registry/src/github.com-1ecc6299db9ec823/bare-metal-0.1.1/src/lib.rs:5:1
[INFO] [stdout]   |
[INFO] [stdout] 5 | #![feature(const_fn,const_unsafe_cell_new)]
[INFO] [stdout]   | ^^^^^^^^^^^^^^^^^^^^^^^^^^^^^^^^^^^^^^^^^^^
[INFO] [stdout] 
[INFO] [stdout] 
[INFO] [stdout] error[E0554]: `#![feature]` may not be used on the beta release channel
[INFO] [stdout]  --> /opt/rustwide/cargo-home/registry/src/github.com-1ecc6299db9ec823/untagged-option-0.1.1/src/lib.rs:5:1
[INFO] [stdout]   |
[INFO] [stdout] 5 | #![feature(untagged_unions, const_fn)]
[INFO] [stdout]   | ^^^^^^^^^^^^^^^^^^^^^^^^^^^^^^^^^^^^^^
[INFO] [stdout] 
[INFO] [stdout] 
[INFO] [stdout] error[E0740]: unions may not contain fields that need dropping
[INFO] [stdout]   --> /opt/rustwide/cargo-home/registry/src/github.com-1ecc6299db9ec823/untagged-option-0.1.1/src/lib.rs:53:5
[INFO] [stdout]    |
[INFO] [stdout] 53 |     pub some: T,
[INFO] [stdout]    |     ^^^^^^^^^^^
[INFO] [stdout]    |
[INFO] [stdout] note: `std::mem::ManuallyDrop` can be used to wrap the type
[INFO] [stdout]   --> /opt/rustwide/cargo-home/registry/src/github.com-1ecc6299db9ec823/untagged-option-0.1.1/src/lib.rs:53:5
[INFO] [stdout]    |
[INFO] [stdout] 53 |     pub some: T,
[INFO] [stdout]    |     ^^^^^^^^^^^
[INFO] [stdout] 
[INFO] [stdout] 
[INFO] [stdout] error: aborting due to 3 previous errors
[INFO] [stdout] 
[INFO] [stdout] 
[INFO] [stdout] Some errors have detailed explanations: E0554, E0557, E0740.
[INFO] [stdout] 
[INFO] [stdout] For more information about an error, try `rustc --explain E0554`.
[INFO] [stdout] 
[INFO] [stderr] error: could not compile `untagged-option` due to 4 previous errors
[INFO] [stderr] warning: build failed, waiting for other jobs to finish...
[INFO] [stdout] error: aborting due to 2 previous errors
[INFO] [stdout] 
[INFO] [stdout] 
[INFO] [stdout] Some errors have detailed explanations: E0554, E0557.
[INFO] [stdout] 
[INFO] [stdout] For more information about an error, try `rustc --explain E0554`.
[INFO] [stdout] 
[INFO] [stdout] error: aborting due to 2 previous errors
[INFO] [stdout] 
[INFO] [stdout] 
[INFO] [stdout] Some errors have detailed explanations: E0554, E0557.
[INFO] [stdout] 
[INFO] [stdout] For more information about an error, try `rustc --explain E0554`.
[INFO] [stdout] 
[INFO] [stderr] error: build failed
[INFO] running `Command { std: "docker" "inspect" "ff87f124f30c6a5b63327665f362bf92941816a894a40505f4b2897dde61f729", kill_on_drop: false }`
[INFO] running `Command { std: "docker" "rm" "-f" "ff87f124f30c6a5b63327665f362bf92941816a894a40505f4b2897dde61f729", kill_on_drop: false }`
[INFO] [stdout] ff87f124f30c6a5b63327665f362bf92941816a894a40505f4b2897dde61f729
