[INFO] cloning repository https://github.com/fhartwig/gearbox
[INFO] running `Command { std: "git" "-c" "credential.helper=" "-c" "credential.helper=/workspace/cargo-home/bin/git-credential-null" "clone" "--bare" "https://github.com/fhartwig/gearbox" "/workspace/cache/git-repos/https%3A%2F%2Fgithub.com%2Ffhartwig%2Fgearbox", kill_on_drop: false }`
[INFO] [stderr] Cloning into bare repository '/workspace/cache/git-repos/https%3A%2F%2Fgithub.com%2Ffhartwig%2Fgearbox'...
[INFO] running `Command { std: "git" "rev-parse" "HEAD", kill_on_drop: false }`
[INFO] [stdout] 7a1e5a7144a3b4971f73aea89d90e03fae8e7839
[INFO] testing fhartwig/gearbox against 1.54.0 for beta-1.55-1
[INFO] running `Command { std: "git" "clone" "/workspace/cache/git-repos/https%3A%2F%2Fgithub.com%2Ffhartwig%2Fgearbox" "/workspace/builds/worker-98/source", kill_on_drop: false }`
[INFO] [stderr] Cloning into '/workspace/builds/worker-98/source'...
[INFO] [stderr] done.
[INFO] validating manifest of git repo https://github.com/fhartwig/gearbox on toolchain 1.54.0
[INFO] running `Command { std: "/workspace/cargo-home/bin/cargo" "+1.54.0" "metadata" "--manifest-path" "Cargo.toml" "--no-deps", kill_on_drop: false }`
[INFO] started tweaking git repo https://github.com/fhartwig/gearbox
[INFO] finished tweaking git repo https://github.com/fhartwig/gearbox
[INFO] tweaked toml for git repo https://github.com/fhartwig/gearbox written to /workspace/builds/worker-98/source/Cargo.toml
[INFO] crate git repo https://github.com/fhartwig/gearbox already has a lockfile, it will not be regenerated
[INFO] running `Command { std: "/workspace/cargo-home/bin/cargo" "+1.54.0" "fetch" "--manifest-path" "Cargo.toml", kill_on_drop: false }`
[INFO] [stderr]     Blocking waiting for file lock on package cache
[INFO] [stderr]     Updating git repository `https://github.com/hyperium/hyper`
[INFO] [stderr]     Updating git repository `https://github.com/DaGenix/rust-crypto`
[INFO] [stderr]     Blocking waiting for file lock on package cache
[INFO] [stderr] warning: TOML file found which contains invalid syntax and will soon not parse
[INFO] [stderr] at `/workspace/cargo-home/registry/src/github.com-1ecc6299db9ec823/url-0.5.7/Cargo.toml`.
[INFO] [stderr] 
[INFO] [stderr] The TOML spec requires newlines after table definitions (e.g., `[a] b = 1` is
[INFO] [stderr] invalid), but this file has a table header which does not have a newline after
[INFO] [stderr] it. A newline needs to be added and this warning will soon become a hard error
[INFO] [stderr] in the future.
[INFO] running `Command { std: "docker" "create" "-v" "/var/lib/crater-agent-workspace/builds/worker-98/target:/opt/rustwide/target:rw,Z" "-v" "/var/lib/crater-agent-workspace/builds/worker-98/source:/opt/rustwide/workdir:ro,Z" "-v" "/var/lib/crater-agent-workspace/cargo-home:/opt/rustwide/cargo-home:ro,Z" "-v" "/var/lib/crater-agent-workspace/rustup-home:/opt/rustwide/rustup-home:ro,Z" "-e" "SOURCE_DIR=/opt/rustwide/workdir" "-e" "CARGO_TARGET_DIR=/opt/rustwide/target" "-e" "CARGO_HOME=/opt/rustwide/cargo-home" "-e" "RUSTUP_HOME=/opt/rustwide/rustup-home" "-w" "/opt/rustwide/workdir" "-m" "1610612736" "--user" "0:0" "--network" "none" "ghcr.io/rust-lang/crates-build-env/linux@sha256:34b6a614d2c27851fe6cbf88fbd1137609cefab8b10d0615aaeb6fd47975d74e" "/opt/rustwide/cargo-home/bin/cargo" "+1.54.0" "metadata" "--no-deps" "--format-version=1", kill_on_drop: false }`
[INFO] [stdout] e319b2f81c416fd0116df936d0328bbb3ee14c8fa996b56779fb3079b5d638e3
[INFO] running `Command { std: "docker" "start" "-a" "e319b2f81c416fd0116df936d0328bbb3ee14c8fa996b56779fb3079b5d638e3", kill_on_drop: false }`
[INFO] running `Command { std: "docker" "inspect" "e319b2f81c416fd0116df936d0328bbb3ee14c8fa996b56779fb3079b5d638e3", kill_on_drop: false }`
[INFO] running `Command { std: "docker" "rm" "-f" "e319b2f81c416fd0116df936d0328bbb3ee14c8fa996b56779fb3079b5d638e3", kill_on_drop: false }`
[INFO] [stdout] e319b2f81c416fd0116df936d0328bbb3ee14c8fa996b56779fb3079b5d638e3
[INFO] running `Command { std: "docker" "create" "-v" "/var/lib/crater-agent-workspace/builds/worker-98/target:/opt/rustwide/target:rw,Z" "-v" "/var/lib/crater-agent-workspace/builds/worker-98/source:/opt/rustwide/workdir:ro,Z" "-v" "/var/lib/crater-agent-workspace/cargo-home:/opt/rustwide/cargo-home:ro,Z" "-v" "/var/lib/crater-agent-workspace/rustup-home:/opt/rustwide/rustup-home:ro,Z" "-e" "SOURCE_DIR=/opt/rustwide/workdir" "-e" "CARGO_TARGET_DIR=/opt/rustwide/target" "-e" "CARGO_INCREMENTAL=0" "-e" "RUST_BACKTRACE=full" "-e" "RUSTFLAGS=--cap-lints=warn" "-e" "CARGO_HOME=/opt/rustwide/cargo-home" "-e" "RUSTUP_HOME=/opt/rustwide/rustup-home" "-w" "/opt/rustwide/workdir" "-m" "1610612736" "--user" "0:0" "--network" "none" "ghcr.io/rust-lang/crates-build-env/linux@sha256:34b6a614d2c27851fe6cbf88fbd1137609cefab8b10d0615aaeb6fd47975d74e" "/opt/rustwide/cargo-home/bin/cargo" "+1.54.0" "build" "--frozen" "--message-format=json", kill_on_drop: false }`
[INFO] [stdout] 04c17a1e04b50a39977a10f84665786463c55ef620ad300f6dc341e35105f3be
[INFO] running `Command { std: "docker" "start" "-a" "04c17a1e04b50a39977a10f84665786463c55ef620ad300f6dc341e35105f3be", kill_on_drop: false }`
[INFO] [stderr] warning: TOML file found which contains invalid syntax and will soon not parse
[INFO] [stderr] at `/opt/rustwide/cargo-home/registry/src/github.com-1ecc6299db9ec823/url-0.5.7/Cargo.toml`.
[INFO] [stderr] 
[INFO] [stderr] The TOML spec requires newlines after table definitions (e.g., `[a] b = 1` is
[INFO] [stderr] invalid), but this file has a table header which does not have a newline after
[INFO] [stderr] it. A newline needs to be added and this warning will soon become a hard error
[INFO] [stderr] in the future.
[INFO] [stderr]    Compiling libc v0.2.8
[INFO] [stderr]    Compiling winapi-build v0.1.1
[INFO] [stderr]    Compiling winapi v0.2.6
[INFO] [stderr]    Compiling gcc v0.3.26
[INFO] [stderr]    Compiling semver v0.1.20
[INFO] [stderr]    Compiling pkg-config v0.3.8
[INFO] [stderr]    Compiling rustc-serialize v0.3.18
[INFO] [stderr]    Compiling matches v0.1.2
[INFO] [stderr]    Compiling bitflags v0.4.0
[INFO] [stderr]    Compiling lazy_static v0.1.15
[INFO] [stderr]    Compiling libc v0.1.12
[INFO] [stderr]    Compiling unicode-normalization v0.1.2
[INFO] [stderr]    Compiling cfg-if v0.1.0
[INFO] [stderr]    Compiling termbox-sys v0.2.9
[INFO] [stderr]    Compiling utf8-ranges v0.1.3
[INFO] [stderr]    Compiling bitflags v0.3.3
[INFO] [stderr]    Compiling regex-syntax v0.3.0
[INFO] [stderr]    Compiling language-tags v0.2.2
[INFO] [stderr]    Compiling httparse v1.1.1
[INFO] [stderr]    Compiling traitobject v0.0.1
[INFO] [stderr]    Compiling bytes v0.3.0
[INFO] [stderr]    Compiling typeable v0.1.2
[INFO] [stderr]    Compiling bitflags v0.2.1
[INFO] [stderr]    Compiling slab v0.1.3
[INFO] [stderr]    Compiling vec_map v0.6.0
[INFO] [stderr]    Compiling bit-vec v0.4.3
[INFO] [stderr]    Compiling byteorder v0.5.0
[INFO] [stderr]    Compiling unicode-bidi v0.2.3
[INFO] [stdout] error[E0642]: patterns aren't allowed in functions without bodies
[INFO] [stdout]    --> /opt/rustwide/cargo-home/registry/src/github.com-1ecc6299db9ec823/rustc-serialize-0.3.18/src/serialize.rs:145:45
[INFO] [stdout]     |
[INFO] [stdout] 145 | ...                   &f_name: &str,
[INFO] [stdout]     |                       ^^^^^^^ pattern not allowed in function without body
[INFO] [stdout] 
[INFO] [stdout] 
[INFO] [stderr]    Compiling kernel32-sys v0.2.1
[INFO] [stderr]    Compiling ws2_32-sys v0.2.1
[INFO] [stderr]    Compiling rand v0.3.14
[INFO] [stderr]    Compiling log v0.3.5
[INFO] [stderr]    Compiling memchr v0.1.10
[INFO] [stderr]    Compiling num_cpus v0.2.11
[INFO] [stderr]    Compiling nix v0.5.0
[INFO] [stderr]    Compiling rustc_version v0.1.7
[INFO] [stderr]    Compiling nix v0.4.2
[INFO] [stderr]    Compiling openssl-sys v0.7.8
[INFO] [stderr]    Compiling aho-corasick v0.5.1
[INFO] [stderr] error: failed to run custom build command for `termbox-sys v0.2.9`
[INFO] [stderr] 
[INFO] [stderr] Caused by:
[INFO] [stderr]   process didn't exit successfully: `/opt/rustwide/target/debug/build/termbox-sys-f9a166fb1a1ff759/build-script-build` (exit status: 101)
[INFO] [stderr]   --- stdout
[INFO] [stderr]   running: "git" "clone" "https://github.com/nsf/termbox" ".termbox"
[INFO] [stderr] 
[INFO] [stderr]   --- stderr
[INFO] [stderr]   fatal: could not create work tree dir '.termbox': Read-only file system
[INFO] [stderr]   thread 'main' panicked at 'assertion failed: cmd.stdout(Stdio::inherit()).stderr(Stdio::inherit()).status().unwrap().success()', /opt/rustwide/cargo-home/registry/src/github.com-1ecc6299db9ec823/termbox-sys-0.2.9/build.rs:86:5
[INFO] [stderr]   stack backtrace:
[INFO] [stderr]      0:     0x55dc3c420ab0 - std::backtrace_rs::backtrace::libunwind::trace::h34055254b57d8e79
[INFO] [stderr]                                  at /rustc/a178d0322ce20e33eac124758e837cbd80a6f633/library/std/src/../../backtrace/src/backtrace/libunwind.rs:90:5
[INFO] [stderr]      1:     0x55dc3c420ab0 - std::backtrace_rs::backtrace::trace_unsynchronized::h8f1e3fbd9afff6ec
[INFO] [stderr]                                  at /rustc/a178d0322ce20e33eac124758e837cbd80a6f633/library/std/src/../../backtrace/src/backtrace/mod.rs:66:5
[INFO] [stderr]      2:     0x55dc3c420ab0 - std::sys_common::backtrace::_print_fmt::h3a99a796b770c360
[INFO] [stderr]                                  at /rustc/a178d0322ce20e33eac124758e837cbd80a6f633/library/std/src/sys_common/backtrace.rs:67:5
[INFO] [stderr]      3:     0x55dc3c420ab0 - <std::sys_common::backtrace::_print::DisplayBacktrace as core::fmt::Display>::fmt::h32d1f94a80615d18
[INFO] [stderr]                                  at /rustc/a178d0322ce20e33eac124758e837cbd80a6f633/library/std/src/sys_common/backtrace.rs:46:22
[INFO] [stderr]      4:     0x55dc3c43ddcc - core::fmt::write::h306731c068f7162c
[INFO] [stderr]                                  at /rustc/a178d0322ce20e33eac124758e837cbd80a6f633/library/core/src/fmt/mod.rs:1110:17
[INFO] [stderr]      5:     0x55dc3c41f095 - std::io::Write::write_fmt::hd2fa90334eee2a21
[INFO] [stderr]                                  at /rustc/a178d0322ce20e33eac124758e837cbd80a6f633/library/std/src/io/mod.rs:1588:15
[INFO] [stderr]      6:     0x55dc3c4226db - std::sys_common::backtrace::_print::h5abaa2601a852287
[INFO] [stderr]                                  at /rustc/a178d0322ce20e33eac124758e837cbd80a6f633/library/std/src/sys_common/backtrace.rs:49:5
[INFO] [stderr]      7:     0x55dc3c4226db - std::sys_common::backtrace::print::h8d81445442bb638f
[INFO] [stderr]                                  at /rustc/a178d0322ce20e33eac124758e837cbd80a6f633/library/std/src/sys_common/backtrace.rs:36:9
[INFO] [stderr]      8:     0x55dc3c4226db - std::panicking::default_hook::{{closure}}::hcfe804496a9fa747
[INFO] [stderr]                                  at /rustc/a178d0322ce20e33eac124758e837cbd80a6f633/library/std/src/panicking.rs:208:50
[INFO] [stderr]      9:     0x55dc3c4221b1 - std::panicking::default_hook::hbea8e3ccf2ba8901
[INFO] [stderr]                                  at /rustc/a178d0322ce20e33eac124758e837cbd80a6f633/library/std/src/panicking.rs:225:9
[INFO] [stderr]     10:     0x55dc3c422da4 - std::panicking::rust_panic_with_hook::h7ee9e1a2d0f8975a
[INFO] [stderr]                                  at /rustc/a178d0322ce20e33eac124758e837cbd80a6f633/library/std/src/panicking.rs:622:17
[INFO] [stderr]     11:     0x55dc3c422857 - std::panicking::begin_panic_handler::{{closure}}::h8ab3b4491718b2c7
[INFO] [stderr]                                  at /rustc/a178d0322ce20e33eac124758e837cbd80a6f633/library/std/src/panicking.rs:517:13
[INFO] [stderr]     12:     0x55dc3c420fac - std::sys_common::backtrace::__rust_end_short_backtrace::hd489062ffa586a9f
[INFO] [stderr]                                  at /rustc/a178d0322ce20e33eac124758e837cbd80a6f633/library/std/src/sys_common/backtrace.rs:141:18
[INFO] [stderr]     13:     0x55dc3c4227e9 - rust_begin_unwind
[INFO] [stderr]                                  at /rustc/a178d0322ce20e33eac124758e837cbd80a6f633/library/std/src/panicking.rs:515:5
[INFO] [stderr]     14:     0x55dc3c405201 - core::panicking::panic_fmt::hca6330e3e14086b4
[INFO] [stderr]                                  at /rustc/a178d0322ce20e33eac124758e837cbd80a6f633/library/core/src/panicking.rs:92:14
[INFO] [stderr]     15:     0x55dc3c40514d - core::panicking::panic::h1a48d878ff3dcd40
[INFO] [stderr]                                  at /rustc/a178d0322ce20e33eac124758e837cbd80a6f633/library/core/src/panicking.rs:50:5
[INFO] [stderr]     16:     0x55dc3c40b652 - build_script_build::run::ha011c30b4d63a1a7
[INFO] [stderr]     17:     0x55dc3c40ad42 - build_script_build::setup::h658906865443ad6e
[INFO] [stderr]     18:     0x55dc3c40aa3b - build_script_build::main::hf181d901f26f4f84
[INFO] [stderr]     19:     0x55dc3c40b713 - core::ops::function::FnOnce::call_once::h45d1bac684041625
[INFO] [stderr]     20:     0x55dc3c409059 - std::sys_common::backtrace::__rust_begin_short_backtrace::h4a2bd1645b8d733e
[INFO] [stderr]     21:     0x55dc3c407d99 - std::rt::lang_start::{{closure}}::he71601803c86b1ee
[INFO] [stderr]     22:     0x55dc3c4232a9 - core::ops::function::impls::<impl core::ops::function::FnOnce<A> for &F>::call_once::h2aabc384aab89b7b
[INFO] [stderr]                                  at /rustc/a178d0322ce20e33eac124758e837cbd80a6f633/library/core/src/ops/function.rs:259:13
[INFO] [stderr]     23:     0x55dc3c4232a9 - std::panicking::try::do_call::hc5fcacb7a85fc7b1
[INFO] [stderr]                                  at /rustc/a178d0322ce20e33eac124758e837cbd80a6f633/library/std/src/panicking.rs:401:40
[INFO] [stderr]     24:     0x55dc3c4232a9 - std::panicking::try::hb5d9603af3abbe3a
[INFO] [stderr]                                  at /rustc/a178d0322ce20e33eac124758e837cbd80a6f633/library/std/src/panicking.rs:365:19
[INFO] [stderr]     25:     0x55dc3c4232a9 - std::panic::catch_unwind::h98fe6ac3925e64b4
[INFO] [stderr]                                  at /rustc/a178d0322ce20e33eac124758e837cbd80a6f633/library/std/src/panic.rs:434:14
[INFO] [stderr]     26:     0x55dc3c4232a9 - std::rt::lang_start_internal::h22ac7383c516f93e
[INFO] [stderr]                                  at /rustc/a178d0322ce20e33eac124758e837cbd80a6f633/library/std/src/rt.rs:34:21
[INFO] [stderr]     27:     0x55dc3c407d81 - std::rt::lang_start::h8ce1aa6d87d21137
[INFO] [stderr]     28:     0x55dc3c40b673 - main
[INFO] [stderr]     29:     0x7f4539e600b3 - __libc_start_main
[INFO] [stderr]     30:     0x55dc3c40595e - _start
[INFO] [stderr]     31:                0x0 - <unknown>
[INFO] [stderr] warning: build failed, waiting for other jobs to finish...
[INFO] [stdout] error[E0591]: can't transmute zero-sized type
[INFO] [stdout]    --> /opt/rustwide/cargo-home/registry/src/github.com-1ecc6299db9ec823/nix-0.4.2/src/sched.rs:168:20
[INFO] [stdout]     |
[INFO] [stdout] 168 |         ffi::clone(mem::transmute(callback), ptr as *mut c_void, flags, &mut cb)
[INFO] [stdout]     |                    ^^^^^^^^^^^^^^
[INFO] [stdout]     |
[INFO] [stdout]     = note: source type: for<'r> extern "C" fn(*mut Box<(dyn FnMut() -> isize + 'r)>) -> i32 {callback}
[INFO] [stdout]     = note: target type: *const for<'r> extern "C" fn(*const Box<(dyn FnMut() -> isize + 'r)>) -> i32
[INFO] [stdout]     = help: cast with `as` to a pointer instead
[INFO] [stdout] 
[INFO] [stdout] 
[INFO] [stdout] error: aborting due to previous error
[INFO] [stdout] 
[INFO] [stdout] 
[INFO] [stdout] For more information about this error, try `rustc --explain E0642`.
[INFO] [stdout] 
[INFO] [stdout] error[E0591]: can't transmute zero-sized type
[INFO] [stdout]    --> /opt/rustwide/cargo-home/registry/src/github.com-1ecc6299db9ec823/nix-0.5.0/src/sched.rs:192:20
[INFO] [stdout]     |
[INFO] [stdout] 192 |         ffi::clone(mem::transmute(callback), ptr as *mut c_void, flags.bits(), &mut cb)
[INFO] [stdout]     |                    ^^^^^^^^^^^^^^
[INFO] [stdout]     |
[INFO] [stdout]     = note: source type: for<'r> extern "C" fn(*mut Box<(dyn FnMut() -> isize + 'r)>) -> i32 {callback}
[INFO] [stdout]     = note: target type: *const for<'r> extern "C" fn(*const Box<(dyn FnMut() -> isize + 'r)>) -> i32
[INFO] [stdout]     = help: cast with `as` to a pointer instead
[INFO] [stdout] 
[INFO] [stdout] 
[INFO] [stdout] error: aborting due to previous error
[INFO] [stdout] 
[INFO] [stdout] 
[INFO] [stdout] For more information about this error, try `rustc --explain E0591`.
[INFO] [stdout] 
[INFO] [stdout] error: aborting due to previous error
[INFO] [stdout] 
[INFO] [stdout] 
[INFO] [stdout] For more information about this error, try `rustc --explain E0591`.
[INFO] [stdout] 
[INFO] [stderr] error: build failed
[INFO] running `Command { std: "docker" "inspect" "04c17a1e04b50a39977a10f84665786463c55ef620ad300f6dc341e35105f3be", kill_on_drop: false }`
[INFO] running `Command { std: "docker" "rm" "-f" "04c17a1e04b50a39977a10f84665786463c55ef620ad300f6dc341e35105f3be", kill_on_drop: false }`
[INFO] [stdout] 04c17a1e04b50a39977a10f84665786463c55ef620ad300f6dc341e35105f3be
