[INFO] cloning repository https://github.com/fenhl/aoc2019
[INFO] running `Command { std: "git" "-c" "credential.helper=" "-c" "credential.helper=/workspace/cargo-home/bin/git-credential-null" "clone" "--bare" "https://github.com/fenhl/aoc2019" "/workspace/cache/git-repos/https%3A%2F%2Fgithub.com%2Ffenhl%2Faoc2019", kill_on_drop: false }`
[INFO] [stderr] Cloning into bare repository '/workspace/cache/git-repos/https%3A%2F%2Fgithub.com%2Ffenhl%2Faoc2019'...
[INFO] running `Command { std: "git" "rev-parse" "HEAD", kill_on_drop: false }`
[INFO] [stdout] 9165ddc220db87a917f46a073e5468c98e78dce8
[INFO] testing fenhl/aoc2019 against 1.54.0 for beta-1.55-1
[INFO] running `Command { std: "git" "clone" "/workspace/cache/git-repos/https%3A%2F%2Fgithub.com%2Ffenhl%2Faoc2019" "/workspace/builds/worker-7/source", kill_on_drop: false }`
[INFO] [stderr] Cloning into '/workspace/builds/worker-7/source'...
[INFO] [stderr] done.
[INFO] validating manifest of git repo https://github.com/fenhl/aoc2019 on toolchain 1.54.0
[INFO] running `Command { std: "/workspace/cargo-home/bin/cargo" "+1.54.0" "metadata" "--manifest-path" "Cargo.toml" "--no-deps", kill_on_drop: false }`
[INFO] started tweaking git repo https://github.com/fenhl/aoc2019
[INFO] finished tweaking git repo https://github.com/fenhl/aoc2019
[INFO] tweaked toml for git repo https://github.com/fenhl/aoc2019 written to /workspace/builds/worker-7/source/Cargo.toml
[INFO] crate git repo https://github.com/fenhl/aoc2019 already has a lockfile, it will not be regenerated
[INFO] running `Command { std: "/workspace/cargo-home/bin/cargo" "+1.54.0" "fetch" "--manifest-path" "Cargo.toml", kill_on_drop: false }`
[INFO] [stderr]     Blocking waiting for file lock on package cache
[INFO] running `Command { std: "docker" "create" "-v" "/var/lib/crater-agent-workspace/builds/worker-7/target:/opt/rustwide/target:rw,Z" "-v" "/var/lib/crater-agent-workspace/builds/worker-7/source:/opt/rustwide/workdir:ro,Z" "-v" "/var/lib/crater-agent-workspace/cargo-home:/opt/rustwide/cargo-home:ro,Z" "-v" "/var/lib/crater-agent-workspace/rustup-home:/opt/rustwide/rustup-home:ro,Z" "-e" "SOURCE_DIR=/opt/rustwide/workdir" "-e" "CARGO_TARGET_DIR=/opt/rustwide/target" "-e" "CARGO_HOME=/opt/rustwide/cargo-home" "-e" "RUSTUP_HOME=/opt/rustwide/rustup-home" "-w" "/opt/rustwide/workdir" "-m" "1610612736" "--user" "0:0" "--network" "none" "ghcr.io/rust-lang/crates-build-env/linux@sha256:34b6a614d2c27851fe6cbf88fbd1137609cefab8b10d0615aaeb6fd47975d74e" "/opt/rustwide/cargo-home/bin/cargo" "+1.54.0" "metadata" "--no-deps" "--format-version=1", kill_on_drop: false }`
[INFO] [stdout] eed1dd8ce7875bee728cdbcefdc187f6ea148910c2146f319a6b4d8967f6e8d7
[INFO] running `Command { std: "docker" "start" "-a" "eed1dd8ce7875bee728cdbcefdc187f6ea148910c2146f319a6b4d8967f6e8d7", kill_on_drop: false }`
[INFO] running `Command { std: "docker" "inspect" "eed1dd8ce7875bee728cdbcefdc187f6ea148910c2146f319a6b4d8967f6e8d7", kill_on_drop: false }`
[INFO] running `Command { std: "docker" "rm" "-f" "eed1dd8ce7875bee728cdbcefdc187f6ea148910c2146f319a6b4d8967f6e8d7", kill_on_drop: false }`
[INFO] [stdout] eed1dd8ce7875bee728cdbcefdc187f6ea148910c2146f319a6b4d8967f6e8d7
[INFO] running `Command { std: "docker" "create" "-v" "/var/lib/crater-agent-workspace/builds/worker-7/target:/opt/rustwide/target:rw,Z" "-v" "/var/lib/crater-agent-workspace/builds/worker-7/source:/opt/rustwide/workdir:ro,Z" "-v" "/var/lib/crater-agent-workspace/cargo-home:/opt/rustwide/cargo-home:ro,Z" "-v" "/var/lib/crater-agent-workspace/rustup-home:/opt/rustwide/rustup-home:ro,Z" "-e" "SOURCE_DIR=/opt/rustwide/workdir" "-e" "CARGO_TARGET_DIR=/opt/rustwide/target" "-e" "CARGO_INCREMENTAL=0" "-e" "RUST_BACKTRACE=full" "-e" "RUSTFLAGS=--cap-lints=warn" "-e" "CARGO_HOME=/opt/rustwide/cargo-home" "-e" "RUSTUP_HOME=/opt/rustwide/rustup-home" "-w" "/opt/rustwide/workdir" "-m" "1610612736" "--user" "0:0" "--network" "none" "ghcr.io/rust-lang/crates-build-env/linux@sha256:34b6a614d2c27851fe6cbf88fbd1137609cefab8b10d0615aaeb6fd47975d74e" "/opt/rustwide/cargo-home/bin/cargo" "+1.54.0" "build" "--frozen" "--message-format=json", kill_on_drop: false }`
[INFO] [stdout] a9f5dcf8458cc265f35954afe52fe420e60a29b5f70c1592b1a8de6fa1046c02
[INFO] running `Command { std: "docker" "start" "-a" "a9f5dcf8458cc265f35954afe52fe420e60a29b5f70c1592b1a8de6fa1046c02", kill_on_drop: false }`
[INFO] [stderr]    Compiling proc-macro2 v1.0.9
[INFO] [stderr]    Compiling syn v1.0.17
[INFO] [stderr]    Compiling serde v1.0.105
[INFO] [stderr]    Compiling ryu v1.0.3
[INFO] [stderr]    Compiling itoa v0.4.5
[INFO] [stderr]    Compiling aoc-runner v0.3.0
[INFO] [stderr]    Compiling num-traits v0.2.11
[INFO] [stderr]    Compiling num-integer v0.1.42
[INFO] [stderr]    Compiling num-bigint v0.2.6
[INFO] [stderr]    Compiling num-rational v0.2.4
[INFO] [stderr]    Compiling num-iter v0.1.40
[INFO] [stderr]    Compiling num-complex v0.2.4
[INFO] [stderr]    Compiling itertools v0.9.0
[INFO] [stderr]    Compiling quote v1.0.3
[INFO] [stderr]    Compiling num v0.2.1
[INFO] [stderr]    Compiling serde_json v1.0.50
[INFO] [stderr]    Compiling serde_derive v1.0.105
[INFO] [stderr]    Compiling derive_more v0.99.5
[INFO] [stderr]    Compiling aoc-runner-internal v0.1.0
[INFO] [stderr]    Compiling aoc-runner-derive v0.3.0
[INFO] [stderr]    Compiling aoc2019 v0.1.0 (/opt/rustwide/workdir)
[INFO] [stdout] error: proc macro panicked
[INFO] [stdout]   --> src/lib.rs:12:1
[INFO] [stdout]    |
[INFO] [stdout] 12 | aoc_lib! { year = 2019 }
[INFO] [stdout]    | ^^^^^^^^^^^^^^^^^^^^^^^^
[INFO] [stdout]    |
[INFO] [stdout]    = help: message: failed to write infos from lib: Os { code: 30, kind: Other, message: "Read-only file system" }
[INFO] [stdout] 
[INFO] [stdout] 
[INFO] [stdout] error[E0432]: unresolved import `crate`
[INFO] [stdout]   --> src/day01.rs:15:1
[INFO] [stdout]    |
[INFO] [stdout] 15 | #[aoc(day1, part1)]
[INFO] [stdout]    | ^^^^^^^^^^^^^^^^^^^ no `Factory` in the root
[INFO] [stdout]    |
[INFO] [stdout]    = note: this error originates in the attribute macro `aoc` (in Nightly builds, run with -Z macro-backtrace for more info)
[INFO] [stdout] 
[INFO] [stdout] 
[INFO] [stdout] error[E0432]: unresolved import `crate`
[INFO] [stdout]   --> src/day01.rs:20:1
[INFO] [stdout]    |
[INFO] [stdout] 20 | #[aoc(day1, part2)]
[INFO] [stdout]    | ^^^^^^^^^^^^^^^^^^^ no `Factory` in the root
[INFO] [stdout]    |
[INFO] [stdout]    = note: this error originates in the attribute macro `aoc` (in Nightly builds, run with -Z macro-backtrace for more info)
[INFO] [stdout] 
[INFO] [stdout] 
[INFO] [stdout] error[E0432]: unresolved import `crate`
[INFO] [stdout]   --> src/day02.rs:18:1
[INFO] [stdout]    |
[INFO] [stdout] 18 | #[aoc(day2, part1)]
[INFO] [stdout]    | ^^^^^^^^^^^^^^^^^^^ no `Factory` in the root
[INFO] [stdout]    |
[INFO] [stdout]    = note: this error originates in the attribute macro `aoc` (in Nightly builds, run with -Z macro-backtrace for more info)
[INFO] [stdout] 
[INFO] [stdout] 
[INFO] [stdout] error[E0432]: unresolved import `crate`
[INFO] [stdout]   --> src/day02.rs:23:1
[INFO] [stdout]    |
[INFO] [stdout] 23 | #[aoc(day2, part2)]
[INFO] [stdout]    | ^^^^^^^^^^^^^^^^^^^ no `Factory` in the root
[INFO] [stdout]    |
[INFO] [stdout]    = note: this error originates in the attribute macro `aoc` (in Nightly builds, run with -Z macro-backtrace for more info)
[INFO] [stdout] 
[INFO] [stdout] 
[INFO] [stdout] error[E0432]: unresolved import `crate`
[INFO] [stdout]    --> src/day03.rs:121:1
[INFO] [stdout]     |
[INFO] [stdout] 121 | #[aoc(day3, part1)]
[INFO] [stdout]     | ^^^^^^^^^^^^^^^^^^^ no `Factory` in the root
[INFO] [stdout]     |
[INFO] [stdout]     = note: this error originates in the attribute macro `aoc` (in Nightly builds, run with -Z macro-backtrace for more info)
[INFO] [stdout] 
[INFO] [stdout] 
[INFO] [stdout] error[E0432]: unresolved import `crate`
[INFO] [stdout]    --> src/day03.rs:127:1
[INFO] [stdout]     |
[INFO] [stdout] 127 | #[aoc(day3, part2)]
[INFO] [stdout]     | ^^^^^^^^^^^^^^^^^^^ no `Factory` in the root
[INFO] [stdout]     |
[INFO] [stdout]     = note: this error originates in the attribute macro `aoc` (in Nightly builds, run with -Z macro-backtrace for more info)
[INFO] [stdout] 
[INFO] [stdout] 
[INFO] [stdout] error[E0432]: unresolved import `crate`
[INFO] [stdout]   --> src/day04.rs:51:1
[INFO] [stdout]    |
[INFO] [stdout] 51 | #[aoc(day4, part1)]
[INFO] [stdout]    | ^^^^^^^^^^^^^^^^^^^ no `Factory` in the root
[INFO] [stdout]    |
[INFO] [stdout]    = note: this error originates in the attribute macro `aoc` (in Nightly builds, run with -Z macro-backtrace for more info)
[INFO] [stdout] 
[INFO] [stdout] 
[INFO] [stdout] error[E0432]: unresolved import `crate`
[INFO] [stdout]   --> src/day04.rs:56:1
[INFO] [stdout]    |
[INFO] [stdout] 56 | #[aoc(day4, part2)]
[INFO] [stdout]    | ^^^^^^^^^^^^^^^^^^^ no `Factory` in the root
[INFO] [stdout]    |
[INFO] [stdout]    = note: this error originates in the attribute macro `aoc` (in Nightly builds, run with -Z macro-backtrace for more info)
[INFO] [stdout] 
[INFO] [stdout] 
[INFO] [stdout] error[E0432]: unresolved import `crate`
[INFO] [stdout]   --> src/day05.rs:14:1
[INFO] [stdout]    |
[INFO] [stdout] 14 | #[aoc(day5, part1)]
[INFO] [stdout]    | ^^^^^^^^^^^^^^^^^^^ no `Factory` in the root
[INFO] [stdout]    |
[INFO] [stdout]    = note: this error originates in the attribute macro `aoc` (in Nightly builds, run with -Z macro-backtrace for more info)
[INFO] [stdout] 
[INFO] [stdout] 
[INFO] [stdout] error[E0432]: unresolved import `crate`
[INFO] [stdout]   --> src/day05.rs:30:1
[INFO] [stdout]    |
[INFO] [stdout] 30 | #[aoc(day5, part2)]
[INFO] [stdout]    | ^^^^^^^^^^^^^^^^^^^ no `Factory` in the root
[INFO] [stdout]    |
[INFO] [stdout]    = note: this error originates in the attribute macro `aoc` (in Nightly builds, run with -Z macro-backtrace for more info)
[INFO] [stdout] 
[INFO] [stdout] 
[INFO] [stdout] error[E0432]: unresolved import `crate`
[INFO] [stdout]   --> src/day06.rs:40:1
[INFO] [stdout]    |
[INFO] [stdout] 40 | #[aoc(day6, part1)]
[INFO] [stdout]    | ^^^^^^^^^^^^^^^^^^^ no `Factory` in the root
[INFO] [stdout]    |
[INFO] [stdout]    = note: this error originates in the attribute macro `aoc` (in Nightly builds, run with -Z macro-backtrace for more info)
[INFO] [stdout] 
[INFO] [stdout] 
[INFO] [stdout] error[E0432]: unresolved import `crate`
[INFO] [stdout]   --> src/day06.rs:45:1
[INFO] [stdout]    |
[INFO] [stdout] 45 | #[aoc(day6, part2)]
[INFO] [stdout]    | ^^^^^^^^^^^^^^^^^^^ no `Factory` in the root
[INFO] [stdout]    |
[INFO] [stdout]    = note: this error originates in the attribute macro `aoc` (in Nightly builds, run with -Z macro-backtrace for more info)
[INFO] [stdout] 
[INFO] [stdout] 
[INFO] [stdout] error: aborting due to 13 previous errors
[INFO] [stdout] 
[INFO] [stdout] 
[INFO] [stdout] For more information about this error, try `rustc --explain E0432`.
[INFO] [stdout] 
[INFO] [stderr] error: could not compile `aoc2019`
[INFO] [stderr] 
[INFO] [stderr] To learn more, run the command again with --verbose.
[INFO] running `Command { std: "docker" "inspect" "a9f5dcf8458cc265f35954afe52fe420e60a29b5f70c1592b1a8de6fa1046c02", kill_on_drop: false }`
[INFO] running `Command { std: "docker" "rm" "-f" "a9f5dcf8458cc265f35954afe52fe420e60a29b5f70c1592b1a8de6fa1046c02", kill_on_drop: false }`
[INFO] [stdout] a9f5dcf8458cc265f35954afe52fe420e60a29b5f70c1592b1a8de6fa1046c02
