[INFO] cloning repository https://github.com/feathecutie/crochet
[INFO] running `Command { std: "git" "-c" "credential.helper=" "-c" "credential.helper=/workspace/cargo-home/bin/git-credential-null" "clone" "--bare" "https://github.com/feathecutie/crochet" "/workspace/cache/git-repos/https%3A%2F%2Fgithub.com%2Ffeathecutie%2Fcrochet", kill_on_drop: false }`
[INFO] [stderr] Cloning into bare repository '/workspace/cache/git-repos/https%3A%2F%2Fgithub.com%2Ffeathecutie%2Fcrochet'...
[INFO] running `Command { std: "git" "rev-parse" "HEAD", kill_on_drop: false }`
[INFO] [stdout] de8a7226be620589a83d2cd953cdc4796ea6ca05
[INFO] testing feathecutie/crochet against beta-2021-08-01 for beta-1.55-1
[INFO] running `Command { std: "git" "clone" "/workspace/cache/git-repos/https%3A%2F%2Fgithub.com%2Ffeathecutie%2Fcrochet" "/workspace/builds/worker-5/source", kill_on_drop: false }`
[INFO] [stderr] Cloning into '/workspace/builds/worker-5/source'...
[INFO] [stderr] done.
[INFO] validating manifest of git repo https://github.com/feathecutie/crochet on toolchain beta-2021-08-01
[INFO] running `Command { std: "/workspace/cargo-home/bin/cargo" "+beta-2021-08-01" "metadata" "--manifest-path" "Cargo.toml" "--no-deps", kill_on_drop: false }`
[INFO] started tweaking git repo https://github.com/feathecutie/crochet
[INFO] finished tweaking git repo https://github.com/feathecutie/crochet
[INFO] tweaked toml for git repo https://github.com/feathecutie/crochet written to /workspace/builds/worker-5/source/Cargo.toml
[INFO] crate git repo https://github.com/feathecutie/crochet already has a lockfile, it will not be regenerated
[INFO] running `Command { std: "/workspace/cargo-home/bin/cargo" "+beta-2021-08-01" "fetch" "--manifest-path" "Cargo.toml", kill_on_drop: false }`
[INFO] [stderr]  Downloading crates ...
[INFO] [stderr]   Downloaded bevy_sprite v0.5.0
[INFO] [stderr]   Downloaded bevy_winit v0.5.0
[INFO] [stderr]   Downloaded rectangle-pack v0.3.0
[INFO] [stderr]   Downloaded bevy_gltf v0.5.0
[INFO] [stderr]   Downloaded bevy_utils v0.5.0
[INFO] [stderr]   Downloaded bevy_math v0.5.0
[INFO] [stderr]   Downloaded bevy_webgl2 v0.5.2
[INFO] [stderr]   Downloaded bevy_diagnostic v0.5.0
[INFO] [stderr]   Downloaded bevy_transform v0.5.0
[INFO] [stderr]   Downloaded bevy_app v0.5.0
[INFO] [stderr]   Downloaded bevy_input v0.5.0
[INFO] [stderr]   Downloaded bevy_render v0.5.0
[INFO] [stderr]   Downloaded bevy_tasks v0.5.0
[INFO] [stderr]   Downloaded bevy_reflect_derive v0.5.0
[INFO] [stderr]   Downloaded bevy_text v0.5.0
[INFO] [stderr]   Downloaded spirv-types v0.4.0-alpha.10
[INFO] [stderr]   Downloaded spirv-std v0.4.0-alpha.8
[INFO] [stderr]   Downloaded spirv-std-macros v0.4.0-alpha.10
[INFO] [stderr]   Downloaded bevy_core v0.5.0
[INFO] [stderr]   Downloaded bevy_pbr v0.5.0
[INFO] [stderr]   Downloaded bevy_wgpu v0.5.0
[INFO] [stderr]   Downloaded bevy_asset v0.5.0
[INFO] [stderr]   Downloaded bevy_ui v0.5.0
[INFO] [stderr]   Downloaded bevy_reflect v0.5.0
[INFO] [stderr]   Downloaded bevy_scene v0.5.0
[INFO] [stderr]   Downloaded bevy_internal v0.5.0
[INFO] [stderr]   Downloaded bevy_window v0.5.0
[INFO] [stderr]   Downloaded bevy_derive v0.5.0
[INFO] [stderr]   Downloaded bevy_log v0.5.0
[INFO] [stderr]   Downloaded bevy v0.5.0
[INFO] [stderr]   Downloaded bevy_ecs_macros v0.5.0
[INFO] [stderr]   Downloaded glam v0.13.1
[INFO] [stderr]   Downloaded bevy_ecs v0.5.0
[INFO] running `Command { std: "docker" "create" "-v" "/var/lib/crater-agent-workspace/builds/worker-5/target:/opt/rustwide/target:rw,Z" "-v" "/var/lib/crater-agent-workspace/builds/worker-5/source:/opt/rustwide/workdir:ro,Z" "-v" "/var/lib/crater-agent-workspace/cargo-home:/opt/rustwide/cargo-home:ro,Z" "-v" "/var/lib/crater-agent-workspace/rustup-home:/opt/rustwide/rustup-home:ro,Z" "-e" "SOURCE_DIR=/opt/rustwide/workdir" "-e" "CARGO_TARGET_DIR=/opt/rustwide/target" "-e" "CARGO_HOME=/opt/rustwide/cargo-home" "-e" "RUSTUP_HOME=/opt/rustwide/rustup-home" "-w" "/opt/rustwide/workdir" "-m" "1610612736" "--user" "0:0" "--network" "none" "ghcr.io/rust-lang/crates-build-env/linux@sha256:34b6a614d2c27851fe6cbf88fbd1137609cefab8b10d0615aaeb6fd47975d74e" "/opt/rustwide/cargo-home/bin/cargo" "+beta-2021-08-01" "metadata" "--no-deps" "--format-version=1", kill_on_drop: false }`
[INFO] [stdout] a61dc795bdcd49bd1b8393eca0531026d845b05882a5802fab4afa8395af6b4e
[INFO] running `Command { std: "docker" "start" "-a" "a61dc795bdcd49bd1b8393eca0531026d845b05882a5802fab4afa8395af6b4e", kill_on_drop: false }`
[INFO] running `Command { std: "docker" "inspect" "a61dc795bdcd49bd1b8393eca0531026d845b05882a5802fab4afa8395af6b4e", kill_on_drop: false }`
[INFO] running `Command { std: "docker" "rm" "-f" "a61dc795bdcd49bd1b8393eca0531026d845b05882a5802fab4afa8395af6b4e", kill_on_drop: false }`
[INFO] [stdout] a61dc795bdcd49bd1b8393eca0531026d845b05882a5802fab4afa8395af6b4e
[INFO] running `Command { std: "docker" "create" "-v" "/var/lib/crater-agent-workspace/builds/worker-5/target:/opt/rustwide/target:rw,Z" "-v" "/var/lib/crater-agent-workspace/builds/worker-5/source:/opt/rustwide/workdir:ro,Z" "-v" "/var/lib/crater-agent-workspace/cargo-home:/opt/rustwide/cargo-home:ro,Z" "-v" "/var/lib/crater-agent-workspace/rustup-home:/opt/rustwide/rustup-home:ro,Z" "-e" "SOURCE_DIR=/opt/rustwide/workdir" "-e" "CARGO_TARGET_DIR=/opt/rustwide/target" "-e" "CARGO_INCREMENTAL=0" "-e" "RUST_BACKTRACE=full" "-e" "RUSTFLAGS=--cap-lints=warn" "-e" "CARGO_HOME=/opt/rustwide/cargo-home" "-e" "RUSTUP_HOME=/opt/rustwide/rustup-home" "-w" "/opt/rustwide/workdir" "-m" "1610612736" "--user" "0:0" "--network" "none" "ghcr.io/rust-lang/crates-build-env/linux@sha256:34b6a614d2c27851fe6cbf88fbd1137609cefab8b10d0615aaeb6fd47975d74e" "/opt/rustwide/cargo-home/bin/cargo" "+beta-2021-08-01" "build" "--frozen" "--message-format=json", kill_on_drop: false }`
[INFO] [stdout] 1daf403ce889cc8b67068cbb88be3c6a92b47f84f8c6b819f6f61587eed5581e
[INFO] running `Command { std: "docker" "start" "-a" "1daf403ce889cc8b67068cbb88be3c6a92b47f84f8c6b819f6f61587eed5581e", kill_on_drop: false }`
[INFO] [stderr]    Compiling syn v1.0.65
[INFO] [stderr]    Compiling once_cell v1.8.0
[INFO] [stderr]    Compiling futures-io v0.3.15
[INFO] [stderr]    Compiling Inflector v0.11.4
[INFO] [stderr]    Compiling fixedbitset v0.4.0
[INFO] [stderr]    Compiling serde_json v1.0.64
[INFO] [stderr]    Compiling itoa v0.4.7
[INFO] [stderr]    Compiling crossbeam-utils v0.8.5
[INFO] [stderr]    Compiling anyhow v1.0.42
[INFO] [stderr]    Compiling bevy-glsl-to-spirv v0.2.1
[INFO] [stderr]    Compiling glam v0.15.2
[INFO] [stderr]    Compiling bytemuck v1.7.0
[INFO] [stderr]    Compiling ttf-parser v0.12.3
[INFO] [stderr]    Compiling wasm-bindgen-shared v0.2.69
[INFO] [stderr]    Compiling inflections v1.1.1
[INFO] [stderr]    Compiling libm v0.1.4
[INFO] [stderr]    Compiling rectangle-pack v0.3.0
[INFO] [stderr]    Compiling wasm-bindgen v0.2.69
[INFO] [stderr]    Compiling instant v0.1.10
[INFO] [stderr]    Compiling spirv-reflect v0.2.3
[INFO] [stderr]    Compiling matchers v0.0.1
[INFO] [stderr]    Compiling getrandom v0.2.3
[INFO] [stderr]    Compiling num-traits v0.2.14
[INFO] [stderr]    Compiling async-channel v1.6.1
[INFO] [stderr]    Compiling aho-corasick v0.7.18
[INFO] [stderr]    Compiling tracing-log v0.1.2
[INFO] [stderr]    Compiling inotify-sys v0.1.5
[INFO] [stderr]    Compiling mio v0.7.13
[INFO] [stderr]    Compiling filetime v0.2.14
[INFO] [stderr]    Compiling raw-window-handle v0.3.3
[INFO] [stderr]    Compiling futures-lite v1.12.0
[INFO] [stderr]    Compiling thread_local v1.1.3
[INFO] [stderr]    Compiling ahash v0.7.4
[INFO] [stderr]    Compiling rand_core v0.6.3
[INFO] [stderr]    Compiling winit v0.24.0
[INFO] [stderr]    Compiling inotify v0.9.3
[INFO] [stderr]    Compiling regex v1.5.4
[INFO] [stdout] error: Please select a feature to build for unix: `x11`, `wayland`
[INFO] [stdout]   --> /opt/rustwide/cargo-home/registry/src/github.com-1ecc6299db9ec823/winit-0.24.0/src/platform_impl/linux/mod.rs:10:1
[INFO] [stdout]    |
[INFO] [stdout] 10 | compile_error!("Please select a feature to build for unix: `x11`, `wayland`");
[INFO] [stdout]    | ^^^^^^^^^^^^^^^^^^^^^^^^^^^^^^^^^^^^^^^^^^^^^^^^^^^^^^^^^^^^^^^^^^^^^^^^^^^^^^
[INFO] [stdout] 
[INFO] [stdout] 
[INFO] [stderr]    Compiling crossbeam-channel v0.5.1
[INFO] [stdout] error[E0392]: parameter `T` is never used
[INFO] [stdout]   --> /opt/rustwide/cargo-home/registry/src/github.com-1ecc6299db9ec823/winit-0.24.0/src/event_loop.rs:32:22
[INFO] [stdout]    |
[INFO] [stdout] 32 | pub struct EventLoop<T: 'static> {
[INFO] [stdout]    |                      ^ unused parameter
[INFO] [stdout]    |
[INFO] [stdout]    = help: consider removing `T`, referring to it in a field, or using a marker such as `PhantomData`
[INFO] [stdout]    = help: if you intended `T` to be a const parameter, use `const T: usize` instead
[INFO] [stdout] 
[INFO] [stdout] 
[INFO] [stdout] error[E0392]: parameter `T` is never used
[INFO] [stdout]   --> /opt/rustwide/cargo-home/registry/src/github.com-1ecc6299db9ec823/winit-0.24.0/src/event_loop.rs:43:34
[INFO] [stdout]    |
[INFO] [stdout] 43 | pub struct EventLoopWindowTarget<T: 'static> {
[INFO] [stdout]    |                                  ^ unused parameter
[INFO] [stdout]    |
[INFO] [stdout]    = help: consider removing `T`, referring to it in a field, or using a marker such as `PhantomData`
[INFO] [stdout]    = help: if you intended `T` to be a const parameter, use `const T: usize` instead
[INFO] [stdout] 
[INFO] [stdout] 
[INFO] [stdout] error[E0392]: parameter `T` is never used
[INFO] [stdout]    --> /opt/rustwide/cargo-home/registry/src/github.com-1ecc6299db9ec823/winit-0.24.0/src/event_loop.rs:196:27
[INFO] [stdout]     |
[INFO] [stdout] 196 | pub struct EventLoopProxy<T: 'static> {
[INFO] [stdout]     |                           ^ unused parameter
[INFO] [stdout]     |
[INFO] [stdout]     = help: consider removing `T`, referring to it in a field, or using a marker such as `PhantomData`
[INFO] [stdout]     = help: if you intended `T` to be a const parameter, use `const T: usize` instead
[INFO] [stdout] 
[INFO] [stdout] 
[INFO] [stderr]    Compiling rand_chacha v0.3.1
[INFO] [stdout] error[E0392]: parameter `T` is never used
[INFO] [stdout]    --> /opt/rustwide/cargo-home/registry/src/github.com-1ecc6299db9ec823/winit-0.24.0/src/platform_impl/linux/mod.rs:532:20
[INFO] [stdout]     |
[INFO] [stdout] 532 | pub enum EventLoop<T: 'static> {
[INFO] [stdout]     |                    ^ unused parameter
[INFO] [stdout]     |
[INFO] [stdout]     = help: consider removing `T`, referring to it in a field, or using a marker such as `PhantomData`
[INFO] [stdout]     = help: if you intended `T` to be a const parameter, use `const T: usize` instead
[INFO] [stdout] 
[INFO] [stdout] 
[INFO] [stdout] error[E0392]: parameter `T` is never used
[INFO] [stdout]    --> /opt/rustwide/cargo-home/registry/src/github.com-1ecc6299db9ec823/winit-0.24.0/src/platform_impl/linux/mod.rs:539:25
[INFO] [stdout]     |
[INFO] [stdout] 539 | pub enum EventLoopProxy<T: 'static> {
[INFO] [stdout]     |                         ^ unused parameter
[INFO] [stdout]     |
[INFO] [stdout]     = help: consider removing `T`, referring to it in a field, or using a marker such as `PhantomData`
[INFO] [stdout]     = help: if you intended `T` to be a const parameter, use `const T: usize` instead
[INFO] [stdout] 
[INFO] [stdout] 
[INFO] [stdout] error[E0392]: parameter `T` is never used
[INFO] [stdout]    --> /opt/rustwide/cargo-home/registry/src/github.com-1ecc6299db9ec823/winit-0.24.0/src/platform_impl/linux/mod.rs:666:32
[INFO] [stdout]     |
[INFO] [stdout] 666 | pub enum EventLoopWindowTarget<T> {
[INFO] [stdout]     |                                ^ unused parameter
[INFO] [stdout]     |
[INFO] [stdout]     = help: consider removing `T`, referring to it in a field, or using a marker such as `PhantomData`
[INFO] [stdout]     = help: if you intended `T` to be a const parameter, use `const T: usize` instead
[INFO] [stdout] 
[INFO] [stdout] 
[INFO] [stderr]    Compiling num-integer v0.1.44
[INFO] [stdout] error: aborting due to 7 previous errors
[INFO] [stdout] 
[INFO] [stdout] 
[INFO] [stdout] For more information about this error, try `rustc --explain E0392`.
[INFO] [stdout] 
[INFO] [stderr] error: could not compile `winit` due to 8 previous errors
[INFO] [stderr] warning: build failed, waiting for other jobs to finish...
[INFO] [stderr] error: build failed
[INFO] running `Command { std: "docker" "inspect" "1daf403ce889cc8b67068cbb88be3c6a92b47f84f8c6b819f6f61587eed5581e", kill_on_drop: false }`
[INFO] running `Command { std: "docker" "rm" "-f" "1daf403ce889cc8b67068cbb88be3c6a92b47f84f8c6b819f6f61587eed5581e", kill_on_drop: false }`
[INFO] [stdout] 1daf403ce889cc8b67068cbb88be3c6a92b47f84f8c6b819f6f61587eed5581e
