[INFO] cloning repository https://github.com/evan-brass/dis-sudoku
[INFO] running `Command { std: "git" "-c" "credential.helper=" "-c" "credential.helper=/workspace/cargo-home/bin/git-credential-null" "clone" "--bare" "https://github.com/evan-brass/dis-sudoku" "/workspace/cache/git-repos/https%3A%2F%2Fgithub.com%2Fevan-brass%2Fdis-sudoku", kill_on_drop: false }`
[INFO] [stderr] Cloning into bare repository '/workspace/cache/git-repos/https%3A%2F%2Fgithub.com%2Fevan-brass%2Fdis-sudoku'...
[INFO] running `Command { std: "git" "rev-parse" "HEAD", kill_on_drop: false }`
[INFO] [stdout] 01c83c9c8fb67c637d80cd5df2e51df7ac7c5647
[INFO] testing evan-brass/dis-sudoku against 1.54.0 for beta-1.55-1
[INFO] running `Command { std: "git" "clone" "/workspace/cache/git-repos/https%3A%2F%2Fgithub.com%2Fevan-brass%2Fdis-sudoku" "/workspace/builds/worker-2/source", kill_on_drop: false }`
[INFO] [stderr] Cloning into '/workspace/builds/worker-2/source'...
[INFO] [stderr] done.
[INFO] validating manifest of git repo https://github.com/evan-brass/dis-sudoku on toolchain 1.54.0
[INFO] running `Command { std: "/workspace/cargo-home/bin/cargo" "+1.54.0" "metadata" "--manifest-path" "Cargo.toml" "--no-deps", kill_on_drop: false }`
[INFO] removed /workspace/builds/worker-2/source/.cargo/config
[INFO] removed /workspace/builds/worker-2/source/rust-toolchain
[INFO] started tweaking git repo https://github.com/evan-brass/dis-sudoku
[INFO] finished tweaking git repo https://github.com/evan-brass/dis-sudoku
[INFO] tweaked toml for git repo https://github.com/evan-brass/dis-sudoku written to /workspace/builds/worker-2/source/Cargo.toml
[INFO] crate git repo https://github.com/evan-brass/dis-sudoku already has a lockfile, it will not be regenerated
[INFO] running `Command { std: "/workspace/cargo-home/bin/cargo" "+1.54.0" "fetch" "--manifest-path" "Cargo.toml", kill_on_drop: false }`
[INFO] running `Command { std: "docker" "create" "-v" "/var/lib/crater-agent-workspace/builds/worker-2/target:/opt/rustwide/target:rw,Z" "-v" "/var/lib/crater-agent-workspace/builds/worker-2/source:/opt/rustwide/workdir:ro,Z" "-v" "/var/lib/crater-agent-workspace/cargo-home:/opt/rustwide/cargo-home:ro,Z" "-v" "/var/lib/crater-agent-workspace/rustup-home:/opt/rustwide/rustup-home:ro,Z" "-e" "SOURCE_DIR=/opt/rustwide/workdir" "-e" "CARGO_TARGET_DIR=/opt/rustwide/target" "-e" "CARGO_HOME=/opt/rustwide/cargo-home" "-e" "RUSTUP_HOME=/opt/rustwide/rustup-home" "-w" "/opt/rustwide/workdir" "-m" "1610612736" "--user" "0:0" "--network" "none" "ghcr.io/rust-lang/crates-build-env/linux@sha256:34b6a614d2c27851fe6cbf88fbd1137609cefab8b10d0615aaeb6fd47975d74e" "/opt/rustwide/cargo-home/bin/cargo" "+1.54.0" "metadata" "--no-deps" "--format-version=1", kill_on_drop: false }`
[INFO] [stdout] 557ec846b4f811f065e21bc9cb3ba17c4f86e424d1a7992d676861a040b0137f
[INFO] running `Command { std: "docker" "start" "-a" "557ec846b4f811f065e21bc9cb3ba17c4f86e424d1a7992d676861a040b0137f", kill_on_drop: false }`
[INFO] running `Command { std: "docker" "inspect" "557ec846b4f811f065e21bc9cb3ba17c4f86e424d1a7992d676861a040b0137f", kill_on_drop: false }`
[INFO] running `Command { std: "docker" "rm" "-f" "557ec846b4f811f065e21bc9cb3ba17c4f86e424d1a7992d676861a040b0137f", kill_on_drop: false }`
[INFO] [stdout] 557ec846b4f811f065e21bc9cb3ba17c4f86e424d1a7992d676861a040b0137f
[INFO] running `Command { std: "docker" "create" "-v" "/var/lib/crater-agent-workspace/builds/worker-2/target:/opt/rustwide/target:rw,Z" "-v" "/var/lib/crater-agent-workspace/builds/worker-2/source:/opt/rustwide/workdir:ro,Z" "-v" "/var/lib/crater-agent-workspace/cargo-home:/opt/rustwide/cargo-home:ro,Z" "-v" "/var/lib/crater-agent-workspace/rustup-home:/opt/rustwide/rustup-home:ro,Z" "-e" "SOURCE_DIR=/opt/rustwide/workdir" "-e" "CARGO_TARGET_DIR=/opt/rustwide/target" "-e" "CARGO_INCREMENTAL=0" "-e" "RUST_BACKTRACE=full" "-e" "RUSTFLAGS=--cap-lints=warn" "-e" "CARGO_HOME=/opt/rustwide/cargo-home" "-e" "RUSTUP_HOME=/opt/rustwide/rustup-home" "-w" "/opt/rustwide/workdir" "-m" "1610612736" "--user" "0:0" "--network" "none" "ghcr.io/rust-lang/crates-build-env/linux@sha256:34b6a614d2c27851fe6cbf88fbd1137609cefab8b10d0615aaeb6fd47975d74e" "/opt/rustwide/cargo-home/bin/cargo" "+1.54.0" "build" "--frozen" "--message-format=json", kill_on_drop: false }`
[INFO] [stdout] c0f82ea7ef21b395aba497cd90a7996f58e58a3f1c48f9a4347880bd38e8b1ff
[INFO] running `Command { std: "docker" "start" "-a" "c0f82ea7ef21b395aba497cd90a7996f58e58a3f1c48f9a4347880bd38e8b1ff", kill_on_drop: false }`
[INFO] [stderr]    Compiling syn v1.0.18
[INFO] [stderr]    Compiling wasm-bindgen-shared v0.2.62
[INFO] [stderr]    Compiling bumpalo v3.2.1
[INFO] [stderr]    Compiling wasm-bindgen v0.2.62
[INFO] [stderr]    Compiling libc v0.2.69
[INFO] [stderr]    Compiling wee_alloc v0.4.5
[INFO] [stderr]    Compiling memory_units v0.4.0
[INFO] [stderr]    Compiling quote v1.0.4
[INFO] [stderr]    Compiling wasm-bindgen-backend v0.2.62
[INFO] [stderr]    Compiling wasm-bindgen-macro-support v0.2.62
[INFO] [stderr]    Compiling wasm-bindgen-macro v0.2.62
[INFO] [stderr]    Compiling console_error_panic_hook v0.1.6
[INFO] [stderr]    Compiling shared v0.1.0 (/opt/rustwide/workdir/shared)
[INFO] [stdout] error[E0425]: cannot find function `set_panic` in module `std::io`
[INFO] [stdout]   --> shared/src/lib.rs:12:11
[INFO] [stdout]    |
[INFO] [stdout] 12 |     std::io::set_panic(Some(Box::new(stdiowrap::StdErr::new())));
[INFO] [stdout]    |              ^^^^^^^^^ not found in `std::io`
[INFO] [stdout] 
[INFO] [stdout] 
[INFO] [stdout] error[E0425]: cannot find function `set_print` in module `std::io`
[INFO] [stdout]    --> shared/src/lib.rs:13:11
[INFO] [stdout]     |
[INFO] [stdout] 13  |     std::io::set_print(Some(Box::new(stdiowrap::StdOut::new())));
[INFO] [stdout]     |              ^^^^^^^^^ help: a function with a similar name exists: `_eprint`
[INFO] [stdout] 
[INFO] [stdout] 
[INFO] [stdout] error[E0554]: `#![feature]` may not be used on the stable release channel
[INFO] [stdout]  --> shared/src/lib.rs:1:1
[INFO] [stdout]   |
[INFO] [stdout] 1 | #![feature(set_stdio)]
[INFO] [stdout]   | ^^^^^^^^^^^^^^^^^^^^^^
[INFO] [stdout] 
[INFO] [stdout] 
[INFO] [stdout] error: aborting due to 3 previous errors
[INFO] [stdout] 
[INFO] [stdout] 
[INFO] [stdout] Some errors have detailed explanations: E0425, E0554.
[INFO] [stdout] 
[INFO] [stdout] For more information about an error, try `rustc --explain E0425`.
[INFO] [stdout] 
[INFO] [stderr] error: could not compile `shared`
[INFO] [stderr] 
[INFO] [stderr] To learn more, run the command again with --verbose.
[INFO] running `Command { std: "docker" "inspect" "c0f82ea7ef21b395aba497cd90a7996f58e58a3f1c48f9a4347880bd38e8b1ff", kill_on_drop: false }`
[INFO] running `Command { std: "docker" "rm" "-f" "c0f82ea7ef21b395aba497cd90a7996f58e58a3f1c48f9a4347880bd38e8b1ff", kill_on_drop: false }`
[INFO] [stdout] c0f82ea7ef21b395aba497cd90a7996f58e58a3f1c48f9a4347880bd38e8b1ff
