[INFO] cloning repository https://github.com/erochest/straw-boss
[INFO] running `Command { std: "git" "-c" "credential.helper=" "-c" "credential.helper=/workspace/cargo-home/bin/git-credential-null" "clone" "--bare" "https://github.com/erochest/straw-boss" "/workspace/cache/git-repos/https%3A%2F%2Fgithub.com%2Ferochest%2Fstraw-boss", kill_on_drop: false }`
[INFO] [stderr] Cloning into bare repository '/workspace/cache/git-repos/https%3A%2F%2Fgithub.com%2Ferochest%2Fstraw-boss'...
[INFO] running `Command { std: "git" "rev-parse" "HEAD", kill_on_drop: false }`
[INFO] [stdout] e7eed4cb1b88978d9292396b622a40db78fc01a6
[INFO] testing erochest/straw-boss against beta-2021-08-01 for beta-1.55-1
[INFO] running `Command { std: "git" "clone" "/workspace/cache/git-repos/https%3A%2F%2Fgithub.com%2Ferochest%2Fstraw-boss" "/workspace/builds/worker-68/source", kill_on_drop: false }`
[INFO] [stderr] Cloning into '/workspace/builds/worker-68/source'...
[INFO] [stderr] done.
[INFO] validating manifest of git repo https://github.com/erochest/straw-boss on toolchain beta-2021-08-01
[INFO] running `Command { std: "/workspace/cargo-home/bin/cargo" "+beta-2021-08-01" "metadata" "--manifest-path" "Cargo.toml" "--no-deps", kill_on_drop: false }`
[INFO] removed /workspace/builds/worker-68/source/rust-toolchain
[INFO] started tweaking git repo https://github.com/erochest/straw-boss
[INFO] finished tweaking git repo https://github.com/erochest/straw-boss
[INFO] tweaked toml for git repo https://github.com/erochest/straw-boss written to /workspace/builds/worker-68/source/Cargo.toml
[INFO] crate git repo https://github.com/erochest/straw-boss already has a lockfile, it will not be regenerated
[INFO] running `Command { std: "/workspace/cargo-home/bin/cargo" "+beta-2021-08-01" "fetch" "--manifest-path" "Cargo.toml", kill_on_drop: false }`
[INFO] [stderr]  Downloading crates ...
[INFO] [stderr]   Downloaded num-integer v0.1.36
[INFO] [stderr]   Downloaded crc v1.7.0
[INFO] [stderr]   Downloaded build_const v0.2.0
[INFO] [stderr]   Downloaded serde_json v1.0.10
[INFO] [stderr]   Downloaded rustc-demangle v0.1.6
[INFO] [stderr]   Downloaded rmp-serde v0.13.7
[INFO] [stderr]   Downloaded serde_yaml v0.7.3
[INFO] [stderr]   Downloaded os_pipe v0.6.1
[INFO] [stderr]   Downloaded tempfile v3.0.4
[INFO] [stderr]   Downloaded ignore v0.4.3
[INFO] [stderr]   Downloaded shared_child v0.3.2
[INFO] [stderr]   Downloaded num-bigint v0.1.43
[INFO] [stderr]   Downloaded globset v0.4.2
[INFO] [stderr]   Downloaded globwalk v0.3.1
[INFO] [stderr]   Downloaded num-iter v0.1.35
[INFO] [stderr]   Downloaded spectral v0.6.0
[INFO] [stderr]   Downloaded regex-syntax v0.5.3
[INFO] [stderr]   Downloaded rmp v0.8.7
[INFO] [stderr]   Downloaded float-cmp v0.4.0
[INFO] [stderr]   Downloaded regex v0.2.10
[INFO] [stderr]   Downloaded normalize-line-endings v0.2.2
[INFO] [stderr]   Downloaded reqwest v0.8.8
[INFO] [stderr]   Downloaded encoding_rs v0.8.6
[INFO] [stderr]   Downloaded nix v0.10.0
[INFO] [stderr]   Downloaded predicates v0.9.0
[INFO] [stderr]   Downloaded daemonize v0.3.0
[INFO] [stderr]   Downloaded assert_cmd v0.6.0
[INFO] [stderr]   Downloaded shellwords v0.1.0
[INFO] [stderr]   Downloaded assert_fs v0.9.0
[INFO] [stderr]   Downloaded escargot v0.2.0
[INFO] [stderr]   Downloaded predicates-tree v0.9.0
[INFO] [stderr]   Downloaded duct v0.11.0
[INFO] [stderr]   Downloaded predicates-core v0.9.0
[INFO] [stderr]   Downloaded tokio-io v0.1.5
[INFO] [stderr]   Downloaded predicates v0.5.2
[INFO] [stderr]   Downloaded sysinfo v0.5.1
[INFO] [stderr]   Downloaded mio v0.6.13
[INFO] running `Command { std: "docker" "create" "-v" "/var/lib/crater-agent-workspace/builds/worker-68/target:/opt/rustwide/target:rw,Z" "-v" "/var/lib/crater-agent-workspace/builds/worker-68/source:/opt/rustwide/workdir:ro,Z" "-v" "/var/lib/crater-agent-workspace/cargo-home:/opt/rustwide/cargo-home:ro,Z" "-v" "/var/lib/crater-agent-workspace/rustup-home:/opt/rustwide/rustup-home:ro,Z" "-e" "SOURCE_DIR=/opt/rustwide/workdir" "-e" "CARGO_TARGET_DIR=/opt/rustwide/target" "-e" "CARGO_HOME=/opt/rustwide/cargo-home" "-e" "RUSTUP_HOME=/opt/rustwide/rustup-home" "-w" "/opt/rustwide/workdir" "-m" "1610612736" "--user" "0:0" "--network" "none" "ghcr.io/rust-lang/crates-build-env/linux@sha256:34b6a614d2c27851fe6cbf88fbd1137609cefab8b10d0615aaeb6fd47975d74e" "/opt/rustwide/cargo-home/bin/cargo" "+beta-2021-08-01" "metadata" "--no-deps" "--format-version=1", kill_on_drop: false }`
[INFO] [stdout] 3bbb6ca684e476ef1d7e8754b018b2a79485704465176d5971db07f0abbafa8b
[INFO] running `Command { std: "docker" "start" "-a" "3bbb6ca684e476ef1d7e8754b018b2a79485704465176d5971db07f0abbafa8b", kill_on_drop: false }`
[INFO] running `Command { std: "docker" "inspect" "3bbb6ca684e476ef1d7e8754b018b2a79485704465176d5971db07f0abbafa8b", kill_on_drop: false }`
[INFO] running `Command { std: "docker" "rm" "-f" "3bbb6ca684e476ef1d7e8754b018b2a79485704465176d5971db07f0abbafa8b", kill_on_drop: false }`
[INFO] [stdout] 3bbb6ca684e476ef1d7e8754b018b2a79485704465176d5971db07f0abbafa8b
[INFO] running `Command { std: "docker" "create" "-v" "/var/lib/crater-agent-workspace/builds/worker-68/target:/opt/rustwide/target:rw,Z" "-v" "/var/lib/crater-agent-workspace/builds/worker-68/source:/opt/rustwide/workdir:ro,Z" "-v" "/var/lib/crater-agent-workspace/cargo-home:/opt/rustwide/cargo-home:ro,Z" "-v" "/var/lib/crater-agent-workspace/rustup-home:/opt/rustwide/rustup-home:ro,Z" "-e" "SOURCE_DIR=/opt/rustwide/workdir" "-e" "CARGO_TARGET_DIR=/opt/rustwide/target" "-e" "CARGO_INCREMENTAL=0" "-e" "RUST_BACKTRACE=full" "-e" "RUSTFLAGS=--cap-lints=warn" "-e" "CARGO_HOME=/opt/rustwide/cargo-home" "-e" "RUSTUP_HOME=/opt/rustwide/rustup-home" "-w" "/opt/rustwide/workdir" "-m" "1610612736" "--user" "0:0" "--network" "none" "ghcr.io/rust-lang/crates-build-env/linux@sha256:34b6a614d2c27851fe6cbf88fbd1137609cefab8b10d0615aaeb6fd47975d74e" "/opt/rustwide/cargo-home/bin/cargo" "+beta-2021-08-01" "build" "--frozen" "--message-format=json", kill_on_drop: false }`
[INFO] [stdout] 4e77aed0c652cecaffd8a85b3ab693d71c675794817042c724113530b893d843
[INFO] running `Command { std: "docker" "start" "-a" "4e77aed0c652cecaffd8a85b3ab693d71c675794817042c724113530b893d843", kill_on_drop: false }`
[INFO] [stderr]     Blocking waiting for file lock on package cache
[INFO] [stderr]    Compiling libc v0.2.36
[INFO] [stderr]    Compiling unicode-xid v0.0.4
[INFO] [stderr]    Compiling cfg-if v0.1.5
[INFO] [stderr]    Compiling quote v0.3.15
[INFO] [stderr]    Compiling version_check v0.1.4
[INFO] [stderr]    Compiling byteorder v1.2.1
[INFO] [stderr]    Compiling num-traits v0.2.0
[INFO] [stderr]    Compiling cc v1.0.4
[INFO] [stderr]    Compiling winapi-build v0.1.1
[INFO] [stderr]    Compiling nix v0.10.0
[INFO] [stderr]    Compiling bitflags v1.0.1
[INFO] [stderr]    Compiling regex v0.2.10
[INFO] [stderr]    Compiling void v1.0.2
[INFO] [stderr]    Compiling winapi v0.2.8
[INFO] [stderr]    Compiling ucd-util v0.1.1
[INFO] [stderr]    Compiling lazy_static v1.0.0
[INFO] [stderr]    Compiling sysinfo v0.5.1
[INFO] [stderr]    Compiling utf8-ranges v1.0.1
[INFO] [stderr]    Compiling rustc-demangle v0.1.6
[INFO] [stderr]    Compiling unicode-width v0.1.4
[INFO] [stderr]    Compiling linked-hash-map v0.5.1
[INFO] [stderr]    Compiling strsim v0.7.0
[INFO] [stderr]    Compiling vec_map v0.8.0
[INFO] [stderr]    Compiling lazycell v0.6.0
[INFO] [stderr]    Compiling lazy_static v0.2.11
[INFO] [stderr]    Compiling ansi_term v0.10.2
[INFO] [stderr]    Compiling thread_local v0.3.6
[INFO] [stderr]    Compiling synom v0.11.3
[INFO] [stderr]    Compiling regex-syntax v0.5.3
[INFO] [stderr]    Compiling textwrap v0.9.0
[INFO] [stderr]    Compiling iovec v0.1.2
[INFO] [stderr]    Compiling atty v0.2.6
[INFO] [stderr]    Compiling time v0.1.39
[INFO] [stderr]    Compiling daemonize v0.3.0
[INFO] [stderr]    Compiling memchr v2.1.0
[INFO] [stderr]    Compiling yaml-rust v0.4.0
[INFO] [stderr]    Compiling syn v0.11.11
[INFO] [stderr]    Compiling kernel32-sys v0.2.2
[INFO] [stderr]    Compiling bytes v0.4.6
[INFO] [stderr]    Compiling num-traits v0.1.43
[INFO] [stderr]    Compiling num-integer v0.1.36
[INFO] [stderr]    Compiling clap v2.30.0
[INFO] [stderr]    Compiling rmp v0.8.7
[INFO] [stderr]    Compiling chrono v0.4.6
[INFO] [stderr]    Compiling shared_child v0.3.2
[INFO] [stderr]    Compiling backtrace-sys v0.1.16
[INFO] [stderr]    Compiling aho-corasick v0.6.8
[INFO] [stderr]    Compiling serde_derive_internals v0.19.0
[INFO] [stderr]    Compiling synstructure v0.6.1
[INFO] [stderr]    Compiling failure_derive v0.1.1
[INFO] [stderr]    Compiling serde_derive v1.0.27
[INFO] [stderr]    Compiling shellwords v0.1.0
[INFO] [stderr]    Compiling os_pipe v0.6.1
[INFO] [stderr]    Compiling duct v0.11.0
[INFO] [stderr]    Compiling serde v1.0.27
[INFO] [stderr]    Compiling serde_yaml v0.7.3
[INFO] [stderr]    Compiling rmp-serde v0.13.7
[INFO] [stderr]    Compiling backtrace v0.3.5
[INFO] [stderr]    Compiling failure v0.1.1
[INFO] [stderr]    Compiling straw-boss v0.1.0 (/opt/rustwide/workdir)
[INFO] [stdout] error[E0554]: `#![feature]` may not be used on the beta release channel
[INFO] [stdout]  --> src/lib.rs:1:1
[INFO] [stdout]   |
[INFO] [stdout] 1 | #![feature(try_from)]
[INFO] [stdout]   | ^^^^^^^^^^^^^^^^^^^^^
[INFO] [stdout] 
[INFO] [stdout] 
[INFO] [stdout] error[E0554]: `#![feature]` may not be used on the beta release channel
[INFO] [stdout]  --> src/lib.rs:2:1
[INFO] [stdout]   |
[INFO] [stdout] 2 | #![feature(plugin)]
[INFO] [stdout]   | ^^^^^^^^^^^^^^^^^^^
[INFO] [stdout] 
[INFO] [stdout] 
[INFO] [stdout] error[E0554]: `#![feature]` may not be used on the beta release channel
[INFO] [stdout]  --> src/lib.rs:3:1
[INFO] [stdout]   |
[INFO] [stdout] 3 | #![feature(option_replace)]
[INFO] [stdout]   | ^^^^^^^^^^^^^^^^^^^^^^^^^^^
[INFO] [stdout] 
[INFO] [stdout] 
[INFO] [stdout] warning: anonymous parameters are deprecated and will be removed in the next edition.
[INFO] [stdout]   --> src/client/mod.rs:12:20
[INFO] [stdout]    |
[INFO] [stdout] 12 |     fn stop(&self, TaskSpec) -> Result<()>;
[INFO] [stdout]    |                    ^^^^^^^^ help: try naming the parameter or explicitly ignoring it: `_: TaskSpec`
[INFO] [stdout]    |
[INFO] [stdout]    = note: `#[warn(anonymous_parameters)]` on by default
[INFO] [stdout]    = warning: this is accepted in the current edition (Rust 2015) but is a hard error in Rust 2018!
[INFO] [stdout]    = note: for more information, see issue #41686 <https://github.com/rust-lang/rust/issues/41686>
[INFO] [stdout] 
[INFO] [stdout] 
[INFO] [stdout] warning: use of deprecated associated function `core::str::<impl str>::trim_left`: superseded by `trim_start`
[INFO] [stdout]   --> src/service/mod.rs:87:34
[INFO] [stdout]    |
[INFO] [stdout] 87 |             .filter(|line| !line.trim_left().starts_with('#'))
[INFO] [stdout]    |                                  ^^^^^^^^^ help: replace the use of the deprecated associated function: `trim_start`
[INFO] [stdout]    |
[INFO] [stdout]    = note: `#[warn(deprecated)]` on by default
[INFO] [stdout] 
[INFO] [stdout] 
[INFO] [stdout] error: aborting due to 3 previous errors; 2 warnings emitted
[INFO] [stdout] 
[INFO] [stdout] 
[INFO] [stdout] For more information about this error, try `rustc --explain E0554`.
[INFO] [stdout] 
[INFO] [stderr] error: could not compile `straw-boss` due to 4 previous errors; 2 warnings emitted
[INFO] running `Command { std: "docker" "inspect" "4e77aed0c652cecaffd8a85b3ab693d71c675794817042c724113530b893d843", kill_on_drop: false }`
[INFO] running `Command { std: "docker" "rm" "-f" "4e77aed0c652cecaffd8a85b3ab693d71c675794817042c724113530b893d843", kill_on_drop: false }`
[INFO] [stdout] 4e77aed0c652cecaffd8a85b3ab693d71c675794817042c724113530b893d843
