[INFO] updating cached repository https://github.com/ernestrc/rux
[INFO] running `Command { std: "git" "-c" "credential.helper=" "-c" "credential.helper=/workspace/cargo-home/bin/git-credential-null" "-c" "remote.origin.fetch=refs/heads/*:refs/heads/*" "fetch" "origin" "--force" "--prune", kill_on_drop: false }`
[INFO] running `Command { std: "git" "rev-parse" "HEAD", kill_on_drop: false }`
[INFO] [stdout] 7ad3feb3de7fec8889a04560de04c5ab42016dd0
[INFO] testing ernestrc/rux against 1.54.0 for beta-1.55-1
[INFO] running `Command { std: "git" "clone" "/workspace/cache/git-repos/https%3A%2F%2Fgithub.com%2Fernestrc%2Frux" "/workspace/builds/worker-6/source", kill_on_drop: false }`
[INFO] [stderr] Cloning into '/workspace/builds/worker-6/source'...
[INFO] [stderr] done.
[INFO] validating manifest of git repo https://github.com/ernestrc/rux on toolchain 1.54.0
[INFO] running `Command { std: "/workspace/cargo-home/bin/cargo" "+1.54.0" "metadata" "--manifest-path" "Cargo.toml" "--no-deps", kill_on_drop: false }`
[INFO] started tweaking git repo https://github.com/ernestrc/rux
[INFO] finished tweaking git repo https://github.com/ernestrc/rux
[INFO] tweaked toml for git repo https://github.com/ernestrc/rux written to /workspace/builds/worker-6/source/Cargo.toml
[INFO] crate git repo https://github.com/ernestrc/rux already has a lockfile, it will not be regenerated
[INFO] running `Command { std: "/workspace/cargo-home/bin/cargo" "+1.54.0" "fetch" "--manifest-path" "Cargo.toml", kill_on_drop: false }`
[INFO] running `Command { std: "docker" "create" "-v" "/var/lib/crater-agent-workspace/builds/worker-6/target:/opt/rustwide/target:rw,Z" "-v" "/var/lib/crater-agent-workspace/builds/worker-6/source:/opt/rustwide/workdir:ro,Z" "-v" "/var/lib/crater-agent-workspace/cargo-home:/opt/rustwide/cargo-home:ro,Z" "-v" "/var/lib/crater-agent-workspace/rustup-home:/opt/rustwide/rustup-home:ro,Z" "-e" "SOURCE_DIR=/opt/rustwide/workdir" "-e" "CARGO_TARGET_DIR=/opt/rustwide/target" "-e" "CARGO_HOME=/opt/rustwide/cargo-home" "-e" "RUSTUP_HOME=/opt/rustwide/rustup-home" "-w" "/opt/rustwide/workdir" "-m" "1610612736" "--user" "0:0" "--network" "none" "ghcr.io/rust-lang/crates-build-env/linux@sha256:34b6a614d2c27851fe6cbf88fbd1137609cefab8b10d0615aaeb6fd47975d74e" "/opt/rustwide/cargo-home/bin/cargo" "+1.54.0" "metadata" "--no-deps" "--format-version=1", kill_on_drop: false }`
[INFO] [stdout] 831aa0ae9bec923ab5de93b41fb9f41761544b836a00ee5a245fbf1cd95f7bbc
[INFO] running `Command { std: "docker" "start" "-a" "831aa0ae9bec923ab5de93b41fb9f41761544b836a00ee5a245fbf1cd95f7bbc", kill_on_drop: false }`
[INFO] running `Command { std: "docker" "inspect" "831aa0ae9bec923ab5de93b41fb9f41761544b836a00ee5a245fbf1cd95f7bbc", kill_on_drop: false }`
[INFO] running `Command { std: "docker" "rm" "-f" "831aa0ae9bec923ab5de93b41fb9f41761544b836a00ee5a245fbf1cd95f7bbc", kill_on_drop: false }`
[INFO] [stdout] 831aa0ae9bec923ab5de93b41fb9f41761544b836a00ee5a245fbf1cd95f7bbc
[INFO] running `Command { std: "docker" "create" "-v" "/var/lib/crater-agent-workspace/builds/worker-6/target:/opt/rustwide/target:rw,Z" "-v" "/var/lib/crater-agent-workspace/builds/worker-6/source:/opt/rustwide/workdir:ro,Z" "-v" "/var/lib/crater-agent-workspace/cargo-home:/opt/rustwide/cargo-home:ro,Z" "-v" "/var/lib/crater-agent-workspace/rustup-home:/opt/rustwide/rustup-home:ro,Z" "-e" "SOURCE_DIR=/opt/rustwide/workdir" "-e" "CARGO_TARGET_DIR=/opt/rustwide/target" "-e" "CARGO_INCREMENTAL=0" "-e" "RUST_BACKTRACE=full" "-e" "RUSTFLAGS=--cap-lints=warn" "-e" "CARGO_HOME=/opt/rustwide/cargo-home" "-e" "RUSTUP_HOME=/opt/rustwide/rustup-home" "-w" "/opt/rustwide/workdir" "-m" "1610612736" "--user" "0:0" "--network" "none" "ghcr.io/rust-lang/crates-build-env/linux@sha256:34b6a614d2c27851fe6cbf88fbd1137609cefab8b10d0615aaeb6fd47975d74e" "/opt/rustwide/cargo-home/bin/cargo" "+1.54.0" "build" "--frozen" "--message-format=json", kill_on_drop: false }`
[INFO] [stdout] 4880a01d39ae693ff704d30b1a975b27c12e3219d4897f3de7b07c9eb4aaf978
[INFO] running `Command { std: "docker" "start" "-a" "4880a01d39ae693ff704d30b1a975b27c12e3219d4897f3de7b07c9eb4aaf978", kill_on_drop: false }`
[INFO] [stderr]    Compiling winapi-build v0.1.1
[INFO] [stderr]    Compiling libc v0.2.18
[INFO] [stderr]    Compiling winapi v0.2.8
[INFO] [stderr]    Compiling gcc v0.3.40
[INFO] [stderr]    Compiling semver v0.1.20
[INFO] [stderr]    Compiling cfg-if v0.1.0
[INFO] [stderr]    Compiling backtrace v0.3.0
[INFO] [stderr]    Compiling utf8-ranges v0.1.3
[INFO] [stderr]    Compiling regex-syntax v0.3.9
[INFO] [stderr]    Compiling rustc-demangle v0.1.3
[INFO] [stderr]    Compiling log v0.3.6
[INFO] [stderr]    Compiling bitflags v0.4.0
[INFO] [stderr]    Compiling void v1.0.2
[INFO] [stderr]    Compiling unicode-width v0.1.3
[INFO] [stderr]    Compiling lazy_static v0.2.2
[INFO] [stderr]    Compiling slab v0.3.0
[INFO] [stderr]    Compiling pad v0.1.4
[INFO] [stderr]    Compiling kernel32-sys v0.2.2
[INFO] [stderr]    Compiling dbghelp-sys v0.2.0
[INFO] [stderr]    Compiling rustc_version v0.1.7
[INFO] [stderr]    Compiling memchr v0.1.11
[INFO] [stderr]    Compiling num_cpus v1.2.0
[INFO] [stderr]    Compiling aho-corasick v0.5.3
[INFO] [stderr]    Compiling backtrace-sys v0.1.5
[INFO] [stderr]    Compiling nix v0.7.0
[INFO] [stderr]    Compiling thread-id v2.0.0
[INFO] [stderr]    Compiling time v0.1.35
[INFO] [stderr]    Compiling thread_local v0.2.7
[INFO] [stderr]    Compiling regex v0.1.80
[INFO] [stderr]    Compiling error-chain v0.7.1
[INFO] [stderr]    Compiling env_logger v0.3.5
[INFO] [stderr]    Compiling rux v0.1.0 (/opt/rustwide/workdir)
[INFO] [stdout] warning: anonymous parameters are deprecated and will be removed in the next edition.
[INFO] [stdout]  --> src/handler.rs:3:25
[INFO] [stdout]   |
[INFO] [stdout] 3 |   fn on_next(&mut self, In);
[INFO] [stdout]   |                         ^^ help: try naming the parameter or explicitly ignoring it: `_: In`
[INFO] [stdout]   |
[INFO] [stdout]   = note: `#[warn(anonymous_parameters)]` on by default
[INFO] [stdout]   = warning: this was previously accepted by the compiler but is being phased out; it will become a hard error in the 2018 edition!
[INFO] [stdout]   = note: for more information, see issue #41686 <https://github.com/rust-lang/rust/issues/41686>
[INFO] [stdout] 
[INFO] [stdout] 
[INFO] [stdout] warning: use of deprecated associated function `std::error::Error::description`: use the Display impl or to_string()
[INFO] [stdout]   --> src/error.rs:4:1
[INFO] [stdout]    |
[INFO] [stdout] 4  | / error_chain! {
[INFO] [stdout] 5  | |     types {
[INFO] [stdout] 6  | |         Error, ErrorKind, ResultExt, Result;
[INFO] [stdout] 7  | |     }
[INFO] [stdout] ...  |
[INFO] [stdout] 24 | |     }
[INFO] [stdout] 25 | | }
[INFO] [stdout]    | |_^
[INFO] [stdout]    |
[INFO] [stdout]    = note: `#[warn(deprecated)]` on by default
[INFO] [stdout]    = note: this warning originates in the macro `error_chain_processed` (in Nightly builds, run with -Z macro-backtrace for more info)
[INFO] [stdout] 
[INFO] [stdout] 
[INFO] [stdout] warning: use of deprecated associated function `std::error::Error::description`: use the Display impl or to_string()
[INFO] [stdout]   --> src/error.rs:4:1
[INFO] [stdout]    |
[INFO] [stdout] 4  | / error_chain! {
[INFO] [stdout] 5  | |     types {
[INFO] [stdout] 6  | |         Error, ErrorKind, ResultExt, Result;
[INFO] [stdout] 7  | |     }
[INFO] [stdout] ...  |
[INFO] [stdout] 24 | |     }
[INFO] [stdout] 25 | | }
[INFO] [stdout]    | |_^
[INFO] [stdout]    |
[INFO] [stdout]    = note: this warning originates in the macro `error_chain_processed` (in Nightly builds, run with -Z macro-backtrace for more info)
[INFO] [stdout] 
[INFO] [stdout] 
[INFO] [stdout] warning: `#[inline]` is ignored on function prototypes
[INFO] [stdout]   --> src/epoll/mod.rs:46:3
[INFO] [stdout]    |
[INFO] [stdout] 46 |   #[inline]
[INFO] [stdout]    |   ^^^^^^^^^
[INFO] [stdout]    |
[INFO] [stdout]    = note: `#[warn(unused_attributes)]` on by default
[INFO] [stdout] 
[INFO] [stdout] 
[INFO] [stdout] warning: use of deprecated constant `std::sync::ONCE_INIT`: the `new` function is now preferred
[INFO] [stdout]   --> src/epoll/mod.rs:12:1
[INFO] [stdout]    |
[INFO] [stdout] 12 | / lazy_static! {
[INFO] [stdout] 13 | |     static ref NO_INTEREST: EpollEvent = {
[INFO] [stdout] 14 | |         EpollEvent {
[INFO] [stdout] 15 | |             events: EpollEventKind::empty(),
[INFO] [stdout] ...  |
[INFO] [stdout] 18 | |     };
[INFO] [stdout] 19 | | }
[INFO] [stdout]    | |_^
[INFO] [stdout]    |
[INFO] [stdout]    = note: this warning originates in the macro `__lazy_static_create` (in Nightly builds, run with -Z macro-backtrace for more info)
[INFO] [stdout] 
[INFO] [stdout] 
[INFO] [stdout] warning: use of deprecated constant `std::sync::ONCE_INIT`: the `new` function is now preferred
[INFO] [stdout]   --> src/epoll/mod.rs:12:1
[INFO] [stdout]    |
[INFO] [stdout] 12 | / lazy_static! {
[INFO] [stdout] 13 | |     static ref NO_INTEREST: EpollEvent = {
[INFO] [stdout] 14 | |         EpollEvent {
[INFO] [stdout] 15 | |             events: EpollEventKind::empty(),
[INFO] [stdout] ...  |
[INFO] [stdout] 18 | |     };
[INFO] [stdout] 19 | | }
[INFO] [stdout]    | |_^
[INFO] [stdout]    |
[INFO] [stdout]    = note: this warning originates in the macro `__lazy_static_create` (in Nightly builds, run with -Z macro-backtrace for more info)
[INFO] [stdout] 
[INFO] [stdout] 
[INFO] [stdout] warning: use of deprecated associated function `std::error::Error::cause`: replaced by Error::source, which can support downcasting
[INFO] [stdout]   --> src/error.rs:4:1
[INFO] [stdout]    |
[INFO] [stdout] 4  | / error_chain! {
[INFO] [stdout] 5  | |     types {
[INFO] [stdout] 6  | |         Error, ErrorKind, ResultExt, Result;
[INFO] [stdout] 7  | |     }
[INFO] [stdout] ...  |
[INFO] [stdout] 24 | |     }
[INFO] [stdout] 25 | | }
[INFO] [stdout]    | |_^
[INFO] [stdout]    |
[INFO] [stdout]    = note: this warning originates in the macro `error_chain_processed` (in Nightly builds, run with -Z macro-backtrace for more info)
[INFO] [stdout] 
[INFO] [stdout] 
[INFO] [stdout] warning: 7 warnings emitted
[INFO] [stdout] 
[INFO] [stdout] 
[INFO] [stderr]     Finished dev [unoptimized + debuginfo] target(s) in 3.10s
[INFO] running `Command { std: "docker" "inspect" "4880a01d39ae693ff704d30b1a975b27c12e3219d4897f3de7b07c9eb4aaf978", kill_on_drop: false }`
[INFO] running `Command { std: "docker" "rm" "-f" "4880a01d39ae693ff704d30b1a975b27c12e3219d4897f3de7b07c9eb4aaf978", kill_on_drop: false }`
[INFO] [stdout] 4880a01d39ae693ff704d30b1a975b27c12e3219d4897f3de7b07c9eb4aaf978
[INFO] running `Command { std: "docker" "create" "-v" "/var/lib/crater-agent-workspace/builds/worker-6/target:/opt/rustwide/target:rw,Z" "-v" "/var/lib/crater-agent-workspace/builds/worker-6/source:/opt/rustwide/workdir:ro,Z" "-v" "/var/lib/crater-agent-workspace/cargo-home:/opt/rustwide/cargo-home:ro,Z" "-v" "/var/lib/crater-agent-workspace/rustup-home:/opt/rustwide/rustup-home:ro,Z" "-e" "SOURCE_DIR=/opt/rustwide/workdir" "-e" "CARGO_TARGET_DIR=/opt/rustwide/target" "-e" "CARGO_INCREMENTAL=0" "-e" "RUST_BACKTRACE=full" "-e" "RUSTFLAGS=--cap-lints=warn" "-e" "CARGO_HOME=/opt/rustwide/cargo-home" "-e" "RUSTUP_HOME=/opt/rustwide/rustup-home" "-w" "/opt/rustwide/workdir" "-m" "1610612736" "--user" "0:0" "--network" "none" "ghcr.io/rust-lang/crates-build-env/linux@sha256:34b6a614d2c27851fe6cbf88fbd1137609cefab8b10d0615aaeb6fd47975d74e" "/opt/rustwide/cargo-home/bin/cargo" "+1.54.0" "test" "--frozen" "--no-run" "--message-format=json", kill_on_drop: false }`
[INFO] [stdout] ad4a0ea3ed56869b33987e6aa4b69a769d5826bc5fec1f34afc7e58587ded7d5
[INFO] running `Command { std: "docker" "start" "-a" "ad4a0ea3ed56869b33987e6aa4b69a769d5826bc5fec1f34afc7e58587ded7d5", kill_on_drop: false }`
[INFO] [stdout] warning: anonymous parameters are deprecated and will be removed in the next edition.
[INFO] [stdout]  --> src/handler.rs:3:25
[INFO] [stdout]   |
[INFO] [stdout] 3 |   fn on_next(&mut self, In);
[INFO] [stdout]   |                         ^^ help: try naming the parameter or explicitly ignoring it: `_: In`
[INFO] [stdout]   |
[INFO] [stdout]   = note: `#[warn(anonymous_parameters)]` on by default
[INFO] [stdout]   = warning: this was previously accepted by the compiler but is being phased out; it will become a hard error in the 2018 edition!
[INFO] [stdout]   = note: for more information, see issue #41686 <https://github.com/rust-lang/rust/issues/41686>
[INFO] [stdout] 
[INFO] [stdout] 
[INFO] [stdout] warning: use of deprecated associated function `std::error::Error::description`: use the Display impl or to_string()
[INFO] [stdout]   --> src/error.rs:4:1
[INFO] [stdout]    |
[INFO] [stdout] 4  | / error_chain! {
[INFO] [stdout] 5  | |     types {
[INFO] [stdout] 6  | |         Error, ErrorKind, ResultExt, Result;
[INFO] [stdout] 7  | |     }
[INFO] [stdout] ...  |
[INFO] [stdout] 24 | |     }
[INFO] [stdout] 25 | | }
[INFO] [stdout]    | |_^
[INFO] [stdout]    |
[INFO] [stdout]    = note: `#[warn(deprecated)]` on by default
[INFO] [stdout]    = note: this warning originates in the macro `error_chain_processed` (in Nightly builds, run with -Z macro-backtrace for more info)
[INFO] [stdout] 
[INFO] [stdout] 
[INFO] [stdout] warning: use of deprecated associated function `std::error::Error::description`: use the Display impl or to_string()
[INFO] [stdout]   --> src/error.rs:4:1
[INFO] [stdout]    |
[INFO] [stdout] 4  | / error_chain! {
[INFO] [stdout] 5  | |     types {
[INFO] [stdout] 6  | |         Error, ErrorKind, ResultExt, Result;
[INFO] [stdout] 7  | |     }
[INFO] [stdout] ...  |
[INFO] [stdout] 24 | |     }
[INFO] [stdout] 25 | | }
[INFO] [stdout]    | |_^
[INFO] [stdout]    |
[INFO] [stdout]    = note: this warning originates in the macro `error_chain_processed` (in Nightly builds, run with -Z macro-backtrace for more info)
[INFO] [stdout] 
[INFO] [stdout] 
[INFO] [stdout] warning: `#[inline]` is ignored on function prototypes
[INFO] [stdout]   --> src/epoll/mod.rs:46:3
[INFO] [stdout]    |
[INFO] [stdout] 46 |   #[inline]
[INFO] [stdout]    |   ^^^^^^^^^
[INFO] [stdout]    |
[INFO] [stdout]    = note: `#[warn(unused_attributes)]` on by default
[INFO] [stdout] 
[INFO] [stdout] 
[INFO] [stdout] warning: use of deprecated constant `std::sync::ONCE_INIT`: the `new` function is now preferred
[INFO] [stdout]   --> src/epoll/mod.rs:12:1
[INFO] [stdout]    |
[INFO] [stdout] 12 | / lazy_static! {
[INFO] [stdout] 13 | |     static ref NO_INTEREST: EpollEvent = {
[INFO] [stdout] 14 | |         EpollEvent {
[INFO] [stdout] 15 | |             events: EpollEventKind::empty(),
[INFO] [stdout] ...  |
[INFO] [stdout] 18 | |     };
[INFO] [stdout] 19 | | }
[INFO] [stdout]    | |_^
[INFO] [stdout]    |
[INFO] [stdout]    = note: this warning originates in the macro `__lazy_static_create` (in Nightly builds, run with -Z macro-backtrace for more info)
[INFO] [stdout] 
[INFO] [stdout] 
[INFO] [stdout] warning: use of deprecated constant `std::sync::ONCE_INIT`: the `new` function is now preferred
[INFO] [stdout]   --> src/epoll/mod.rs:12:1
[INFO] [stdout]    |
[INFO] [stdout] 12 | / lazy_static! {
[INFO] [stdout] 13 | |     static ref NO_INTEREST: EpollEvent = {
[INFO] [stdout] 14 | |         EpollEvent {
[INFO] [stdout] 15 | |             events: EpollEventKind::empty(),
[INFO] [stdout] ...  |
[INFO] [stdout] 18 | |     };
[INFO] [stdout] 19 | | }
[INFO] [stdout]    | |_^
[INFO] [stdout]    |
[INFO] [stdout]    = note: this warning originates in the macro `__lazy_static_create` (in Nightly builds, run with -Z macro-backtrace for more info)
[INFO] [stdout] 
[INFO] [stdout] 
[INFO] [stderr]    Compiling rux v0.1.0 (/opt/rustwide/workdir)
[INFO] [stdout] warning: use of deprecated associated function `std::error::Error::cause`: replaced by Error::source, which can support downcasting
[INFO] [stdout]   --> src/error.rs:4:1
[INFO] [stdout]    |
[INFO] [stdout] 4  | / error_chain! {
[INFO] [stdout] 5  | |     types {
[INFO] [stdout] 6  | |         Error, ErrorKind, ResultExt, Result;
[INFO] [stdout] 7  | |     }
[INFO] [stdout] ...  |
[INFO] [stdout] 24 | |     }
[INFO] [stdout] 25 | | }
[INFO] [stdout]    | |_^
[INFO] [stdout]    |
[INFO] [stdout]    = note: this warning originates in the macro `error_chain_processed` (in Nightly builds, run with -Z macro-backtrace for more info)
[INFO] [stdout] 
[INFO] [stdout] 
[INFO] [stdout] warning: 7 warnings emitted
[INFO] [stdout] 
[INFO] [stdout] 
[INFO] [stdout] warning: anonymous parameters are deprecated and will be removed in the next edition.
[INFO] [stdout]  --> src/handler.rs:3:25
[INFO] [stdout]   |
[INFO] [stdout] 3 |   fn on_next(&mut self, In);
[INFO] [stdout]   |                         ^^ help: try naming the parameter or explicitly ignoring it: `_: In`
[INFO] [stdout]   |
[INFO] [stdout]   = note: `#[warn(anonymous_parameters)]` on by default
[INFO] [stdout]   = warning: this was previously accepted by the compiler but is being phased out; it will become a hard error in the 2018 edition!
[INFO] [stdout]   = note: for more information, see issue #41686 <https://github.com/rust-lang/rust/issues/41686>
[INFO] [stdout] 
[INFO] [stdout] 
[INFO] [stdout] warning: unused import: `super::*`
[INFO] [stdout]    --> src/mux/handler.rs:150:7
[INFO] [stdout]     |
[INFO] [stdout] 150 |   use super::*;
[INFO] [stdout]     |       ^^^^^^^^
[INFO] [stdout]     |
[INFO] [stdout]     = note: `#[warn(unused_imports)]` on by default
[INFO] [stdout] 
[INFO] [stdout] 
[INFO] [stdout] warning: use of deprecated associated function `std::error::Error::description`: use the Display impl or to_string()
[INFO] [stdout]   --> src/error.rs:4:1
[INFO] [stdout]    |
[INFO] [stdout] 4  | / error_chain! {
[INFO] [stdout] 5  | |     types {
[INFO] [stdout] 6  | |         Error, ErrorKind, ResultExt, Result;
[INFO] [stdout] 7  | |     }
[INFO] [stdout] ...  |
[INFO] [stdout] 24 | |     }
[INFO] [stdout] 25 | | }
[INFO] [stdout]    | |_^
[INFO] [stdout]    |
[INFO] [stdout]    = note: `#[warn(deprecated)]` on by default
[INFO] [stdout]    = note: this warning originates in the macro `error_chain_processed` (in Nightly builds, run with -Z macro-backtrace for more info)
[INFO] [stdout] 
[INFO] [stdout] 
[INFO] [stdout] warning: use of deprecated associated function `std::error::Error::description`: use the Display impl or to_string()
[INFO] [stdout]   --> src/error.rs:4:1
[INFO] [stdout]    |
[INFO] [stdout] 4  | / error_chain! {
[INFO] [stdout] 5  | |     types {
[INFO] [stdout] 6  | |         Error, ErrorKind, ResultExt, Result;
[INFO] [stdout] 7  | |     }
[INFO] [stdout] ...  |
[INFO] [stdout] 24 | |     }
[INFO] [stdout] 25 | | }
[INFO] [stdout]    | |_^
[INFO] [stdout]    |
[INFO] [stdout]    = note: this warning originates in the macro `error_chain_processed` (in Nightly builds, run with -Z macro-backtrace for more info)
[INFO] [stdout] 
[INFO] [stdout] 
[INFO] [stdout] warning: `#[inline]` is ignored on function prototypes
[INFO] [stdout]   --> src/epoll/mod.rs:46:3
[INFO] [stdout]    |
[INFO] [stdout] 46 |   #[inline]
[INFO] [stdout]    |   ^^^^^^^^^
[INFO] [stdout]    |
[INFO] [stdout]    = note: `#[warn(unused_attributes)]` on by default
[INFO] [stdout] 
[INFO] [stdout] 
[INFO] [stdout] warning: use of deprecated constant `std::sync::ONCE_INIT`: the `new` function is now preferred
[INFO] [stdout]   --> src/epoll/mod.rs:12:1
[INFO] [stdout]    |
[INFO] [stdout] 12 | / lazy_static! {
[INFO] [stdout] 13 | |     static ref NO_INTEREST: EpollEvent = {
[INFO] [stdout] 14 | |         EpollEvent {
[INFO] [stdout] 15 | |             events: EpollEventKind::empty(),
[INFO] [stdout] ...  |
[INFO] [stdout] 18 | |     };
[INFO] [stdout] 19 | | }
[INFO] [stdout]    | |_^
[INFO] [stdout]    |
[INFO] [stdout]    = note: this warning originates in the macro `__lazy_static_create` (in Nightly builds, run with -Z macro-backtrace for more info)
[INFO] [stdout] 
[INFO] [stdout] 
[INFO] [stdout] warning: use of deprecated constant `std::sync::ONCE_INIT`: the `new` function is now preferred
[INFO] [stdout]   --> src/epoll/mod.rs:12:1
[INFO] [stdout]    |
[INFO] [stdout] 12 | / lazy_static! {
[INFO] [stdout] 13 | |     static ref NO_INTEREST: EpollEvent = {
[INFO] [stdout] 14 | |         EpollEvent {
[INFO] [stdout] 15 | |             events: EpollEventKind::empty(),
[INFO] [stdout] ...  |
[INFO] [stdout] 18 | |     };
[INFO] [stdout] 19 | | }
[INFO] [stdout]    | |_^
[INFO] [stdout]    |
[INFO] [stdout]    = note: this warning originates in the macro `__lazy_static_create` (in Nightly builds, run with -Z macro-backtrace for more info)
[INFO] [stdout] 
[INFO] [stdout] 
[INFO] [stdout] warning: use of deprecated associated function `std::error::Error::cause`: replaced by Error::source, which can support downcasting
[INFO] [stdout]   --> src/error.rs:4:1
[INFO] [stdout]    |
[INFO] [stdout] 4  | / error_chain! {
[INFO] [stdout] 5  | |     types {
[INFO] [stdout] 6  | |         Error, ErrorKind, ResultExt, Result;
[INFO] [stdout] 7  | |     }
[INFO] [stdout] ...  |
[INFO] [stdout] 24 | |     }
[INFO] [stdout] 25 | | }
[INFO] [stdout]    | |_^
[INFO] [stdout]    |
[INFO] [stdout]    = note: this warning originates in the macro `error_chain_processed` (in Nightly builds, run with -Z macro-backtrace for more info)
[INFO] [stdout] 
[INFO] [stdout] 
[INFO] [stdout] warning: unused variable: `buffer`
[INFO] [stdout]    --> src/buf/tests.rs:268:18
[INFO] [stdout]     |
[INFO] [stdout] 268 |   fn from_buffer(buffer: &mut ByteBuffer) -> Result<Option<MyType>> {
[INFO] [stdout]     |                  ^^^^^^ help: if this is intentional, prefix it with an underscore: `_buffer`
[INFO] [stdout]     |
[INFO] [stdout]     = note: `#[warn(unused_variables)]` on by default
[INFO] [stdout] 
[INFO] [stdout] 
[INFO] [stdout] warning: reference to packed field is unaligned
[INFO] [stdout]    --> src/epoll/mod.rs:215:13
[INFO] [stdout]     |
[INFO] [stdout] 215 |     assert!(ev.events.contains(EPOLLIN));
[INFO] [stdout]     |             ^^^^^^^^^
[INFO] [stdout]     |
[INFO] [stdout]     = note: `#[warn(unaligned_references)]` on by default
[INFO] [stdout]     = warning: this was previously accepted by the compiler but is being phased out; it will become a hard error in a future release!
[INFO] [stdout]     = note: for more information, see issue #82523 <https://github.com/rust-lang/rust/issues/82523>
[INFO] [stdout]     = note: fields of packed structs are not properly aligned, and creating a misaligned reference is undefined behavior (even if that reference is never dereferenced)
[INFO] [stdout] 
[INFO] [stdout] 
[INFO] [stdout] error: linking with `cc` failed: exit status: 1
[INFO] [stdout]   |
[INFO] [stdout]   = note: "cc" "-m64" "/opt/rustwide/target/debug/examples/buf-f0c035412d44fae9.buf.f1czwcq7-cgu.0.rcgu.o" "/opt/rustwide/target/debug/examples/buf-f0c035412d44fae9.buf.f1czwcq7-cgu.1.rcgu.o" "/opt/rustwide/target/debug/examples/buf-f0c035412d44fae9.buf.f1czwcq7-cgu.10.rcgu.o" "/opt/rustwide/target/debug/examples/buf-f0c035412d44fae9.buf.f1czwcq7-cgu.2.rcgu.o" "/opt/rustwide/target/debug/examples/buf-f0c035412d44fae9.buf.f1czwcq7-cgu.3.rcgu.o" "/opt/rustwide/target/debug/examples/buf-f0c035412d44fae9.buf.f1czwcq7-cgu.4.rcgu.o" "/opt/rustwide/target/debug/examples/buf-f0c035412d44fae9.buf.f1czwcq7-cgu.5.rcgu.o" "/opt/rustwide/target/debug/examples/buf-f0c035412d44fae9.buf.f1czwcq7-cgu.6.rcgu.o" "/opt/rustwide/target/debug/examples/buf-f0c035412d44fae9.buf.f1czwcq7-cgu.7.rcgu.o" "/opt/rustwide/target/debug/examples/buf-f0c035412d44fae9.buf.f1czwcq7-cgu.8.rcgu.o" "/opt/rustwide/target/debug/examples/buf-f0c035412d44fae9.buf.f1czwcq7-cgu.9.rcgu.o" "/opt/rustwide/target/debug/examples/buf-f0c035412d44fae9.51vvf2izojcux1vk.rcgu.o" "-Wl,--as-needed" "-L" "/opt/rustwide/target/debug/deps" "-L" "/opt/rustwide/rustup-home/toolchains/1.54.0-x86_64-unknown-linux-gnu/lib/rustlib/x86_64-unknown-linux-gnu/lib" "-Wl,-Bstatic" "/opt/rustwide/target/debug/deps/librux-e7b60439d56f5b5f.rlib" "/opt/rustwide/target/debug/deps/liblog-d1e2fbff51516687.rlib" "/opt/rustwide/target/debug/deps/liberror_chain-9e3b65fb9c18c620.rlib" "/opt/rustwide/target/debug/deps/libbacktrace-1cdfeab05811cae4.rlib" "/opt/rustwide/target/debug/deps/libbacktrace_sys-dc105d1c4fb80d1e.rlib" "/opt/rustwide/target/debug/deps/librustc_demangle-b1a6a002b57d2c79.rlib" "/opt/rustwide/target/debug/deps/libdbghelp-88e930df24bbaa49.rlib" "/opt/rustwide/target/debug/deps/libwinapi-603ff5f75172bf08.rlib" "/opt/rustwide/target/debug/deps/libkernel32-e4d8c3f315d93e21.rlib" "/opt/rustwide/target/debug/deps/liblazy_static-d6bf8b97f209dc56.rlib" "/opt/rustwide/target/debug/deps/libtime-35416536ea475354.rlib" "/opt/rustwide/target/debug/deps/libpad-d68ed7cbac2210ec.rlib" "/opt/rustwide/target/debug/deps/libunicode_width-54d1907b54440fcc.rlib" "/opt/rustwide/target/debug/deps/libnum_cpus-08a00be6082a9843.rlib" "/opt/rustwide/target/debug/deps/libslab-8e9c43e47e6c2a4d.rlib" "/opt/rustwide/target/debug/deps/libnix-43c49f4189f26c9e.rlib" "/opt/rustwide/target/debug/deps/liblibc-17da958ff7936609.rlib" "/opt/rustwide/target/debug/deps/libvoid-c3f770d6ee2d2f2c.rlib" "/opt/rustwide/target/debug/deps/libcfg_if-b04be3535e5be880.rlib" "/opt/rustwide/target/debug/deps/libbitflags-ccfe87c393d05449.rlib" "-Wl,--start-group" "/opt/rustwide/rustup-home/toolchains/1.54.0-x86_64-unknown-linux-gnu/lib/rustlib/x86_64-unknown-linux-gnu/lib/libstd-2420485b9e5ef5e1.rlib" "/opt/rustwide/rustup-home/toolchains/1.54.0-x86_64-unknown-linux-gnu/lib/rustlib/x86_64-unknown-linux-gnu/lib/libpanic_unwind-785e3cb61c4b1960.rlib" "/opt/rustwide/rustup-home/toolchains/1.54.0-x86_64-unknown-linux-gnu/lib/rustlib/x86_64-unknown-linux-gnu/lib/libminiz_oxide-087191a88bdaa22d.rlib" "/opt/rustwide/rustup-home/toolchains/1.54.0-x86_64-unknown-linux-gnu/lib/rustlib/x86_64-unknown-linux-gnu/lib/libadler-9981842c02975178.rlib" "/opt/rustwide/rustup-home/toolchains/1.54.0-x86_64-unknown-linux-gnu/lib/rustlib/x86_64-unknown-linux-gnu/lib/libobject-6fb405869b015fde.rlib" "/opt/rustwide/rustup-home/toolchains/1.54.0-x86_64-unknown-linux-gnu/lib/rustlib/x86_64-unknown-linux-gnu/lib/libaddr2line-d05c5c3c56004b7b.rlib" "/opt/rustwide/rustup-home/toolchains/1.54.0-x86_64-unknown-linux-gnu/lib/rustlib/x86_64-unknown-linux-gnu/lib/libgimli-42d74d2097528b38.rlib" "/opt/rustwide/rustup-home/toolchains/1.54.0-x86_64-unknown-linux-gnu/lib/rustlib/x86_64-unknown-linux-gnu/lib/libstd_detect-fb36534c113d2209.rlib" "/opt/rustwide/rustup-home/toolchains/1.54.0-x86_64-unknown-linux-gnu/lib/rustlib/x86_64-unknown-linux-gnu/lib/librustc_demangle-b56b9042c12b6535.rlib" "/opt/rustwide/rustup-home/toolchains/1.54.0-x86_64-unknown-linux-gnu/lib/rustlib/x86_64-unknown-linux-gnu/lib/libhashbrown-491902d6cb3e76df.rlib" "/opt/rustwide/rustup-home/toolchains/1.54.0-x86_64-unknown-linux-gnu/lib/rustlib/x86_64-unknown-linux-gnu/lib/librustc_std_workspace_alloc-61834e0981b8c367.rlib" "/opt/rustwide/rustup-home/toolchains/1.54.0-x86_64-unknown-linux-gnu/lib/rustlib/x86_64-unknown-linux-gnu/lib/libunwind-f78aa99d613a55bc.rlib" "/opt/rustwide/rustup-home/toolchains/1.54.0-x86_64-unknown-linux-gnu/lib/rustlib/x86_64-unknown-linux-gnu/lib/libcfg_if-53ee54cd7fed2c57.rlib" "/opt/rustwide/rustup-home/toolchains/1.54.0-x86_64-unknown-linux-gnu/lib/rustlib/x86_64-unknown-linux-gnu/lib/liblibc-544ecdbd6cda3c58.rlib" "/opt/rustwide/rustup-home/toolchains/1.54.0-x86_64-unknown-linux-gnu/lib/rustlib/x86_64-unknown-linux-gnu/lib/liballoc-379cc252b6943a79.rlib" "/opt/rustwide/rustup-home/toolchains/1.54.0-x86_64-unknown-linux-gnu/lib/rustlib/x86_64-unknown-linux-gnu/lib/librustc_std_workspace_core-8063eea38dcc5e62.rlib" "/opt/rustwide/rustup-home/toolchains/1.54.0-x86_64-unknown-linux-gnu/lib/rustlib/x86_64-unknown-linux-gnu/lib/libcore-5b228734afae15ee.rlib" "-Wl,--end-group" "/opt/rustwide/rustup-home/toolchains/1.54.0-x86_64-unknown-linux-gnu/lib/rustlib/x86_64-unknown-linux-gnu/lib/libcompiler_builtins-d6c7a399d95d173f.rlib" "-Wl,-Bdynamic" "-lutil" "-lgcc_s" "-lutil" "-lrt" "-lpthread" "-lm" "-ldl" "-lc" "-Wl,--eh-frame-hdr" "-Wl,-znoexecstack" "-L" "/opt/rustwide/rustup-home/toolchains/1.54.0-x86_64-unknown-linux-gnu/lib/rustlib/x86_64-unknown-linux-gnu/lib" "-o" "/opt/rustwide/target/debug/examples/buf-f0c035412d44fae9" "-Wl,--gc-sections" "-pie" "-Wl,-zrelro" "-Wl,-znow" "-nodefaultlibs"
[INFO] [stdout]   = note: /usr/bin/ld: /opt/rustwide/target/debug/deps/libbacktrace-1cdfeab05811cae4.rlib(backtrace-1cdfeab05811cae4.backtrace.d74qtoid-cgu.14.rcgu.o): in function `backtrace::symbolize::libbacktrace::init_state::{{closure}}':
[INFO] [stdout]           /opt/rustwide/cargo-home/registry/src/github.com-1ecc6299db9ec823/backtrace-0.3.0/src/symbolize/libbacktrace.rs:156: undefined reference to `backtrace_create_state'
[INFO] [stdout]           /usr/bin/ld: /opt/rustwide/target/debug/deps/libbacktrace-1cdfeab05811cae4.rlib(backtrace-1cdfeab05811cae4.backtrace.d74qtoid-cgu.14.rcgu.o): in function `backtrace::symbolize::libbacktrace::resolve':
[INFO] [stdout]           /opt/rustwide/cargo-home/registry/src/github.com-1ecc6299db9ec823/backtrace-0.3.0/src/symbolize/libbacktrace.rs:173: undefined reference to `backtrace_pcinfo'
[INFO] [stdout]           /usr/bin/ld: /opt/rustwide/cargo-home/registry/src/github.com-1ecc6299db9ec823/backtrace-0.3.0/src/symbolize/libbacktrace.rs:177: undefined reference to `backtrace_syminfo'
[INFO] [stdout]           collect2: error: ld returned 1 exit status
[INFO] [stdout]           
[INFO] [stdout] 
[INFO] [stdout] 
[INFO] [stdout] error: aborting due to previous error
[INFO] [stdout] 
[INFO] [stdout] 
[INFO] [stderr] error: could not compile `rux`
[INFO] [stderr] 
[INFO] [stderr] To learn more, run the command again with --verbose.
[INFO] [stderr] warning: build failed, waiting for other jobs to finish...
[INFO] [stdout] error: linking with `cc` failed: exit status: 1
[INFO] [stdout]   |
[INFO] [stdout]   = note: "cc" "-m64" "/opt/rustwide/target/debug/examples/echo-51470c2c3d6a2d1c.echo.aqsgx30c-cgu.0.rcgu.o" "/opt/rustwide/target/debug/examples/echo-51470c2c3d6a2d1c.echo.aqsgx30c-cgu.1.rcgu.o" "/opt/rustwide/target/debug/examples/echo-51470c2c3d6a2d1c.echo.aqsgx30c-cgu.10.rcgu.o" "/opt/rustwide/target/debug/examples/echo-51470c2c3d6a2d1c.echo.aqsgx30c-cgu.11.rcgu.o" "/opt/rustwide/target/debug/examples/echo-51470c2c3d6a2d1c.echo.aqsgx30c-cgu.12.rcgu.o" "/opt/rustwide/target/debug/examples/echo-51470c2c3d6a2d1c.echo.aqsgx30c-cgu.13.rcgu.o" "/opt/rustwide/target/debug/examples/echo-51470c2c3d6a2d1c.echo.aqsgx30c-cgu.14.rcgu.o" "/opt/rustwide/target/debug/examples/echo-51470c2c3d6a2d1c.echo.aqsgx30c-cgu.15.rcgu.o" "/opt/rustwide/target/debug/examples/echo-51470c2c3d6a2d1c.echo.aqsgx30c-cgu.2.rcgu.o" "/opt/rustwide/target/debug/examples/echo-51470c2c3d6a2d1c.echo.aqsgx30c-cgu.3.rcgu.o" "/opt/rustwide/target/debug/examples/echo-51470c2c3d6a2d1c.echo.aqsgx30c-cgu.4.rcgu.o" "/opt/rustwide/target/debug/examples/echo-51470c2c3d6a2d1c.echo.aqsgx30c-cgu.5.rcgu.o" "/opt/rustwide/target/debug/examples/echo-51470c2c3d6a2d1c.echo.aqsgx30c-cgu.6.rcgu.o" "/opt/rustwide/target/debug/examples/echo-51470c2c3d6a2d1c.echo.aqsgx30c-cgu.7.rcgu.o" "/opt/rustwide/target/debug/examples/echo-51470c2c3d6a2d1c.echo.aqsgx30c-cgu.8.rcgu.o" "/opt/rustwide/target/debug/examples/echo-51470c2c3d6a2d1c.echo.aqsgx30c-cgu.9.rcgu.o" "/opt/rustwide/target/debug/examples/echo-51470c2c3d6a2d1c.4rio0o5eomjkpafd.rcgu.o" "-Wl,--as-needed" "-L" "/opt/rustwide/target/debug/deps" "-L" "/opt/rustwide/rustup-home/toolchains/1.54.0-x86_64-unknown-linux-gnu/lib/rustlib/x86_64-unknown-linux-gnu/lib" "-Wl,-Bstatic" "/opt/rustwide/target/debug/deps/libenv_logger-00ca856e326b6fd3.rlib" "/opt/rustwide/target/debug/deps/libregex-bf52575c9b3df35e.rlib" "/opt/rustwide/target/debug/deps/libutf8_ranges-2d1e29d9c4190db2.rlib" "/opt/rustwide/target/debug/deps/libregex_syntax-8b3bd9caa0bd1094.rlib" "/opt/rustwide/target/debug/deps/libthread_local-61a200fb1e75c33e.rlib" "/opt/rustwide/target/debug/deps/libthread_id-765b8e9fc445dfdf.rlib" "/opt/rustwide/target/debug/deps/libaho_corasick-995cf0798d82908a.rlib" "/opt/rustwide/target/debug/deps/libmemchr-b1f445f27c5047cd.rlib" "/opt/rustwide/target/debug/deps/librux-e7b60439d56f5b5f.rlib" "/opt/rustwide/target/debug/deps/liberror_chain-9e3b65fb9c18c620.rlib" "/opt/rustwide/target/debug/deps/libbacktrace-1cdfeab05811cae4.rlib" "/opt/rustwide/target/debug/deps/libbacktrace_sys-dc105d1c4fb80d1e.rlib" "/opt/rustwide/target/debug/deps/librustc_demangle-b1a6a002b57d2c79.rlib" "/opt/rustwide/target/debug/deps/libdbghelp-88e930df24bbaa49.rlib" "/opt/rustwide/target/debug/deps/libwinapi-603ff5f75172bf08.rlib" "/opt/rustwide/target/debug/deps/libkernel32-e4d8c3f315d93e21.rlib" "/opt/rustwide/target/debug/deps/liblazy_static-d6bf8b97f209dc56.rlib" "/opt/rustwide/target/debug/deps/libtime-35416536ea475354.rlib" "/opt/rustwide/target/debug/deps/libpad-d68ed7cbac2210ec.rlib" "/opt/rustwide/target/debug/deps/libunicode_width-54d1907b54440fcc.rlib" "/opt/rustwide/target/debug/deps/libnum_cpus-08a00be6082a9843.rlib" "/opt/rustwide/target/debug/deps/libslab-8e9c43e47e6c2a4d.rlib" "/opt/rustwide/target/debug/deps/libnix-43c49f4189f26c9e.rlib" "/opt/rustwide/target/debug/deps/liblibc-17da958ff7936609.rlib" "/opt/rustwide/target/debug/deps/libvoid-c3f770d6ee2d2f2c.rlib" "/opt/rustwide/target/debug/deps/libcfg_if-b04be3535e5be880.rlib" "/opt/rustwide/target/debug/deps/libbitflags-ccfe87c393d05449.rlib" "/opt/rustwide/target/debug/deps/liblog-d1e2fbff51516687.rlib" "-Wl,--start-group" "/opt/rustwide/rustup-home/toolchains/1.54.0-x86_64-unknown-linux-gnu/lib/rustlib/x86_64-unknown-linux-gnu/lib/libstd-2420485b9e5ef5e1.rlib" "/opt/rustwide/rustup-home/toolchains/1.54.0-x86_64-unknown-linux-gnu/lib/rustlib/x86_64-unknown-linux-gnu/lib/libpanic_unwind-785e3cb61c4b1960.rlib" "/opt/rustwide/rustup-home/toolchains/1.54.0-x86_64-unknown-linux-gnu/lib/rustlib/x86_64-unknown-linux-gnu/lib/libminiz_oxide-087191a88bdaa22d.rlib" "/opt/rustwide/rustup-home/toolchains/1.54.0-x86_64-unknown-linux-gnu/lib/rustlib/x86_64-unknown-linux-gnu/lib/libadler-9981842c02975178.rlib" "/opt/rustwide/rustup-home/toolchains/1.54.0-x86_64-unknown-linux-gnu/lib/rustlib/x86_64-unknown-linux-gnu/lib/libobject-6fb405869b015fde.rlib" "/opt/rustwide/rustup-home/toolchains/1.54.0-x86_64-unknown-linux-gnu/lib/rustlib/x86_64-unknown-linux-gnu/lib/libaddr2line-d05c5c3c56004b7b.rlib" "/opt/rustwide/rustup-home/toolchains/1.54.0-x86_64-unknown-linux-gnu/lib/rustlib/x86_64-unknown-linux-gnu/lib/libgimli-42d74d2097528b38.rlib" "/opt/rustwide/rustup-home/toolchains/1.54.0-x86_64-unknown-linux-gnu/lib/rustlib/x86_64-unknown-linux-gnu/lib/libstd_detect-fb36534c113d2209.rlib" "/opt/rustwide/rustup-home/toolchains/1.54.0-x86_64-unknown-linux-gnu/lib/rustlib/x86_64-unknown-linux-gnu/lib/librustc_demangle-b56b9042c12b6535.rlib" "/opt/rustwide/rustup-home/toolchains/1.54.0-x86_64-unknown-linux-gnu/lib/rustlib/x86_64-unknown-linux-gnu/lib/libhashbrown-491902d6cb3e76df.rlib" "/opt/rustwide/rustup-home/toolchains/1.54.0-x86_64-unknown-linux-gnu/lib/rustlib/x86_64-unknown-linux-gnu/lib/librustc_std_workspace_alloc-61834e0981b8c367.rlib" "/opt/rustwide/rustup-home/toolchains/1.54.0-x86_64-unknown-linux-gnu/lib/rustlib/x86_64-unknown-linux-gnu/lib/libunwind-f78aa99d613a55bc.rlib" "/opt/rustwide/rustup-home/toolchains/1.54.0-x86_64-unknown-linux-gnu/lib/rustlib/x86_64-unknown-linux-gnu/lib/libcfg_if-53ee54cd7fed2c57.rlib" "/opt/rustwide/rustup-home/toolchains/1.54.0-x86_64-unknown-linux-gnu/lib/rustlib/x86_64-unknown-linux-gnu/lib/liblibc-544ecdbd6cda3c58.rlib" "/opt/rustwide/rustup-home/toolchains/1.54.0-x86_64-unknown-linux-gnu/lib/rustlib/x86_64-unknown-linux-gnu/lib/liballoc-379cc252b6943a79.rlib" "/opt/rustwide/rustup-home/toolchains/1.54.0-x86_64-unknown-linux-gnu/lib/rustlib/x86_64-unknown-linux-gnu/lib/librustc_std_workspace_core-8063eea38dcc5e62.rlib" "/opt/rustwide/rustup-home/toolchains/1.54.0-x86_64-unknown-linux-gnu/lib/rustlib/x86_64-unknown-linux-gnu/lib/libcore-5b228734afae15ee.rlib" "-Wl,--end-group" "/opt/rustwide/rustup-home/toolchains/1.54.0-x86_64-unknown-linux-gnu/lib/rustlib/x86_64-unknown-linux-gnu/lib/libcompiler_builtins-d6c7a399d95d173f.rlib" "-Wl,-Bdynamic" "-lutil" "-lgcc_s" "-lutil" "-lrt" "-lpthread" "-lm" "-ldl" "-lc" "-Wl,--eh-frame-hdr" "-Wl,-znoexecstack" "-L" "/opt/rustwide/rustup-home/toolchains/1.54.0-x86_64-unknown-linux-gnu/lib/rustlib/x86_64-unknown-linux-gnu/lib" "-o" "/opt/rustwide/target/debug/examples/echo-51470c2c3d6a2d1c" "-Wl,--gc-sections" "-pie" "-Wl,-zrelro" "-Wl,-znow" "-nodefaultlibs"
[INFO] [stdout]   = note: /usr/bin/ld: /opt/rustwide/target/debug/deps/libbacktrace-1cdfeab05811cae4.rlib(backtrace-1cdfeab05811cae4.backtrace.d74qtoid-cgu.14.rcgu.o): in function `backtrace::symbolize::libbacktrace::init_state::{{closure}}':
[INFO] [stdout]           /opt/rustwide/cargo-home/registry/src/github.com-1ecc6299db9ec823/backtrace-0.3.0/src/symbolize/libbacktrace.rs:156: undefined reference to `backtrace_create_state'
[INFO] [stdout]           /usr/bin/ld: /opt/rustwide/target/debug/deps/libbacktrace-1cdfeab05811cae4.rlib(backtrace-1cdfeab05811cae4.backtrace.d74qtoid-cgu.14.rcgu.o): in function `backtrace::symbolize::libbacktrace::resolve':
[INFO] [stdout]           /opt/rustwide/cargo-home/registry/src/github.com-1ecc6299db9ec823/backtrace-0.3.0/src/symbolize/libbacktrace.rs:173: undefined reference to `backtrace_pcinfo'
[INFO] [stdout]           /usr/bin/ld: /opt/rustwide/cargo-home/registry/src/github.com-1ecc6299db9ec823/backtrace-0.3.0/src/symbolize/libbacktrace.rs:177: undefined reference to `backtrace_syminfo'
[INFO] [stdout]           collect2: error: ld returned 1 exit status
[INFO] [stdout]           
[INFO] [stdout] 
[INFO] [stdout] 
[INFO] [stdout] error: aborting due to previous error
[INFO] [stdout] 
[INFO] [stdout] 
[INFO] [stdout] error: linking with `cc` failed: exit status: 1
[INFO] [stdout]   |
[INFO] [stdout]   = note: "cc" "-m64" "/opt/rustwide/target/debug/deps/rux-6e8f36a453369109.rux.62wrj5r6-cgu.0.rcgu.o" "/opt/rustwide/target/debug/deps/rux-6e8f36a453369109.rux.62wrj5r6-cgu.1.rcgu.o" "/opt/rustwide/target/debug/deps/rux-6e8f36a453369109.rux.62wrj5r6-cgu.10.rcgu.o" "/opt/rustwide/target/debug/deps/rux-6e8f36a453369109.rux.62wrj5r6-cgu.11.rcgu.o" "/opt/rustwide/target/debug/deps/rux-6e8f36a453369109.rux.62wrj5r6-cgu.12.rcgu.o" "/opt/rustwide/target/debug/deps/rux-6e8f36a453369109.rux.62wrj5r6-cgu.13.rcgu.o" "/opt/rustwide/target/debug/deps/rux-6e8f36a453369109.rux.62wrj5r6-cgu.14.rcgu.o" "/opt/rustwide/target/debug/deps/rux-6e8f36a453369109.rux.62wrj5r6-cgu.15.rcgu.o" "/opt/rustwide/target/debug/deps/rux-6e8f36a453369109.rux.62wrj5r6-cgu.2.rcgu.o" "/opt/rustwide/target/debug/deps/rux-6e8f36a453369109.rux.62wrj5r6-cgu.3.rcgu.o" "/opt/rustwide/target/debug/deps/rux-6e8f36a453369109.rux.62wrj5r6-cgu.4.rcgu.o" "/opt/rustwide/target/debug/deps/rux-6e8f36a453369109.rux.62wrj5r6-cgu.5.rcgu.o" "/opt/rustwide/target/debug/deps/rux-6e8f36a453369109.rux.62wrj5r6-cgu.6.rcgu.o" "/opt/rustwide/target/debug/deps/rux-6e8f36a453369109.rux.62wrj5r6-cgu.7.rcgu.o" "/opt/rustwide/target/debug/deps/rux-6e8f36a453369109.rux.62wrj5r6-cgu.8.rcgu.o" "/opt/rustwide/target/debug/deps/rux-6e8f36a453369109.rux.62wrj5r6-cgu.9.rcgu.o" "/opt/rustwide/target/debug/deps/rux-6e8f36a453369109.2t44n8bvc56kkaut.rcgu.o" "-Wl,--as-needed" "-L" "/opt/rustwide/target/debug/deps" "-L" "/opt/rustwide/rustup-home/toolchains/1.54.0-x86_64-unknown-linux-gnu/lib/rustlib/x86_64-unknown-linux-gnu/lib" "-Wl,-Bstatic" "/opt/rustwide/rustup-home/toolchains/1.54.0-x86_64-unknown-linux-gnu/lib/rustlib/x86_64-unknown-linux-gnu/lib/libtest-3599c5491d44663f.rlib" "/opt/rustwide/rustup-home/toolchains/1.54.0-x86_64-unknown-linux-gnu/lib/rustlib/x86_64-unknown-linux-gnu/lib/libterm-1d56ea45a67842c8.rlib" "/opt/rustwide/rustup-home/toolchains/1.54.0-x86_64-unknown-linux-gnu/lib/rustlib/x86_64-unknown-linux-gnu/lib/libgetopts-9749f7c936ebf9a7.rlib" "/opt/rustwide/rustup-home/toolchains/1.54.0-x86_64-unknown-linux-gnu/lib/rustlib/x86_64-unknown-linux-gnu/lib/libunicode_width-627a220173eefff1.rlib" "/opt/rustwide/rustup-home/toolchains/1.54.0-x86_64-unknown-linux-gnu/lib/rustlib/x86_64-unknown-linux-gnu/lib/librustc_std_workspace_std-16ed15e5bfe21b9b.rlib" "/opt/rustwide/target/debug/deps/liblog-d1e2fbff51516687.rlib" "/opt/rustwide/target/debug/deps/liberror_chain-9e3b65fb9c18c620.rlib" "/opt/rustwide/target/debug/deps/libbacktrace-1cdfeab05811cae4.rlib" "/opt/rustwide/target/debug/deps/libbacktrace_sys-dc105d1c4fb80d1e.rlib" "/opt/rustwide/target/debug/deps/librustc_demangle-b1a6a002b57d2c79.rlib" "/opt/rustwide/target/debug/deps/libdbghelp-88e930df24bbaa49.rlib" "/opt/rustwide/target/debug/deps/libwinapi-603ff5f75172bf08.rlib" "/opt/rustwide/target/debug/deps/libkernel32-e4d8c3f315d93e21.rlib" "/opt/rustwide/target/debug/deps/liblazy_static-d6bf8b97f209dc56.rlib" "/opt/rustwide/target/debug/deps/libtime-35416536ea475354.rlib" "/opt/rustwide/target/debug/deps/libpad-d68ed7cbac2210ec.rlib" "/opt/rustwide/target/debug/deps/libunicode_width-54d1907b54440fcc.rlib" "/opt/rustwide/target/debug/deps/libnum_cpus-08a00be6082a9843.rlib" "/opt/rustwide/target/debug/deps/libslab-8e9c43e47e6c2a4d.rlib" "/opt/rustwide/target/debug/deps/libnix-43c49f4189f26c9e.rlib" "/opt/rustwide/target/debug/deps/liblibc-17da958ff7936609.rlib" "/opt/rustwide/target/debug/deps/libvoid-c3f770d6ee2d2f2c.rlib" "/opt/rustwide/target/debug/deps/libcfg_if-b04be3535e5be880.rlib" "/opt/rustwide/target/debug/deps/libbitflags-ccfe87c393d05449.rlib" "-Wl,--start-group" "/opt/rustwide/rustup-home/toolchains/1.54.0-x86_64-unknown-linux-gnu/lib/rustlib/x86_64-unknown-linux-gnu/lib/libstd-2420485b9e5ef5e1.rlib" "/opt/rustwide/rustup-home/toolchains/1.54.0-x86_64-unknown-linux-gnu/lib/rustlib/x86_64-unknown-linux-gnu/lib/libpanic_unwind-785e3cb61c4b1960.rlib" "/opt/rustwide/rustup-home/toolchains/1.54.0-x86_64-unknown-linux-gnu/lib/rustlib/x86_64-unknown-linux-gnu/lib/libminiz_oxide-087191a88bdaa22d.rlib" "/opt/rustwide/rustup-home/toolchains/1.54.0-x86_64-unknown-linux-gnu/lib/rustlib/x86_64-unknown-linux-gnu/lib/libadler-9981842c02975178.rlib" "/opt/rustwide/rustup-home/toolchains/1.54.0-x86_64-unknown-linux-gnu/lib/rustlib/x86_64-unknown-linux-gnu/lib/libobject-6fb405869b015fde.rlib" "/opt/rustwide/rustup-home/toolchains/1.54.0-x86_64-unknown-linux-gnu/lib/rustlib/x86_64-unknown-linux-gnu/lib/libaddr2line-d05c5c3c56004b7b.rlib" "/opt/rustwide/rustup-home/toolchains/1.54.0-x86_64-unknown-linux-gnu/lib/rustlib/x86_64-unknown-linux-gnu/lib/libgimli-42d74d2097528b38.rlib" "/opt/rustwide/rustup-home/toolchains/1.54.0-x86_64-unknown-linux-gnu/lib/rustlib/x86_64-unknown-linux-gnu/lib/libstd_detect-fb36534c113d2209.rlib" "/opt/rustwide/rustup-home/toolchains/1.54.0-x86_64-unknown-linux-gnu/lib/rustlib/x86_64-unknown-linux-gnu/lib/librustc_demangle-b56b9042c12b6535.rlib" "/opt/rustwide/rustup-home/toolchains/1.54.0-x86_64-unknown-linux-gnu/lib/rustlib/x86_64-unknown-linux-gnu/lib/libhashbrown-491902d6cb3e76df.rlib" "/opt/rustwide/rustup-home/toolchains/1.54.0-x86_64-unknown-linux-gnu/lib/rustlib/x86_64-unknown-linux-gnu/lib/librustc_std_workspace_alloc-61834e0981b8c367.rlib" "/opt/rustwide/rustup-home/toolchains/1.54.0-x86_64-unknown-linux-gnu/lib/rustlib/x86_64-unknown-linux-gnu/lib/libunwind-f78aa99d613a55bc.rlib" "/opt/rustwide/rustup-home/toolchains/1.54.0-x86_64-unknown-linux-gnu/lib/rustlib/x86_64-unknown-linux-gnu/lib/libcfg_if-53ee54cd7fed2c57.rlib" "/opt/rustwide/rustup-home/toolchains/1.54.0-x86_64-unknown-linux-gnu/lib/rustlib/x86_64-unknown-linux-gnu/lib/liblibc-544ecdbd6cda3c58.rlib" "/opt/rustwide/rustup-home/toolchains/1.54.0-x86_64-unknown-linux-gnu/lib/rustlib/x86_64-unknown-linux-gnu/lib/liballoc-379cc252b6943a79.rlib" "/opt/rustwide/rustup-home/toolchains/1.54.0-x86_64-unknown-linux-gnu/lib/rustlib/x86_64-unknown-linux-gnu/lib/librustc_std_workspace_core-8063eea38dcc5e62.rlib" "/opt/rustwide/rustup-home/toolchains/1.54.0-x86_64-unknown-linux-gnu/lib/rustlib/x86_64-unknown-linux-gnu/lib/libcore-5b228734afae15ee.rlib" "-Wl,--end-group" "/opt/rustwide/rustup-home/toolchains/1.54.0-x86_64-unknown-linux-gnu/lib/rustlib/x86_64-unknown-linux-gnu/lib/libcompiler_builtins-d6c7a399d95d173f.rlib" "-Wl,-Bdynamic" "-lutil" "-lgcc_s" "-lutil" "-lrt" "-lpthread" "-lm" "-ldl" "-lc" "-Wl,--eh-frame-hdr" "-Wl,-znoexecstack" "-L" "/opt/rustwide/rustup-home/toolchains/1.54.0-x86_64-unknown-linux-gnu/lib/rustlib/x86_64-unknown-linux-gnu/lib" "-o" "/opt/rustwide/target/debug/deps/rux-6e8f36a453369109" "-Wl,--gc-sections" "-pie" "-Wl,-zrelro" "-Wl,-znow" "-nodefaultlibs"
[INFO] [stdout]   = note: /usr/bin/ld: /opt/rustwide/target/debug/deps/libbacktrace-1cdfeab05811cae4.rlib(backtrace-1cdfeab05811cae4.backtrace.d74qtoid-cgu.14.rcgu.o): in function `backtrace::symbolize::libbacktrace::init_state::{{closure}}':
[INFO] [stdout]           /opt/rustwide/cargo-home/registry/src/github.com-1ecc6299db9ec823/backtrace-0.3.0/src/symbolize/libbacktrace.rs:156: undefined reference to `backtrace_create_state'
[INFO] [stdout]           /usr/bin/ld: /opt/rustwide/target/debug/deps/libbacktrace-1cdfeab05811cae4.rlib(backtrace-1cdfeab05811cae4.backtrace.d74qtoid-cgu.14.rcgu.o): in function `backtrace::symbolize::libbacktrace::resolve':
[INFO] [stdout]           /opt/rustwide/cargo-home/registry/src/github.com-1ecc6299db9ec823/backtrace-0.3.0/src/symbolize/libbacktrace.rs:173: undefined reference to `backtrace_pcinfo'
[INFO] [stdout]           /usr/bin/ld: /opt/rustwide/cargo-home/registry/src/github.com-1ecc6299db9ec823/backtrace-0.3.0/src/symbolize/libbacktrace.rs:177: undefined reference to `backtrace_syminfo'
[INFO] [stdout]           collect2: error: ld returned 1 exit status
[INFO] [stdout]           
[INFO] [stdout] 
[INFO] [stdout] 
[INFO] [stdout] error: aborting due to previous error; 10 warnings emitted
[INFO] [stdout] 
[INFO] [stdout] 
[INFO] [stderr] error: build failed
[INFO] running `Command { std: "docker" "inspect" "ad4a0ea3ed56869b33987e6aa4b69a769d5826bc5fec1f34afc7e58587ded7d5", kill_on_drop: false }`
[INFO] running `Command { std: "docker" "rm" "-f" "ad4a0ea3ed56869b33987e6aa4b69a769d5826bc5fec1f34afc7e58587ded7d5", kill_on_drop: false }`
[INFO] [stdout] ad4a0ea3ed56869b33987e6aa4b69a769d5826bc5fec1f34afc7e58587ded7d5
