[INFO] cloning repository https://github.com/erikjohnston/mxfedtestbot
[INFO] running `Command { std: "git" "-c" "credential.helper=" "-c" "credential.helper=/workspace/cargo-home/bin/git-credential-null" "clone" "--bare" "https://github.com/erikjohnston/mxfedtestbot" "/workspace/cache/git-repos/https%3A%2F%2Fgithub.com%2Ferikjohnston%2Fmxfedtestbot", kill_on_drop: false }`
[INFO] [stderr] Cloning into bare repository '/workspace/cache/git-repos/https%3A%2F%2Fgithub.com%2Ferikjohnston%2Fmxfedtestbot'...
[INFO] running `Command { std: "git" "rev-parse" "HEAD", kill_on_drop: false }`
[INFO] [stdout] 91cb08df6db1c7c27bf3b8afd6bfb8592c3fca5b
[INFO] testing erikjohnston/mxfedtestbot against 1.54.0 for beta-1.55-1
[INFO] running `Command { std: "git" "clone" "/workspace/cache/git-repos/https%3A%2F%2Fgithub.com%2Ferikjohnston%2Fmxfedtestbot" "/workspace/builds/worker-55/source", kill_on_drop: false }`
[INFO] [stderr] Cloning into '/workspace/builds/worker-55/source'...
[INFO] [stderr] done.
[INFO] validating manifest of git repo https://github.com/erikjohnston/mxfedtestbot on toolchain 1.54.0
[INFO] running `Command { std: "/workspace/cargo-home/bin/cargo" "+1.54.0" "metadata" "--manifest-path" "Cargo.toml" "--no-deps", kill_on_drop: false }`
[INFO] started tweaking git repo https://github.com/erikjohnston/mxfedtestbot
[INFO] finished tweaking git repo https://github.com/erikjohnston/mxfedtestbot
[INFO] tweaked toml for git repo https://github.com/erikjohnston/mxfedtestbot written to /workspace/builds/worker-55/source/Cargo.toml
[INFO] crate git repo https://github.com/erikjohnston/mxfedtestbot already has a lockfile, it will not be regenerated
[INFO] running `Command { std: "/workspace/cargo-home/bin/cargo" "+1.54.0" "fetch" "--manifest-path" "Cargo.toml", kill_on_drop: false }`
[INFO] [stderr]     Blocking waiting for file lock on package cache
[INFO] [stderr]     Updating git repository `https://github.com/erikjohnston/mxfedtest.git`
[INFO] [stderr]     Blocking waiting for file lock on package cache
[INFO] [stderr]  Downloading crates ...
[INFO] [stderr]   Downloaded num-traits v0.1.32
[INFO] [stderr]   Downloaded cookie v0.2.2
[INFO] [stderr]   Downloaded mime v0.2.0
[INFO] [stderr]   Downloaded uuid v0.2.0
[INFO] [stderr]   Downloaded serde_json v0.7.0
[INFO] [stderr]   Downloaded ansi_term v0.7.2
[INFO] [stderr]   Downloaded num v0.1.32
[INFO] [stderr]   Downloaded quick-error v1.0.0
[INFO] [stderr]   Downloaded toml v0.1.28
[INFO] [stderr]   Downloaded strsim v0.4.1
[INFO] [stderr]   Downloaded clap v2.3.0
[INFO] [stderr]   Downloaded chrono v0.2.21
[INFO] [stderr]   Downloaded num_cpus v0.2.11
[INFO] [stderr]   Downloaded url v0.5.9
[INFO] [stderr] warning: TOML file found which contains invalid syntax and will soon not parse
[INFO] [stderr] at `/workspace/cargo-home/registry/src/github.com-1ecc6299db9ec823/url-0.5.9/Cargo.toml`.
[INFO] [stderr] 
[INFO] [stderr] The TOML spec requires newlines after table definitions (e.g., `[a] b = 1` is
[INFO] [stderr] invalid), but this file has a table header which does not have a newline after
[INFO] [stderr] it. A newline needs to be added and this warning will soon become a hard error
[INFO] [stderr] in the future.
[INFO] [stderr]   Downloaded serde v0.7.0
[INFO] [stderr]   Downloaded lazy_static v0.2.0
[INFO] [stderr]   Downloaded dns-parser v0.3.1
[INFO] [stderr]   Downloaded openssl-sys v0.7.10
[INFO] [stderr]   Downloaded openssl v0.7.10
[INFO] [stderr]   Downloaded atty v0.1.2
[INFO] [stderr]   Downloaded openssl-sys-extras v0.7.10
[INFO] [stderr]   Downloaded quasi v0.9.0
[INFO] [stderr]   Downloaded quasi_codegen v0.9.0
[INFO] [stderr]   Downloaded resolv-conf v0.4.0
[INFO] [stderr]   Downloaded serde_codegen v0.7.2
[INFO] [stderr]   Downloaded gcc v0.3.27
[INFO] [stderr]   Downloaded marksman_escape v0.1.2
[INFO] [stderr]   Downloaded term v0.4.4
[INFO] [stderr]   Downloaded itertools v0.4.13
[INFO] [stderr]   Downloaded quasi_macros v0.9.0
[INFO] [stderr]   Downloaded tempdir v0.3.4
[INFO] [stderr]   Downloaded serde_macros v0.7.2
[INFO] [stderr]   Downloaded aster v0.15.0
[INFO] [stderr]   Downloaded prettytable-rs v0.6.1
[INFO] running `Command { std: "docker" "create" "-v" "/var/lib/crater-agent-workspace/builds/worker-55/target:/opt/rustwide/target:rw,Z" "-v" "/var/lib/crater-agent-workspace/builds/worker-55/source:/opt/rustwide/workdir:ro,Z" "-v" "/var/lib/crater-agent-workspace/cargo-home:/opt/rustwide/cargo-home:ro,Z" "-v" "/var/lib/crater-agent-workspace/rustup-home:/opt/rustwide/rustup-home:ro,Z" "-e" "SOURCE_DIR=/opt/rustwide/workdir" "-e" "CARGO_TARGET_DIR=/opt/rustwide/target" "-e" "CARGO_HOME=/opt/rustwide/cargo-home" "-e" "RUSTUP_HOME=/opt/rustwide/rustup-home" "-w" "/opt/rustwide/workdir" "-m" "1610612736" "--user" "0:0" "--network" "none" "ghcr.io/rust-lang/crates-build-env/linux@sha256:34b6a614d2c27851fe6cbf88fbd1137609cefab8b10d0615aaeb6fd47975d74e" "/opt/rustwide/cargo-home/bin/cargo" "+1.54.0" "metadata" "--no-deps" "--format-version=1", kill_on_drop: false }`
[INFO] [stdout] 1f4fe473e39a68761858132e87b14e1593dccdfbd20c4455e80e2d38da0083db
[INFO] running `Command { std: "docker" "start" "-a" "1f4fe473e39a68761858132e87b14e1593dccdfbd20c4455e80e2d38da0083db", kill_on_drop: false }`
[INFO] running `Command { std: "docker" "inspect" "1f4fe473e39a68761858132e87b14e1593dccdfbd20c4455e80e2d38da0083db", kill_on_drop: false }`
[INFO] running `Command { std: "docker" "rm" "-f" "1f4fe473e39a68761858132e87b14e1593dccdfbd20c4455e80e2d38da0083db", kill_on_drop: false }`
[INFO] [stdout] 1f4fe473e39a68761858132e87b14e1593dccdfbd20c4455e80e2d38da0083db
[INFO] running `Command { std: "docker" "create" "-v" "/var/lib/crater-agent-workspace/builds/worker-55/target:/opt/rustwide/target:rw,Z" "-v" "/var/lib/crater-agent-workspace/builds/worker-55/source:/opt/rustwide/workdir:ro,Z" "-v" "/var/lib/crater-agent-workspace/cargo-home:/opt/rustwide/cargo-home:ro,Z" "-v" "/var/lib/crater-agent-workspace/rustup-home:/opt/rustwide/rustup-home:ro,Z" "-e" "SOURCE_DIR=/opt/rustwide/workdir" "-e" "CARGO_TARGET_DIR=/opt/rustwide/target" "-e" "CARGO_INCREMENTAL=0" "-e" "RUST_BACKTRACE=full" "-e" "RUSTFLAGS=--cap-lints=warn" "-e" "CARGO_HOME=/opt/rustwide/cargo-home" "-e" "RUSTUP_HOME=/opt/rustwide/rustup-home" "-w" "/opt/rustwide/workdir" "-m" "1610612736" "--user" "0:0" "--network" "none" "ghcr.io/rust-lang/crates-build-env/linux@sha256:34b6a614d2c27851fe6cbf88fbd1137609cefab8b10d0615aaeb6fd47975d74e" "/opt/rustwide/cargo-home/bin/cargo" "+1.54.0" "build" "--frozen" "--message-format=json", kill_on_drop: false }`
[INFO] [stdout] 39360997b1e29742835494b926919c31623ce06ce36f376899bbd141bd73d680
[INFO] running `Command { std: "docker" "start" "-a" "39360997b1e29742835494b926919c31623ce06ce36f376899bbd141bd73d680", kill_on_drop: false }`
[INFO] [stderr]     Blocking waiting for file lock on package cache
[INFO] [stderr] warning: TOML file found which contains invalid syntax and will soon not parse
[INFO] [stderr] at `/opt/rustwide/cargo-home/registry/src/github.com-1ecc6299db9ec823/url-0.5.9/Cargo.toml`.
[INFO] [stderr] 
[INFO] [stderr] The TOML spec requires newlines after table definitions (e.g., `[a] b = 1` is
[INFO] [stderr] invalid), but this file has a table header which does not have a newline after
[INFO] [stderr] it. A newline needs to be added and this warning will soon become a hard error
[INFO] [stderr] in the future.
[INFO] [stderr]    Compiling libc v0.2.10
[INFO] [stderr]    Compiling winapi-build v0.1.1
[INFO] [stderr]    Compiling pkg-config v0.3.8
[INFO] [stderr]    Compiling winapi v0.2.6
[INFO] [stderr]    Compiling gcc v0.3.27
[INFO] [stderr]    Compiling num-traits v0.1.32
[INFO] [stderr]    Compiling semver v0.1.20
[INFO] [stderr]    Compiling matches v0.1.2
[INFO] [stderr]    Compiling rustc-serialize v0.3.19
[INFO] [stderr]    Compiling aster v0.15.0
[INFO] [stderr]    Compiling log v0.3.6
[INFO] [stderr]    Compiling serde_codegen v0.7.2
[INFO] [stderr]    Compiling bitflags v0.4.0
[INFO] [stderr]    Compiling lazy_static v0.2.0
[INFO] [stderr]    Compiling unicode-normalization v0.1.2
[INFO] [stderr]    Compiling unicode-width v0.1.3
[INFO] [stderr]    Compiling quasi v0.9.0
[INFO] [stderr]    Compiling quick-error v1.0.0
[INFO] [stderr]    Compiling serde v0.7.0
[INFO] [stderr]    Compiling strsim v0.4.1
[INFO] [stderr]    Compiling vec_map v0.6.0
[INFO] [stderr]    Compiling bitflags v0.5.0
[INFO] [stderr]    Compiling byteorder v0.4.2
[INFO] [stderr]    Compiling traitobject v0.0.1
[INFO] [stderr]    Compiling ansi_term v0.7.2
[INFO] [stderr]    Compiling typeable v0.1.2
[INFO] [stderr]    Compiling language-tags v0.2.2
[INFO] [stderr]    Compiling lazy_static v0.1.16
[INFO] [stderr]    Compiling httparse v1.1.2
[INFO] [stderr]    Compiling marksman_escape v0.1.2
[INFO] [stderr]    Compiling itertools v0.4.13
[INFO] [stderr]    Compiling unicode-bidi v0.2.3
[INFO] [stdout] error[E0463]: can't find crate for `syntax`
[INFO] [stdout]   --> /opt/rustwide/cargo-home/registry/src/github.com-1ecc6299db9ec823/aster-0.15.0/src/lib.rs:10:1
[INFO] [stdout]    |
[INFO] [stdout] 10 | extern crate syntax;
[INFO] [stdout]    | ^^^^^^^^^^^^^^^^^^^^ can't find crate
[INFO] [stdout] 
[INFO] [stdout] 
[INFO] [stdout] error: aborting due to previous error
[INFO] [stdout] 
[INFO] [stdout] 
[INFO] [stderr] error: could not compile `aster`
[INFO] [stdout] For more information about this error, try `rustc --explain E0463`.
[INFO] [stdout] 
[INFO] [stderr] 
[INFO] [stderr] To learn more, run the command again with --verbose.
[INFO] [stderr] warning: build failed, waiting for other jobs to finish...
[INFO] [stdout] error[E0463]: can't find crate for `syntax`
[INFO] [stdout]   --> /opt/rustwide/cargo-home/registry/src/github.com-1ecc6299db9ec823/quasi-0.9.0/src/lib.rs:19:1
[INFO] [stdout]    |
[INFO] [stdout] 19 | extern crate syntax;
[INFO] [stdout]    | ^^^^^^^^^^^^^^^^^^^^ can't find crate
[INFO] [stdout] 
[INFO] [stdout] 
[INFO] [stdout] error: aborting due to previous error
[INFO] [stdout] 
[INFO] [stdout] 
[INFO] [stdout] For more information about this error, try `rustc --explain E0463`.
[INFO] [stdout] 
[INFO] [stdout] error[E0642]: patterns aren't allowed in functions without bodies
[INFO] [stdout]    --> /opt/rustwide/cargo-home/registry/src/github.com-1ecc6299db9ec823/rustc-serialize-0.3.19/src/serialize.rs:147:45
[INFO] [stdout]     |
[INFO] [stdout] 147 | ...                   &f_name: &str,
[INFO] [stdout]     |                       ^^^^^^^ pattern not allowed in function without body
[INFO] [stdout] 
[INFO] [stdout] 
[INFO] [stdout] error: aborting due to previous error
[INFO] [stdout] 
[INFO] [stdout] 
[INFO] [stdout] For more information about this error, try `rustc --explain E0642`.
[INFO] [stdout] 
[INFO] [stderr] error: build failed
[INFO] running `Command { std: "docker" "inspect" "39360997b1e29742835494b926919c31623ce06ce36f376899bbd141bd73d680", kill_on_drop: false }`
[INFO] running `Command { std: "docker" "rm" "-f" "39360997b1e29742835494b926919c31623ce06ce36f376899bbd141bd73d680", kill_on_drop: false }`
[INFO] [stdout] 39360997b1e29742835494b926919c31623ce06ce36f376899bbd141bd73d680
