[INFO] cloning repository https://github.com/erikjohnston/mx-presence-stats
[INFO] running `Command { std: "git" "-c" "credential.helper=" "-c" "credential.helper=/workspace/cargo-home/bin/git-credential-null" "clone" "--bare" "https://github.com/erikjohnston/mx-presence-stats" "/workspace/cache/git-repos/https%3A%2F%2Fgithub.com%2Ferikjohnston%2Fmx-presence-stats", kill_on_drop: false }`
[INFO] [stderr] Cloning into bare repository '/workspace/cache/git-repos/https%3A%2F%2Fgithub.com%2Ferikjohnston%2Fmx-presence-stats'...
[INFO] running `Command { std: "git" "rev-parse" "HEAD", kill_on_drop: false }`
[INFO] [stdout] e5292bf0b5b64c9ac7f54b2da3ffd7785347b455
[INFO] testing erikjohnston/mx-presence-stats against beta-2021-08-01 for beta-1.55-1
[INFO] running `Command { std: "git" "clone" "/workspace/cache/git-repos/https%3A%2F%2Fgithub.com%2Ferikjohnston%2Fmx-presence-stats" "/workspace/builds/worker-29/source", kill_on_drop: false }`
[INFO] [stderr] Cloning into '/workspace/builds/worker-29/source'...
[INFO] [stderr] done.
[INFO] validating manifest of git repo https://github.com/erikjohnston/mx-presence-stats on toolchain beta-2021-08-01
[INFO] running `Command { std: "/workspace/cargo-home/bin/cargo" "+beta-2021-08-01" "metadata" "--manifest-path" "Cargo.toml" "--no-deps", kill_on_drop: false }`
[INFO] started tweaking git repo https://github.com/erikjohnston/mx-presence-stats
[INFO] finished tweaking git repo https://github.com/erikjohnston/mx-presence-stats
[INFO] tweaked toml for git repo https://github.com/erikjohnston/mx-presence-stats written to /workspace/builds/worker-29/source/Cargo.toml
[INFO] crate git repo https://github.com/erikjohnston/mx-presence-stats already has a lockfile, it will not be regenerated
[INFO] running `Command { std: "/workspace/cargo-home/bin/cargo" "+beta-2021-08-01" "fetch" "--manifest-path" "Cargo.toml", kill_on_drop: false }`
[INFO] [stderr]     Blocking waiting for file lock on package cache
[INFO] [stderr]     Blocking waiting for file lock on package cache
[INFO] [stderr] warning: TOML file found which contains invalid syntax and will soon not parse
[INFO] [stderr] at `/workspace/cargo-home/registry/src/github.com-1ecc6299db9ec823/url-0.5.9/Cargo.toml`.
[INFO] [stderr] 
[INFO] [stderr] The TOML spec requires newlines after table definitions (e.g., `[a] b = 1` is
[INFO] [stderr] invalid), but this file has a table header which does not have a newline after
[INFO] [stderr] it. A newline needs to be added and this warning will soon become a hard error
[INFO] [stderr] in the future.
[INFO] running `Command { std: "docker" "create" "-v" "/var/lib/crater-agent-workspace/builds/worker-29/target:/opt/rustwide/target:rw,Z" "-v" "/var/lib/crater-agent-workspace/builds/worker-29/source:/opt/rustwide/workdir:ro,Z" "-v" "/var/lib/crater-agent-workspace/cargo-home:/opt/rustwide/cargo-home:ro,Z" "-v" "/var/lib/crater-agent-workspace/rustup-home:/opt/rustwide/rustup-home:ro,Z" "-e" "SOURCE_DIR=/opt/rustwide/workdir" "-e" "CARGO_TARGET_DIR=/opt/rustwide/target" "-e" "CARGO_HOME=/opt/rustwide/cargo-home" "-e" "RUSTUP_HOME=/opt/rustwide/rustup-home" "-w" "/opt/rustwide/workdir" "-m" "1610612736" "--user" "0:0" "--network" "none" "ghcr.io/rust-lang/crates-build-env/linux@sha256:34b6a614d2c27851fe6cbf88fbd1137609cefab8b10d0615aaeb6fd47975d74e" "/opt/rustwide/cargo-home/bin/cargo" "+beta-2021-08-01" "metadata" "--no-deps" "--format-version=1", kill_on_drop: false }`
[INFO] [stdout] 9ff00e09f2367e0f767fe3f2e01fb3e404bd8ced14855d9eba2127abe735c7e7
[INFO] running `Command { std: "docker" "start" "-a" "9ff00e09f2367e0f767fe3f2e01fb3e404bd8ced14855d9eba2127abe735c7e7", kill_on_drop: false }`
[INFO] running `Command { std: "docker" "inspect" "9ff00e09f2367e0f767fe3f2e01fb3e404bd8ced14855d9eba2127abe735c7e7", kill_on_drop: false }`
[INFO] running `Command { std: "docker" "rm" "-f" "9ff00e09f2367e0f767fe3f2e01fb3e404bd8ced14855d9eba2127abe735c7e7", kill_on_drop: false }`
[INFO] [stdout] 9ff00e09f2367e0f767fe3f2e01fb3e404bd8ced14855d9eba2127abe735c7e7
[INFO] running `Command { std: "docker" "create" "-v" "/var/lib/crater-agent-workspace/builds/worker-29/target:/opt/rustwide/target:rw,Z" "-v" "/var/lib/crater-agent-workspace/builds/worker-29/source:/opt/rustwide/workdir:ro,Z" "-v" "/var/lib/crater-agent-workspace/cargo-home:/opt/rustwide/cargo-home:ro,Z" "-v" "/var/lib/crater-agent-workspace/rustup-home:/opt/rustwide/rustup-home:ro,Z" "-e" "SOURCE_DIR=/opt/rustwide/workdir" "-e" "CARGO_TARGET_DIR=/opt/rustwide/target" "-e" "CARGO_INCREMENTAL=0" "-e" "RUST_BACKTRACE=full" "-e" "RUSTFLAGS=--cap-lints=warn" "-e" "CARGO_HOME=/opt/rustwide/cargo-home" "-e" "RUSTUP_HOME=/opt/rustwide/rustup-home" "-w" "/opt/rustwide/workdir" "-m" "1610612736" "--user" "0:0" "--network" "none" "ghcr.io/rust-lang/crates-build-env/linux@sha256:34b6a614d2c27851fe6cbf88fbd1137609cefab8b10d0615aaeb6fd47975d74e" "/opt/rustwide/cargo-home/bin/cargo" "+beta-2021-08-01" "build" "--frozen" "--message-format=json", kill_on_drop: false }`
[INFO] [stdout] 45a674c546ae61c6a22940926ced610cf7f5c69fbc301c4bae01c894d53c934b
[INFO] running `Command { std: "docker" "start" "-a" "45a674c546ae61c6a22940926ced610cf7f5c69fbc301c4bae01c894d53c934b", kill_on_drop: false }`
[INFO] [stderr] warning: TOML file found which contains invalid syntax and will soon not parse
[INFO] [stderr] at `/opt/rustwide/cargo-home/registry/src/github.com-1ecc6299db9ec823/url-0.5.9/Cargo.toml`.
[INFO] [stderr] 
[INFO] [stderr] The TOML spec requires newlines after table definitions (e.g., `[a] b = 1` is
[INFO] [stderr] invalid), but this file has a table header which does not have a newline after
[INFO] [stderr] it. A newline needs to be added and this warning will soon become a hard error
[INFO] [stderr] in the future.
[INFO] [stderr]    Compiling libc v0.2.10
[INFO] [stderr]    Compiling pkg-config v0.3.8
[INFO] [stderr]    Compiling gcc v0.3.27
[INFO] [stderr]    Compiling winapi-build v0.1.1
[INFO] [stderr]    Compiling semver v0.1.20
[INFO] [stderr]    Compiling num-traits v0.1.32
[INFO] [stderr]    Compiling winapi v0.2.6
[INFO] [stderr]    Compiling matches v0.1.2
[INFO] [stderr]    Compiling rustc-serialize v0.3.19
[INFO] [stderr]    Compiling log v0.3.6
[INFO] [stderr]    Compiling aster v0.15.0
[INFO] [stderr]    Compiling lazy_static v0.2.0
[INFO] [stderr]    Compiling unicode-normalization v0.1.2
[INFO] [stderr]    Compiling bitflags v0.4.0
[INFO] [stderr]    Compiling serde_codegen v0.7.2
[INFO] [stderr]    Compiling serde v0.7.0
[INFO] [stderr]    Compiling quasi v0.9.0
[INFO] [stderr]    Compiling bitflags v0.5.0
[INFO] [stderr]    Compiling vec_map v0.6.0
[INFO] [stderr]    Compiling ansi_term v0.7.2
[INFO] [stderr]    Compiling httparse v1.1.2
[INFO] [stderr]    Compiling typeable v0.1.2
[INFO] [stderr]    Compiling unicode-width v0.1.3
[INFO] [stderr]    Compiling strsim v0.4.1
[INFO] [stderr]    Compiling language-tags v0.2.2
[INFO] [stderr]    Compiling traitobject v0.0.1
[INFO] [stdout] error[E0463]: can't find crate for `syntax`
[INFO] [stdout]   --> /opt/rustwide/cargo-home/registry/src/github.com-1ecc6299db9ec823/quasi-0.9.0/src/lib.rs:19:1
[INFO] [stdout]    |
[INFO] [stdout] 19 | extern crate syntax;
[INFO] [stdout]    | ^^^^^^^^^^^^^^^^^^^^ can't find crate
[INFO] [stdout] 
[INFO] [stdout] 
[INFO] [stderr] error: could not compile `quasi` due to 2 previous errors
[INFO] [stdout] error: aborting due to previous error
[INFO] [stdout] 
[INFO] [stdout] 
[INFO] [stderr] warning: build failed, waiting for other jobs to finish...
[INFO] [stdout] For more information about this error, try `rustc --explain E0463`.
[INFO] [stdout] 
[INFO] [stdout] error[E0463]: can't find crate for `syntax`
[INFO] [stdout]   --> /opt/rustwide/cargo-home/registry/src/github.com-1ecc6299db9ec823/aster-0.15.0/src/lib.rs:10:1
[INFO] [stdout]    |
[INFO] [stdout] 10 | extern crate syntax;
[INFO] [stdout]    | ^^^^^^^^^^^^^^^^^^^^ can't find crate
[INFO] [stdout] 
[INFO] [stdout] 
[INFO] [stdout] error: aborting due to previous error
[INFO] [stdout] 
[INFO] [stdout] 
[INFO] [stdout] For more information about this error, try `rustc --explain E0463`.
[INFO] [stdout] 
[INFO] [stdout] error[E0642]: patterns aren't allowed in functions without bodies
[INFO] [stdout]    --> /opt/rustwide/cargo-home/registry/src/github.com-1ecc6299db9ec823/rustc-serialize-0.3.19/src/serialize.rs:147:45
[INFO] [stdout]     |
[INFO] [stdout] 147 | ...                   &f_name: &str,
[INFO] [stdout]     |                       ^^^^^^^ pattern not allowed in function without body
[INFO] [stdout] 
[INFO] [stdout] 
[INFO] [stdout] error: aborting due to previous error
[INFO] [stdout] 
[INFO] [stdout] 
[INFO] [stdout] For more information about this error, try `rustc --explain E0642`.
[INFO] [stdout] 
[INFO] [stderr] error: build failed
[INFO] running `Command { std: "docker" "inspect" "45a674c546ae61c6a22940926ced610cf7f5c69fbc301c4bae01c894d53c934b", kill_on_drop: false }`
[INFO] running `Command { std: "docker" "rm" "-f" "45a674c546ae61c6a22940926ced610cf7f5c69fbc301c4bae01c894d53c934b", kill_on_drop: false }`
[INFO] [stdout] 45a674c546ae61c6a22940926ced610cf7f5c69fbc301c4bae01c894d53c934b
