[INFO] cloning repository https://github.com/enokson/msg-store
[INFO] running `Command { std: "git" "-c" "credential.helper=" "-c" "credential.helper=/workspace/cargo-home/bin/git-credential-null" "clone" "--bare" "https://github.com/enokson/msg-store" "/workspace/cache/git-repos/https%3A%2F%2Fgithub.com%2Fenokson%2Fmsg-store", kill_on_drop: false }`
[INFO] [stderr] Cloning into bare repository '/workspace/cache/git-repos/https%3A%2F%2Fgithub.com%2Fenokson%2Fmsg-store'...
[INFO] running `Command { std: "git" "rev-parse" "HEAD", kill_on_drop: false }`
[INFO] [stdout] 46900dccead6a882e48aa6a938c6117826ba1ca5
[INFO] testing enokson/msg-store against 1.54.0 for beta-1.55-1
[INFO] running `Command { std: "git" "clone" "/workspace/cache/git-repos/https%3A%2F%2Fgithub.com%2Fenokson%2Fmsg-store" "/workspace/builds/worker-15/source", kill_on_drop: false }`
[INFO] [stderr] Cloning into '/workspace/builds/worker-15/source'...
[INFO] [stderr] done.
[INFO] validating manifest of git repo https://github.com/enokson/msg-store on toolchain 1.54.0
[INFO] running `Command { std: "/workspace/cargo-home/bin/cargo" "+1.54.0" "metadata" "--manifest-path" "Cargo.toml" "--no-deps", kill_on_drop: false }`
[INFO] started tweaking git repo https://github.com/enokson/msg-store
[INFO] finished tweaking git repo https://github.com/enokson/msg-store
[INFO] tweaked toml for git repo https://github.com/enokson/msg-store written to /workspace/builds/worker-15/source/Cargo.toml
[INFO] crate git repo https://github.com/enokson/msg-store already has a lockfile, it will not be regenerated
[INFO] running `Command { std: "/workspace/cargo-home/bin/cargo" "+1.54.0" "fetch" "--manifest-path" "Cargo.toml", kill_on_drop: false }`
[INFO] running `Command { std: "docker" "create" "-v" "/var/lib/crater-agent-workspace/builds/worker-15/target:/opt/rustwide/target:rw,Z" "-v" "/var/lib/crater-agent-workspace/builds/worker-15/source:/opt/rustwide/workdir:ro,Z" "-v" "/var/lib/crater-agent-workspace/cargo-home:/opt/rustwide/cargo-home:ro,Z" "-v" "/var/lib/crater-agent-workspace/rustup-home:/opt/rustwide/rustup-home:ro,Z" "-e" "SOURCE_DIR=/opt/rustwide/workdir" "-e" "CARGO_TARGET_DIR=/opt/rustwide/target" "-e" "CARGO_HOME=/opt/rustwide/cargo-home" "-e" "RUSTUP_HOME=/opt/rustwide/rustup-home" "-w" "/opt/rustwide/workdir" "-m" "1610612736" "--user" "0:0" "--network" "none" "ghcr.io/rust-lang/crates-build-env/linux@sha256:34b6a614d2c27851fe6cbf88fbd1137609cefab8b10d0615aaeb6fd47975d74e" "/opt/rustwide/cargo-home/bin/cargo" "+1.54.0" "metadata" "--no-deps" "--format-version=1", kill_on_drop: false }`
[INFO] [stdout] 5ce430bc456f2cd0523dff52b1bd414a17e542f3fb5f5bb0907468c76fb71d95
[INFO] running `Command { std: "docker" "start" "-a" "5ce430bc456f2cd0523dff52b1bd414a17e542f3fb5f5bb0907468c76fb71d95", kill_on_drop: false }`
[INFO] running `Command { std: "docker" "inspect" "5ce430bc456f2cd0523dff52b1bd414a17e542f3fb5f5bb0907468c76fb71d95", kill_on_drop: false }`
[INFO] running `Command { std: "docker" "rm" "-f" "5ce430bc456f2cd0523dff52b1bd414a17e542f3fb5f5bb0907468c76fb71d95", kill_on_drop: false }`
[INFO] [stdout] 5ce430bc456f2cd0523dff52b1bd414a17e542f3fb5f5bb0907468c76fb71d95
[INFO] running `Command { std: "docker" "create" "-v" "/var/lib/crater-agent-workspace/builds/worker-15/target:/opt/rustwide/target:rw,Z" "-v" "/var/lib/crater-agent-workspace/builds/worker-15/source:/opt/rustwide/workdir:ro,Z" "-v" "/var/lib/crater-agent-workspace/cargo-home:/opt/rustwide/cargo-home:ro,Z" "-v" "/var/lib/crater-agent-workspace/rustup-home:/opt/rustwide/rustup-home:ro,Z" "-e" "SOURCE_DIR=/opt/rustwide/workdir" "-e" "CARGO_TARGET_DIR=/opt/rustwide/target" "-e" "CARGO_INCREMENTAL=0" "-e" "RUST_BACKTRACE=full" "-e" "RUSTFLAGS=--cap-lints=warn" "-e" "CARGO_HOME=/opt/rustwide/cargo-home" "-e" "RUSTUP_HOME=/opt/rustwide/rustup-home" "-w" "/opt/rustwide/workdir" "-m" "1610612736" "--user" "0:0" "--network" "none" "ghcr.io/rust-lang/crates-build-env/linux@sha256:34b6a614d2c27851fe6cbf88fbd1137609cefab8b10d0615aaeb6fd47975d74e" "/opt/rustwide/cargo-home/bin/cargo" "+1.54.0" "build" "--frozen" "--message-format=json", kill_on_drop: false }`
[INFO] [stdout] b97a0a65ed06ff2903b6b588181cfb5b37b56cffb3a2462cc96e12cff5f15a6a
[INFO] running `Command { std: "docker" "start" "-a" "b97a0a65ed06ff2903b6b588181cfb5b37b56cffb3a2462cc96e12cff5f15a6a", kill_on_drop: false }`
[INFO] [stderr]     Blocking waiting for file lock on package cache
[INFO] [stderr]    Compiling libc v0.2.83
[INFO] [stderr]    Compiling syn v1.0.60
[INFO] [stderr]    Compiling cc v1.0.66
[INFO] [stderr]    Compiling serde_derive v1.0.123
[INFO] [stderr]    Compiling serde v1.0.123
[INFO] [stderr]    Compiling byteorder v1.4.2
[INFO] [stderr]    Compiling db-key v0.0.5
[INFO] [stderr]    Compiling quote v1.0.8
[INFO] [stderr]    Compiling cmake v0.1.45
[INFO] [stderr]    Compiling num_cpus v1.13.0
[INFO] [stderr]    Compiling leveldb-sys v2.0.8
[INFO] [stderr]    Compiling bincode v1.3.1
[INFO] [stderr]    Compiling leveldb v0.8.6
[INFO] [stderr]    Compiling msg-store v0.1.0 (/opt/rustwide/workdir)
[INFO] [stderr]     Finished dev [unoptimized + debuginfo] target(s) in 31.41s
[INFO] running `Command { std: "docker" "inspect" "b97a0a65ed06ff2903b6b588181cfb5b37b56cffb3a2462cc96e12cff5f15a6a", kill_on_drop: false }`
[INFO] running `Command { std: "docker" "rm" "-f" "b97a0a65ed06ff2903b6b588181cfb5b37b56cffb3a2462cc96e12cff5f15a6a", kill_on_drop: false }`
[INFO] [stdout] b97a0a65ed06ff2903b6b588181cfb5b37b56cffb3a2462cc96e12cff5f15a6a
[INFO] running `Command { std: "docker" "create" "-v" "/var/lib/crater-agent-workspace/builds/worker-15/target:/opt/rustwide/target:rw,Z" "-v" "/var/lib/crater-agent-workspace/builds/worker-15/source:/opt/rustwide/workdir:ro,Z" "-v" "/var/lib/crater-agent-workspace/cargo-home:/opt/rustwide/cargo-home:ro,Z" "-v" "/var/lib/crater-agent-workspace/rustup-home:/opt/rustwide/rustup-home:ro,Z" "-e" "SOURCE_DIR=/opt/rustwide/workdir" "-e" "CARGO_TARGET_DIR=/opt/rustwide/target" "-e" "CARGO_INCREMENTAL=0" "-e" "RUST_BACKTRACE=full" "-e" "RUSTFLAGS=--cap-lints=warn" "-e" "CARGO_HOME=/opt/rustwide/cargo-home" "-e" "RUSTUP_HOME=/opt/rustwide/rustup-home" "-w" "/opt/rustwide/workdir" "-m" "1610612736" "--user" "0:0" "--network" "none" "ghcr.io/rust-lang/crates-build-env/linux@sha256:34b6a614d2c27851fe6cbf88fbd1137609cefab8b10d0615aaeb6fd47975d74e" "/opt/rustwide/cargo-home/bin/cargo" "+1.54.0" "test" "--frozen" "--no-run" "--message-format=json", kill_on_drop: false }`
[INFO] [stdout] b270b9816088d5aa9be3615dee745a4b70cc9bd42d9e6899f168fae063529e69
[INFO] running `Command { std: "docker" "start" "-a" "b270b9816088d5aa9be3615dee745a4b70cc9bd42d9e6899f168fae063529e69", kill_on_drop: false }`
[INFO] [stderr]     Blocking waiting for file lock on package cache
[INFO] [stderr]    Compiling ryu v1.0.5
[INFO] [stderr]    Compiling serde_json v1.0.61
[INFO] [stderr]    Compiling regex-syntax v0.6.22
[INFO] [stderr]    Compiling itoa v0.4.7
[INFO] [stderr]    Compiling unicode-width v0.1.8
[INFO] [stderr]    Compiling remove_dir_all v0.5.3
[INFO] [stderr]    Compiling bencher v0.1.5
[INFO] [stderr]    Compiling terminal_size v0.1.16
[INFO] [stderr]    Compiling termios v0.3.3
[INFO] [stderr]    Compiling rand v0.4.6
[INFO] [stderr]    Compiling tempdir v0.3.7
[INFO] [stderr]    Compiling regex v1.4.3
[INFO] [stderr]    Compiling console v0.12.0
[INFO] [stderr]    Compiling laboratory v1.3.0
[INFO] [stderr]    Compiling msg-store v0.1.0 (/opt/rustwide/workdir)
[INFO] [stdout] error[E0433]: failed to resolve: use of undeclared crate or module `msg_store_rs`
[INFO] [stdout]  --> tests/lib.rs:2:5
[INFO] [stdout]   |
[INFO] [stdout] 2 | use msg_store_rs::{store::{Store}};
[INFO] [stdout]   |     ^^^^^^^^^^^^ use of undeclared crate or module `msg_store_rs`
[INFO] [stdout] 
[INFO] [stdout] 
[INFO] [stdout] error[E0433]: failed to resolve: use of undeclared crate or module `msg_store_rs`
[INFO] [stdout]  --> tests/lib.rs:3:5
[INFO] [stdout]   |
[INFO] [stdout] 3 | use msg_store_rs::config::{StoreConfig, CollectionConfig};
[INFO] [stdout]   |     ^^^^^^^^^^^^ use of undeclared crate or module `msg_store_rs`
[INFO] [stdout] 
[INFO] [stdout] 
[INFO] [stdout] error[E0422]: cannot find struct, variant or union type `CollectionConfig` in this scope
[INFO] [stdout]   --> tests/lib.rs:12:20
[INFO] [stdout]    |
[INFO] [stdout] 12 |   let priority_5 = CollectionConfig {
[INFO] [stdout]    |                    ^^^^^^^^^^^^^^^^ not found in this scope
[INFO] [stdout]    |
[INFO] [stdout] help: consider importing this struct
[INFO] [stdout]    |
[INFO] [stdout] 2  | use msg_store::config::CollectionConfig;
[INFO] [stdout]    |
[INFO] [stdout] 
[INFO] [stdout] 
[INFO] [stdout] error[E0422]: cannot find struct, variant or union type `StoreConfig` in this scope
[INFO] [stdout]   --> tests/lib.rs:16:16
[INFO] [stdout]    |
[INFO] [stdout] 16 |   let config = StoreConfig {
[INFO] [stdout]    |                ^^^^^^^^^^^ not found in this scope
[INFO] [stdout]    |
[INFO] [stdout] help: consider importing this struct
[INFO] [stdout]    |
[INFO] [stdout] 2  | use msg_store::config::StoreConfig;
[INFO] [stdout]    |
[INFO] [stdout] 
[INFO] [stdout] 
[INFO] [stdout] error[E0433]: failed to resolve: use of undeclared type `Store`
[INFO] [stdout]   --> tests/lib.rs:23:19
[INFO] [stdout]    |
[INFO] [stdout] 23 |   let mut store = Store::new(config).unwrap();
[INFO] [stdout]    |                   ^^^^^ not found in this scope
[INFO] [stdout]    |
[INFO] [stdout] help: consider importing this struct
[INFO] [stdout]    |
[INFO] [stdout] 2  | use msg_store::store::Store;
[INFO] [stdout]    |
[INFO] [stdout] 
[INFO] [stdout] 
[INFO] [stdout] error[E0422]: cannot find struct, variant or union type `CollectionConfig` in this scope
[INFO] [stdout]   --> tests/lib.rs:66:20
[INFO] [stdout]    |
[INFO] [stdout] 66 |   let priority_5 = CollectionConfig {
[INFO] [stdout]    |                    ^^^^^^^^^^^^^^^^ not found in this scope
[INFO] [stdout]    |
[INFO] [stdout] help: consider importing this struct
[INFO] [stdout]    |
[INFO] [stdout] 2  | use msg_store::config::CollectionConfig;
[INFO] [stdout]    |
[INFO] [stdout] 
[INFO] [stdout] 
[INFO] [stdout] error[E0422]: cannot find struct, variant or union type `StoreConfig` in this scope
[INFO] [stdout]   --> tests/lib.rs:70:16
[INFO] [stdout]    |
[INFO] [stdout] 70 |   let config = StoreConfig {
[INFO] [stdout]    |                ^^^^^^^^^^^ not found in this scope
[INFO] [stdout]    |
[INFO] [stdout] help: consider importing this struct
[INFO] [stdout]    |
[INFO] [stdout] 2  | use msg_store::config::StoreConfig;
[INFO] [stdout]    |
[INFO] [stdout] 
[INFO] [stdout] 
[INFO] [stdout] error[E0433]: failed to resolve: use of undeclared type `Store`
[INFO] [stdout]   --> tests/lib.rs:77:19
[INFO] [stdout]    |
[INFO] [stdout] 77 |   let mut store = Store::new(config).unwrap();
[INFO] [stdout]    |                   ^^^^^ not found in this scope
[INFO] [stdout]    |
[INFO] [stdout] help: consider importing this struct
[INFO] [stdout]    |
[INFO] [stdout] 2  | use msg_store::store::Store;
[INFO] [stdout]    |
[INFO] [stdout] 
[INFO] [stdout] 
[INFO] [stdout] error: aborting due to 8 previous errors
[INFO] [stdout] 
[INFO] [stdout] 
[INFO] [stdout] Some errors have detailed explanations: E0422, E0433.
[INFO] [stdout] 
[INFO] [stdout] For more information about an error, try `rustc --explain E0422`.
[INFO] [stdout] 
[INFO] [stderr] error: could not compile `msg-store`
[INFO] [stderr] 
[INFO] [stderr] To learn more, run the command again with --verbose.
[INFO] [stderr] warning: build failed, waiting for other jobs to finish...
[INFO] [stderr] error: build failed
[INFO] running `Command { std: "docker" "inspect" "b270b9816088d5aa9be3615dee745a4b70cc9bd42d9e6899f168fae063529e69", kill_on_drop: false }`
[INFO] running `Command { std: "docker" "rm" "-f" "b270b9816088d5aa9be3615dee745a4b70cc9bd42d9e6899f168fae063529e69", kill_on_drop: false }`
[INFO] [stdout] b270b9816088d5aa9be3615dee745a4b70cc9bd42d9e6899f168fae063529e69
