[INFO] cloning repository https://github.com/emk/rust-slow-iteration-demo
[INFO] running `Command { std: "git" "-c" "credential.helper=" "-c" "credential.helper=/workspace/cargo-home/bin/git-credential-null" "clone" "--bare" "https://github.com/emk/rust-slow-iteration-demo" "/workspace/cache/git-repos/https%3A%2F%2Fgithub.com%2Femk%2Frust-slow-iteration-demo", kill_on_drop: false }`
[INFO] [stderr] Cloning into bare repository '/workspace/cache/git-repos/https%3A%2F%2Fgithub.com%2Femk%2Frust-slow-iteration-demo'...
[INFO] running `Command { std: "git" "rev-parse" "HEAD", kill_on_drop: false }`
[INFO] [stdout] f2ea535c506de87273be0529ef77b4ce8c19681b
[INFO] testing emk/rust-slow-iteration-demo against 1.54.0 for beta-1.55-1
[INFO] running `Command { std: "git" "clone" "/workspace/cache/git-repos/https%3A%2F%2Fgithub.com%2Femk%2Frust-slow-iteration-demo" "/workspace/builds/worker-22/source", kill_on_drop: false }`
[INFO] [stderr] Cloning into '/workspace/builds/worker-22/source'...
[INFO] [stderr] done.
[INFO] validating manifest of git repo https://github.com/emk/rust-slow-iteration-demo on toolchain 1.54.0
[INFO] running `Command { std: "/workspace/cargo-home/bin/cargo" "+1.54.0" "metadata" "--manifest-path" "Cargo.toml" "--no-deps", kill_on_drop: false }`
[INFO] started tweaking git repo https://github.com/emk/rust-slow-iteration-demo
[INFO] finished tweaking git repo https://github.com/emk/rust-slow-iteration-demo
[INFO] tweaked toml for git repo https://github.com/emk/rust-slow-iteration-demo written to /workspace/builds/worker-22/source/Cargo.toml
[INFO] crate git repo https://github.com/emk/rust-slow-iteration-demo already has a lockfile, it will not be regenerated
[INFO] running `Command { std: "/workspace/cargo-home/bin/cargo" "+1.54.0" "fetch" "--manifest-path" "Cargo.toml", kill_on_drop: false }`
[INFO] [stderr]     Blocking waiting for file lock on package cache
[INFO] running `Command { std: "docker" "create" "-v" "/var/lib/crater-agent-workspace/builds/worker-22/target:/opt/rustwide/target:rw,Z" "-v" "/var/lib/crater-agent-workspace/builds/worker-22/source:/opt/rustwide/workdir:ro,Z" "-v" "/var/lib/crater-agent-workspace/cargo-home:/opt/rustwide/cargo-home:ro,Z" "-v" "/var/lib/crater-agent-workspace/rustup-home:/opt/rustwide/rustup-home:ro,Z" "-e" "SOURCE_DIR=/opt/rustwide/workdir" "-e" "CARGO_TARGET_DIR=/opt/rustwide/target" "-e" "CARGO_HOME=/opt/rustwide/cargo-home" "-e" "RUSTUP_HOME=/opt/rustwide/rustup-home" "-w" "/opt/rustwide/workdir" "-m" "1610612736" "--user" "0:0" "--network" "none" "ghcr.io/rust-lang/crates-build-env/linux@sha256:34b6a614d2c27851fe6cbf88fbd1137609cefab8b10d0615aaeb6fd47975d74e" "/opt/rustwide/cargo-home/bin/cargo" "+1.54.0" "metadata" "--no-deps" "--format-version=1", kill_on_drop: false }`
[INFO] [stdout] 7b9222bf06a0906c1f9700e7118af3809ce4e79c5711370acd3a285e15d04510
[INFO] running `Command { std: "docker" "start" "-a" "7b9222bf06a0906c1f9700e7118af3809ce4e79c5711370acd3a285e15d04510", kill_on_drop: false }`
[INFO] running `Command { std: "docker" "inspect" "7b9222bf06a0906c1f9700e7118af3809ce4e79c5711370acd3a285e15d04510", kill_on_drop: false }`
[INFO] running `Command { std: "docker" "rm" "-f" "7b9222bf06a0906c1f9700e7118af3809ce4e79c5711370acd3a285e15d04510", kill_on_drop: false }`
[INFO] [stdout] 7b9222bf06a0906c1f9700e7118af3809ce4e79c5711370acd3a285e15d04510
[INFO] running `Command { std: "docker" "create" "-v" "/var/lib/crater-agent-workspace/builds/worker-22/target:/opt/rustwide/target:rw,Z" "-v" "/var/lib/crater-agent-workspace/builds/worker-22/source:/opt/rustwide/workdir:ro,Z" "-v" "/var/lib/crater-agent-workspace/cargo-home:/opt/rustwide/cargo-home:ro,Z" "-v" "/var/lib/crater-agent-workspace/rustup-home:/opt/rustwide/rustup-home:ro,Z" "-e" "SOURCE_DIR=/opt/rustwide/workdir" "-e" "CARGO_TARGET_DIR=/opt/rustwide/target" "-e" "CARGO_INCREMENTAL=0" "-e" "RUST_BACKTRACE=full" "-e" "RUSTFLAGS=--cap-lints=warn" "-e" "CARGO_HOME=/opt/rustwide/cargo-home" "-e" "RUSTUP_HOME=/opt/rustwide/rustup-home" "-w" "/opt/rustwide/workdir" "-m" "1610612736" "--user" "0:0" "--network" "none" "ghcr.io/rust-lang/crates-build-env/linux@sha256:34b6a614d2c27851fe6cbf88fbd1137609cefab8b10d0615aaeb6fd47975d74e" "/opt/rustwide/cargo-home/bin/cargo" "+1.54.0" "build" "--frozen" "--message-format=json", kill_on_drop: false }`
[INFO] [stdout] 74818305f6ff1a3d591b53c90cf88b63a1dbd22b2189caf1359196613a469d12
[INFO] running `Command { std: "docker" "start" "-a" "74818305f6ff1a3d591b53c90cf88b63a1dbd22b2189caf1359196613a469d12", kill_on_drop: false }`
[INFO] [stderr]    Compiling rust-slow-iteration-demo v0.0.1 (/opt/rustwide/workdir)
[INFO] [stdout] error: invalid suffix `u` for number literal
[INFO] [stdout]   --> src/lib.rs:35:20
[INFO] [stdout]    |
[INFO] [stdout] 35 |     for _ in range(0u, 200) { result.push_str(LINE); }
[INFO] [stdout]    |                    ^^ invalid suffix `u`
[INFO] [stdout]    |
[INFO] [stdout]    = help: the suffix must be one of the numeric types (`u32`, `isize`, `f32`, etc.)
[INFO] [stdout] 
[INFO] [stdout] 
[INFO] [stdout] error[E0412]: cannot find type `uint` in this scope
[INFO] [stdout]   --> src/lib.rs:54:13
[INFO] [stdout]    |
[INFO] [stdout] 54 |     offset: uint,
[INFO] [stdout]    |             ^^^^ not found in this scope
[INFO] [stdout] 
[INFO] [stdout] 
[INFO] [stdout] error[E0603]: module `range` is private
[INFO] [stdout]    --> src/lib.rs:23:16
[INFO] [stdout]     |
[INFO] [stdout] 23  | use std::iter::range;
[INFO] [stdout]     |                ^^^^^ private module
[INFO] [stdout]     |
[INFO] [stdout] note: the module `range` is defined here
[INFO] [stdout] 
[INFO] [stdout] 
[INFO] [stdout] error[E0554]: `#![feature]` may not be used on the stable release channel
[INFO] [stdout]   --> src/lib.rs:20:1
[INFO] [stdout]    |
[INFO] [stdout] 20 | #![feature(macro_rules, trace_macros)]
[INFO] [stdout]    | ^^^^^^^^^^^^^^^^^^^^^^^^^^^^^^^^^^^^^^
[INFO] [stdout]    |
[INFO] [stdout]    = help: the feature `macro_rules` has been stable since 1.0.0 and no longer requires an attribute to enable
[INFO] [stdout] 
[INFO] [stdout] 
[INFO] [stdout] warning: use of unstable library feature 'test': `bench` is a part of custom test frameworks which are unstable
[INFO] [stdout]    --> src/lib.rs:112:3
[INFO] [stdout]     |
[INFO] [stdout] 112 | #[bench]
[INFO] [stdout]     |   ^^^^^
[INFO] [stdout]     |
[INFO] [stdout]     = note: `#[warn(soft_unstable)]` on by default
[INFO] [stdout]     = warning: this was previously accepted by the compiler but is being phased out; it will become a hard error in a future release!
[INFO] [stdout]     = note: for more information, see issue #64266 <https://github.com/rust-lang/rust/issues/64266>
[INFO] [stdout] 
[INFO] [stdout] 
[INFO] [stdout] warning: use of unstable library feature 'test': `bench` is a part of custom test frameworks which are unstable
[INFO] [stdout]    --> src/lib.rs:176:3
[INFO] [stdout]     |
[INFO] [stdout] 176 | #[bench]
[INFO] [stdout]     |   ^^^^^
[INFO] [stdout]     |
[INFO] [stdout]     = warning: this was previously accepted by the compiler but is being phased out; it will become a hard error in a future release!
[INFO] [stdout]     = note: for more information, see issue #64266 <https://github.com/rust-lang/rust/issues/64266>
[INFO] [stdout] 
[INFO] [stdout] 
[INFO] [stdout] warning: use of unstable library feature 'test': `bench` is a part of custom test frameworks which are unstable
[INFO] [stdout]    --> src/lib.rs:229:3
[INFO] [stdout]     |
[INFO] [stdout] 229 | #[bench]
[INFO] [stdout]     |   ^^^^^
[INFO] [stdout]     |
[INFO] [stdout]     = warning: this was previously accepted by the compiler but is being phased out; it will become a hard error in a future release!
[INFO] [stdout]     = note: for more information, see issue #64266 <https://github.com/rust-lang/rust/issues/64266>
[INFO] [stdout] 
[INFO] [stdout] 
[INFO] [stdout] warning: unused macro definition
[INFO] [stdout]    --> src/lib.rs:214:1
[INFO] [stdout]     |
[INFO] [stdout] 214 | / macro_rules! streaming_for {
[INFO] [stdout] 215 | |     ($var:pat in $expr:expr, $b:stmt) => {
[INFO] [stdout] 216 | |         {
[INFO] [stdout] 217 | |             // Only evaluate once!
[INFO] [stdout] ...   |
[INFO] [stdout] 226 | |     };
[INFO] [stdout] 227 | | }
[INFO] [stdout]     | |_^
[INFO] [stdout]     |
[INFO] [stdout]     = note: `#[warn(unused_macros)]` on by default
[INFO] [stdout] 
[INFO] [stdout] 
[INFO] [stdout] error[E0496]: lifetime name `'a` shadows a lifetime name that is already in scope
[INFO] [stdout]   --> src/lib.rs:74:18
[INFO] [stdout]    |
[INFO] [stdout] 68 | impl<'a> Buffer for BufferedReader<'a> {
[INFO] [stdout]    |      -- first declared here
[INFO] [stdout] ...
[INFO] [stdout] 74 |     fn next_line<'a>(&'a mut self) -> Option<&'a str> {
[INFO] [stdout]    |                  ^^ lifetime `'a` already in scope
[INFO] [stdout] 
[INFO] [stdout] 
[INFO] [stdout] error[E0107]: this trait takes 0 generic arguments but 1 generic argument was supplied
[INFO] [stdout]   --> src/lib.rs:98:10
[INFO] [stdout]    |
[INFO] [stdout] 98 | impl<'a> Iterator<(String,String,String)> for CopyingParser<'a> {
[INFO] [stdout]    |          ^^^^^^^^------------------------ help: remove these generics
[INFO] [stdout]    |          |
[INFO] [stdout]    |          expected 0 generic arguments
[INFO] [stdout]    |
[INFO] [stdout] note: trait defined here, with 0 generic parameters
[INFO] [stdout] 
[INFO] [stdout] 
[INFO] [stdout] error[E0658]: use of unstable library feature 'test'
[INFO] [stdout]   --> src/lib.rs:22:1
[INFO] [stdout]    |
[INFO] [stdout] 22 | extern crate test;
[INFO] [stdout]    | ^^^^^^^^^^^^^^^^^^
[INFO] [stdout]    |
[INFO] [stdout]    = note: see issue #50297 <https://github.com/rust-lang/rust/issues/50297> for more information
[INFO] [stdout] 
[INFO] [stdout] 
[INFO] [stdout] error[E0046]: not all trait items implemented, missing: `Item`
[INFO] [stdout]   --> src/lib.rs:98:1
[INFO] [stdout]    |
[INFO] [stdout] 98 | impl<'a> Iterator<(String,String,String)> for CopyingParser<'a> {
[INFO] [stdout]    | ^^^^^^^^^^^^^^^^^^^^^^^^^^^^^^^^^^^^^^^^^^^^^^^^^^^^^^^^^^^^^^^ missing `Item` in implementation
[INFO] [stdout]    |
[INFO] [stdout]    = help: implement the missing item: `type Item = Type;`
[INFO] [stdout] 
[INFO] [stdout] 
[INFO] [stdout] error[E0599]: no method named `slice` found for reference `&'a str` in the current scope
[INFO] [stdout]   --> src/lib.rs:76:32
[INFO] [stdout]    |
[INFO] [stdout] 76 |         let result = self.file.slice(self.offset, self.offset + LINE.len());
[INFO] [stdout]    |                                ^^^^^ method not found in `&'a str`
[INFO] [stdout] 
[INFO] [stdout] 
[INFO] [stdout] error[E0599]: no method named `as_slice` found for struct `String` in the current scope
[INFO] [stdout]   --> src/lib.rs:80:26
[INFO] [stdout]    |
[INFO] [stdout] 80 |         Some(self.buffer.as_slice())
[INFO] [stdout]    |                          ^^^^^^^^ method not found in `String`
[INFO] [stdout] 
[INFO] [stdout] 
[INFO] [stdout] error[E0599]: no method named `slice` found for reference `&str` in the current scope
[INFO] [stdout]    --> src/lib.rs:104:28
[INFO] [stdout]     |
[INFO] [stdout] 104 |                 Some((line.slice(0, 3).to_string(),
[INFO] [stdout]     |                            ^^^^^ method not found in `&str`
[INFO] [stdout] 
[INFO] [stdout] 
[INFO] [stdout] error[E0599]: no method named `slice` found for reference `&str` in the current scope
[INFO] [stdout]    --> src/lib.rs:105:28
[INFO] [stdout]     |
[INFO] [stdout] 105 |                       line.slice(4, 7).to_string(),
[INFO] [stdout]     |                            ^^^^^ method not found in `&str`
[INFO] [stdout] 
[INFO] [stdout] 
[INFO] [stdout] error[E0599]: no method named `slice` found for reference `&str` in the current scope
[INFO] [stdout]    --> src/lib.rs:106:28
[INFO] [stdout]     |
[INFO] [stdout] 106 |                       line.slice(8, 11).to_string()))
[INFO] [stdout]     |                            ^^^^^ method not found in `&str`
[INFO] [stdout] 
[INFO] [stdout] 
[INFO] [stdout] error[E0599]: no method named `slice` found for reference `&&str` in the current scope
[INFO] [stdout]    --> src/lib.rs:153:28
[INFO] [stdout]     |
[INFO] [stdout] 153 |                 Some((line.slice(0, 3),
[INFO] [stdout]     |                            ^^^^^ method not found in `&&str`
[INFO] [stdout] 
[INFO] [stdout] 
[INFO] [stdout] error[E0599]: no method named `slice` found for reference `&&str` in the current scope
[INFO] [stdout]    --> src/lib.rs:154:28
[INFO] [stdout]     |
[INFO] [stdout] 154 |                       line.slice(4, 7),
[INFO] [stdout]     |                            ^^^^^ method not found in `&&str`
[INFO] [stdout] 
[INFO] [stdout] 
[INFO] [stdout] error[E0599]: no method named `slice` found for reference `&&str` in the current scope
[INFO] [stdout]    --> src/lib.rs:155:28
[INFO] [stdout]     |
[INFO] [stdout] 155 |                       line.slice(8, 11)))
[INFO] [stdout]     |                            ^^^^^ method not found in `&&str`
[INFO] [stdout] 
[INFO] [stdout] 
[INFO] [stdout] error: aborting due to 16 previous errors; 4 warnings emitted
[INFO] [stdout] 
[INFO] [stdout] 
[INFO] [stdout] Some errors have detailed explanations: E0046, E0107, E0412, E0496, E0554, E0599, E0603, E0658.
[INFO] [stdout] 
[INFO] [stdout] For more information about an error, try `rustc --explain E0046`.
[INFO] [stdout] 
[INFO] [stderr] error: could not compile `rust-slow-iteration-demo`
[INFO] [stderr] 
[INFO] [stderr] To learn more, run the command again with --verbose.
[INFO] running `Command { std: "docker" "inspect" "74818305f6ff1a3d591b53c90cf88b63a1dbd22b2189caf1359196613a469d12", kill_on_drop: false }`
[INFO] running `Command { std: "docker" "rm" "-f" "74818305f6ff1a3d591b53c90cf88b63a1dbd22b2189caf1359196613a469d12", kill_on_drop: false }`
[INFO] [stdout] 74818305f6ff1a3d591b53c90cf88b63a1dbd22b2189caf1359196613a469d12
