[INFO] cloning repository https://github.com/eikrt/rayleigh
[INFO] running `Command { std: "git" "-c" "credential.helper=" "-c" "credential.helper=/workspace/cargo-home/bin/git-credential-null" "clone" "--bare" "https://github.com/eikrt/rayleigh" "/workspace/cache/git-repos/https%3A%2F%2Fgithub.com%2Feikrt%2Frayleigh", kill_on_drop: false }`
[INFO] [stderr] Cloning into bare repository '/workspace/cache/git-repos/https%3A%2F%2Fgithub.com%2Feikrt%2Frayleigh'...
[INFO] running `Command { std: "git" "rev-parse" "HEAD", kill_on_drop: false }`
[INFO] [stdout] f250688c908b3cca994d3ab7c694548de76ebe86
[INFO] testing eikrt/rayleigh against beta-2021-08-01 for beta-1.55-1
[INFO] running `Command { std: "git" "clone" "/workspace/cache/git-repos/https%3A%2F%2Fgithub.com%2Feikrt%2Frayleigh" "/workspace/builds/worker-3/source", kill_on_drop: false }`
[INFO] [stderr] Cloning into '/workspace/builds/worker-3/source'...
[INFO] [stderr] done.
[INFO] validating manifest of git repo https://github.com/eikrt/rayleigh on toolchain beta-2021-08-01
[INFO] running `Command { std: "/workspace/cargo-home/bin/cargo" "+beta-2021-08-01" "metadata" "--manifest-path" "Cargo.toml" "--no-deps", kill_on_drop: false }`
[INFO] started tweaking git repo https://github.com/eikrt/rayleigh
[INFO] finished tweaking git repo https://github.com/eikrt/rayleigh
[INFO] tweaked toml for git repo https://github.com/eikrt/rayleigh written to /workspace/builds/worker-3/source/Cargo.toml
[INFO] crate git repo https://github.com/eikrt/rayleigh already has a lockfile, it will not be regenerated
[INFO] running `Command { std: "/workspace/cargo-home/bin/cargo" "+beta-2021-08-01" "fetch" "--manifest-path" "Cargo.toml", kill_on_drop: false }`
[INFO] [stderr]  Downloading crates ...
[INFO] [stderr]   Downloaded sdl2 v0.34.3
[INFO] [stderr]   Downloaded sdl2-sys v0.34.3
[INFO] running `Command { std: "docker" "create" "-v" "/var/lib/crater-agent-workspace/builds/worker-3/target:/opt/rustwide/target:rw,Z" "-v" "/var/lib/crater-agent-workspace/builds/worker-3/source:/opt/rustwide/workdir:ro,Z" "-v" "/var/lib/crater-agent-workspace/cargo-home:/opt/rustwide/cargo-home:ro,Z" "-v" "/var/lib/crater-agent-workspace/rustup-home:/opt/rustwide/rustup-home:ro,Z" "-e" "SOURCE_DIR=/opt/rustwide/workdir" "-e" "CARGO_TARGET_DIR=/opt/rustwide/target" "-e" "CARGO_HOME=/opt/rustwide/cargo-home" "-e" "RUSTUP_HOME=/opt/rustwide/rustup-home" "-w" "/opt/rustwide/workdir" "-m" "1610612736" "--user" "0:0" "--network" "none" "ghcr.io/rust-lang/crates-build-env/linux@sha256:34b6a614d2c27851fe6cbf88fbd1137609cefab8b10d0615aaeb6fd47975d74e" "/opt/rustwide/cargo-home/bin/cargo" "+beta-2021-08-01" "metadata" "--no-deps" "--format-version=1", kill_on_drop: false }`
[INFO] [stdout] 3b7d1cffbe3c5fddf79f723ea26bc37a350cfcc1a688847ba3be0ce13d3ab5f6
[INFO] [stderr] WARNING: Your kernel does not support swap limit capabilities or the cgroup is not mounted. Memory limited without swap.
[INFO] running `Command { std: "docker" "start" "-a" "3b7d1cffbe3c5fddf79f723ea26bc37a350cfcc1a688847ba3be0ce13d3ab5f6", kill_on_drop: false }`
[INFO] running `Command { std: "docker" "inspect" "3b7d1cffbe3c5fddf79f723ea26bc37a350cfcc1a688847ba3be0ce13d3ab5f6", kill_on_drop: false }`
[INFO] running `Command { std: "docker" "rm" "-f" "3b7d1cffbe3c5fddf79f723ea26bc37a350cfcc1a688847ba3be0ce13d3ab5f6", kill_on_drop: false }`
[INFO] [stdout] 3b7d1cffbe3c5fddf79f723ea26bc37a350cfcc1a688847ba3be0ce13d3ab5f6
[INFO] running `Command { std: "docker" "create" "-v" "/var/lib/crater-agent-workspace/builds/worker-3/target:/opt/rustwide/target:rw,Z" "-v" "/var/lib/crater-agent-workspace/builds/worker-3/source:/opt/rustwide/workdir:ro,Z" "-v" "/var/lib/crater-agent-workspace/cargo-home:/opt/rustwide/cargo-home:ro,Z" "-v" "/var/lib/crater-agent-workspace/rustup-home:/opt/rustwide/rustup-home:ro,Z" "-e" "SOURCE_DIR=/opt/rustwide/workdir" "-e" "CARGO_TARGET_DIR=/opt/rustwide/target" "-e" "CARGO_INCREMENTAL=0" "-e" "RUST_BACKTRACE=full" "-e" "RUSTFLAGS=--cap-lints=warn" "-e" "CARGO_HOME=/opt/rustwide/cargo-home" "-e" "RUSTUP_HOME=/opt/rustwide/rustup-home" "-w" "/opt/rustwide/workdir" "-m" "1610612736" "--user" "0:0" "--network" "none" "ghcr.io/rust-lang/crates-build-env/linux@sha256:34b6a614d2c27851fe6cbf88fbd1137609cefab8b10d0615aaeb6fd47975d74e" "/opt/rustwide/cargo-home/bin/cargo" "+beta-2021-08-01" "build" "--frozen" "--message-format=json", kill_on_drop: false }`
[INFO] [stdout] aced581c8db07d4c7166e6a32b6d4d9630dc45dd78300c1e2aeeacb524b1020c
[INFO] [stderr] WARNING: Your kernel does not support swap limit capabilities or the cgroup is not mounted. Memory limited without swap.
[INFO] running `Command { std: "docker" "start" "-a" "aced581c8db07d4c7166e6a32b6d4d9630dc45dd78300c1e2aeeacb524b1020c", kill_on_drop: false }`
[INFO] [stderr]    Compiling sdl2-sys v0.34.3
[INFO] [stderr]    Compiling sdl2 v0.34.3
[INFO] [stderr]    Compiling rayleigh v0.1.0 (/opt/rustwide/workdir)
[INFO] [stdout] error[E0433]: failed to resolve: use of undeclared type `Line`
[INFO] [stdout]   --> src/main.rs:85:19
[INFO] [stdout]    |
[INFO] [stdout] 85 |     canvas.draw_line(Line::new(i as i32, 1, 1, 1, wall_color));    
[INFO] [stdout]    |                      ^^^^ use of undeclared type `Line`
[INFO] [stdout] 
[INFO] [stdout] 
[INFO] [stdout] error[E0425]: cannot find value `wall_color` in this scope
[INFO] [stdout]   --> src/main.rs:85:48
[INFO] [stdout]    |
[INFO] [stdout] 85 |     canvas.draw_line(Line::new(i as i32, 1, 1, 1, wall_color));    
[INFO] [stdout]    |                                                   ^^^^^^^^^^ help: a local variable with a similar name exists: `wallcolor`
[INFO] [stdout] 
[INFO] [stdout] 
[INFO] [stdout] warning: unused import: `sdl2::rect::Rect`
[INFO] [stdout]  --> src/main.rs:5:5
[INFO] [stdout]   |
[INFO] [stdout] 5 | use sdl2::rect::Rect;
[INFO] [stdout]   |     ^^^^^^^^^^^^^^^^
[INFO] [stdout]   |
[INFO] [stdout]   = note: `#[warn(unused_imports)]` on by default
[INFO] [stdout] 
[INFO] [stdout] 
[INFO] [stdout] warning: unused import: `sdl2::pixels`
[INFO] [stdout]  --> src/main.rs:6:5
[INFO] [stdout]   |
[INFO] [stdout] 6 | use sdl2::pixels;
[INFO] [stdout]   |     ^^^^^^^^^^^^
[INFO] [stdout] 
[INFO] [stdout] 
[INFO] [stdout] error[E0061]: this function takes 2 arguments but 1 argument was supplied
[INFO] [stdout]     --> src/main.rs:85:9
[INFO] [stdout]      |
[INFO] [stdout] 85   |     canvas.draw_line(Line::new(i as i32, 1, 1, 1, wall_color));    
[INFO] [stdout]      |            ^^^^^^^^^ ---------------------------------------- supplied 1 argument
[INFO] [stdout]      |            |
[INFO] [stdout]      |            expected 2 arguments
[INFO] [stdout]      |
[INFO] [stdout] note: associated function defined here
[INFO] [stdout]     --> /opt/rustwide/cargo-home/registry/src/github.com-1ecc6299db9ec823/sdl2-0.34.3/src/sdl2/render.rs:1136:12
[INFO] [stdout]      |
[INFO] [stdout] 1136 |     pub fn draw_line<P1: Into<Point>, P2: Into<Point>>(&mut self,
[INFO] [stdout]      |            ^^^^^^^^^
[INFO] [stdout] 
[INFO] [stdout] 
[INFO] [stdout] error: aborting due to 3 previous errors; 2 warnings emitted
[INFO] [stdout] 
[INFO] [stdout] 
[INFO] [stdout] Some errors have detailed explanations: E0061, E0425, E0433.
[INFO] [stdout] 
[INFO] [stdout] For more information about an error, try `rustc --explain E0061`.
[INFO] [stdout] 
[INFO] [stderr] error: could not compile `rayleigh` due to 4 previous errors; 2 warnings emitted
[INFO] running `Command { std: "docker" "inspect" "aced581c8db07d4c7166e6a32b6d4d9630dc45dd78300c1e2aeeacb524b1020c", kill_on_drop: false }`
[INFO] running `Command { std: "docker" "rm" "-f" "aced581c8db07d4c7166e6a32b6d4d9630dc45dd78300c1e2aeeacb524b1020c", kill_on_drop: false }`
[INFO] [stdout] aced581c8db07d4c7166e6a32b6d4d9630dc45dd78300c1e2aeeacb524b1020c
