[INFO] cloning repository https://github.com/egexlink/substrate-price-oracle
[INFO] running `Command { std: "git" "-c" "credential.helper=" "-c" "credential.helper=/workspace/cargo-home/bin/git-credential-null" "clone" "--bare" "https://github.com/egexlink/substrate-price-oracle" "/workspace/cache/git-repos/https%3A%2F%2Fgithub.com%2Fegexlink%2Fsubstrate-price-oracle", kill_on_drop: false }`
[INFO] [stderr] Cloning into bare repository '/workspace/cache/git-repos/https%3A%2F%2Fgithub.com%2Fegexlink%2Fsubstrate-price-oracle'...
[INFO] running `Command { std: "git" "rev-parse" "HEAD", kill_on_drop: false }`
[INFO] [stdout] 30e250d250c723f52cf2ce8b1af74f0f7bb5ae58
[INFO] testing egexlink/substrate-price-oracle against beta-2021-08-01 for beta-1.55-1
[INFO] running `Command { std: "git" "clone" "/workspace/cache/git-repos/https%3A%2F%2Fgithub.com%2Fegexlink%2Fsubstrate-price-oracle" "/workspace/builds/worker-5/source", kill_on_drop: false }`
[INFO] [stderr] Cloning into '/workspace/builds/worker-5/source'...
[INFO] [stderr] done.
[INFO] validating manifest of git repo https://github.com/egexlink/substrate-price-oracle on toolchain beta-2021-08-01
[INFO] running `Command { std: "/workspace/cargo-home/bin/cargo" "+beta-2021-08-01" "metadata" "--manifest-path" "Cargo.toml" "--no-deps", kill_on_drop: false }`
[INFO] started tweaking git repo https://github.com/egexlink/substrate-price-oracle
[INFO] finished tweaking git repo https://github.com/egexlink/substrate-price-oracle
[INFO] tweaked toml for git repo https://github.com/egexlink/substrate-price-oracle written to /workspace/builds/worker-5/source/Cargo.toml
[INFO] crate git repo https://github.com/egexlink/substrate-price-oracle already has a lockfile, it will not be regenerated
[INFO] running `Command { std: "/workspace/cargo-home/bin/cargo" "+beta-2021-08-01" "fetch" "--manifest-path" "Cargo.toml", kill_on_drop: false }`
[INFO] [stderr]     Blocking waiting for file lock on package cache
[INFO] [stderr]     Updating git repository `https://github.com/shawntabrizi/simple-json`
[INFO] [stderr]  Downloading crates ...
[INFO] [stderr]   Downloaded parity-wasm v0.40.3
[INFO] [stderr]   Downloaded const-random v0.1.6
[INFO] [stderr]   Downloaded memory-db v0.15.2
[INFO] [stderr]   Downloaded parity-util-mem v0.2.0
[INFO] [stderr]   Downloaded once_cell v0.2.4
[INFO] [stderr]   Downloaded hashbrown v0.6.1
[INFO] [stderr]   Downloaded curve25519-dalek v1.2.3
[INFO] [stderr]   Downloaded subtle v2.2.1
[INFO] [stderr]   Downloaded fixed-hash v0.4.0
[INFO] [stderr]   Downloaded malloc_size_of_derive v0.1.1
[INFO] [stderr]   Downloaded trie-db v0.15.2
[INFO] [stderr]   Downloaded substrate-bip39 v0.3.1
[INFO] [stderr]   Downloaded uint v0.8.1
[INFO] [stderr]   Downloaded wasmi v0.5.1
[INFO] [stderr]   Downloaded wasmi-validation v0.2.0
[INFO] [stderr]   Downloaded ed25519-dalek v0.9.1
[INFO] [stderr]   Downloaded schnorrkel v0.8.5
[INFO] [stderr]   Downloaded environmental v1.0.2
[INFO] [stderr]   Downloaded trie-root v0.15.2
[INFO] [stderr]   Downloaded ahash v0.2.16
[INFO] [stderr]   Downloaded const-random-macro v0.1.6
[INFO] [stderr]   Downloaded impl-serde v0.2.1
[INFO] [stderr]   Downloaded zeroize v0.10.1
[INFO] [stderr]   Downloaded primitive-types v0.5.1
[INFO] [stderr]   Downloaded parity-scale-codec-derive v1.0.3
[INFO] [stderr]   Downloaded merlin v1.2.1
[INFO] [stderr]   Downloaded impl-trait-for-tuples v0.1.2
[INFO] [stderr]   Downloaded parity-scale-codec v1.0.6
[INFO] [stderr]   Downloaded libsecp256k1 v0.3.1
[INFO] running `Command { std: "docker" "create" "-v" "/var/lib/crater-agent-workspace/builds/worker-5/target:/opt/rustwide/target:rw,Z" "-v" "/var/lib/crater-agent-workspace/builds/worker-5/source:/opt/rustwide/workdir:ro,Z" "-v" "/var/lib/crater-agent-workspace/cargo-home:/opt/rustwide/cargo-home:ro,Z" "-v" "/var/lib/crater-agent-workspace/rustup-home:/opt/rustwide/rustup-home:ro,Z" "-e" "SOURCE_DIR=/opt/rustwide/workdir" "-e" "CARGO_TARGET_DIR=/opt/rustwide/target" "-e" "CARGO_HOME=/opt/rustwide/cargo-home" "-e" "RUSTUP_HOME=/opt/rustwide/rustup-home" "-w" "/opt/rustwide/workdir" "-m" "1610612736" "--user" "0:0" "--network" "none" "ghcr.io/rust-lang/crates-build-env/linux@sha256:34b6a614d2c27851fe6cbf88fbd1137609cefab8b10d0615aaeb6fd47975d74e" "/opt/rustwide/cargo-home/bin/cargo" "+beta-2021-08-01" "metadata" "--no-deps" "--format-version=1", kill_on_drop: false }`
[INFO] [stdout] 1fa9f37ec0f674856d0e8780dab057210c92d8333fe58023a7af3ce3a2db67e4
[INFO] [stderr] WARNING: Your kernel does not support swap limit capabilities or the cgroup is not mounted. Memory limited without swap.
[INFO] running `Command { std: "docker" "start" "-a" "1fa9f37ec0f674856d0e8780dab057210c92d8333fe58023a7af3ce3a2db67e4", kill_on_drop: false }`
[INFO] running `Command { std: "docker" "inspect" "1fa9f37ec0f674856d0e8780dab057210c92d8333fe58023a7af3ce3a2db67e4", kill_on_drop: false }`
[INFO] running `Command { std: "docker" "rm" "-f" "1fa9f37ec0f674856d0e8780dab057210c92d8333fe58023a7af3ce3a2db67e4", kill_on_drop: false }`
[INFO] [stdout] 1fa9f37ec0f674856d0e8780dab057210c92d8333fe58023a7af3ce3a2db67e4
[INFO] running `Command { std: "docker" "create" "-v" "/var/lib/crater-agent-workspace/builds/worker-5/target:/opt/rustwide/target:rw,Z" "-v" "/var/lib/crater-agent-workspace/builds/worker-5/source:/opt/rustwide/workdir:ro,Z" "-v" "/var/lib/crater-agent-workspace/cargo-home:/opt/rustwide/cargo-home:ro,Z" "-v" "/var/lib/crater-agent-workspace/rustup-home:/opt/rustwide/rustup-home:ro,Z" "-e" "SOURCE_DIR=/opt/rustwide/workdir" "-e" "CARGO_TARGET_DIR=/opt/rustwide/target" "-e" "CARGO_INCREMENTAL=0" "-e" "RUST_BACKTRACE=full" "-e" "RUSTFLAGS=--cap-lints=warn" "-e" "CARGO_HOME=/opt/rustwide/cargo-home" "-e" "RUSTUP_HOME=/opt/rustwide/rustup-home" "-w" "/opt/rustwide/workdir" "-m" "1610612736" "--user" "0:0" "--network" "none" "ghcr.io/rust-lang/crates-build-env/linux@sha256:34b6a614d2c27851fe6cbf88fbd1137609cefab8b10d0615aaeb6fd47975d74e" "/opt/rustwide/cargo-home/bin/cargo" "+beta-2021-08-01" "build" "--frozen" "--message-format=json", kill_on_drop: false }`
[INFO] [stderr] WARNING: Your kernel does not support swap limit capabilities or the cgroup is not mounted. Memory limited without swap.
[INFO] [stdout] 462e3e9ad0e5b92e38d15633f19ab83c5a149f3fd75950258a13feff05e9487d
[INFO] running `Command { std: "docker" "start" "-a" "462e3e9ad0e5b92e38d15633f19ab83c5a149f3fd75950258a13feff05e9487d", kill_on_drop: false }`
[INFO] [stderr]    Compiling syn v1.0.5
[INFO] [stderr]    Compiling byteorder v1.3.2
[INFO] [stderr]    Compiling serde v1.0.101
[INFO] [stderr]    Compiling syn v0.15.44
[INFO] [stderr]    Compiling arrayvec v0.4.12
[INFO] [stderr]    Compiling subtle v2.2.1
[INFO] [stderr]    Compiling byte-slice-cast v0.3.2
[INFO] [stderr]    Compiling bitvec v0.14.0
[INFO] [stderr]    Compiling rustc-hex v2.0.1
[INFO] [stderr]    Compiling static_assertions v0.2.5
[INFO] [stderr]    Compiling parity-wasm v0.40.3
[INFO] [stderr]    Compiling zeroize v0.10.1
[INFO] [stderr]    Compiling rand v0.6.5
[INFO] [stderr]    Compiling clear_on_drop v0.2.3
[INFO] [stderr]    Compiling num-traits v0.2.8
[INFO] [stderr]    Compiling num-integer v0.1.41
[INFO] [stderr]    Compiling num-bigint v0.2.3
[INFO] [stderr]    Compiling num-rational v0.2.2
[INFO] [stderr]    Compiling hashbrown v0.6.1
[INFO] [stderr]    Compiling getrandom v0.1.12
[INFO] [stderr]    Compiling rand v0.5.6
[INFO] [stderr]    Compiling sr-std v2.0.0 (https://github.com/paritytech/substrate.git?rev=d1cd01c74e8d5550396cb654f9a3f1b641efdf4c#d1cd01c7)
[INFO] [stderr]    Compiling sr-io v2.0.0 (https://github.com/paritytech/substrate.git?rev=d1cd01c74e8d5550396cb654f9a3f1b641efdf4c#d1cd01c7)
[INFO] [stderr]    Compiling rand_chacha v0.1.1
[INFO] [stderr]    Compiling tiny-keccak v1.5.0
[INFO] [stderr]    Compiling elastic-array v0.10.2
[INFO] [stderr]    Compiling safe-mix v1.0.0
[INFO] [stderr]    Compiling rand_core v0.5.1
[INFO] [stderr]    Compiling parking_lot_core v0.6.2
[INFO] [stderr]    Compiling substrate-panic-handler v2.0.0 (https://github.com/paritytech/substrate.git?rev=d1cd01c74e8d5550396cb654f9a3f1b641efdf4c#d1cd01c7)
[INFO] [stderr]    Compiling hmac-drbg v0.2.0
[INFO] [stderr]    Compiling rand_chacha v0.2.1
[INFO] [stderr]    Compiling parking_lot v0.9.0
[INFO] [stderr]    Compiling rand v0.7.2
[INFO] [stderr]    Compiling block-buffer v0.7.3
[INFO] [stderr]    Compiling uint v0.8.1
[INFO] [stderr]    Compiling merlin v1.2.1
[INFO] [stderr]    Compiling pbkdf2 v0.3.0
[INFO] [stderr]    Compiling hashbrown v0.1.8
[INFO] [stderr]    Compiling curve25519-dalek v1.2.3
[INFO] [stderr]    Compiling fixed-hash v0.4.0
[INFO] [stderr]    Compiling sha2 v0.8.0
[INFO] [stderr]    Compiling wasmi-validation v0.2.0
[INFO] [stderr]    Compiling blake2-rfc v0.2.18
[INFO] [stderr]    Compiling parking_lot_core v0.4.0
[INFO] [stderr]    Compiling libsecp256k1 v0.3.1
[INFO] [stderr]    Compiling parking_lot v0.7.1
[INFO] [stderr]    Compiling twox-hash v1.5.0
[INFO] [stderr]    Compiling once_cell v0.1.8
[INFO] [stderr]    Compiling wasmi v0.5.1
[INFO] [stderr]    Compiling synstructure v0.12.1
[INFO] [stderr]    Compiling srml-support-procedural-tools-derive v2.0.0 (https://github.com/paritytech/substrate.git?rev=d1cd01c74e8d5550396cb654f9a3f1b641efdf4c#d1cd01c7)
[INFO] [stderr]    Compiling serde_derive v1.0.101
[INFO] [stderr]    Compiling proc-macro-hack v0.5.11
[INFO] [stderr]    Compiling failure_derive v0.1.6
[INFO] [stderr]    Compiling malloc_size_of_derive v0.1.1
[INFO] [stderr]    Compiling impl-trait-for-tuples v0.1.2
[INFO] [stderr]    Compiling parity-util-mem v0.2.0
[INFO] [stderr]    Compiling failure v0.1.6
[INFO] [stderr]    Compiling const-random-macro v0.1.6
[INFO] [stderr]    Compiling paste-impl v0.1.6
[INFO] [stderr]    Compiling schnorrkel v0.8.5
[INFO] [stderr]    Compiling ed25519-dalek v0.9.1
[INFO] [stderr]    Compiling tiny-bip39 v0.6.2
[INFO] [stderr]    Compiling const-random v0.1.6
[INFO] [stderr]    Compiling ahash v0.2.16
[INFO] [stderr]    Compiling substrate-bip39 v0.3.1
[INFO] [stderr]    Compiling paste v0.1.6
[INFO] [stderr]    Compiling simple-json v0.1.0 (https://github.com/shawntabrizi/simple-json#a3ca51b8)
[INFO] [stderr]    Compiling trie-db v0.15.2
[INFO] [stderr]    Compiling memory-db v0.15.2
[INFO] [stderr]    Compiling toml v0.5.3
[INFO] [stderr]    Compiling impl-serde v0.2.1
[INFO] [stderr]    Compiling substrate-primitives-storage v2.0.0 (https://github.com/paritytech/substrate.git?rev=d1cd01c74e8d5550396cb654f9a3f1b641efdf4c#d1cd01c7)
[INFO] [stderr]    Compiling proc-macro-crate v0.1.4
[INFO] [stderr]    Compiling srml-support-procedural-tools v2.0.0 (https://github.com/paritytech/substrate.git?rev=d1cd01c74e8d5550396cb654f9a3f1b641efdf4c#d1cd01c7)
[INFO] [stderr]    Compiling parity-scale-codec-derive v1.0.3
[INFO] [stderr]    Compiling sr-api-macros v2.0.0 (https://github.com/paritytech/substrate.git?rev=d1cd01c74e8d5550396cb654f9a3f1b641efdf4c#d1cd01c7)
[INFO] [stderr]    Compiling parity-scale-codec v1.0.6
[INFO] [stderr]    Compiling impl-codec v0.4.1
[INFO] [stderr]    Compiling sr-arithmetic v2.0.0 (https://github.com/paritytech/substrate.git?rev=d1cd01c74e8d5550396cb654f9a3f1b641efdf4c#d1cd01c7)
[INFO] [stderr]    Compiling primitive-types v0.5.1
[INFO] [stderr]    Compiling srml-support-procedural v2.0.0 (https://github.com/paritytech/substrate.git?rev=d1cd01c74e8d5550396cb654f9a3f1b641efdf4c#d1cd01c7)
[INFO] [stderr]    Compiling substrate-externalities v2.0.0 (https://github.com/paritytech/substrate.git?rev=d1cd01c74e8d5550396cb654f9a3f1b641efdf4c#d1cd01c7)
[INFO] [stderr]    Compiling substrate-primitives v2.0.0 (https://github.com/paritytech/substrate.git?rev=d1cd01c74e8d5550396cb654f9a3f1b641efdf4c#d1cd01c7)
[INFO] [stderr]    Compiling substrate-trie v2.0.0 (https://github.com/paritytech/substrate.git?rev=d1cd01c74e8d5550396cb654f9a3f1b641efdf4c#d1cd01c7)
[INFO] [stderr]    Compiling srml-metadata v2.0.0 (https://github.com/paritytech/substrate.git?rev=d1cd01c74e8d5550396cb654f9a3f1b641efdf4c#d1cd01c7)
[INFO] [stderr]    Compiling substrate-state-machine v2.0.0 (https://github.com/paritytech/substrate.git?rev=d1cd01c74e8d5550396cb654f9a3f1b641efdf4c#d1cd01c7)
[INFO] [stderr]    Compiling substrate-application-crypto v2.0.0 (https://github.com/paritytech/substrate.git?rev=d1cd01c74e8d5550396cb654f9a3f1b641efdf4c#d1cd01c7)
[INFO] [stdout] error: unexpected token
[INFO] [stdout]   --> /opt/rustwide/cargo-home/git/checkouts/substrate-7e08433d4c370a21/d1cd01c/core/application-crypto/src/lib.rs:57:45
[INFO] [stdout]    |
[INFO] [stdout] 57 |         $crate::app_crypto!($module::Pair, $module::Public, $module::Signature, $key_type);
[INFO] [stdout]    |                                                   ^^
[INFO] [stdout]    | 
[INFO] [stdout]   ::: /opt/rustwide/cargo-home/git/checkouts/substrate-7e08433d4c370a21/d1cd01c/core/application-crypto/src/ed25519.rs:25:5
[INFO] [stdout]    |
[INFO] [stdout] 25 |     crate::app_crypto!(super, ED25519);
[INFO] [stdout]    |     ----------------------------------- in this macro invocation
[INFO] [stdout]    |
[INFO] [stdout]    = note: this error originates in the macro `crate::app_crypto` (in Nightly builds, run with -Z macro-backtrace for more info)
[INFO] [stdout] 
[INFO] [stdout] 
[INFO] [stdout] error: unexpected token
[INFO] [stdout]   --> /opt/rustwide/cargo-home/git/checkouts/substrate-7e08433d4c370a21/d1cd01c/core/application-crypto/src/lib.rs:57:62
[INFO] [stdout]    |
[INFO] [stdout] 57 |         $crate::app_crypto!($module::Pair, $module::Public, $module::Signature, $key_type);
[INFO] [stdout]    |                                                                    ^^
[INFO] [stdout]    | 
[INFO] [stdout]   ::: /opt/rustwide/cargo-home/git/checkouts/substrate-7e08433d4c370a21/d1cd01c/core/application-crypto/src/ed25519.rs:25:5
[INFO] [stdout]    |
[INFO] [stdout] 25 |     crate::app_crypto!(super, ED25519);
[INFO] [stdout]    |     ----------------------------------- in this macro invocation
[INFO] [stdout]    |
[INFO] [stdout]    = note: this error originates in the macro `crate::app_crypto` (in Nightly builds, run with -Z macro-backtrace for more info)
[INFO] [stdout] 
[INFO] [stdout] 
[INFO] [stdout] error: unexpected token
[INFO] [stdout]   --> /opt/rustwide/cargo-home/git/checkouts/substrate-7e08433d4c370a21/d1cd01c/core/application-crypto/src/lib.rs:57:45
[INFO] [stdout]    |
[INFO] [stdout] 57 |         $crate::app_crypto!($module::Pair, $module::Public, $module::Signature, $key_type);
[INFO] [stdout]    |                                                   ^^
[INFO] [stdout]    | 
[INFO] [stdout]   ::: /opt/rustwide/cargo-home/git/checkouts/substrate-7e08433d4c370a21/d1cd01c/core/application-crypto/src/sr25519.rs:25:5
[INFO] [stdout]    |
[INFO] [stdout] 25 |     crate::app_crypto!(super, SR25519);
[INFO] [stdout]    |     ----------------------------------- in this macro invocation
[INFO] [stdout]    |
[INFO] [stdout]    = note: this error originates in the macro `crate::app_crypto` (in Nightly builds, run with -Z macro-backtrace for more info)
[INFO] [stdout] 
[INFO] [stdout] 
[INFO] [stdout] error: unexpected token
[INFO] [stdout]   --> /opt/rustwide/cargo-home/git/checkouts/substrate-7e08433d4c370a21/d1cd01c/core/application-crypto/src/lib.rs:57:62
[INFO] [stdout]    |
[INFO] [stdout] 57 |         $crate::app_crypto!($module::Pair, $module::Public, $module::Signature, $key_type);
[INFO] [stdout]    |                                                                    ^^
[INFO] [stdout]    | 
[INFO] [stdout]   ::: /opt/rustwide/cargo-home/git/checkouts/substrate-7e08433d4c370a21/d1cd01c/core/application-crypto/src/sr25519.rs:25:5
[INFO] [stdout]    |
[INFO] [stdout] 25 |     crate::app_crypto!(super, SR25519);
[INFO] [stdout]    |     ----------------------------------- in this macro invocation
[INFO] [stdout]    |
[INFO] [stdout]    = note: this error originates in the macro `crate::app_crypto` (in Nightly builds, run with -Z macro-backtrace for more info)
[INFO] [stdout] 
[INFO] [stdout] 
[INFO] [stdout] error[E0277]: the trait bound `ed25519::app::Public: WrapperTypeEncode` is not satisfied
[INFO] [stdout]    --> /opt/rustwide/cargo-home/git/checkouts/substrate-7e08433d4c370a21/d1cd01c/core/application-crypto/src/lib.rs:211:8
[INFO] [stdout]     |
[INFO] [stdout] 211 |         impl $crate::AppPublic for Public {
[INFO] [stdout]     |              ^^^^^^^^^^^^^^^^^ the trait `WrapperTypeEncode` is not implemented for `ed25519::app::Public`
[INFO] [stdout]     | 
[INFO] [stdout]    ::: /opt/rustwide/cargo-home/git/checkouts/substrate-7e08433d4c370a21/d1cd01c/core/application-crypto/src/traits.rs:54:93
[INFO] [stdout]     |
[INFO] [stdout] 54  | pub trait AppPublic: AppKey + Public + Ord + PartialOrd + Eq + PartialEq + MaybeDebugHash + codec::Codec {
[INFO] [stdout]     |                                                                                             ------------ required by this bound in `traits::AppPublic`
[INFO] [stdout]     | 
[INFO] [stdout]    ::: /opt/rustwide/cargo-home/git/checkouts/substrate-7e08433d4c370a21/d1cd01c/core/application-crypto/src/ed25519.rs:25:5
[INFO] [stdout]     |
[INFO] [stdout] 25  |     crate::app_crypto!(super, ED25519);
[INFO] [stdout]     |     ----------------------------------- in this macro invocation
[INFO] [stdout]     |
[INFO] [stdout]     = note: required because of the requirements on the impl of `Encode` for `ed25519::app::Public`
[INFO] [stdout]     = note: this error originates in the macro `$crate::app_crypto` (in Nightly builds, run with -Z macro-backtrace for more info)
[INFO] [stdout] 
[INFO] [stdout] 
[INFO] [stdout] error[E0277]: the trait bound `ed25519::app::Public: WrapperTypeDecode` is not satisfied
[INFO] [stdout]    --> /opt/rustwide/cargo-home/git/checkouts/substrate-7e08433d4c370a21/d1cd01c/core/application-crypto/src/lib.rs:211:8
[INFO] [stdout]     |
[INFO] [stdout] 211 |         impl $crate::AppPublic for Public {
[INFO] [stdout]     |              ^^^^^^^^^^^^^^^^^ the trait `WrapperTypeDecode` is not implemented for `ed25519::app::Public`
[INFO] [stdout]     | 
[INFO] [stdout]    ::: /opt/rustwide/cargo-home/git/checkouts/substrate-7e08433d4c370a21/d1cd01c/core/application-crypto/src/traits.rs:54:93
[INFO] [stdout]     |
[INFO] [stdout] 54  | pub trait AppPublic: AppKey + Public + Ord + PartialOrd + Eq + PartialEq + MaybeDebugHash + codec::Codec {
[INFO] [stdout]     |                                                                                             ------------ required by this bound in `traits::AppPublic`
[INFO] [stdout]     | 
[INFO] [stdout]    ::: /opt/rustwide/cargo-home/git/checkouts/substrate-7e08433d4c370a21/d1cd01c/core/application-crypto/src/ed25519.rs:25:5
[INFO] [stdout]     |
[INFO] [stdout] 25  |     crate::app_crypto!(super, ED25519);
[INFO] [stdout]     |     ----------------------------------- in this macro invocation
[INFO] [stdout]     |
[INFO] [stdout]     = note: required because of the requirements on the impl of `Decode` for `ed25519::app::Public`
[INFO] [stdout]     = note: this error originates in the macro `$crate::app_crypto` (in Nightly builds, run with -Z macro-backtrace for more info)
[INFO] [stdout] 
[INFO] [stdout] 
[INFO] [stdout] error[E0277]: the trait bound `sr25519::app::Public: WrapperTypeEncode` is not satisfied
[INFO] [stdout]    --> /opt/rustwide/cargo-home/git/checkouts/substrate-7e08433d4c370a21/d1cd01c/core/application-crypto/src/lib.rs:211:8
[INFO] [stdout]     |
[INFO] [stdout] 211 |         impl $crate::AppPublic for Public {
[INFO] [stdout]     |              ^^^^^^^^^^^^^^^^^ the trait `WrapperTypeEncode` is not implemented for `sr25519::app::Public`
[INFO] [stdout]     | 
[INFO] [stdout]    ::: /opt/rustwide/cargo-home/git/checkouts/substrate-7e08433d4c370a21/d1cd01c/core/application-crypto/src/traits.rs:54:93
[INFO] [stdout]     |
[INFO] [stdout] 54  | pub trait AppPublic: AppKey + Public + Ord + PartialOrd + Eq + PartialEq + MaybeDebugHash + codec::Codec {
[INFO] [stdout]     |                                                                                             ------------ required by this bound in `traits::AppPublic`
[INFO] [stdout]     | 
[INFO] [stdout]    ::: /opt/rustwide/cargo-home/git/checkouts/substrate-7e08433d4c370a21/d1cd01c/core/application-crypto/src/sr25519.rs:25:5
[INFO] [stdout]     |
[INFO] [stdout] 25  |     crate::app_crypto!(super, SR25519);
[INFO] [stdout]     |     ----------------------------------- in this macro invocation
[INFO] [stdout]     |
[INFO] [stdout]     = note: required because of the requirements on the impl of `Encode` for `sr25519::app::Public`
[INFO] [stdout]     = note: this error originates in the macro `$crate::app_crypto` (in Nightly builds, run with -Z macro-backtrace for more info)
[INFO] [stdout] 
[INFO] [stdout] 
[INFO] [stdout] error[E0277]: the trait bound `sr25519::app::Public: WrapperTypeDecode` is not satisfied
[INFO] [stdout]    --> /opt/rustwide/cargo-home/git/checkouts/substrate-7e08433d4c370a21/d1cd01c/core/application-crypto/src/lib.rs:211:8
[INFO] [stdout]     |
[INFO] [stdout] 211 |         impl $crate::AppPublic for Public {
[INFO] [stdout]     |              ^^^^^^^^^^^^^^^^^ the trait `WrapperTypeDecode` is not implemented for `sr25519::app::Public`
[INFO] [stdout]     | 
[INFO] [stdout]    ::: /opt/rustwide/cargo-home/git/checkouts/substrate-7e08433d4c370a21/d1cd01c/core/application-crypto/src/traits.rs:54:93
[INFO] [stdout]     |
[INFO] [stdout] 54  | pub trait AppPublic: AppKey + Public + Ord + PartialOrd + Eq + PartialEq + MaybeDebugHash + codec::Codec {
[INFO] [stdout]     |                                                                                             ------------ required by this bound in `traits::AppPublic`
[INFO] [stdout]     | 
[INFO] [stdout]    ::: /opt/rustwide/cargo-home/git/checkouts/substrate-7e08433d4c370a21/d1cd01c/core/application-crypto/src/sr25519.rs:25:5
[INFO] [stdout]     |
[INFO] [stdout] 25  |     crate::app_crypto!(super, SR25519);
[INFO] [stdout]     |     ----------------------------------- in this macro invocation
[INFO] [stdout]     |
[INFO] [stdout]     = note: required because of the requirements on the impl of `Decode` for `sr25519::app::Public`
[INFO] [stdout]     = note: this error originates in the macro `$crate::app_crypto` (in Nightly builds, run with -Z macro-backtrace for more info)
[INFO] [stdout] 
[INFO] [stdout] 
[INFO] [stdout] error: aborting due to 8 previous errors
[INFO] [stdout] 
[INFO] [stdout] 
[INFO] [stdout] For more information about this error, try `rustc --explain E0277`.
[INFO] [stdout] 
[INFO] [stderr] error: could not compile `substrate-application-crypto` due to 9 previous errors
[INFO] running `Command { std: "docker" "inspect" "462e3e9ad0e5b92e38d15633f19ab83c5a149f3fd75950258a13feff05e9487d", kill_on_drop: false }`
[INFO] running `Command { std: "docker" "rm" "-f" "462e3e9ad0e5b92e38d15633f19ab83c5a149f3fd75950258a13feff05e9487d", kill_on_drop: false }`
[INFO] [stdout] 462e3e9ad0e5b92e38d15633f19ab83c5a149f3fd75950258a13feff05e9487d
