[INFO] cloning repository https://github.com/eduhenke/rust-raytracer
[INFO] running `Command { std: "git" "-c" "credential.helper=" "-c" "credential.helper=/workspace/cargo-home/bin/git-credential-null" "clone" "--bare" "https://github.com/eduhenke/rust-raytracer" "/workspace/cache/git-repos/https%3A%2F%2Fgithub.com%2Feduhenke%2Frust-raytracer", kill_on_drop: false }`
[INFO] [stderr] Cloning into bare repository '/workspace/cache/git-repos/https%3A%2F%2Fgithub.com%2Feduhenke%2Frust-raytracer'...
[INFO] running `Command { std: "git" "rev-parse" "HEAD", kill_on_drop: false }`
[INFO] [stdout] e18b95afde6aac2b5ec8db495800c4c345d6ae1c
[INFO] testing eduhenke/rust-raytracer against 1.54.0 for beta-1.55-1
[INFO] running `Command { std: "git" "clone" "/workspace/cache/git-repos/https%3A%2F%2Fgithub.com%2Feduhenke%2Frust-raytracer" "/workspace/builds/worker-10/source", kill_on_drop: false }`
[INFO] [stderr] Cloning into '/workspace/builds/worker-10/source'...
[INFO] [stderr] done.
[INFO] validating manifest of git repo https://github.com/eduhenke/rust-raytracer on toolchain 1.54.0
[INFO] running `Command { std: "/workspace/cargo-home/bin/cargo" "+1.54.0" "metadata" "--manifest-path" "Cargo.toml" "--no-deps", kill_on_drop: false }`
[INFO] started tweaking git repo https://github.com/eduhenke/rust-raytracer
[INFO] finished tweaking git repo https://github.com/eduhenke/rust-raytracer
[INFO] tweaked toml for git repo https://github.com/eduhenke/rust-raytracer written to /workspace/builds/worker-10/source/Cargo.toml
[INFO] crate git repo https://github.com/eduhenke/rust-raytracer already has a lockfile, it will not be regenerated
[INFO] running `Command { std: "/workspace/cargo-home/bin/cargo" "+1.54.0" "fetch" "--manifest-path" "Cargo.toml", kill_on_drop: false }`
[INFO] running `Command { std: "docker" "create" "-v" "/var/lib/crater-agent-workspace/builds/worker-10/target:/opt/rustwide/target:rw,Z" "-v" "/var/lib/crater-agent-workspace/builds/worker-10/source:/opt/rustwide/workdir:ro,Z" "-v" "/var/lib/crater-agent-workspace/cargo-home:/opt/rustwide/cargo-home:ro,Z" "-v" "/var/lib/crater-agent-workspace/rustup-home:/opt/rustwide/rustup-home:ro,Z" "-e" "SOURCE_DIR=/opt/rustwide/workdir" "-e" "CARGO_TARGET_DIR=/opt/rustwide/target" "-e" "CARGO_HOME=/opt/rustwide/cargo-home" "-e" "RUSTUP_HOME=/opt/rustwide/rustup-home" "-w" "/opt/rustwide/workdir" "-m" "1610612736" "--user" "0:0" "--network" "none" "ghcr.io/rust-lang/crates-build-env/linux@sha256:34b6a614d2c27851fe6cbf88fbd1137609cefab8b10d0615aaeb6fd47975d74e" "/opt/rustwide/cargo-home/bin/cargo" "+1.54.0" "metadata" "--no-deps" "--format-version=1", kill_on_drop: false }`
[INFO] [stdout] 81865320f31a8e3bf1b8be92ba9a3121f47b1a9a37f98085d9035ba9971f2e26
[INFO] [stderr] WARNING: Your kernel does not support swap limit capabilities or the cgroup is not mounted. Memory limited without swap.
[INFO] running `Command { std: "docker" "start" "-a" "81865320f31a8e3bf1b8be92ba9a3121f47b1a9a37f98085d9035ba9971f2e26", kill_on_drop: false }`
[INFO] running `Command { std: "docker" "inspect" "81865320f31a8e3bf1b8be92ba9a3121f47b1a9a37f98085d9035ba9971f2e26", kill_on_drop: false }`
[INFO] running `Command { std: "docker" "rm" "-f" "81865320f31a8e3bf1b8be92ba9a3121f47b1a9a37f98085d9035ba9971f2e26", kill_on_drop: false }`
[INFO] [stdout] 81865320f31a8e3bf1b8be92ba9a3121f47b1a9a37f98085d9035ba9971f2e26
[INFO] running `Command { std: "docker" "create" "-v" "/var/lib/crater-agent-workspace/builds/worker-10/target:/opt/rustwide/target:rw,Z" "-v" "/var/lib/crater-agent-workspace/builds/worker-10/source:/opt/rustwide/workdir:ro,Z" "-v" "/var/lib/crater-agent-workspace/cargo-home:/opt/rustwide/cargo-home:ro,Z" "-v" "/var/lib/crater-agent-workspace/rustup-home:/opt/rustwide/rustup-home:ro,Z" "-e" "SOURCE_DIR=/opt/rustwide/workdir" "-e" "CARGO_TARGET_DIR=/opt/rustwide/target" "-e" "CARGO_INCREMENTAL=0" "-e" "RUST_BACKTRACE=full" "-e" "RUSTFLAGS=--cap-lints=warn" "-e" "CARGO_HOME=/opt/rustwide/cargo-home" "-e" "RUSTUP_HOME=/opt/rustwide/rustup-home" "-w" "/opt/rustwide/workdir" "-m" "1610612736" "--user" "0:0" "--network" "none" "ghcr.io/rust-lang/crates-build-env/linux@sha256:34b6a614d2c27851fe6cbf88fbd1137609cefab8b10d0615aaeb6fd47975d74e" "/opt/rustwide/cargo-home/bin/cargo" "+1.54.0" "build" "--frozen" "--message-format=json", kill_on_drop: false }`
[INFO] [stdout] 1894cec87f5354d69156c1ff1e68eac0283ed49682b9b61e959fec5355bb2041
[INFO] [stderr] WARNING: Your kernel does not support swap limit capabilities or the cgroup is not mounted. Memory limited without swap.
[INFO] running `Command { std: "docker" "start" "-a" "1894cec87f5354d69156c1ff1e68eac0283ed49682b9b61e959fec5355bb2041", kill_on_drop: false }`
[INFO] [stderr]     Blocking waiting for file lock on package cache
[INFO] [stderr]    Compiling num_cpus v1.13.0
[INFO] [stderr]    Compiling num-complex v0.2.4
[INFO] [stderr]    Compiling approx v0.3.2
[INFO] [stderr]    Compiling sdl2-sys v0.34.3
[INFO] [stderr]    Compiling crossbeam-epoch v0.8.2
[INFO] [stderr]    Compiling num-rational v0.2.4
[INFO] [stderr]    Compiling rand_distr v0.2.2
[INFO] [stderr]    Compiling crossbeam-deque v0.7.3
[INFO] [stderr]    Compiling simba v0.2.0
[INFO] [stderr]    Compiling rayon-core v1.8.0
[INFO] [stderr]    Compiling nalgebra v0.22.0
[INFO] [stderr]    Compiling sdl2 v0.34.3
[INFO] [stderr]    Compiling rayon v1.4.0
[INFO] [stderr]    Compiling rust-3d v0.1.0 (/opt/rustwide/workdir)
[INFO] [stdout] warning: unused import: `na::geometry::Rotation3`
[INFO] [stdout]   --> src/main.rs:11:5
[INFO] [stdout]    |
[INFO] [stdout] 11 | use na::geometry::Rotation3;
[INFO] [stdout]    |     ^^^^^^^^^^^^^^^^^^^^^^^
[INFO] [stdout]    |
[INFO] [stdout]    = note: `#[warn(unused_imports)]` on by default
[INFO] [stdout] 
[INFO] [stdout] 
[INFO] [stdout] warning: unused import: `Quaternion`
[INFO] [stdout]   --> src/main.rs:14:16
[INFO] [stdout]    |
[INFO] [stdout] 14 | use nalgebra::{Quaternion, UnitQuaternion};
[INFO] [stdout]    |                ^^^^^^^^^^
[INFO] [stdout] 
[INFO] [stdout] 
[INFO] [stdout] warning: 2 warnings emitted
[INFO] [stdout] 
[INFO] [stdout] 
[INFO] [stderr]     Finished dev [unoptimized + debuginfo] target(s) in 41.57s
[INFO] running `Command { std: "docker" "inspect" "1894cec87f5354d69156c1ff1e68eac0283ed49682b9b61e959fec5355bb2041", kill_on_drop: false }`
[INFO] running `Command { std: "docker" "rm" "-f" "1894cec87f5354d69156c1ff1e68eac0283ed49682b9b61e959fec5355bb2041", kill_on_drop: false }`
[INFO] [stdout] 1894cec87f5354d69156c1ff1e68eac0283ed49682b9b61e959fec5355bb2041
[INFO] running `Command { std: "docker" "create" "-v" "/var/lib/crater-agent-workspace/builds/worker-10/target:/opt/rustwide/target:rw,Z" "-v" "/var/lib/crater-agent-workspace/builds/worker-10/source:/opt/rustwide/workdir:ro,Z" "-v" "/var/lib/crater-agent-workspace/cargo-home:/opt/rustwide/cargo-home:ro,Z" "-v" "/var/lib/crater-agent-workspace/rustup-home:/opt/rustwide/rustup-home:ro,Z" "-e" "SOURCE_DIR=/opt/rustwide/workdir" "-e" "CARGO_TARGET_DIR=/opt/rustwide/target" "-e" "CARGO_INCREMENTAL=0" "-e" "RUST_BACKTRACE=full" "-e" "RUSTFLAGS=--cap-lints=warn" "-e" "CARGO_HOME=/opt/rustwide/cargo-home" "-e" "RUSTUP_HOME=/opt/rustwide/rustup-home" "-w" "/opt/rustwide/workdir" "-m" "1610612736" "--user" "0:0" "--network" "none" "ghcr.io/rust-lang/crates-build-env/linux@sha256:34b6a614d2c27851fe6cbf88fbd1137609cefab8b10d0615aaeb6fd47975d74e" "/opt/rustwide/cargo-home/bin/cargo" "+1.54.0" "test" "--frozen" "--no-run" "--message-format=json", kill_on_drop: false }`
[INFO] [stderr] WARNING: Your kernel does not support swap limit capabilities or the cgroup is not mounted. Memory limited without swap.
[INFO] [stdout] e08b57469d03201096418ac2fc9f517b87af29e28893465d3714d64e8d295be7
[INFO] running `Command { std: "docker" "start" "-a" "e08b57469d03201096418ac2fc9f517b87af29e28893465d3714d64e8d295be7", kill_on_drop: false }`
[INFO] [stderr]    Compiling rust-3d v0.1.0 (/opt/rustwide/workdir)
[INFO] [stdout] warning: unused import: `na::geometry::Rotation3`
[INFO] [stdout]   --> src/main.rs:11:5
[INFO] [stdout]    |
[INFO] [stdout] 11 | use na::geometry::Rotation3;
[INFO] [stdout]    |     ^^^^^^^^^^^^^^^^^^^^^^^
[INFO] [stdout]    |
[INFO] [stdout]    = note: `#[warn(unused_imports)]` on by default
[INFO] [stdout] 
[INFO] [stdout] 
[INFO] [stdout] warning: unused import: `Quaternion`
[INFO] [stdout]   --> src/main.rs:14:16
[INFO] [stdout]    |
[INFO] [stdout] 14 | use nalgebra::{Quaternion, UnitQuaternion};
[INFO] [stdout]    |                ^^^^^^^^^^
[INFO] [stdout] 
[INFO] [stdout] 
[INFO] [stdout] error[E0560]: struct `material::Material` has no field named `specular_n`
[INFO] [stdout]    --> src/shapes/sphere.rs:122:9
[INFO] [stdout]     |
[INFO] [stdout] 122 |         specular_n: 1,
[INFO] [stdout]     |         ^^^^^^^^^^ `material::Material` does not have this field
[INFO] [stdout]     |
[INFO] [stdout]     = note: available fields are: `color`, `albedo`, `material_type`
[INFO] [stdout] 
[INFO] [stdout] 
[INFO] [stdout] error[E0560]: struct `material::Material` has no field named `k_diffuse`
[INFO] [stdout]    --> src/shapes/sphere.rs:123:9
[INFO] [stdout]     |
[INFO] [stdout] 123 |         k_diffuse: 1.0,
[INFO] [stdout]     |         ^^^^^^^^^ `material::Material` does not have this field
[INFO] [stdout]     |
[INFO] [stdout]     = note: available fields are: `color`, `albedo`, `material_type`
[INFO] [stdout] 
[INFO] [stdout] 
[INFO] [stdout] error[E0560]: struct `material::Material` has no field named `k_specular`
[INFO] [stdout]    --> src/shapes/sphere.rs:124:9
[INFO] [stdout]     |
[INFO] [stdout] 124 |         k_specular: 0.0,
[INFO] [stdout]     |         ^^^^^^^^^^ `material::Material` does not have this field
[INFO] [stdout]     |
[INFO] [stdout]     = note: available fields are: `color`, `albedo`, `material_type`
[INFO] [stdout] 
[INFO] [stdout] 
[INFO] [stdout] error[E0560]: struct `material::Material` has no field named `index_of_refraction`
[INFO] [stdout]    --> src/shapes/sphere.rs:125:9
[INFO] [stdout]     |
[INFO] [stdout] 125 |         index_of_refraction: None,
[INFO] [stdout]     |         ^^^^^^^^^^^^^^^^^^^ `material::Material` does not have this field
[INFO] [stdout]     |
[INFO] [stdout]     = note: available fields are: `color`, `albedo`, `material_type`
[INFO] [stdout] 
[INFO] [stdout] 
[INFO] [stdout] error: aborting due to 4 previous errors; 2 warnings emitted
[INFO] [stdout] 
[INFO] [stdout] 
[INFO] [stdout] For more information about this error, try `rustc --explain E0560`.
[INFO] [stdout] 
[INFO] [stderr] error: could not compile `rust-3d`
[INFO] [stderr] 
[INFO] [stderr] To learn more, run the command again with --verbose.
[INFO] running `Command { std: "docker" "inspect" "e08b57469d03201096418ac2fc9f517b87af29e28893465d3714d64e8d295be7", kill_on_drop: false }`
[INFO] running `Command { std: "docker" "rm" "-f" "e08b57469d03201096418ac2fc9f517b87af29e28893465d3714d64e8d295be7", kill_on_drop: false }`
[INFO] [stdout] e08b57469d03201096418ac2fc9f517b87af29e28893465d3714d64e8d295be7
