[INFO] cloning repository https://github.com/dusk-network/dusk-blindbidproof
[INFO] running `Command { std: "git" "-c" "credential.helper=" "-c" "credential.helper=/workspace/cargo-home/bin/git-credential-null" "clone" "--bare" "https://github.com/dusk-network/dusk-blindbidproof" "/workspace/cache/git-repos/https%3A%2F%2Fgithub.com%2Fdusk-network%2Fdusk-blindbidproof", kill_on_drop: false }`
[INFO] [stderr] Cloning into bare repository '/workspace/cache/git-repos/https%3A%2F%2Fgithub.com%2Fdusk-network%2Fdusk-blindbidproof'...
[INFO] running `Command { std: "git" "rev-parse" "HEAD", kill_on_drop: false }`
[INFO] [stdout] bee5f14aaef2c477f206334e1114fef1657a8c10
[INFO] testing dusk-network/dusk-blindbidproof against 1.54.0 for beta-1.55-1
[INFO] running `Command { std: "git" "clone" "/workspace/cache/git-repos/https%3A%2F%2Fgithub.com%2Fdusk-network%2Fdusk-blindbidproof" "/workspace/builds/worker-77/source", kill_on_drop: false }`
[INFO] [stderr] Cloning into '/workspace/builds/worker-77/source'...
[INFO] [stderr] done.
[INFO] validating manifest of git repo https://github.com/dusk-network/dusk-blindbidproof on toolchain 1.54.0
[INFO] running `Command { std: "/workspace/cargo-home/bin/cargo" "+1.54.0" "metadata" "--manifest-path" "Cargo.toml" "--no-deps", kill_on_drop: false }`
[INFO] started tweaking git repo https://github.com/dusk-network/dusk-blindbidproof
[INFO] finished tweaking git repo https://github.com/dusk-network/dusk-blindbidproof
[INFO] tweaked toml for git repo https://github.com/dusk-network/dusk-blindbidproof written to /workspace/builds/worker-77/source/Cargo.toml
[INFO] crate git repo https://github.com/dusk-network/dusk-blindbidproof already has a lockfile, it will not be regenerated
[INFO] running `Command { std: "/workspace/cargo-home/bin/cargo" "+1.54.0" "fetch" "--manifest-path" "Cargo.toml", kill_on_drop: false }`
[INFO] [stderr]     Updating git repository `https://github.com/dalek-cryptography/bulletproofs`
[INFO] [stderr]     Updating git repository `https://github.com/dusk-network/dusk-tlv`
[INFO] [stderr]     Blocking waiting for file lock on package cache
[INFO] [stderr]  Downloading crates ...
[INFO] [stderr]   Downloaded zeroize v1.0.0
[INFO] [stderr]   Downloaded dusk-uds v0.2.1
[INFO] running `Command { std: "docker" "create" "-v" "/var/lib/crater-agent-workspace/builds/worker-77/target:/opt/rustwide/target:rw,Z" "-v" "/var/lib/crater-agent-workspace/builds/worker-77/source:/opt/rustwide/workdir:ro,Z" "-v" "/var/lib/crater-agent-workspace/cargo-home:/opt/rustwide/cargo-home:ro,Z" "-v" "/var/lib/crater-agent-workspace/rustup-home:/opt/rustwide/rustup-home:ro,Z" "-e" "SOURCE_DIR=/opt/rustwide/workdir" "-e" "CARGO_TARGET_DIR=/opt/rustwide/target" "-e" "CARGO_HOME=/opt/rustwide/cargo-home" "-e" "RUSTUP_HOME=/opt/rustwide/rustup-home" "-w" "/opt/rustwide/workdir" "-m" "1610612736" "--user" "0:0" "--network" "none" "ghcr.io/rust-lang/crates-build-env/linux@sha256:34b6a614d2c27851fe6cbf88fbd1137609cefab8b10d0615aaeb6fd47975d74e" "/opt/rustwide/cargo-home/bin/cargo" "+1.54.0" "metadata" "--no-deps" "--format-version=1", kill_on_drop: false }`
[INFO] [stdout] a0fb7bf46e9b060d57dd6737c3e2a6389eadd1887c8fd88f1a514445f4da9707
[INFO] running `Command { std: "docker" "start" "-a" "a0fb7bf46e9b060d57dd6737c3e2a6389eadd1887c8fd88f1a514445f4da9707", kill_on_drop: false }`
[INFO] running `Command { std: "docker" "inspect" "a0fb7bf46e9b060d57dd6737c3e2a6389eadd1887c8fd88f1a514445f4da9707", kill_on_drop: false }`
[INFO] running `Command { std: "docker" "rm" "-f" "a0fb7bf46e9b060d57dd6737c3e2a6389eadd1887c8fd88f1a514445f4da9707", kill_on_drop: false }`
[INFO] [stdout] a0fb7bf46e9b060d57dd6737c3e2a6389eadd1887c8fd88f1a514445f4da9707
[INFO] running `Command { std: "docker" "create" "-v" "/var/lib/crater-agent-workspace/builds/worker-77/target:/opt/rustwide/target:rw,Z" "-v" "/var/lib/crater-agent-workspace/builds/worker-77/source:/opt/rustwide/workdir:ro,Z" "-v" "/var/lib/crater-agent-workspace/cargo-home:/opt/rustwide/cargo-home:ro,Z" "-v" "/var/lib/crater-agent-workspace/rustup-home:/opt/rustwide/rustup-home:ro,Z" "-e" "SOURCE_DIR=/opt/rustwide/workdir" "-e" "CARGO_TARGET_DIR=/opt/rustwide/target" "-e" "CARGO_INCREMENTAL=0" "-e" "RUST_BACKTRACE=full" "-e" "RUSTFLAGS=--cap-lints=warn" "-e" "CARGO_HOME=/opt/rustwide/cargo-home" "-e" "RUSTUP_HOME=/opt/rustwide/rustup-home" "-w" "/opt/rustwide/workdir" "-m" "1610612736" "--user" "0:0" "--network" "none" "ghcr.io/rust-lang/crates-build-env/linux@sha256:34b6a614d2c27851fe6cbf88fbd1137609cefab8b10d0615aaeb6fd47975d74e" "/opt/rustwide/cargo-home/bin/cargo" "+1.54.0" "build" "--frozen" "--message-format=json", kill_on_drop: false }`
[INFO] [stdout] fb5e0e2fa00f786f3a2390878ab5d037856fa5dd6a8da9e0c35f79d084d4dea5
[INFO] running `Command { std: "docker" "start" "-a" "fb5e0e2fa00f786f3a2390878ab5d037856fa5dd6a8da9e0c35f79d084d4dea5", kill_on_drop: false }`
[INFO] [stderr]    Compiling proc-macro2 v1.0.6
[INFO] [stderr]    Compiling syn v1.0.11
[INFO] [stderr]    Compiling rand_core v0.4.2
[INFO] [stderr]    Compiling typenum v1.11.2
[INFO] [stderr]    Compiling libc v0.2.66
[INFO] [stderr]    Compiling autocfg v0.1.7
[INFO] [stderr]    Compiling byteorder v1.3.2
[INFO] [stderr]    Compiling cc v1.0.47
[INFO] [stderr]    Compiling serde v1.0.103
[INFO] [stderr]    Compiling packed_simd v0.3.3
[INFO] [stderr]    Compiling byte-tools v0.3.1
[INFO] [stderr]    Compiling failure_derive v0.1.6
[INFO] [stderr]    Compiling log v0.4.8
[INFO] [stderr]    Compiling subtle v2.2.2
[INFO] [stderr]    Compiling keccak v0.1.0
[INFO] [stderr]    Compiling opaque-debug v0.2.3
[INFO] [stderr]    Compiling unicode-width v0.1.6
[INFO] [stderr]    Compiling regex-syntax v0.6.12
[INFO] [stderr]    Compiling quick-error v1.2.2
[INFO] [stderr]    Compiling termcolor v1.0.5
[INFO] [stderr]    Compiling vec_map v0.8.1
[INFO] [stderr]    Compiling strsim v0.8.0
[INFO] [stderr]    Compiling fake-simd v0.1.2
[INFO] [stderr]    Compiling ansi_term v0.11.0
[INFO] [stderr]    Compiling memchr v2.2.1
[INFO] [stderr]    Compiling proc-macro-nested v0.1.3
[INFO] [stderr]    Compiling thread_local v0.3.6
[INFO] [stdout] error[E0557]: feature has been removed
[INFO] [stdout]   --> /opt/rustwide/cargo-home/registry/src/github.com-1ecc6299db9ec823/subtle-2.2.2/src/lib.rs:13:42
[INFO] [stdout]    |
[INFO] [stdout] 13 | #![cfg_attr(feature = "nightly", feature(external_doc))]
[INFO] [stdout]    |                                          ^^^^^^^^^^^^ feature has been removed
[INFO] [stdout]    |
[INFO] [stdout]    = note: use #[doc = include_str!("filename")] instead, which handles macro invocations
[INFO] [stdout] 
[INFO] [stdout] 
[INFO] [stdout] error: the legacy LLVM-style asm! syntax is no longer supported
[INFO] [stdout]    --> /opt/rustwide/cargo-home/registry/src/github.com-1ecc6299db9ec823/subtle-2.2.2/src/lib.rs:150:14
[INFO] [stdout]     |
[INFO] [stdout] 150 |     unsafe { asm!("" : "=r"(input) : "0"(input) ) }
[INFO] [stdout]     |              ----^^^^^^^^^^^^^^^^^^^^^^^^^^^^^^^^
[INFO] [stdout]     |              |
[INFO] [stdout]     |              help: replace with: `llvm_asm!`
[INFO] [stdout]     |
[INFO] [stdout]     = note: consider migrating to the new asm! syntax specified in RFC 2873
[INFO] [stdout]     = note: alternatively, switch to llvm_asm! to keep your code working as it is
[INFO] [stdout] 
[INFO] [stdout] 
[INFO] [stdout] error[E0554]: `#![feature]` may not be used on the stable release channel
[INFO] [stdout]   --> /opt/rustwide/cargo-home/registry/src/github.com-1ecc6299db9ec823/subtle-2.2.2/src/lib.rs:12:34
[INFO] [stdout]    |
[INFO] [stdout] 12 | #![cfg_attr(feature = "nightly", feature(asm))]
[INFO] [stdout]    |                                  ^^^^^^^^^^^^
[INFO] [stdout] 
[INFO] [stdout] 
[INFO] [stdout] error[E0554]: `#![feature]` may not be used on the stable release channel
[INFO] [stdout]   --> /opt/rustwide/cargo-home/registry/src/github.com-1ecc6299db9ec823/subtle-2.2.2/src/lib.rs:13:34
[INFO] [stdout]    |
[INFO] [stdout] 13 | #![cfg_attr(feature = "nightly", feature(external_doc))]
[INFO] [stdout]    |                                  ^^^^^^^^^^^^^^^^^^^^^
[INFO] [stdout] 
[INFO] [stdout] 
[INFO] [stderr]    Compiling block-padding v0.1.5
[INFO] [stderr]    Compiling textwrap v0.11.0
[INFO] [stdout] error: aborting due to 4 previous errors
[INFO] [stdout] 
[INFO] [stdout] 
[INFO] [stdout] Some errors have detailed explanations: E0554, E0557.
[INFO] [stdout] 
[INFO] [stdout] For more information about an error, try `rustc --explain E0554`.
[INFO] [stdout] 
[INFO] [stderr] error: could not compile `subtle`
[INFO] [stderr] 
[INFO] [stderr] To learn more, run the command again with --verbose.
[INFO] [stderr] warning: build failed, waiting for other jobs to finish...
[INFO] [stderr] error: build failed
[INFO] running `Command { std: "docker" "inspect" "fb5e0e2fa00f786f3a2390878ab5d037856fa5dd6a8da9e0c35f79d084d4dea5", kill_on_drop: false }`
[INFO] running `Command { std: "docker" "rm" "-f" "fb5e0e2fa00f786f3a2390878ab5d037856fa5dd6a8da9e0c35f79d084d4dea5", kill_on_drop: false }`
[INFO] [stdout] fb5e0e2fa00f786f3a2390878ab5d037856fa5dd6a8da9e0c35f79d084d4dea5
