[INFO] cloning repository https://github.com/dunkelstern/bookrss
[INFO] running `Command { std: "git" "-c" "credential.helper=" "-c" "credential.helper=/workspace/cargo-home/bin/git-credential-null" "clone" "--bare" "https://github.com/dunkelstern/bookrss" "/workspace/cache/git-repos/https%3A%2F%2Fgithub.com%2Fdunkelstern%2Fbookrss", kill_on_drop: false }`
[INFO] [stderr] Cloning into bare repository '/workspace/cache/git-repos/https%3A%2F%2Fgithub.com%2Fdunkelstern%2Fbookrss'...
[INFO] running `Command { std: "git" "rev-parse" "HEAD", kill_on_drop: false }`
[INFO] [stdout] 97b86f47d56ff9e5f6fdffe537876b2015916bbd
[INFO] testing dunkelstern/bookrss against beta-2021-08-01 for beta-1.55-1
[INFO] running `Command { std: "git" "clone" "/workspace/cache/git-repos/https%3A%2F%2Fgithub.com%2Fdunkelstern%2Fbookrss" "/workspace/builds/worker-74/source", kill_on_drop: false }`
[INFO] [stderr] Cloning into '/workspace/builds/worker-74/source'...
[INFO] [stderr] done.
[INFO] validating manifest of git repo https://github.com/dunkelstern/bookrss on toolchain beta-2021-08-01
[INFO] running `Command { std: "/workspace/cargo-home/bin/cargo" "+beta-2021-08-01" "metadata" "--manifest-path" "Cargo.toml" "--no-deps", kill_on_drop: false }`
[INFO] started tweaking git repo https://github.com/dunkelstern/bookrss
[INFO] finished tweaking git repo https://github.com/dunkelstern/bookrss
[INFO] tweaked toml for git repo https://github.com/dunkelstern/bookrss written to /workspace/builds/worker-74/source/Cargo.toml
[INFO] crate git repo https://github.com/dunkelstern/bookrss already has a lockfile, it will not be regenerated
[INFO] running `Command { std: "/workspace/cargo-home/bin/cargo" "+beta-2021-08-01" "fetch" "--manifest-path" "Cargo.toml", kill_on_drop: false }`
[INFO] [stderr]     Blocking waiting for file lock on package cache
[INFO] [stderr]     Blocking waiting for file lock on package cache
[INFO] [stderr]  Downloading crates ...
[INFO] [stderr]   Downloaded diesel_derives v1.1.0
[INFO] [stderr]   Downloaded diesel v1.1.1
[INFO] [stderr]   Downloaded rusqlite v0.13.0
[INFO] [stderr]   Downloaded config v0.8.0
[INFO] [stderr]   Downloaded r2d2_sqlite v0.5.0
[INFO] [stderr]   Downloaded derive_builder v0.5.1
[INFO] [stderr]   Downloaded quick-xml v0.10.1
[INFO] [stderr]   Downloaded libsqlite3-sys v0.9.1
[INFO] [stderr]   Downloaded derive_builder_core v0.2.0
[INFO] [stderr]   Downloaded shellexpand v1.0.0
[INFO] [stderr]   Downloaded rss v1.3.0
[INFO] running `Command { std: "docker" "create" "-v" "/var/lib/crater-agent-workspace/builds/worker-74/target:/opt/rustwide/target:rw,Z" "-v" "/var/lib/crater-agent-workspace/builds/worker-74/source:/opt/rustwide/workdir:ro,Z" "-v" "/var/lib/crater-agent-workspace/cargo-home:/opt/rustwide/cargo-home:ro,Z" "-v" "/var/lib/crater-agent-workspace/rustup-home:/opt/rustwide/rustup-home:ro,Z" "-e" "SOURCE_DIR=/opt/rustwide/workdir" "-e" "CARGO_TARGET_DIR=/opt/rustwide/target" "-e" "CARGO_HOME=/opt/rustwide/cargo-home" "-e" "RUSTUP_HOME=/opt/rustwide/rustup-home" "-w" "/opt/rustwide/workdir" "-m" "1610612736" "--user" "0:0" "--network" "none" "ghcr.io/rust-lang/crates-build-env/linux@sha256:34b6a614d2c27851fe6cbf88fbd1137609cefab8b10d0615aaeb6fd47975d74e" "/opt/rustwide/cargo-home/bin/cargo" "+beta-2021-08-01" "metadata" "--no-deps" "--format-version=1", kill_on_drop: false }`
[INFO] [stdout] a9d073012b994a29a093d81ad230baa7fdce1fccdaa4880ae32cf17be59343e5
[INFO] running `Command { std: "docker" "start" "-a" "a9d073012b994a29a093d81ad230baa7fdce1fccdaa4880ae32cf17be59343e5", kill_on_drop: false }`
[INFO] running `Command { std: "docker" "inspect" "a9d073012b994a29a093d81ad230baa7fdce1fccdaa4880ae32cf17be59343e5", kill_on_drop: false }`
[INFO] running `Command { std: "docker" "rm" "-f" "a9d073012b994a29a093d81ad230baa7fdce1fccdaa4880ae32cf17be59343e5", kill_on_drop: false }`
[INFO] [stdout] a9d073012b994a29a093d81ad230baa7fdce1fccdaa4880ae32cf17be59343e5
[INFO] running `Command { std: "docker" "create" "-v" "/var/lib/crater-agent-workspace/builds/worker-74/target:/opt/rustwide/target:rw,Z" "-v" "/var/lib/crater-agent-workspace/builds/worker-74/source:/opt/rustwide/workdir:ro,Z" "-v" "/var/lib/crater-agent-workspace/cargo-home:/opt/rustwide/cargo-home:ro,Z" "-v" "/var/lib/crater-agent-workspace/rustup-home:/opt/rustwide/rustup-home:ro,Z" "-e" "SOURCE_DIR=/opt/rustwide/workdir" "-e" "CARGO_TARGET_DIR=/opt/rustwide/target" "-e" "CARGO_INCREMENTAL=0" "-e" "RUST_BACKTRACE=full" "-e" "RUSTFLAGS=--cap-lints=warn" "-e" "CARGO_HOME=/opt/rustwide/cargo-home" "-e" "RUSTUP_HOME=/opt/rustwide/rustup-home" "-w" "/opt/rustwide/workdir" "-m" "1610612736" "--user" "0:0" "--network" "none" "ghcr.io/rust-lang/crates-build-env/linux@sha256:34b6a614d2c27851fe6cbf88fbd1137609cefab8b10d0615aaeb6fd47975d74e" "/opt/rustwide/cargo-home/bin/cargo" "+beta-2021-08-01" "build" "--frozen" "--message-format=json", kill_on_drop: false }`
[INFO] [stdout] 31ca8400c78e1dbacc126131a5803bfe0de05c95cfdef67d2160bbd95a8ed287
[INFO] running `Command { std: "docker" "start" "-a" "31ca8400c78e1dbacc126131a5803bfe0de05c95cfdef67d2160bbd95a8ed287", kill_on_drop: false }`
[INFO] [stderr]    Compiling libc v0.2.36
[INFO] [stderr]    Compiling cfg-if v0.1.2
[INFO] [stderr]    Compiling lazy_static v1.0.0
[INFO] [stderr]    Compiling nodrop v0.1.12
[INFO] [stderr]    Compiling num-traits v0.2.0
[INFO] [stderr]    Compiling rayon-core v1.4.0
[INFO] [stderr]    Compiling yansi v0.3.4
[INFO] [stderr]    Compiling serde v1.0.27
[INFO] [stderr]    Compiling cc v1.0.4
[INFO] [stderr]    Compiling unicode-xid v0.0.4
[INFO] [stderr]    Compiling quote v0.3.15
[INFO] [stderr]    Compiling byteorder v1.2.1
[INFO] [stderr]    Compiling winapi-build v0.1.1
[INFO] [stderr]    Compiling percent-encoding v1.0.1
[INFO] [stderr]    Compiling pkg-config v0.3.9
[INFO] [stderr]    Compiling gcc v0.3.54
[INFO] [stderr]    Compiling rustc-demangle v0.1.5
[INFO] [stderr]    Compiling winapi v0.2.8
[INFO] [stderr]    Compiling safemem v0.2.0
[INFO] [stderr]    Compiling linked-hash-map v0.4.2
[INFO] [stderr]    Compiling untrusted v0.5.1
[INFO] [stderr]    Compiling antidote v1.0.0
[INFO] [stderr]    Compiling httparse v1.2.4
[INFO] [stderr]    Compiling itoa v0.3.4
[INFO] [stderr]    Compiling dtoa v0.4.2
[INFO] [stderr]    Compiling serde v0.8.23
[INFO] [stderr]    Compiling utf8-ranges v0.1.3
[INFO] [stderr]    Compiling regex-syntax v0.4.2
[INFO] [stderr]    Compiling derive_builder v0.5.1
[INFO] [stderr]    Compiling smallvec v0.4.4
[INFO] [stderr]    Compiling unidecode v0.2.0
[INFO] [stderr]    Compiling bitflags v1.0.1
[INFO] [stderr]    Compiling state v0.3.3
[INFO] [stderr]    Compiling ordermap v0.2.13
[INFO] [stderr]    Compiling pear v0.0.12
[INFO] [stderr]    Compiling pest v0.4.1
[INFO] [stderr]    Compiling humansize v1.1.0
[INFO] [stderr]    Compiling unicode-width v0.1.4
[INFO] [stderr]    Compiling glob v0.2.11
[INFO] [stderr]    Compiling vec_map v0.8.0
[INFO] [stderr]    Compiling ansi_term v0.10.2
[INFO] [stderr]    Compiling shellexpand v1.0.0
[INFO] [stderr]    Compiling crossbeam-utils v0.2.2
[INFO] [stderr]    Compiling log v0.4.1
[INFO] [stderr]    Compiling encoding_rs v0.7.2
[INFO] [stderr]    Compiling thread_local v0.3.5
[INFO] [stderr]    Compiling arrayvec v0.4.7
[INFO] [stdout] error[E0557]: feature has been removed
[INFO] [stdout]  --> /opt/rustwide/cargo-home/registry/src/github.com-1ecc6299db9ec823/state-0.3.3/src/lib.rs:1:12
[INFO] [stdout]   |
[INFO] [stdout] 1 | #![feature(const_fn)]
[INFO] [stdout]   |            ^^^^^^^^ feature has been removed
[INFO] [stdout]   |
[INFO] [stdout]   = note: split into finer-grained feature gates
[INFO] [stdout] 
[INFO] [stdout] 
[INFO] [stdout] error[E0554]: `#![feature]` may not be used on the beta release channel
[INFO] [stdout]  --> /opt/rustwide/cargo-home/registry/src/github.com-1ecc6299db9ec823/yansi-0.3.4/src/lib.rs:1:32
[INFO] [stdout]   |
[INFO] [stdout] 1 | #![cfg_attr(feature="nightly", feature(const_atomic_bool_new))]
[INFO] [stdout]   |                                ^^^^^^^^^^^^^^^^^^^^^^^^^^^^^^
[INFO] [stdout] 
[INFO] [stdout] 
[INFO] [stdout] error[E0554]: `#![feature]` may not be used on the beta release channel
[INFO] [stdout]  --> /opt/rustwide/cargo-home/registry/src/github.com-1ecc6299db9ec823/state-0.3.3/src/lib.rs:1:1
[INFO] [stdout]   |
[INFO] [stdout] 1 | #![feature(const_fn)]
[INFO] [stdout]   | ^^^^^^^^^^^^^^^^^^^^^
[INFO] [stdout] 
[INFO] [stdout] 
[INFO] [stdout] error[E0554]: `#![feature]` may not be used on the beta release channel
[INFO] [stdout]  --> /opt/rustwide/cargo-home/registry/src/github.com-1ecc6299db9ec823/state-0.3.3/src/lib.rs:2:1
[INFO] [stdout]   |
[INFO] [stdout] 2 | #![feature(const_unsafe_cell_new)]
[INFO] [stdout]   | ^^^^^^^^^^^^^^^^^^^^^^^^^^^^^^^^^^
[INFO] [stdout] 
[INFO] [stdout] 
[INFO] [stdout] error[E0554]: `#![feature]` may not be used on the beta release channel
[INFO] [stdout]  --> /opt/rustwide/cargo-home/registry/src/github.com-1ecc6299db9ec823/state-0.3.3/src/lib.rs:3:1
[INFO] [stdout]   |
[INFO] [stdout] 3 | #![feature(const_atomic_usize_new)]
[INFO] [stdout]   | ^^^^^^^^^^^^^^^^^^^^^^^^^^^^^^^^^^^
[INFO] [stdout] 
[INFO] [stdout] 
[INFO] [stdout] error[E0554]: `#![feature]` may not be used on the beta release channel
[INFO] [stdout]  --> /opt/rustwide/cargo-home/registry/src/github.com-1ecc6299db9ec823/state-0.3.3/src/lib.rs:4:1
[INFO] [stdout]   |
[INFO] [stdout] 4 | #![feature(const_atomic_bool_new)]
[INFO] [stdout]   | ^^^^^^^^^^^^^^^^^^^^^^^^^^^^^^^^^^
[INFO] [stdout] 
[INFO] [stdout] 
[INFO] [stdout] error: aborting due to 5 previous errors
[INFO] [stdout] 
[INFO] [stdout] 
[INFO] [stdout] Some errors have detailed explanations: E0554, E0557.
[INFO] [stdout] 
[INFO] [stdout] For more information about an error, try `rustc --explain E0554`.
[INFO] [stdout] 
[INFO] [stderr]    Compiling lru-cache v0.1.1
[INFO] [stderr]    Compiling yaml-rust v0.4.0
[INFO] [stderr]    Compiling scheduled-thread-pool v0.2.0
[INFO] [stderr] error: could not compile `state` due to 6 previous errors
[INFO] [stderr] warning: build failed, waiting for other jobs to finish...
[INFO] [stdout] error: aborting due to previous error
[INFO] [stdout] 
[INFO] [stdout] 
[INFO] [stdout] For more information about this error, try `rustc --explain E0554`.
[INFO] [stdout] 
[INFO] [stderr] error: build failed
[INFO] running `Command { std: "docker" "inspect" "31ca8400c78e1dbacc126131a5803bfe0de05c95cfdef67d2160bbd95a8ed287", kill_on_drop: false }`
[INFO] running `Command { std: "docker" "rm" "-f" "31ca8400c78e1dbacc126131a5803bfe0de05c95cfdef67d2160bbd95a8ed287", kill_on_drop: false }`
[INFO] [stdout] 31ca8400c78e1dbacc126131a5803bfe0de05c95cfdef67d2160bbd95a8ed287
