[INFO] cloning repository https://github.com/drewfead/reels
[INFO] running `Command { std: "git" "-c" "credential.helper=" "-c" "credential.helper=/workspace/cargo-home/bin/git-credential-null" "clone" "--bare" "https://github.com/drewfead/reels" "/workspace/cache/git-repos/https%3A%2F%2Fgithub.com%2Fdrewfead%2Freels", kill_on_drop: false }`
[INFO] [stderr] Cloning into bare repository '/workspace/cache/git-repos/https%3A%2F%2Fgithub.com%2Fdrewfead%2Freels'...
[INFO] running `Command { std: "git" "rev-parse" "HEAD", kill_on_drop: false }`
[INFO] [stdout] 72c9f0406aed8d14bc3151c1bd6474dc65188a2e
[INFO] testing drewfead/reels against 1.54.0 for beta-1.55-1
[INFO] running `Command { std: "git" "clone" "/workspace/cache/git-repos/https%3A%2F%2Fgithub.com%2Fdrewfead%2Freels" "/workspace/builds/worker-109/source", kill_on_drop: false }`
[INFO] [stderr] Cloning into '/workspace/builds/worker-109/source'...
[INFO] [stderr] done.
[INFO] validating manifest of git repo https://github.com/drewfead/reels on toolchain 1.54.0
[INFO] running `Command { std: "/workspace/cargo-home/bin/cargo" "+1.54.0" "metadata" "--manifest-path" "Cargo.toml" "--no-deps", kill_on_drop: false }`
[INFO] started tweaking git repo https://github.com/drewfead/reels
[INFO] finished tweaking git repo https://github.com/drewfead/reels
[INFO] tweaked toml for git repo https://github.com/drewfead/reels written to /workspace/builds/worker-109/source/Cargo.toml
[INFO] crate git repo https://github.com/drewfead/reels already has a lockfile, it will not be regenerated
[INFO] running `Command { std: "/workspace/cargo-home/bin/cargo" "+1.54.0" "fetch" "--manifest-path" "Cargo.toml", kill_on_drop: false }`
[INFO] [stderr]     Blocking waiting for file lock on package cache
[INFO] [stderr]     Blocking waiting for file lock on package cache
[INFO] running `Command { std: "docker" "create" "-v" "/var/lib/crater-agent-workspace/builds/worker-109/target:/opt/rustwide/target:rw,Z" "-v" "/var/lib/crater-agent-workspace/builds/worker-109/source:/opt/rustwide/workdir:ro,Z" "-v" "/var/lib/crater-agent-workspace/cargo-home:/opt/rustwide/cargo-home:ro,Z" "-v" "/var/lib/crater-agent-workspace/rustup-home:/opt/rustwide/rustup-home:ro,Z" "-e" "SOURCE_DIR=/opt/rustwide/workdir" "-e" "CARGO_TARGET_DIR=/opt/rustwide/target" "-e" "CARGO_HOME=/opt/rustwide/cargo-home" "-e" "RUSTUP_HOME=/opt/rustwide/rustup-home" "-w" "/opt/rustwide/workdir" "-m" "1610612736" "--user" "0:0" "--network" "none" "ghcr.io/rust-lang/crates-build-env/linux@sha256:34b6a614d2c27851fe6cbf88fbd1137609cefab8b10d0615aaeb6fd47975d74e" "/opt/rustwide/cargo-home/bin/cargo" "+1.54.0" "metadata" "--no-deps" "--format-version=1", kill_on_drop: false }`
[INFO] [stdout] 570d7ded9ef012d23da97d92faf2a9b58bf8b166549310f1601b474bcf9b2277
[INFO] running `Command { std: "docker" "start" "-a" "570d7ded9ef012d23da97d92faf2a9b58bf8b166549310f1601b474bcf9b2277", kill_on_drop: false }`
[INFO] running `Command { std: "docker" "inspect" "570d7ded9ef012d23da97d92faf2a9b58bf8b166549310f1601b474bcf9b2277", kill_on_drop: false }`
[INFO] running `Command { std: "docker" "rm" "-f" "570d7ded9ef012d23da97d92faf2a9b58bf8b166549310f1601b474bcf9b2277", kill_on_drop: false }`
[INFO] [stdout] 570d7ded9ef012d23da97d92faf2a9b58bf8b166549310f1601b474bcf9b2277
[INFO] running `Command { std: "docker" "create" "-v" "/var/lib/crater-agent-workspace/builds/worker-109/target:/opt/rustwide/target:rw,Z" "-v" "/var/lib/crater-agent-workspace/builds/worker-109/source:/opt/rustwide/workdir:ro,Z" "-v" "/var/lib/crater-agent-workspace/cargo-home:/opt/rustwide/cargo-home:ro,Z" "-v" "/var/lib/crater-agent-workspace/rustup-home:/opt/rustwide/rustup-home:ro,Z" "-e" "SOURCE_DIR=/opt/rustwide/workdir" "-e" "CARGO_TARGET_DIR=/opt/rustwide/target" "-e" "CARGO_INCREMENTAL=0" "-e" "RUST_BACKTRACE=full" "-e" "RUSTFLAGS=--cap-lints=warn" "-e" "CARGO_HOME=/opt/rustwide/cargo-home" "-e" "RUSTUP_HOME=/opt/rustwide/rustup-home" "-w" "/opt/rustwide/workdir" "-m" "1610612736" "--user" "0:0" "--network" "none" "ghcr.io/rust-lang/crates-build-env/linux@sha256:34b6a614d2c27851fe6cbf88fbd1137609cefab8b10d0615aaeb6fd47975d74e" "/opt/rustwide/cargo-home/bin/cargo" "+1.54.0" "build" "--frozen" "--message-format=json", kill_on_drop: false }`
[INFO] [stdout] d663ec49094ea4f6de63d60ed290ac11438e80940447a5619201e079dbc57749
[INFO] running `Command { std: "docker" "start" "-a" "d663ec49094ea4f6de63d60ed290ac11438e80940447a5619201e079dbc57749", kill_on_drop: false }`
[INFO] [stderr]     Blocking waiting for file lock on package cache
[INFO] [stderr]    Compiling libc v0.2.88
[INFO] [stderr]    Compiling syn v1.0.68
[INFO] [stderr]    Compiling futures-sink v0.3.13
[INFO] [stderr]    Compiling serde_derive v1.0.124
[INFO] [stderr]    Compiling serde v1.0.124
[INFO] [stderr]    Compiling httparse v1.3.5
[INFO] [stderr]    Compiling openssl v0.10.33
[INFO] [stderr]    Compiling async-trait v0.1.49
[INFO] [stderr]    Compiling byteorder v1.4.2
[INFO] [stderr]    Compiling strsim v0.10.0
[INFO] [stderr]    Compiling regex-syntax v0.6.23
[INFO] [stderr]    Compiling ident_case v1.0.1
[INFO] [stderr]    Compiling ipnet v2.3.0
[INFO] [stderr]    Compiling pq-sys v0.4.6
[INFO] [stderr]    Compiling dyn-clone v1.0.4
[INFO] [stderr]    Compiling void v1.0.2
[INFO] [stderr]    Compiling dotenv v0.15.0
[INFO] [stderr]    Compiling http v0.2.3
[INFO] [stderr]    Compiling tracing-core v0.1.17
[INFO] [stderr]    Compiling openssl-sys v0.9.61
[INFO] [stderr]    Compiling lock_api v0.4.2
[INFO] [stderr]    Compiling tinyvec v1.1.1
[INFO] [stderr]    Compiling standback v0.2.17
[INFO] [stderr]    Compiling tokio v1.4.0
[INFO] [stderr]    Compiling generic-array v0.14.4
[INFO] [stderr]    Compiling num-integer v0.1.44
[INFO] [stderr]    Compiling heck v0.3.2
[INFO] [stderr]    Compiling time v0.2.25
[INFO] [stderr]    Compiling brotli-sys v0.3.2
[INFO] [stderr]    Compiling cookie v0.14.4
[INFO] [stderr]    Compiling num-bigint v0.2.6
[INFO] [stderr]    Compiling uuid v0.6.5
[INFO] [stderr]    Compiling futures-channel v0.3.13
[INFO] [stderr]    Compiling unicase v2.6.0
[INFO] [stderr]    Compiling want v0.3.0
[INFO] [stderr]    Compiling elasticsearch v7.10.0-alpha.1
[INFO] [stderr]    Compiling unicode-normalization v0.1.17
[INFO] [stderr]    Compiling tracing v0.1.25
[INFO] [stderr]    Compiling fxhash v0.2.1
[INFO] [stderr]    Compiling rmp v0.8.10
[INFO] [stderr]    Compiling native-tls v0.2.7
[INFO] [stderr]    Compiling http-body v0.3.1
[INFO] [stderr]    Compiling http-body v0.4.1
[INFO] [stderr]    Compiling digest v0.9.0
[INFO] [stderr]    Compiling block-buffer v0.9.0
[INFO] [stderr]    Compiling mime_guess v2.0.3
[INFO] [stderr]    Compiling idna v0.2.2
[INFO] [stderr]    Compiling net2 v0.2.37
[INFO] [stderr]    Compiling iovec v0.1.4
[INFO] [stderr]    Compiling signal-hook-registry v1.3.0
[INFO] [stderr]    Compiling parking_lot_core v0.8.3
[INFO] [stderr]    Compiling num_cpus v1.13.0
[INFO] [stderr]    Compiling getrandom v0.1.16
[INFO] [stderr]    Compiling mio v0.7.11
[INFO] [stderr]    Compiling socket2 v0.3.19
[INFO] [stderr]    Compiling flate2 v1.0.20
[INFO] [stderr]    Compiling hostname v0.3.1
[INFO] [stderr]    Compiling getrandom v0.2.2
[INFO] [stderr]    Compiling socket2 v0.4.0
[INFO] [stderr]    Compiling time v0.1.43
[INFO] [stderr]    Compiling atty v0.2.14
[INFO] [stderr]    Compiling resolv-conf v0.7.0
[INFO] [stderr]    Compiling rand_core v0.5.1
[INFO] [stderr]    Compiling mio v0.6.23
[INFO] [stderr]    Compiling parking_lot v0.11.1
[INFO] [stderr]    Compiling sha-1 v0.9.4
[INFO] [stderr]    Compiling threadpool v1.8.1
[INFO] [stderr]    Compiling regex v1.4.5
[INFO] [stderr]    Compiling rand_chacha v0.2.2
[INFO] [stderr]    Compiling async-compression v0.3.7
[INFO] [stderr]    Compiling scheduled-thread-pool v0.2.5
[INFO] [stderr]    Compiling url v2.2.1
[INFO] [stderr]    Compiling rand v0.7.3
[INFO] [stderr]    Compiling mio-uds v0.6.8
[INFO] [stderr]    Compiling r2d2 v0.8.9
[INFO] [stderr]    Compiling tokio v0.2.25
[INFO] [stderr]    Compiling bigdecimal v0.1.2
[INFO] [stderr]    Compiling env_logger v0.8.3
[INFO] [stderr]    Compiling tokio-util v0.6.5
[INFO] [stderr]    Compiling darling_core v0.12.3
[INFO] [stderr]    Compiling tokio-native-tls v0.3.0
[INFO] [stderr]    Compiling tokio-util v0.3.1
[INFO] [stderr]    Compiling tokio-tls v0.3.1
[INFO] [stderr]    Compiling brotli2 v0.3.2
[INFO] [stderr]    Compiling futures-macro v0.3.13
[INFO] [stderr]    Compiling pin-project-internal v1.0.5
[INFO] [stderr]    Compiling pin-project-internal v0.4.28
[INFO] [stderr]    Compiling derive_more v0.99.13
[INFO] [stderr]    Compiling actix-macros v0.1.3
[INFO] [stderr]    Compiling thiserror-impl v1.0.24
[INFO] [stderr]    Compiling enum-as-inner v0.3.3
[INFO] [stderr]    Compiling time-macros-impl v0.1.1
[INFO] [stderr]    Compiling actix-web-codegen v0.4.0
[INFO] [stderr]    Compiling diesel_derives v1.4.1
[INFO] [stderr]    Compiling darling_macro v0.12.3
[INFO] [stderr]    Compiling time-macros v0.1.1
[INFO] [stderr]    Compiling darling v0.12.3
[INFO] [stderr]    Compiling futures-util v0.3.13
[INFO] [stderr]    Compiling serde_with_macros v1.4.1
[INFO] [stderr]    Compiling thiserror v1.0.24
[INFO] [stderr]    Compiling pin-project v0.4.28
[INFO] [stderr]    Compiling pin-project v1.0.5
[INFO] [stderr]    Compiling actix-codec v0.3.0
[INFO] [stderr]    Compiling tracing-futures v0.2.5
[INFO] [stderr]    Compiling actix-threadpool v0.3.3
[INFO] [stderr]    Compiling actix-service v1.0.6
[INFO] [stderr]    Compiling actix-rt v1.1.1
[INFO] [stderr]    Compiling futures-executor v0.3.13
[INFO] [stderr]    Compiling h2 v0.2.7
[INFO] [stderr]    Compiling h2 v0.3.2
[INFO] [stderr]    Compiling futures v0.3.13
[INFO] [stderr]    Compiling trust-dns-proto v0.19.7
[INFO] [stderr]    Compiling actix-utils v2.0.0
[INFO] [stderr]    Compiling actix-server v1.0.4
[INFO] [stderr]    Compiling actix-tls v2.0.0
[INFO] [stderr]    Compiling actix-testing v1.0.1
[INFO] [stderr]    Compiling trust-dns-resolver v0.19.7
[INFO] [stderr]    Compiling serde_json v1.0.64
[INFO] [stderr]    Compiling serde_urlencoded v0.7.0
[INFO] [stderr]    Compiling uuid v0.8.2
[INFO] [stderr]    Compiling chrono v0.4.19
[INFO] [stderr]    Compiling actix-router v0.2.7
[INFO] [stderr]    Compiling serde_with v1.8.0
[INFO] [stderr]    Compiling ipnetwork v0.17.0
[INFO] [stderr]    Compiling rmp-serde v0.15.4
[INFO] [stderr]    Compiling actix-connect v2.0.0
[INFO] [stderr]    Compiling hyper v0.13.10
[INFO] [stderr]    Compiling actix-http v2.2.0
[INFO] [stderr]    Compiling diesel v1.4.6
[INFO] [stderr]    Compiling hyper v0.14.5
[INFO] [stderr]    Compiling awc v2.0.3
[INFO] [stderr]    Compiling hyper-tls v0.4.3
[INFO] [stderr]    Compiling reqwest v0.10.10
[INFO] [stderr]    Compiling actix-web v3.3.2
[INFO] [stderr]    Compiling hyper-tls v0.5.0
[INFO] [stderr]    Compiling reqwest v0.11.2
[INFO] [stderr]    Compiling reels-catalog-cl v0.1.0 (/opt/rustwide/workdir/catalog-cl)
[INFO] [stdout] error: cannot find derive macro `Error` in this scope
[INFO] [stdout]   --> catalog-cl/src/lib.rs:52:10
[INFO] [stdout]    |
[INFO] [stdout] 52 | #[derive(Error, Debug)]
[INFO] [stdout]    |          ^^^^^
[INFO] [stdout] 
[INFO] [stdout] 
[INFO] [stdout] error: cannot find attribute `error` in this scope
[INFO] [stdout]   --> catalog-cl/src/lib.rs:54:7
[INFO] [stdout]    |
[INFO] [stdout] 54 |     #[error("error calling server: {0}")]
[INFO] [stdout]    |       ^^^^^
[INFO] [stdout]    |
[INFO] [stdout]    = note: consider importing this macro:
[INFO] [stdout]            log::error
[INFO] [stdout] 
[INFO] [stdout] 
[INFO] [stdout] error: cannot find attribute `from` in this scope
[INFO] [stdout]   --> catalog-cl/src/lib.rs:55:19
[INFO] [stdout]    |
[INFO] [stdout] 55 |     ClientError(#[from] actix_web::error::Error),
[INFO] [stdout]    |                   ^^^^
[INFO] [stdout] 
[INFO] [stdout] 
[INFO] [stdout] error[E0433]: failed to resolve: use of undeclared crate or module `actix_web`
[INFO] [stdout]   --> catalog-cl/src/lib.rs:55:25
[INFO] [stdout]    |
[INFO] [stdout] 55 |     ClientError(#[from] actix_web::error::Error),
[INFO] [stdout]    |                         ^^^^^^^^^ use of undeclared crate or module `actix_web`
[INFO] [stdout] 
[INFO] [stdout] 
[INFO] [stdout] error[E0277]: `?` couldn't convert the error to `CatalogError`
[INFO] [stdout]   --> catalog-cl/src/lib.rs:67:15
[INFO] [stdout]    |
[INFO] [stdout] 67 |         .await?;
[INFO] [stdout]    |               ^ the trait `From<reqwest::Error>` is not implemented for `CatalogError`
[INFO] [stdout]    |
[INFO] [stdout]    = note: the question mark operation (`?`) implicitly performs a conversion on the error value using the `From` trait
[INFO] [stdout]    = note: required because of the requirements on the impl of `FromResidual<Result<Infallible, reqwest::Error>>` for `Result<std::option::Option<Movie>, CatalogError>`
[INFO] [stdout]    = note: required by `from_residual`
[INFO] [stdout] 
[INFO] [stdout] 
[INFO] [stdout] error[E0308]: mismatched types
[INFO] [stdout]    --> catalog-cl/src/lib.rs:71:28
[INFO] [stdout]     |
[INFO] [stdout] 71  |             let m: Movie = res.json();
[INFO] [stdout]     |                    -----   ^^^^^^^^^^ expected struct `Movie`, found opaque type
[INFO] [stdout]     |                    |
[INFO] [stdout]     |                    expected due to this
[INFO] [stdout]     | 
[INFO] [stdout]    ::: /opt/rustwide/cargo-home/registry/src/github.com-1ecc6299db9ec823/reqwest-0.11.2/src/async_impl/response.rs:241:53
[INFO] [stdout]     |
[INFO] [stdout] 241 |     pub async fn json<T: DeserializeOwned>(self) -> crate::Result<T> {
[INFO] [stdout]     |                                                     ---------------- checked the `Output` of this `async fn`, found opaque type
[INFO] [stdout]     |
[INFO] [stdout]     = note: while checking the return type of the `async fn`
[INFO] [stdout]     = note:   expected struct `Movie`
[INFO] [stdout]             found opaque type `impl std::future::Future`
[INFO] [stdout] note: return type inferred to be `Movie` here
[INFO] [stdout]    --> catalog-cl/src/lib.rs:63:15
[INFO] [stdout]     |
[INFO] [stdout] 63  |       let res = reqwest::Client::new()
[INFO] [stdout]     |  _______________^
[INFO] [stdout] 64  | |         .get(format!("{}/catalog/movies/v1/{}", cfg.url, id))
[INFO] [stdout] 65  | |         .header("Accept", "application/json")
[INFO] [stdout] 66  | |         .send()
[INFO] [stdout] 67  | |         .await?;
[INFO] [stdout]     | |_______________^
[INFO] [stdout] 
[INFO] [stdout] 
[INFO] [stdout] error[E0277]: `?` couldn't convert the error to `CatalogError`
[INFO] [stdout]   --> catalog-cl/src/lib.rs:88:15
[INFO] [stdout]    |
[INFO] [stdout] 88 |         .await?;
[INFO] [stdout]    |               ^ the trait `From<reqwest::Error>` is not implemented for `CatalogError`
[INFO] [stdout]    |
[INFO] [stdout]    = note: the question mark operation (`?`) implicitly performs a conversion on the error value using the `From` trait
[INFO] [stdout]    = note: required because of the requirements on the impl of `FromResidual<Result<Infallible, reqwest::Error>>` for `Result<Movie, CatalogError>`
[INFO] [stdout]    = note: required by `from_residual`
[INFO] [stdout] 
[INFO] [stdout] 
[INFO] [stdout] error[E0308]: mismatched types
[INFO] [stdout]    --> catalog-cl/src/lib.rs:92:28
[INFO] [stdout]     |
[INFO] [stdout] 92  |             let m: Movie = res.json();
[INFO] [stdout]     |                    -----   ^^^^^^^^^^ expected struct `Movie`, found opaque type
[INFO] [stdout]     |                    |
[INFO] [stdout]     |                    expected due to this
[INFO] [stdout]     | 
[INFO] [stdout]    ::: /opt/rustwide/cargo-home/registry/src/github.com-1ecc6299db9ec823/reqwest-0.11.2/src/async_impl/response.rs:241:53
[INFO] [stdout]     |
[INFO] [stdout] 241 |     pub async fn json<T: DeserializeOwned>(self) -> crate::Result<T> {
[INFO] [stdout]     |                                                     ---------------- checked the `Output` of this `async fn`, found opaque type
[INFO] [stdout]     |
[INFO] [stdout]     = note: while checking the return type of the `async fn`
[INFO] [stdout]     = note:   expected struct `Movie`
[INFO] [stdout]             found opaque type `impl std::future::Future`
[INFO] [stdout] note: return type inferred to be `Movie` here
[INFO] [stdout]    --> catalog-cl/src/lib.rs:83:15
[INFO] [stdout]     |
[INFO] [stdout] 83  |       let res = reqwest::Client::new()
[INFO] [stdout]     |  _______________^
[INFO] [stdout] 84  | |         .post(format!("{}/catalog/movies/v1", cfg.url))
[INFO] [stdout] 85  | |         .json(&req)
[INFO] [stdout] 86  | |         .header("Accept", "application/json")
[INFO] [stdout] 87  | |         .send()
[INFO] [stdout] 88  | |         .await?;
[INFO] [stdout]     | |_______________^
[INFO] [stdout] 
[INFO] [stdout] 
[INFO] [stdout] error: aborting due to 8 previous errors
[INFO] [stdout] 
[INFO] [stdout] 
[INFO] [stdout] Some errors have detailed explanations: E0277, E0308, E0433.
[INFO] [stdout] 
[INFO] [stdout] For more information about an error, try `rustc --explain E0277`.
[INFO] [stdout] 
[INFO] [stderr] error: could not compile `reels-catalog-cl`
[INFO] [stderr] 
[INFO] [stderr] To learn more, run the command again with --verbose.
[INFO] [stderr] warning: build failed, waiting for other jobs to finish...
[INFO] [stderr] error: build failed
[INFO] running `Command { std: "docker" "inspect" "d663ec49094ea4f6de63d60ed290ac11438e80940447a5619201e079dbc57749", kill_on_drop: false }`
[INFO] running `Command { std: "docker" "rm" "-f" "d663ec49094ea4f6de63d60ed290ac11438e80940447a5619201e079dbc57749", kill_on_drop: false }`
[INFO] [stdout] d663ec49094ea4f6de63d60ed290ac11438e80940447a5619201e079dbc57749
