[INFO] cloning repository https://github.com/dragonflyoss/image-service
[INFO] running `Command { std: "git" "-c" "credential.helper=" "-c" "credential.helper=/workspace/cargo-home/bin/git-credential-null" "clone" "--bare" "https://github.com/dragonflyoss/image-service" "/workspace/cache/git-repos/https%3A%2F%2Fgithub.com%2Fdragonflyoss%2Fimage-service", kill_on_drop: false }`
[INFO] [stderr] Cloning into bare repository '/workspace/cache/git-repos/https%3A%2F%2Fgithub.com%2Fdragonflyoss%2Fimage-service'...
[INFO] running `Command { std: "git" "rev-parse" "HEAD", kill_on_drop: false }`
[INFO] [stdout] a93930aa951817c98c18b0187fa579f565b3053e
[INFO] testing dragonflyoss/image-service against 1.54.0 for beta-1.55-1
[INFO] running `Command { std: "git" "clone" "/workspace/cache/git-repos/https%3A%2F%2Fgithub.com%2Fdragonflyoss%2Fimage-service" "/workspace/builds/worker-10/source", kill_on_drop: false }`
[INFO] [stderr] Cloning into '/workspace/builds/worker-10/source'...
[INFO] [stderr] done.
[INFO] validating manifest of git repo https://github.com/dragonflyoss/image-service on toolchain 1.54.0
[INFO] running `Command { std: "/workspace/cargo-home/bin/cargo" "+1.54.0" "metadata" "--manifest-path" "Cargo.toml" "--no-deps", kill_on_drop: false }`
[INFO] removed /workspace/builds/worker-10/source/rust-toolchain
[INFO] started tweaking git repo https://github.com/dragonflyoss/image-service
[INFO] finished tweaking git repo https://github.com/dragonflyoss/image-service
[INFO] tweaked toml for git repo https://github.com/dragonflyoss/image-service written to /workspace/builds/worker-10/source/Cargo.toml
[INFO] crate git repo https://github.com/dragonflyoss/image-service already has a lockfile, it will not be regenerated
[INFO] running `Command { std: "/workspace/cargo-home/bin/cargo" "+1.54.0" "fetch" "--manifest-path" "Cargo.toml", kill_on_drop: false }`
[INFO] [stderr]     Blocking waiting for file lock on package cache
[INFO] [stderr]     Blocking waiting for file lock on package cache
[INFO] running `Command { std: "docker" "create" "-v" "/var/lib/crater-agent-workspace/builds/worker-10/target:/opt/rustwide/target:rw,Z" "-v" "/var/lib/crater-agent-workspace/builds/worker-10/source:/opt/rustwide/workdir:ro,Z" "-v" "/var/lib/crater-agent-workspace/cargo-home:/opt/rustwide/cargo-home:ro,Z" "-v" "/var/lib/crater-agent-workspace/rustup-home:/opt/rustwide/rustup-home:ro,Z" "-e" "SOURCE_DIR=/opt/rustwide/workdir" "-e" "CARGO_TARGET_DIR=/opt/rustwide/target" "-e" "CARGO_HOME=/opt/rustwide/cargo-home" "-e" "RUSTUP_HOME=/opt/rustwide/rustup-home" "-w" "/opt/rustwide/workdir" "-m" "1610612736" "--user" "0:0" "--network" "none" "ghcr.io/rust-lang/crates-build-env/linux@sha256:34b6a614d2c27851fe6cbf88fbd1137609cefab8b10d0615aaeb6fd47975d74e" "/opt/rustwide/cargo-home/bin/cargo" "+1.54.0" "metadata" "--no-deps" "--format-version=1", kill_on_drop: false }`
[INFO] [stdout] cb89931f71da191830d3c1b681a0fc1dfb9dce9c7cd62f9b309ff8aa6b7389cc
[INFO] running `Command { std: "docker" "start" "-a" "cb89931f71da191830d3c1b681a0fc1dfb9dce9c7cd62f9b309ff8aa6b7389cc", kill_on_drop: false }`
[INFO] running `Command { std: "docker" "inspect" "cb89931f71da191830d3c1b681a0fc1dfb9dce9c7cd62f9b309ff8aa6b7389cc", kill_on_drop: false }`
[INFO] running `Command { std: "docker" "rm" "-f" "cb89931f71da191830d3c1b681a0fc1dfb9dce9c7cd62f9b309ff8aa6b7389cc", kill_on_drop: false }`
[INFO] [stdout] cb89931f71da191830d3c1b681a0fc1dfb9dce9c7cd62f9b309ff8aa6b7389cc
[INFO] running `Command { std: "docker" "create" "-v" "/var/lib/crater-agent-workspace/builds/worker-10/target:/opt/rustwide/target:rw,Z" "-v" "/var/lib/crater-agent-workspace/builds/worker-10/source:/opt/rustwide/workdir:ro,Z" "-v" "/var/lib/crater-agent-workspace/cargo-home:/opt/rustwide/cargo-home:ro,Z" "-v" "/var/lib/crater-agent-workspace/rustup-home:/opt/rustwide/rustup-home:ro,Z" "-e" "SOURCE_DIR=/opt/rustwide/workdir" "-e" "CARGO_TARGET_DIR=/opt/rustwide/target" "-e" "CARGO_INCREMENTAL=0" "-e" "RUST_BACKTRACE=full" "-e" "RUSTFLAGS=--cap-lints=warn" "-e" "CARGO_HOME=/opt/rustwide/cargo-home" "-e" "RUSTUP_HOME=/opt/rustwide/rustup-home" "-w" "/opt/rustwide/workdir" "-m" "1610612736" "--user" "0:0" "--network" "none" "ghcr.io/rust-lang/crates-build-env/linux@sha256:34b6a614d2c27851fe6cbf88fbd1137609cefab8b10d0615aaeb6fd47975d74e" "/opt/rustwide/cargo-home/bin/cargo" "+1.54.0" "build" "--frozen" "--message-format=json", kill_on_drop: false }`
[INFO] [stdout] 31f7431db2fde581ccf3dac1a8066f18d3d245a29e6cf4435eaa2eae77ec8496
[INFO] running `Command { std: "docker" "start" "-a" "31f7431db2fde581ccf3dac1a8066f18d3d245a29e6cf4435eaa2eae77ec8496", kill_on_drop: false }`
[INFO] [stderr]     Blocking waiting for file lock on package cache
[INFO] [stderr]    Compiling libc v0.2.71
[INFO] [stderr]    Compiling proc-macro2 v1.0.17
[INFO] [stderr]    Compiling syn v1.0.27
[INFO] [stderr]    Compiling serde v1.0.110
[INFO] [stderr]    Compiling futures-core v0.3.12
[INFO] [stderr]    Compiling bytes v0.5.4
[INFO] [stderr]    Compiling itoa v0.4.5
[INFO] [stderr]    Compiling futures-sink v0.3.12
[INFO] [stderr]    Compiling futures-io v0.3.12
[INFO] [stderr]    Compiling openssl v0.10.35
[INFO] [stderr]    Compiling native-tls v0.2.4
[INFO] [stderr]    Compiling subtle v2.2.3
[INFO] [stderr]    Compiling nix v0.17.0
[INFO] [stderr]    Compiling cpuid-bool v0.1.0
[INFO] [stderr]    Compiling proc-macro2 v0.4.30
[INFO] [stderr]    Compiling arrayvec v0.5.1
[INFO] [stderr]    Compiling ahash v0.3.8
[INFO] [stderr]    Compiling syn v0.15.44
[INFO] [stderr]    Compiling futures-timer v3.0.2
[INFO] [stderr]    Compiling nonzero_ext v0.2.0
[INFO] [stderr]    Compiling arc-swap v0.4.6
[INFO] [stderr]    Compiling spmc v0.3.0
[INFO] [stderr]    Compiling unicode-normalization v0.1.12
[INFO] [stderr]    Compiling generic-array v0.14.2
[INFO] [stderr]    Compiling num-traits v0.2.14
[INFO] [stderr]    Compiling futures-task v0.3.12
[INFO] [stderr]    Compiling hashbrown v0.8.2
[INFO] [stderr]    Compiling aho-corasick v0.7.15
[INFO] [stderr]    Compiling want v0.3.0
[INFO] [stderr]    Compiling futures-channel v0.3.12
[INFO] [stderr]    Compiling http v0.2.1
[INFO] [stderr]    Compiling idna v0.2.0
[INFO] [stderr]    Compiling digest v0.9.0
[INFO] [stderr]    Compiling block-buffer v0.9.0
[INFO] [stderr]    Compiling crypto-mac v0.8.0
[INFO] [stderr]    Compiling regex v1.4.3
[INFO] [stderr]    Compiling sha2 v0.9.1
[INFO] [stderr]    Compiling sha-1 v0.9.1
[INFO] [stderr]    Compiling hmac v0.8.1
[INFO] [stderr]    Compiling no-std-compat v0.4.1
[INFO] [stderr]    Compiling quote v1.0.6
[INFO] [stderr]    Compiling quote v0.6.13
[INFO] [stderr]    Compiling url v2.1.1
[INFO] [stderr]    Compiling num-integer v0.1.42
[INFO] [stderr]    Compiling http-body v0.3.1
[INFO] [stderr]    Compiling jobserver v0.1.21
[INFO] [stderr]    Compiling time v0.1.43
[INFO] [stderr]    Compiling num_cpus v1.13.0
[INFO] [stderr]    Compiling net2 v0.2.34
[INFO] [stderr]    Compiling iovec v0.1.4
[INFO] [stderr]    Compiling getrandom v0.2.2
[INFO] [stderr]    Compiling atty v0.2.11
[INFO] [stderr]    Compiling socket2 v0.3.12
[INFO] [stderr]    Compiling vmm-sys-util v0.6.0
[INFO] [stderr]    Compiling epoll v4.1.0
[INFO] [stderr]    Compiling parking_lot_core v0.8.2
[INFO] [stderr]    Compiling vm-memory v0.4.0
[INFO] [stderr]    Compiling quanta v0.4.1
[INFO] [stderr]    Compiling xattr v0.2.2
[INFO] [stderr]    Compiling rlimit v0.3.0
[INFO] [stderr]    Compiling clap v2.33.1
[INFO] [stderr]    Compiling dashmap v4.0.2
[INFO] [stderr]    Compiling rand_core v0.6.1
[INFO] [stderr]    Compiling cc v1.0.54
[INFO] [stderr]    Compiling chrono v0.4.19
[INFO] [stderr]    Compiling event-manager v0.2.0 (https://github.com/rust-vmm/event-manager.git?tag=v0.2.0#abac9289)
[INFO] [stderr]    Compiling micro_http v0.2.0 (https://github.com/cloud-hypervisor/micro-http.git?branch=master#af72318b)
[INFO] [stderr]    Compiling parking_lot v0.11.1
[INFO] [stderr]    Compiling mio v0.6.22
[INFO] [stderr]    Compiling rand_chacha v0.3.0
[INFO] [stderr]    Compiling openssl-src v111.15.0+1.1.1k
[INFO] [stderr]    Compiling rand v0.8.3
[INFO] [stderr]    Compiling rust-fsm-dsl v0.4.0
[INFO] [stderr]    Compiling tokio v0.2.21
[INFO] [stderr]    Compiling libz-sys v1.1.2
[INFO] [stderr]    Compiling openssl-sys v0.9.65
[INFO] [stderr]    Compiling libgit2-sys v0.12.18+1.1.0
[INFO] [stderr]    Compiling backtrace-sys v0.1.37
[INFO] [stderr]    Compiling blake3 v0.3.6
[INFO] [stderr]    Compiling miniz-sys v0.1.12
[INFO] [stderr]    Compiling lz4-sys v1.9.2
[INFO] [stderr]    Compiling backtrace v0.3.41
[INFO] [stderr]    Compiling flate2 v1.0.17
[INFO] [stderr]    Compiling rust-fsm v0.4.0
[INFO] [stderr]    Compiling darling_core v0.10.2
[INFO] [stderr]    Compiling fuse-rs v0.1.0 (https://github.com/cloud-hypervisor/fuse-backend-rs.git?rev=cfd2cca#cfd2ccae)
[INFO] [stdout] error[E0432]: unresolved import `crate::transport::Writer`
[INFO] [stdout]   --> /opt/rustwide/cargo-home/git/checkouts/fuse-backend-rs-e987df61f5266582/cfd2cca/src/api/server/mod.rs:28:55
[INFO] [stdout]    |
[INFO] [stdout] 28 | use crate::transport::{FileReadWriteVolatile, Reader, Writer};
[INFO] [stdout]    |                                                       ^^^^^^ no `Writer` in `transport`
[INFO] [stdout] 
[INFO] [stdout] 
[INFO] [stdout] error[E0432]: unresolved imports `crate::transport::FsCacheReqHandler`, `crate::transport::Writer`
[INFO] [stdout]   --> /opt/rustwide/cargo-home/git/checkouts/fuse-backend-rs-e987df61f5266582/cfd2cca/src/api/server/sync_io.rs:21:24
[INFO] [stdout]    |
[INFO] [stdout] 21 | use crate::transport::{FsCacheReqHandler, Reader, Writer};
[INFO] [stdout]    |                        ^^^^^^^^^^^^^^^^^          ^^^^^^ no `Writer` in `transport`
[INFO] [stdout]    |                        |
[INFO] [stdout]    |                        no `FsCacheReqHandler` in `transport`
[INFO] [stdout] 
[INFO] [stdout] 
[INFO] [stdout] error[E0433]: failed to resolve: use of undeclared type `Error`
[INFO] [stdout]   --> /opt/rustwide/cargo-home/git/checkouts/fuse-backend-rs-e987df61f5266582/cfd2cca/src/transport/mod.rs:98:64
[INFO] [stdout]    |
[INFO] [stdout] 98 |                     io::Error::new(io::ErrorKind::InvalidData, Error::DescriptorChainOverflow)
[INFO] [stdout]    |                                                                ^^^^^ use of undeclared type `Error`
[INFO] [stdout] 
[INFO] [stdout] 
[INFO] [stdout] error[E0433]: failed to resolve: use of undeclared type `Error`
[INFO] [stdout]    --> /opt/rustwide/cargo-home/git/checkouts/fuse-backend-rs-e987df61f5266582/cfd2cca/src/transport/mod.rs:140:60
[INFO] [stdout]     |
[INFO] [stdout] 140 |                 other.push_front(front.offset(rem).map_err(Error::VolatileMemoryError)?);
[INFO] [stdout]     |                                                            ^^^^^ use of undeclared type `Error`
[INFO] [stdout] 
[INFO] [stdout] 
[INFO] [stdout] error[E0433]: failed to resolve: use of undeclared type `Error`
[INFO] [stdout]    --> /opt/rustwide/cargo-home/git/checkouts/fuse-backend-rs-e987df61f5266582/cfd2cca/src/transport/mod.rs:153:17
[INFO] [stdout]     |
[INFO] [stdout] 153 |             Err(Error::SplitOutOfBounds(offset))
[INFO] [stdout]     |                 ^^^^^ not found in this scope
[INFO] [stdout]     |
[INFO] [stdout] help: consider importing one of these items
[INFO] [stdout]     |
[INFO] [stdout] 11  | use core::fmt::Error;
[INFO] [stdout]     |
[INFO] [stdout] 11  | use crate::Error;
[INFO] [stdout]     |
[INFO] [stdout] 11  | use crate::error::Error;
[INFO] [stdout]     |
[INFO] [stdout] 11  | use crate::fmt::Error;
[INFO] [stdout]     |
[INFO] [stdout]       and 7 other candidates
[INFO] [stdout] 
[INFO] [stdout] 
[INFO] [stderr]    Compiling tokio-util v0.3.1
[INFO] [stdout] error: aborting due to 5 previous errors
[INFO] [stdout] 
[INFO] [stdout] 
[INFO] [stdout] Some errors have detailed explanations: E0432, E0433.
[INFO] [stdout] 
[INFO] [stdout] For more information about an error, try `rustc --explain E0432`.
[INFO] [stdout] 
[INFO] [stderr] error: could not compile `fuse-rs`
[INFO] [stderr] 
[INFO] [stderr] To learn more, run the command again with --verbose.
[INFO] [stderr] warning: build failed, waiting for other jobs to finish...
[INFO] [stderr] error: build failed
[INFO] running `Command { std: "docker" "inspect" "31f7431db2fde581ccf3dac1a8066f18d3d245a29e6cf4435eaa2eae77ec8496", kill_on_drop: false }`
[INFO] running `Command { std: "docker" "rm" "-f" "31f7431db2fde581ccf3dac1a8066f18d3d245a29e6cf4435eaa2eae77ec8496", kill_on_drop: false }`
[INFO] [stdout] 31f7431db2fde581ccf3dac1a8066f18d3d245a29e6cf4435eaa2eae77ec8496
