[INFO] cloning repository https://github.com/dpogretskiy/pcars2-power-graphs
[INFO] running `Command { std: "git" "-c" "credential.helper=" "-c" "credential.helper=/workspace/cargo-home/bin/git-credential-null" "clone" "--bare" "https://github.com/dpogretskiy/pcars2-power-graphs" "/workspace/cache/git-repos/https%3A%2F%2Fgithub.com%2Fdpogretskiy%2Fpcars2-power-graphs", kill_on_drop: false }`
[INFO] [stderr] Cloning into bare repository '/workspace/cache/git-repos/https%3A%2F%2Fgithub.com%2Fdpogretskiy%2Fpcars2-power-graphs'...
[INFO] running `Command { std: "git" "rev-parse" "HEAD", kill_on_drop: false }`
[INFO] [stdout] c655b6f431275ebfbd91182942e49155bc8ba5b4
[INFO] testing dpogretskiy/pcars2-power-graphs against 1.54.0 for beta-1.55-1
[INFO] running `Command { std: "git" "clone" "/workspace/cache/git-repos/https%3A%2F%2Fgithub.com%2Fdpogretskiy%2Fpcars2-power-graphs" "/workspace/builds/worker-10/source", kill_on_drop: false }`
[INFO] [stderr] Cloning into '/workspace/builds/worker-10/source'...
[INFO] [stderr] done.
[INFO] validating manifest of git repo https://github.com/dpogretskiy/pcars2-power-graphs on toolchain 1.54.0
[INFO] running `Command { std: "/workspace/cargo-home/bin/cargo" "+1.54.0" "metadata" "--manifest-path" "Cargo.toml" "--no-deps", kill_on_drop: false }`
[INFO] started tweaking git repo https://github.com/dpogretskiy/pcars2-power-graphs
[INFO] finished tweaking git repo https://github.com/dpogretskiy/pcars2-power-graphs
[INFO] tweaked toml for git repo https://github.com/dpogretskiy/pcars2-power-graphs written to /workspace/builds/worker-10/source/Cargo.toml
[INFO] crate git repo https://github.com/dpogretskiy/pcars2-power-graphs already has a lockfile, it will not be regenerated
[INFO] running `Command { std: "/workspace/cargo-home/bin/cargo" "+1.54.0" "fetch" "--manifest-path" "Cargo.toml", kill_on_drop: false }`
[INFO] [stderr]     Blocking waiting for file lock on package cache
[INFO] running `Command { std: "docker" "create" "-v" "/var/lib/crater-agent-workspace/builds/worker-10/target:/opt/rustwide/target:rw,Z" "-v" "/var/lib/crater-agent-workspace/builds/worker-10/source:/opt/rustwide/workdir:ro,Z" "-v" "/var/lib/crater-agent-workspace/cargo-home:/opt/rustwide/cargo-home:ro,Z" "-v" "/var/lib/crater-agent-workspace/rustup-home:/opt/rustwide/rustup-home:ro,Z" "-e" "SOURCE_DIR=/opt/rustwide/workdir" "-e" "CARGO_TARGET_DIR=/opt/rustwide/target" "-e" "CARGO_HOME=/opt/rustwide/cargo-home" "-e" "RUSTUP_HOME=/opt/rustwide/rustup-home" "-w" "/opt/rustwide/workdir" "-m" "1610612736" "--user" "0:0" "--network" "none" "ghcr.io/rust-lang/crates-build-env/linux@sha256:34b6a614d2c27851fe6cbf88fbd1137609cefab8b10d0615aaeb6fd47975d74e" "/opt/rustwide/cargo-home/bin/cargo" "+1.54.0" "metadata" "--no-deps" "--format-version=1", kill_on_drop: false }`
[INFO] [stdout] 140e6843c2a648c745f756decae18c41291054d572e310410acee5091f7be155
[INFO] running `Command { std: "docker" "start" "-a" "140e6843c2a648c745f756decae18c41291054d572e310410acee5091f7be155", kill_on_drop: false }`
[INFO] running `Command { std: "docker" "inspect" "140e6843c2a648c745f756decae18c41291054d572e310410acee5091f7be155", kill_on_drop: false }`
[INFO] running `Command { std: "docker" "rm" "-f" "140e6843c2a648c745f756decae18c41291054d572e310410acee5091f7be155", kill_on_drop: false }`
[INFO] [stdout] 140e6843c2a648c745f756decae18c41291054d572e310410acee5091f7be155
[INFO] running `Command { std: "docker" "create" "-v" "/var/lib/crater-agent-workspace/builds/worker-10/target:/opt/rustwide/target:rw,Z" "-v" "/var/lib/crater-agent-workspace/builds/worker-10/source:/opt/rustwide/workdir:ro,Z" "-v" "/var/lib/crater-agent-workspace/cargo-home:/opt/rustwide/cargo-home:ro,Z" "-v" "/var/lib/crater-agent-workspace/rustup-home:/opt/rustwide/rustup-home:ro,Z" "-e" "SOURCE_DIR=/opt/rustwide/workdir" "-e" "CARGO_TARGET_DIR=/opt/rustwide/target" "-e" "CARGO_INCREMENTAL=0" "-e" "RUST_BACKTRACE=full" "-e" "RUSTFLAGS=--cap-lints=warn" "-e" "CARGO_HOME=/opt/rustwide/cargo-home" "-e" "RUSTUP_HOME=/opt/rustwide/rustup-home" "-w" "/opt/rustwide/workdir" "-m" "1610612736" "--user" "0:0" "--network" "none" "ghcr.io/rust-lang/crates-build-env/linux@sha256:34b6a614d2c27851fe6cbf88fbd1137609cefab8b10d0615aaeb6fd47975d74e" "/opt/rustwide/cargo-home/bin/cargo" "+1.54.0" "build" "--frozen" "--message-format=json", kill_on_drop: false }`
[INFO] [stdout] 884f17bd5529db36a6cb38a8fa17d963df44be61e7d86f265bce551143edc8d6
[INFO] running `Command { std: "docker" "start" "-a" "884f17bd5529db36a6cb38a8fa17d963df44be61e7d86f265bce551143edc8d6", kill_on_drop: false }`
[INFO] [stderr]    Compiling num-traits v0.2.1
[INFO] [stderr]    Compiling libc v0.2.39
[INFO] [stderr]    Compiling bitflags v1.0.1
[INFO] [stderr]    Compiling byteorder v1.2.1
[INFO] [stderr]    Compiling cc v1.0.7
[INFO] [stderr]    Compiling nodrop v0.1.12
[INFO] [stderr]    Compiling either v1.4.0
[INFO] [stderr]    Compiling khronos_api v2.1.0
[INFO] [stderr]    Compiling adler32 v1.0.2
[INFO] [stderr]    Compiling serde v1.0.33
[INFO] [stderr]    Compiling linked-hash-map v0.5.1
[INFO] [stderr]    Compiling rustc-demangle v0.1.8
[INFO] [stderr]    Compiling lazy_static v1.0.0
[INFO] [stderr]    Compiling podio v0.1.6
[INFO] [stderr]    Compiling claxon v0.3.1
[INFO] [stderr]    Compiling xdg v2.1.0
[INFO] [stderr]    Compiling xi-unicode v0.1.0
[INFO] [stderr]    Compiling winapi v0.3.4
[INFO] [stderr]    Compiling smallvec v0.6.2
[INFO] [stderr]    Compiling log v0.4.1
[INFO] [stderr]    Compiling sdl2-sys v0.31.0
[INFO] [stderr]    Compiling proc-macro2 v0.4.6
[INFO] [stderr]    Compiling proc-macro2 v0.2.3
[INFO] [stderr]    Compiling alsa-sys v0.1.1
[INFO] [stderr]    Compiling unreachable v0.1.1
[INFO] [stderr]    Compiling matrixmultiply v0.1.14
[INFO] [stderr]    Compiling gif v0.10.0
[INFO] [stderr]    Compiling smart-default v0.2.0
[INFO] [stderr]    Compiling arrayvec v0.4.7
[INFO] [stderr]    Compiling generic-array v0.8.3
[INFO] [stderr]    Compiling xml-rs v0.7.0
[INFO] [stderr]    Compiling draw_state v0.8.0
[INFO] [stderr]    Compiling ogg v0.4.1
[INFO] [stderr]    Compiling stb_truetype v0.2.2
[INFO] [stderr]    Compiling jpeg-decoder v0.1.14
[INFO] [stderr]    Compiling itertools v0.5.10
[INFO] [stderr]    Compiling quote v0.6.3
[INFO] [stderr]    Compiling deflate v0.7.17
[INFO] [stderr]    Compiling inflate v0.4.2
[INFO] [stderr]    Compiling app_dirs2 v2.0.3
[INFO] [stderr]    Compiling lewton v0.5.2
[INFO] [stderr]    Compiling syn v0.14.2
[INFO] [stderr]    Compiling derivative v1.0.0
[INFO] [stderr]    Compiling quote v0.4.2
[INFO] [stderr]    Compiling num-traits v0.1.43
[INFO] [stderr]    Compiling num-integer v0.1.36
[INFO] [stderr]    Compiling num-complex v0.1.43
[INFO] [stderr]    Compiling euclid v0.17.2
[INFO] [stderr]    Compiling sid v0.5.0
[INFO] [stderr]    Compiling ordered-float v0.5.0
[INFO] [stderr]    Compiling rand v0.4.2
[INFO] [stderr]    Compiling time v0.1.39
[INFO] [stderr]    Compiling num-iter v0.1.35
[INFO] [stderr]    Compiling num-rational v0.1.42
[INFO] [stderr]    Compiling syn v0.12.14
[INFO] [stderr]    Compiling cpal v0.8.1
[INFO] [stderr]    Compiling gl_generator v0.9.0
[INFO] [stderr]    Compiling rusttype v0.5.2
[INFO] [stderr]    Compiling num v0.1.42
[INFO] [stderr]    Compiling png v0.12.0
[INFO] [stderr]    Compiling alga v0.5.3
[INFO] [stderr]    Compiling bzip2-sys v0.1.6
[INFO] [stderr]    Compiling backtrace-sys v0.1.23
[INFO] [stderr]    Compiling msdos_time v0.1.5
[INFO] [stderr]    Compiling lyon_geom v0.10.0
[INFO] [stderr]    Compiling rand v0.3.22
[INFO] [stderr]    Compiling nalgebra v0.14.1
[INFO] [stderr]    Compiling sdl2 v0.31.0
[INFO] [stderr]    Compiling cgmath v0.14.1
[INFO] [stderr]    Compiling twox-hash v1.1.0
[INFO] [stdout] error[E0214]: parenthesized type parameters may only be used with a `Fn` trait
[INFO] [stdout]   --> /opt/rustwide/cargo-home/registry/src/github.com-1ecc6299db9ec823/twox-hash-1.1.0/src/number_streams.rs:67:23
[INFO] [stdout]    |
[INFO] [stdout] 67 |     fn count(self) -> usize() {
[INFO] [stdout]    |                       ^^^^^^^ only `Fn` traits may use parentheses
[INFO] [stdout] ...
[INFO] [stdout] 74 | number_stream!(U32FromBytes, u32, U32_BYTES);
[INFO] [stdout]    | --------------------------------------------- in this macro invocation
[INFO] [stdout]    |
[INFO] [stdout]    = note: this error originates in the macro `number_stream` (in Nightly builds, run with -Z macro-backtrace for more info)
[INFO] [stdout] 
[INFO] [stdout] 
[INFO] [stdout] error[E0214]: parenthesized type parameters may only be used with a `Fn` trait
[INFO] [stdout]   --> /opt/rustwide/cargo-home/registry/src/github.com-1ecc6299db9ec823/twox-hash-1.1.0/src/number_streams.rs:67:23
[INFO] [stdout]    |
[INFO] [stdout] 67 |     fn count(self) -> usize() {
[INFO] [stdout]    |                       ^^^^^^^ only `Fn` traits may use parentheses
[INFO] [stdout] ...
[INFO] [stdout] 75 | number_stream!(U64FromBytes, u64, U64_BYTES);
[INFO] [stdout]    | --------------------------------------------- in this macro invocation
[INFO] [stdout]    |
[INFO] [stdout]    = note: this error originates in the macro `number_stream` (in Nightly builds, run with -Z macro-backtrace for more info)
[INFO] [stdout] 
[INFO] [stdout] 
[INFO] [stderr]    Compiling gfx_gl v0.5.0
[INFO] [stderr]    Compiling lyon_path v0.10.0
[INFO] [stdout] error: aborting due to 2 previous errors
[INFO] [stdout] 
[INFO] [stdout] 
[INFO] [stdout] For more information about this error, try `rustc --explain E0214`.
[INFO] [stdout] 
[INFO] [stderr] error: could not compile `twox-hash`
[INFO] [stderr] 
[INFO] [stderr] To learn more, run the command again with --verbose.
[INFO] [stderr] warning: build failed, waiting for other jobs to finish...
[INFO] [stdout] error[E0119]: conflicting implementations of trait `std::ops::Mul<&_>` for type `geometry::translation::Translation<_, _>`
[INFO] [stdout]    --> /opt/rustwide/cargo-home/registry/src/github.com-1ecc6299db9ec823/nalgebra-0.14.1/src/geometry/isometry_ops.rs:67:9
[INFO] [stdout]     |
[INFO] [stdout] 67  | /         impl<$($lives ,)* N: Real, D: DimName, R> $Op<$Rhs> for $Lhs
[INFO] [stdout] 68  | |             where R: AlgaRotation<Point<N, D>>,
[INFO] [stdout] 69  | |                   DefaultAllocator: Allocator<N, D> {
[INFO] [stdout] 70  | |             type Output = $Output;
[INFO] [stdout] ...   |
[INFO] [stdout] 75  | |             }
[INFO] [stdout] 76  | |         }
[INFO] [stdout]     | |         ^
[INFO] [stdout]     | |         |
[INFO] [stdout]     | |_________first implementation here
[INFO] [stdout]     |           conflicting implementation for `geometry::translation::Translation<_, _>`
[INFO] [stdout] ...
[INFO] [stdout] 285 | / isometry_binop_impl_all!(
[INFO] [stdout] 286 | |     Mul, mul;
[INFO] [stdout] 287 | |     self: Translation<N, D>, right: R, Output = Isometry<N, D, R>;
[INFO] [stdout] 288 | |     [val val] => Isometry::from_parts(self, right);
[INFO] [stdout] ...   |
[INFO] [stdout] 291 | |     [ref ref] => Isometry::from_parts(self.clone(), right.clone());
[INFO] [stdout] 292 | | );
[INFO] [stdout]     | |__- in this macro invocation
[INFO] [stdout]     |
[INFO] [stdout]     = note: downstream crates may implement trait `alga::linear::Rotation<geometry::point::Point<_, _>>` for type `&_`
[INFO] [stdout]     = note: this error originates in the macro `isometry_binop_impl` (in Nightly builds, run with -Z macro-backtrace for more info)
[INFO] [stdout] 
[INFO] [stdout] 
[INFO] [stdout] error[E0119]: conflicting implementations of trait `std::ops::Mul<&_>` for type `&geometry::translation::Translation<_, _>`
[INFO] [stdout]    --> /opt/rustwide/cargo-home/registry/src/github.com-1ecc6299db9ec823/nalgebra-0.14.1/src/geometry/isometry_ops.rs:67:9
[INFO] [stdout]     |
[INFO] [stdout] 67  | /         impl<$($lives ,)* N: Real, D: DimName, R> $Op<$Rhs> for $Lhs
[INFO] [stdout] 68  | |             where R: AlgaRotation<Point<N, D>>,
[INFO] [stdout] 69  | |                   DefaultAllocator: Allocator<N, D> {
[INFO] [stdout] 70  | |             type Output = $Output;
[INFO] [stdout] ...   |
[INFO] [stdout] 75  | |             }
[INFO] [stdout] 76  | |         }
[INFO] [stdout]     | |         ^
[INFO] [stdout]     | |         |
[INFO] [stdout]     | |_________first implementation here
[INFO] [stdout]     |           conflicting implementation for `&geometry::translation::Translation<_, _>`
[INFO] [stdout] ...
[INFO] [stdout] 285 | / isometry_binop_impl_all!(
[INFO] [stdout] 286 | |     Mul, mul;
[INFO] [stdout] 287 | |     self: Translation<N, D>, right: R, Output = Isometry<N, D, R>;
[INFO] [stdout] 288 | |     [val val] => Isometry::from_parts(self, right);
[INFO] [stdout] ...   |
[INFO] [stdout] 291 | |     [ref ref] => Isometry::from_parts(self.clone(), right.clone());
[INFO] [stdout] 292 | | );
[INFO] [stdout]     | |__- in this macro invocation
[INFO] [stdout]     |
[INFO] [stdout]     = note: downstream crates may implement trait `alga::linear::Rotation<geometry::point::Point<_, _>>` for type `&_`
[INFO] [stdout]     = note: this error originates in the macro `isometry_binop_impl` (in Nightly builds, run with -Z macro-backtrace for more info)
[INFO] [stdout] 
[INFO] [stdout] 
[INFO] [stdout] error[E0592]: duplicate definitions with name `new`
[INFO] [stdout]    --> /opt/rustwide/cargo-home/registry/src/github.com-1ecc6299db9ec823/nalgebra-0.14.1/src/core/construction.rs:489:13
[INFO] [stdout]     |
[INFO] [stdout] 489 |               pub fn new($($args: N),*) -> Self {
[INFO] [stdout]     |               ^^^^^^^^^^^^^^^^^^^^^^^^^^^^^^^^^ duplicate definitions for `new`
[INFO] [stdout] ...
[INFO] [stdout] 501 | / componentwise_constructors_impl!(
[INFO] [stdout] 502 | |     /*
[INFO] [stdout] 503 | |      * Square matrices 1 .. 6.
[INFO] [stdout] 504 | |      */
[INFO] [stdout] ...   |
[INFO] [stdout] 643 | |     U6, U1, x:(0,0), y:(1,0), z:(2,0), w:(3,0), a:(4,0), b:(5,0);
[INFO] [stdout] 644 | | );
[INFO] [stdout]     | |__- in this macro invocation
[INFO] [stdout]     | 
[INFO] [stdout]    ::: /opt/rustwide/cargo-home/registry/src/github.com-1ecc6299db9ec823/nalgebra-0.14.1/src/core/construction_slice.rs:161:13
[INFO] [stdout]     |
[INFO] [stdout] 161 |               pub fn new(data: &'a [N], $($args: usize),*) -> Self {
[INFO] [stdout]     |               ---------------------------------------------------- other definition for `new`
[INFO] [stdout]     |
[INFO] [stdout]     = note: this error originates in the macro `componentwise_constructors_impl` (in Nightly builds, run with -Z macro-backtrace for more info)
[INFO] [stdout] 
[INFO] [stdout] 
[INFO] [stdout] error[E0592]: duplicate definitions with name `new`
[INFO] [stdout]    --> /opt/rustwide/cargo-home/registry/src/github.com-1ecc6299db9ec823/nalgebra-0.14.1/src/core/construction.rs:489:13
[INFO] [stdout]     |
[INFO] [stdout] 489 |               pub fn new($($args: N),*) -> Self {
[INFO] [stdout]     |               ^^^^^^^^^^^^^^^^^^^^^^^^^^^^^^^^^ duplicate definitions for `new`
[INFO] [stdout] ...
[INFO] [stdout] 501 | / componentwise_constructors_impl!(
[INFO] [stdout] 502 | |     /*
[INFO] [stdout] 503 | |      * Square matrices 1 .. 6.
[INFO] [stdout] 504 | |      */
[INFO] [stdout] ...   |
[INFO] [stdout] 643 | |     U6, U1, x:(0,0), y:(1,0), z:(2,0), w:(3,0), a:(4,0), b:(5,0);
[INFO] [stdout] 644 | | );
[INFO] [stdout]     | |__- in this macro invocation
[INFO] [stdout]     | 
[INFO] [stdout]    ::: /opt/rustwide/cargo-home/registry/src/github.com-1ecc6299db9ec823/nalgebra-0.14.1/src/core/construction_slice.rs:218:13
[INFO] [stdout]     |
[INFO] [stdout] 218 |               pub fn new(data: &'a mut [N], $($args: usize),*) -> Self {
[INFO] [stdout]     |               -------------------------------------------------------- other definition for `new`
[INFO] [stdout]     |
[INFO] [stdout]     = note: this error originates in the macro `componentwise_constructors_impl` (in Nightly builds, run with -Z macro-backtrace for more info)
[INFO] [stdout] 
[INFO] [stdout] 
[INFO] [stdout] error: aborting due to 4 previous errors
[INFO] [stdout] 
[INFO] [stdout] 
[INFO] [stdout] Some errors have detailed explanations: E0119, E0592.
[INFO] [stdout] 
[INFO] [stdout] For more information about an error, try `rustc --explain E0119`.
[INFO] [stdout] 
[INFO] [stderr] error: build failed
[INFO] running `Command { std: "docker" "inspect" "884f17bd5529db36a6cb38a8fa17d963df44be61e7d86f265bce551143edc8d6", kill_on_drop: false }`
[INFO] running `Command { std: "docker" "rm" "-f" "884f17bd5529db36a6cb38a8fa17d963df44be61e7d86f265bce551143edc8d6", kill_on_drop: false }`
[INFO] [stdout] 884f17bd5529db36a6cb38a8fa17d963df44be61e7d86f265bce551143edc8d6
