[INFO] cloning repository https://github.com/dopeter/rust-concept
[INFO] running `Command { std: "git" "-c" "credential.helper=" "-c" "credential.helper=/workspace/cargo-home/bin/git-credential-null" "clone" "--bare" "https://github.com/dopeter/rust-concept" "/workspace/cache/git-repos/https%3A%2F%2Fgithub.com%2Fdopeter%2Frust-concept", kill_on_drop: false }`
[INFO] [stderr] Cloning into bare repository '/workspace/cache/git-repos/https%3A%2F%2Fgithub.com%2Fdopeter%2Frust-concept'...
[INFO] running `Command { std: "git" "rev-parse" "HEAD", kill_on_drop: false }`
[INFO] [stdout] 46b3359496b786690c863781873dde20da7f6fdf
[INFO] testing dopeter/rust-concept against beta-2021-08-01 for beta-1.55-1
[INFO] running `Command { std: "git" "clone" "/workspace/cache/git-repos/https%3A%2F%2Fgithub.com%2Fdopeter%2Frust-concept" "/workspace/builds/worker-14/source", kill_on_drop: false }`
[INFO] [stderr] Cloning into '/workspace/builds/worker-14/source'...
[INFO] [stderr] done.
[INFO] validating manifest of git repo https://github.com/dopeter/rust-concept on toolchain beta-2021-08-01
[INFO] running `Command { std: "/workspace/cargo-home/bin/cargo" "+beta-2021-08-01" "metadata" "--manifest-path" "Cargo.toml" "--no-deps", kill_on_drop: false }`
[INFO] started tweaking git repo https://github.com/dopeter/rust-concept
[INFO] finished tweaking git repo https://github.com/dopeter/rust-concept
[INFO] tweaked toml for git repo https://github.com/dopeter/rust-concept written to /workspace/builds/worker-14/source/Cargo.toml
[INFO] crate git repo https://github.com/dopeter/rust-concept already has a lockfile, it will not be regenerated
[INFO] running `Command { std: "/workspace/cargo-home/bin/cargo" "+beta-2021-08-01" "fetch" "--manifest-path" "Cargo.toml", kill_on_drop: false }`
[INFO] [stderr]     Blocking waiting for file lock on package cache
[INFO] running `Command { std: "docker" "create" "-v" "/var/lib/crater-agent-workspace/builds/worker-14/target:/opt/rustwide/target:rw,Z" "-v" "/var/lib/crater-agent-workspace/builds/worker-14/source:/opt/rustwide/workdir:ro,Z" "-v" "/var/lib/crater-agent-workspace/cargo-home:/opt/rustwide/cargo-home:ro,Z" "-v" "/var/lib/crater-agent-workspace/rustup-home:/opt/rustwide/rustup-home:ro,Z" "-e" "SOURCE_DIR=/opt/rustwide/workdir" "-e" "CARGO_TARGET_DIR=/opt/rustwide/target" "-e" "CARGO_HOME=/opt/rustwide/cargo-home" "-e" "RUSTUP_HOME=/opt/rustwide/rustup-home" "-w" "/opt/rustwide/workdir" "-m" "1610612736" "--user" "0:0" "--network" "none" "ghcr.io/rust-lang/crates-build-env/linux@sha256:34b6a614d2c27851fe6cbf88fbd1137609cefab8b10d0615aaeb6fd47975d74e" "/opt/rustwide/cargo-home/bin/cargo" "+beta-2021-08-01" "metadata" "--no-deps" "--format-version=1", kill_on_drop: false }`
[INFO] [stdout] 250208631cf4a84a2735d8a717285fffee7c18231ddfcd3f889c8d4100169741
[INFO] running `Command { std: "docker" "start" "-a" "250208631cf4a84a2735d8a717285fffee7c18231ddfcd3f889c8d4100169741", kill_on_drop: false }`
[INFO] running `Command { std: "docker" "inspect" "250208631cf4a84a2735d8a717285fffee7c18231ddfcd3f889c8d4100169741", kill_on_drop: false }`
[INFO] running `Command { std: "docker" "rm" "-f" "250208631cf4a84a2735d8a717285fffee7c18231ddfcd3f889c8d4100169741", kill_on_drop: false }`
[INFO] [stdout] 250208631cf4a84a2735d8a717285fffee7c18231ddfcd3f889c8d4100169741
[INFO] running `Command { std: "docker" "create" "-v" "/var/lib/crater-agent-workspace/builds/worker-14/target:/opt/rustwide/target:rw,Z" "-v" "/var/lib/crater-agent-workspace/builds/worker-14/source:/opt/rustwide/workdir:ro,Z" "-v" "/var/lib/crater-agent-workspace/cargo-home:/opt/rustwide/cargo-home:ro,Z" "-v" "/var/lib/crater-agent-workspace/rustup-home:/opt/rustwide/rustup-home:ro,Z" "-e" "SOURCE_DIR=/opt/rustwide/workdir" "-e" "CARGO_TARGET_DIR=/opt/rustwide/target" "-e" "CARGO_INCREMENTAL=0" "-e" "RUST_BACKTRACE=full" "-e" "RUSTFLAGS=--cap-lints=warn" "-e" "CARGO_HOME=/opt/rustwide/cargo-home" "-e" "RUSTUP_HOME=/opt/rustwide/rustup-home" "-w" "/opt/rustwide/workdir" "-m" "1610612736" "--user" "0:0" "--network" "none" "ghcr.io/rust-lang/crates-build-env/linux@sha256:34b6a614d2c27851fe6cbf88fbd1137609cefab8b10d0615aaeb6fd47975d74e" "/opt/rustwide/cargo-home/bin/cargo" "+beta-2021-08-01" "build" "--frozen" "--message-format=json", kill_on_drop: false }`
[INFO] [stdout] cf3293d32507e557a1158e46a72abdfe01c4bf966f9f4faf521ec5874fe8d7c7
[INFO] running `Command { std: "docker" "start" "-a" "cf3293d32507e557a1158e46a72abdfe01c4bf966f9f4faf521ec5874fe8d7c7", kill_on_drop: false }`
[INFO] [stderr]    Compiling proc-macro2 v1.0.28
[INFO] [stderr]    Compiling crossbeam-utils v0.8.5
[INFO] [stderr]    Compiling proc-macro-hack v0.5.19
[INFO] [stderr]    Compiling syn v1.0.74
[INFO] [stderr]    Compiling futures-core v0.3.16
[INFO] [stderr]    Compiling proc-macro-nested v0.1.7
[INFO] [stderr]    Compiling futures-task v0.3.16
[INFO] [stderr]    Compiling futures-channel v0.3.16
[INFO] [stderr]    Compiling libc v0.2.98
[INFO] [stderr]    Compiling futures-sink v0.3.16
[INFO] [stderr]    Compiling crossbeam-epoch v0.9.5
[INFO] [stderr]    Compiling futures v0.1.31
[INFO] [stderr]    Compiling futures-io v0.3.16
[INFO] [stderr]    Compiling crossbeam-queue v0.3.2
[INFO] [stderr]    Compiling pin-project-lite v0.2.7
[INFO] [stderr]    Compiling scopeguard v1.1.0
[INFO] [stderr]    Compiling futures-macro v0.3.16
[INFO] [stderr]    Compiling memoffset v0.6.4
[INFO] [stderr]    Compiling futures-util v0.3.16
[INFO] [stderr]    Compiling crossbeam-channel v0.5.1
[INFO] [stderr]    Compiling crossbeam-deque v0.8.0
[INFO] [stderr]    Compiling crossbeam v0.8.1
[INFO] [stderr]    Compiling quote v1.0.9
[INFO] [stderr]    Compiling num_cpus v1.13.0
[INFO] [stderr]    Compiling futures-executor v0.3.16
[INFO] [stderr]    Compiling futures v0.3.16
[INFO] [stderr]    Compiling rust-concept v0.1.0 (/opt/rustwide/workdir)
[INFO] [stdout] error: expected one of `!`, `+`, `::`, or `;`, found `<eof>`
[INFO] [stdout]    --> src/tikv_batch/batch.rs:100:39
[INFO] [stdout]     |
[INFO] [stdout] 100 | pub type BatchRouter<N,C> =Router<N,C,>
[INFO] [stdout]     |                                       ^ expected one of `!`, `+`, `::`, or `;`
[INFO] [stdout] 
[INFO] [stdout] 
[INFO] [stdout] error: expected one of `(`, `::`, `=`, `[`, `]`, or `{`, found `!`
[INFO] [stdout]    --> src/tikv_batch/util/lru.rs:348:6
[INFO] [stdout]     |
[INFO] [stdout] 348 | #[cfg!(test)]
[INFO] [stdout]     |      ^ expected one of `(`, `::`, `=`, `[`, `]`, or `{`
[INFO] [stdout] 
[INFO] [stdout] 
[INFO] [stdout] error[E0432]: unresolved import `crate::tikv_batch::util::lru::LruCache`
[INFO] [stdout]  --> src/tikv_batch/router.rs:7:5
[INFO] [stdout]   |
[INFO] [stdout] 7 | use crate::tikv_batch::util::lru::LruCache;
[INFO] [stdout]   |     ^^^^^^^^^^^^^^^^^^^^^^^^^^^^^^^^^^^^^^ no `LruCache` in `tikv_batch::util::lru`
[INFO] [stdout] 
[INFO] [stdout] 
[INFO] [stdout] error[E0405]: cannot find trait `FsmSchduler` in this scope
[INFO] [stdout]    --> src/tikv_batch/mailbox.rs:95:20
[INFO] [stdout]     |
[INFO] [stdout] 95  |         Scheduler: FsmSchduler<Fsm=Owner> {
[INFO] [stdout]     |                    ^^^^^^^^^^^ help: a trait with a similar name exists: `FsmScheduler`
[INFO] [stdout]     | 
[INFO] [stdout]    ::: src/tikv_batch/fsm.rs:155:1
[INFO] [stdout]     |
[INFO] [stdout] 155 | pub trait FsmScheduler{
[INFO] [stdout]     | ---------------------- similarly named trait `FsmScheduler` defined here
[INFO] [stdout] 
[INFO] [stdout] 
[INFO] [stdout] error[E0423]: expected function, tuple struct or tuple variant, found struct `Receiver`
[INFO] [stdout]    --> src/tikv_batch/mpsc/mod.rs:89:9
[INFO] [stdout]     |
[INFO] [stdout] 89  |           Receiver(receiver, state),
[INFO] [stdout]     |           ^^^^^^^^^^^^^^^^^^^^^^^^^
[INFO] [stdout] ...
[INFO] [stdout] 206 | / pub struct Receiver<T> {
[INFO] [stdout] 207 | |     receiver: channel::Receiver<T>,
[INFO] [stdout] 208 | |     state: Arc<State>,
[INFO] [stdout] 209 | | }
[INFO] [stdout]     | |_- `Receiver` defined here
[INFO] [stdout]     |
[INFO] [stdout] help: use struct literal syntax instead
[INFO] [stdout]     |
[INFO] [stdout] 89  |         Receiver { receiver: val, state: val },
[INFO] [stdout]     |         ^^^^^^^^^^^^^^^^^^^^^^^^^^^^^^^^^^^^^^
[INFO] [stdout] help: a local variable with a similar name exists
[INFO] [stdout]     |
[INFO] [stdout] 89  |         receiver(receiver, state),
[INFO] [stdout]     |         ^^^^^^^^
[INFO] [stdout] 
[INFO] [stdout] 
[INFO] [stdout] error[E0423]: expected function, tuple struct or tuple variant, found struct `Receiver`
[INFO] [stdout]    --> src/tikv_batch/mpsc/mod.rs:102:9
[INFO] [stdout]     |
[INFO] [stdout] 102 |           Receiver(receiver, state),
[INFO] [stdout]     |           ^^^^^^^^^^^^^^^^^^^^^^^^^
[INFO] [stdout] ...
[INFO] [stdout] 206 | / pub struct Receiver<T> {
[INFO] [stdout] 207 | |     receiver: channel::Receiver<T>,
[INFO] [stdout] 208 | |     state: Arc<State>,
[INFO] [stdout] 209 | | }
[INFO] [stdout]     | |_- `Receiver` defined here
[INFO] [stdout]     |
[INFO] [stdout] help: use struct literal syntax instead
[INFO] [stdout]     |
[INFO] [stdout] 102 |         Receiver { receiver: val, state: val },
[INFO] [stdout]     |         ^^^^^^^^^^^^^^^^^^^^^^^^^^^^^^^^^^^^^^
[INFO] [stdout] help: a local variable with a similar name exists
[INFO] [stdout]     |
[INFO] [stdout] 102 |         receiver(receiver, state),
[INFO] [stdout]     |         ^^^^^^^^
[INFO] [stdout] 
[INFO] [stdout] 
[INFO] [stdout] error[E0425]: cannot find value `flase` in this scope
[INFO] [stdout]    --> src/tikv_batch/mpsc/mod.rs:244:36
[INFO] [stdout]     |
[INFO] [stdout] 244 |         self.state.connected.store(flase, Ordering::Release);
[INFO] [stdout]     |                                    ^^^^^ not found in this scope
[INFO] [stdout] 
[INFO] [stdout] 
[INFO] [stdout] error[E0412]: cannot find type `Atc` in this scope
[INFO] [stdout]    --> src/tikv_batch/router.rs:50:16
[INFO] [stdout]     |
[INFO] [stdout] 50  |       state_cnt: Atc<AtomicUsize>,
[INFO] [stdout]     |                  ^^^ help: a struct with a similar name exists: `Arc`
[INFO] [stdout] 
[INFO] [stdout] 
[INFO] [stdout] error: aborting due to 8 previous errors
[INFO] [stdout] 
[INFO] [stdout] 
[INFO] [stdout] Some errors have detailed explanations: E0405, E0412, E0423, E0425, E0432.
[INFO] [stdout] 
[INFO] [stdout] For more information about an error, try `rustc --explain E0405`.
[INFO] [stdout] 
[INFO] [stderr] error: could not compile `rust-concept` due to 9 previous errors
[INFO] running `Command { std: "docker" "inspect" "cf3293d32507e557a1158e46a72abdfe01c4bf966f9f4faf521ec5874fe8d7c7", kill_on_drop: false }`
[INFO] running `Command { std: "docker" "rm" "-f" "cf3293d32507e557a1158e46a72abdfe01c4bf966f9f4faf521ec5874fe8d7c7", kill_on_drop: false }`
[INFO] [stdout] cf3293d32507e557a1158e46a72abdfe01c4bf966f9f4faf521ec5874fe8d7c7
