[INFO] cloning repository https://github.com/dobrakmato/rcd
[INFO] running `Command { std: "git" "-c" "credential.helper=" "-c" "credential.helper=/workspace/cargo-home/bin/git-credential-null" "clone" "--bare" "https://github.com/dobrakmato/rcd" "/workspace/cache/git-repos/https%3A%2F%2Fgithub.com%2Fdobrakmato%2Frcd", kill_on_drop: false }`
[INFO] [stderr] Cloning into bare repository '/workspace/cache/git-repos/https%3A%2F%2Fgithub.com%2Fdobrakmato%2Frcd'...
[INFO] running `Command { std: "git" "rev-parse" "HEAD", kill_on_drop: false }`
[INFO] [stdout] 627208cb54290e987e8d40b5b191de541c50a629
[INFO] testing dobrakmato/rcd against 1.54.0 for beta-1.55-1
[INFO] running `Command { std: "git" "clone" "/workspace/cache/git-repos/https%3A%2F%2Fgithub.com%2Fdobrakmato%2Frcd" "/workspace/builds/worker-8/source", kill_on_drop: false }`
[INFO] [stderr] Cloning into '/workspace/builds/worker-8/source'...
[INFO] [stderr] done.
[INFO] validating manifest of git repo https://github.com/dobrakmato/rcd on toolchain 1.54.0
[INFO] running `Command { std: "/workspace/cargo-home/bin/cargo" "+1.54.0" "metadata" "--manifest-path" "Cargo.toml" "--no-deps", kill_on_drop: false }`
[INFO] started tweaking git repo https://github.com/dobrakmato/rcd
[INFO] finished tweaking git repo https://github.com/dobrakmato/rcd
[INFO] tweaked toml for git repo https://github.com/dobrakmato/rcd written to /workspace/builds/worker-8/source/Cargo.toml
[INFO] crate git repo https://github.com/dobrakmato/rcd already has a lockfile, it will not be regenerated
[INFO] running `Command { std: "/workspace/cargo-home/bin/cargo" "+1.54.0" "fetch" "--manifest-path" "Cargo.toml", kill_on_drop: false }`
[INFO] running `Command { std: "docker" "create" "-v" "/var/lib/crater-agent-workspace/builds/worker-8/target:/opt/rustwide/target:rw,Z" "-v" "/var/lib/crater-agent-workspace/builds/worker-8/source:/opt/rustwide/workdir:ro,Z" "-v" "/var/lib/crater-agent-workspace/cargo-home:/opt/rustwide/cargo-home:ro,Z" "-v" "/var/lib/crater-agent-workspace/rustup-home:/opt/rustwide/rustup-home:ro,Z" "-e" "SOURCE_DIR=/opt/rustwide/workdir" "-e" "CARGO_TARGET_DIR=/opt/rustwide/target" "-e" "CARGO_HOME=/opt/rustwide/cargo-home" "-e" "RUSTUP_HOME=/opt/rustwide/rustup-home" "-w" "/opt/rustwide/workdir" "-m" "1610612736" "--user" "0:0" "--network" "none" "ghcr.io/rust-lang/crates-build-env/linux@sha256:34b6a614d2c27851fe6cbf88fbd1137609cefab8b10d0615aaeb6fd47975d74e" "/opt/rustwide/cargo-home/bin/cargo" "+1.54.0" "metadata" "--no-deps" "--format-version=1", kill_on_drop: false }`
[INFO] [stdout] 1671f6757ac8ceb89239f1e0f2f3332fbece2e6fa36ed2d921d7ab60f283bdf4
[INFO] running `Command { std: "docker" "start" "-a" "1671f6757ac8ceb89239f1e0f2f3332fbece2e6fa36ed2d921d7ab60f283bdf4", kill_on_drop: false }`
[INFO] running `Command { std: "docker" "inspect" "1671f6757ac8ceb89239f1e0f2f3332fbece2e6fa36ed2d921d7ab60f283bdf4", kill_on_drop: false }`
[INFO] running `Command { std: "docker" "rm" "-f" "1671f6757ac8ceb89239f1e0f2f3332fbece2e6fa36ed2d921d7ab60f283bdf4", kill_on_drop: false }`
[INFO] [stdout] 1671f6757ac8ceb89239f1e0f2f3332fbece2e6fa36ed2d921d7ab60f283bdf4
[INFO] running `Command { std: "docker" "create" "-v" "/var/lib/crater-agent-workspace/builds/worker-8/target:/opt/rustwide/target:rw,Z" "-v" "/var/lib/crater-agent-workspace/builds/worker-8/source:/opt/rustwide/workdir:ro,Z" "-v" "/var/lib/crater-agent-workspace/cargo-home:/opt/rustwide/cargo-home:ro,Z" "-v" "/var/lib/crater-agent-workspace/rustup-home:/opt/rustwide/rustup-home:ro,Z" "-e" "SOURCE_DIR=/opt/rustwide/workdir" "-e" "CARGO_TARGET_DIR=/opt/rustwide/target" "-e" "CARGO_INCREMENTAL=0" "-e" "RUST_BACKTRACE=full" "-e" "RUSTFLAGS=--cap-lints=warn" "-e" "CARGO_HOME=/opt/rustwide/cargo-home" "-e" "RUSTUP_HOME=/opt/rustwide/rustup-home" "-w" "/opt/rustwide/workdir" "-m" "1610612736" "--user" "0:0" "--network" "none" "ghcr.io/rust-lang/crates-build-env/linux@sha256:34b6a614d2c27851fe6cbf88fbd1137609cefab8b10d0615aaeb6fd47975d74e" "/opt/rustwide/cargo-home/bin/cargo" "+1.54.0" "build" "--frozen" "--message-format=json", kill_on_drop: false }`
[INFO] [stdout] e190615456d0cfc27f18af4070354bb6996cd6897d07fa6984d664cf691d8395
[INFO] running `Command { std: "docker" "start" "-a" "e190615456d0cfc27f18af4070354bb6996cd6897d07fa6984d664cf691d8395", kill_on_drop: false }`
[INFO] [stderr]    Compiling libc v0.2.65
[INFO] [stderr]    Compiling winapi v0.3.8
[INFO] [stderr]    Compiling windows-service v0.2.0
[INFO] [stderr]    Compiling rcd v0.1.0 (/opt/rustwide/workdir/rcd)
[INFO] [stdout] error[E0432]: unresolved imports `windows_service::define_windows_service`, `windows_service::service_dispatcher`, `windows_service::service_control_handler`
[INFO] [stdout]  --> rcd/src/main.rs:3:23
[INFO] [stdout]   |
[INFO] [stdout] 3 | use windows_service::{define_windows_service, service_dispatcher, service_control_handler};
[INFO] [stdout]   |                       ^^^^^^^^^^^^^^^^^^^^^^  ^^^^^^^^^^^^^^^^^^  ^^^^^^^^^^^^^^^^^^^^^^^ no `service_control_handler` in the root
[INFO] [stdout]   |                       |                       |
[INFO] [stdout]   |                       |                       no `service_dispatcher` in the root
[INFO] [stdout]   |                       no `define_windows_service` in the root
[INFO] [stdout] 
[INFO] [stdout] 
[INFO] [stdout] error[E0432]: unresolved import `windows_service::service_control_handler`
[INFO] [stdout]  --> rcd/src/main.rs:5:22
[INFO] [stdout]   |
[INFO] [stdout] 5 | use windows_service::service_control_handler::ServiceControlHandlerResult;
[INFO] [stdout]   |                      ^^^^^^^^^^^^^^^^^^^^^^^ could not find `service_control_handler` in `windows_service`
[INFO] [stdout] 
[INFO] [stdout] 
[INFO] [stdout] error[E0433]: failed to resolve: could not find `_core` in `winapi`
[INFO] [stdout]  --> rcd/src/main.rs:7:13
[INFO] [stdout]   |
[INFO] [stdout] 7 | use winapi::_core::time::Duration;
[INFO] [stdout]   |             ^^^^^ could not find `_core` in `winapi`
[INFO] [stdout] 
[INFO] [stdout] 
[INFO] [stdout] error[E0432]: unresolved import `windows_service::service`
[INFO] [stdout]  --> rcd/src/main.rs:6:22
[INFO] [stdout]   |
[INFO] [stdout] 6 | use windows_service::service::{ServiceControl, ServiceStatus, ServiceState, ServiceType, ServiceControlAccept, ServiceExitCode};
[INFO] [stdout]   |                      ^^^^^^^ could not find `service` in `windows_service`
[INFO] [stdout] 
[INFO] [stdout] 
[INFO] [stdout] error: cannot determine resolution for the macro `define_windows_service`
[INFO] [stdout]   --> rcd/src/main.rs:10:1
[INFO] [stdout]    |
[INFO] [stdout] 10 | define_windows_service!(ffi_service_main, service_main);
[INFO] [stdout]    | ^^^^^^^^^^^^^^^^^^^^^^
[INFO] [stdout]    |
[INFO] [stdout]    = note: import resolution is stuck, try simplifying macro imports
[INFO] [stdout] 
[INFO] [stdout] 
[INFO] [stdout] error[E0433]: failed to resolve: could not find `um` in `winapi`
[INFO] [stdout]   --> rcd/src/main.rs:70:34
[INFO] [stdout]    |
[INFO] [stdout] 70 |                 unsafe { winapi::um::powrprof::SetSuspendState(1, 0, 0) };
[INFO] [stdout]    |                                  ^^ could not find `um` in `winapi`
[INFO] [stdout] 
[INFO] [stdout] 
[INFO] [stdout] error[E0412]: cannot find type `Error` in crate `windows_service`
[INFO] [stdout]   --> rcd/src/main.rs:83:42
[INFO] [stdout]    |
[INFO] [stdout] 83 | fn main() -> Result<(), windows_service::Error> {
[INFO] [stdout]    |                                          ^^^^^ not found in `windows_service`
[INFO] [stdout]    |
[INFO] [stdout] help: consider importing one of these items
[INFO] [stdout]    |
[INFO] [stdout] 1  | use core::fmt::Error;
[INFO] [stdout]    |
[INFO] [stdout] 1  | use std::error::Error;
[INFO] [stdout]    |
[INFO] [stdout] 1  | use std::fmt::Error;
[INFO] [stdout]    |
[INFO] [stdout] 1  | use std::io::Error;
[INFO] [stdout]    |
[INFO] [stdout] 
[INFO] [stdout] 
[INFO] [stdout] error[E0425]: cannot find value `ffi_service_main` in this scope
[INFO] [stdout]   --> rcd/src/main.rs:84:38
[INFO] [stdout]    |
[INFO] [stdout] 84 |     service_dispatcher::start("rcd", ffi_service_main)?;
[INFO] [stdout]    |                                      ^^^^^^^^^^^^^^^^ help: a function with a similar name exists: `service_main`
[INFO] [stdout] ...
[INFO] [stdout] 88 | fn service_main(arguments: Vec<OsString>) {
[INFO] [stdout]    | ----------------------------------------- similarly named function `service_main` defined here
[INFO] [stdout] 
[INFO] [stdout] 
[INFO] [stdout] error[E0412]: cannot find type `Error` in crate `windows_service`
[INFO] [stdout]   --> rcd/src/main.rs:94:74
[INFO] [stdout]    |
[INFO] [stdout] 94 | fn run_service(_arguments: Vec<OsString>) -> Result<(), windows_service::Error> {
[INFO] [stdout]    |                                                                          ^^^^^ not found in `windows_service`
[INFO] [stdout]    |
[INFO] [stdout] help: consider importing one of these items
[INFO] [stdout]    |
[INFO] [stdout] 1  | use core::fmt::Error;
[INFO] [stdout]    |
[INFO] [stdout] 1  | use std::error::Error;
[INFO] [stdout]    |
[INFO] [stdout] 1  | use std::fmt::Error;
[INFO] [stdout]    |
[INFO] [stdout] 1  | use std::io::Error;
[INFO] [stdout]    |
[INFO] [stdout] 
[INFO] [stdout] 
[INFO] [stdout] error[E0433]: failed to resolve: use of undeclared type `Duration`
[INFO] [stdout]    --> rcd/src/main.rs:113:20
[INFO] [stdout]     |
[INFO] [stdout] 113 |         wait_hint: Duration::default(),
[INFO] [stdout]     |                    ^^^^^^^^ not found in this scope
[INFO] [stdout]     |
[INFO] [stdout] help: consider importing one of these items
[INFO] [stdout]     |
[INFO] [stdout] 1   | use core::time::Duration;
[INFO] [stdout]     |
[INFO] [stdout] 1   | use std::time::Duration;
[INFO] [stdout]     |
[INFO] [stdout] 
[INFO] [stdout] 
[INFO] [stdout] error: aborting due to 10 previous errors
[INFO] [stdout] 
[INFO] [stdout] 
[INFO] [stdout] Some errors have detailed explanations: E0412, E0425, E0432, E0433.
[INFO] [stdout] 
[INFO] [stdout] For more information about an error, try `rustc --explain E0412`.
[INFO] [stdout] 
[INFO] [stderr] error: could not compile `rcd`
[INFO] [stderr] 
[INFO] [stderr] To learn more, run the command again with --verbose.
[INFO] [stderr] warning: build failed, waiting for other jobs to finish...
[INFO] [stderr] error: build failed
[INFO] running `Command { std: "docker" "inspect" "e190615456d0cfc27f18af4070354bb6996cd6897d07fa6984d664cf691d8395", kill_on_drop: false }`
[INFO] running `Command { std: "docker" "rm" "-f" "e190615456d0cfc27f18af4070354bb6996cd6897d07fa6984d664cf691d8395", kill_on_drop: false }`
[INFO] [stdout] e190615456d0cfc27f18af4070354bb6996cd6897d07fa6984d664cf691d8395
