[INFO] cloning repository https://github.com/dmitmel/game-of-life-cluster
[INFO] running `Command { std: "git" "-c" "credential.helper=" "-c" "credential.helper=/workspace/cargo-home/bin/git-credential-null" "clone" "--bare" "https://github.com/dmitmel/game-of-life-cluster" "/workspace/cache/git-repos/https%3A%2F%2Fgithub.com%2Fdmitmel%2Fgame-of-life-cluster", kill_on_drop: false }`
[INFO] [stderr] Cloning into bare repository '/workspace/cache/git-repos/https%3A%2F%2Fgithub.com%2Fdmitmel%2Fgame-of-life-cluster'...
[INFO] running `Command { std: "git" "rev-parse" "HEAD", kill_on_drop: false }`
[INFO] [stdout] ab6770dbb98f069d22af567f71796311c4783a63
[INFO] testing dmitmel/game-of-life-cluster against beta-2021-08-01 for beta-1.55-1
[INFO] running `Command { std: "git" "clone" "/workspace/cache/git-repos/https%3A%2F%2Fgithub.com%2Fdmitmel%2Fgame-of-life-cluster" "/workspace/builds/worker-3/source", kill_on_drop: false }`
[INFO] [stderr] Cloning into '/workspace/builds/worker-3/source'...
[INFO] [stderr] done.
[INFO] validating manifest of git repo https://github.com/dmitmel/game-of-life-cluster on toolchain beta-2021-08-01
[INFO] running `Command { std: "/workspace/cargo-home/bin/cargo" "+beta-2021-08-01" "metadata" "--manifest-path" "Cargo.toml" "--no-deps", kill_on_drop: false }`
[INFO] started tweaking git repo https://github.com/dmitmel/game-of-life-cluster
[INFO] finished tweaking git repo https://github.com/dmitmel/game-of-life-cluster
[INFO] tweaked toml for git repo https://github.com/dmitmel/game-of-life-cluster written to /workspace/builds/worker-3/source/Cargo.toml
[INFO] crate git repo https://github.com/dmitmel/game-of-life-cluster already has a lockfile, it will not be regenerated
[INFO] running `Command { std: "/workspace/cargo-home/bin/cargo" "+beta-2021-08-01" "fetch" "--manifest-path" "Cargo.toml", kill_on_drop: false }`
[INFO] [stderr]  Downloading crates ...
[INFO] [stderr]   Downloaded ocl-core-vector v0.1.0
[INFO] [stderr]   Downloaded ocl-core v0.9.0
[INFO] [stderr]   Downloaded qutex v0.2.1
[INFO] [stderr]   Downloaded cl-sys v0.4.1
[INFO] [stderr]   Downloaded ocl v0.18.0
[INFO] [stderr]   Downloaded rand v0.5.3
[INFO] running `Command { std: "docker" "create" "-v" "/var/lib/crater-agent-workspace/builds/worker-3/target:/opt/rustwide/target:rw,Z" "-v" "/var/lib/crater-agent-workspace/builds/worker-3/source:/opt/rustwide/workdir:ro,Z" "-v" "/var/lib/crater-agent-workspace/cargo-home:/opt/rustwide/cargo-home:ro,Z" "-v" "/var/lib/crater-agent-workspace/rustup-home:/opt/rustwide/rustup-home:ro,Z" "-e" "SOURCE_DIR=/opt/rustwide/workdir" "-e" "CARGO_TARGET_DIR=/opt/rustwide/target" "-e" "CARGO_HOME=/opt/rustwide/cargo-home" "-e" "RUSTUP_HOME=/opt/rustwide/rustup-home" "-w" "/opt/rustwide/workdir" "-m" "1610612736" "--user" "0:0" "--network" "none" "ghcr.io/rust-lang/crates-build-env/linux@sha256:34b6a614d2c27851fe6cbf88fbd1137609cefab8b10d0615aaeb6fd47975d74e" "/opt/rustwide/cargo-home/bin/cargo" "+beta-2021-08-01" "metadata" "--no-deps" "--format-version=1", kill_on_drop: false }`
[INFO] [stdout] 93bf6c49bd144aecaa99f96649bd32b1a2ec011172531c0c1358cbbeb29cca34
[INFO] running `Command { std: "docker" "start" "-a" "93bf6c49bd144aecaa99f96649bd32b1a2ec011172531c0c1358cbbeb29cca34", kill_on_drop: false }`
[INFO] running `Command { std: "docker" "inspect" "93bf6c49bd144aecaa99f96649bd32b1a2ec011172531c0c1358cbbeb29cca34", kill_on_drop: false }`
[INFO] running `Command { std: "docker" "rm" "-f" "93bf6c49bd144aecaa99f96649bd32b1a2ec011172531c0c1358cbbeb29cca34", kill_on_drop: false }`
[INFO] [stdout] 93bf6c49bd144aecaa99f96649bd32b1a2ec011172531c0c1358cbbeb29cca34
[INFO] running `Command { std: "docker" "create" "-v" "/var/lib/crater-agent-workspace/builds/worker-3/target:/opt/rustwide/target:rw,Z" "-v" "/var/lib/crater-agent-workspace/builds/worker-3/source:/opt/rustwide/workdir:ro,Z" "-v" "/var/lib/crater-agent-workspace/cargo-home:/opt/rustwide/cargo-home:ro,Z" "-v" "/var/lib/crater-agent-workspace/rustup-home:/opt/rustwide/rustup-home:ro,Z" "-e" "SOURCE_DIR=/opt/rustwide/workdir" "-e" "CARGO_TARGET_DIR=/opt/rustwide/target" "-e" "CARGO_INCREMENTAL=0" "-e" "RUST_BACKTRACE=full" "-e" "RUSTFLAGS=--cap-lints=warn" "-e" "CARGO_HOME=/opt/rustwide/cargo-home" "-e" "RUSTUP_HOME=/opt/rustwide/rustup-home" "-w" "/opt/rustwide/workdir" "-m" "1610612736" "--user" "0:0" "--network" "none" "ghcr.io/rust-lang/crates-build-env/linux@sha256:34b6a614d2c27851fe6cbf88fbd1137609cefab8b10d0615aaeb6fd47975d74e" "/opt/rustwide/cargo-home/bin/cargo" "+beta-2021-08-01" "build" "--frozen" "--message-format=json", kill_on_drop: false }`
[INFO] [stdout] 8024ac52bea2eaae88d344bbd1b96d9a37a50f0a0400b91ede8938d8abbace81
[INFO] running `Command { std: "docker" "start" "-a" "8024ac52bea2eaae88d344bbd1b96d9a37a50f0a0400b91ede8938d8abbace81", kill_on_drop: false }`
[INFO] [stderr]    Compiling libc v0.2.42
[INFO] [stderr]    Compiling num-traits v0.2.5
[INFO] [stderr]    Compiling num-integer v0.1.39
[INFO] [stderr]    Compiling rustc-serialize v0.3.24
[INFO] [stderr]    Compiling cc v1.0.17
[INFO] [stderr]    Compiling num-iter v0.1.37
[INFO] [stderr]    Compiling semver v0.1.20
[INFO] [stderr]    Compiling rustc-demangle v0.1.8
[INFO] [stderr]    Compiling cfg-if v0.1.4
[INFO] [stderr]    Compiling cl-sys v0.4.1
[INFO] [stderr]    Compiling bitflags v1.0.3
[INFO] [stderr]    Compiling crossbeam v0.3.2
[INFO] [stderr]    Compiling futures v0.1.21
[INFO] [stderr]    Compiling strsim v0.7.0
[INFO] [stderr]    Compiling nodrop v0.1.12
[INFO] [stderr]    Compiling rand_core v0.2.1
[INFO] [stderr]    Compiling textwrap v0.10.0
[INFO] [stderr]    Compiling synstructure v0.6.1
[INFO] [stderr]    Compiling rustc_version v0.1.7
[INFO] [stderr]    Compiling ocl-core v0.9.0
[INFO] [stderr]    Compiling rand v0.4.2
[INFO] [stderr]    Compiling atty v0.2.10
[INFO] [stderr]    Compiling rand v0.5.3
[INFO] [stderr]    Compiling failure_derive v0.1.1
[INFO] [stderr]    Compiling clap v2.32.0
[INFO] [stderr]    Compiling backtrace-sys v0.1.23
[INFO] [stderr]    Compiling num-traits v0.1.43
[INFO] [stderr]    Compiling qutex v0.2.1
[INFO] [stderr]    Compiling enum_primitive v0.1.1
[INFO] [stderr]    Compiling num-complex v0.1.43
[INFO] [stderr]    Compiling num-bigint v0.1.44
[INFO] [stderr]    Compiling backtrace v0.3.9
[INFO] [stderr]    Compiling failure v0.1.1
[INFO] [stderr]    Compiling num-rational v0.1.42
[INFO] [stderr]    Compiling num v0.1.42
[INFO] [stderr]    Compiling ocl-core-vector v0.1.0
[INFO] [stderr]    Compiling ocl v0.18.0
[INFO] [stdout] error[E0502]: cannot borrow `self.cmd.buffer.obj_core` as immutable because it is also borrowed as mutable
[INFO] [stdout]     --> /opt/rustwide/cargo-home/registry/src/github.com-1ecc6299db9ec823/ocl-0.18.0/src/standard/buffer.rs:1609:13
[INFO] [stdout]      |
[INFO] [stdout] 1606 |         let (offset, len, queue, flags, ewait, enew, /*is_mapped*/) = self.enq_details()?;
[INFO] [stdout]      |                                                                       ---- mutable borrow occurs here
[INFO] [stdout] ...
[INFO] [stdout] 1609 |             &self.cmd.buffer.obj_core, true, flags, offset, len, ewait, enew)?;
[INFO] [stdout]      |             ^^^^^^^^^^^^^^^^^^^^^^^^^ immutable borrow occurs here
[INFO] [stdout] ...
[INFO] [stdout] 1614 |             queue.clone()))
[INFO] [stdout]      |             ----- mutable borrow later used here
[INFO] [stdout] 
[INFO] [stdout] 
[INFO] [stdout] error[E0502]: cannot borrow `self.cmd.buffer.obj_core` as immutable because it is also borrowed as mutable
[INFO] [stdout]     --> /opt/rustwide/cargo-home/registry/src/github.com-1ecc6299db9ec823/ocl-0.18.0/src/standard/buffer.rs:1613:57
[INFO] [stdout]      |
[INFO] [stdout] 1606 |         let (offset, len, queue, flags, ewait, enew, /*is_mapped*/) = self.enq_details()?;
[INFO] [stdout]      |                                                                       ---- mutable borrow occurs here
[INFO] [stdout] ...
[INFO] [stdout] 1613 |         Ok(MemMap::new(mm_core, len, None, unmap_event, self.cmd.buffer.obj_core.clone(),
[INFO] [stdout]      |                                                         ^^^^^^^^^^^^^^^^^^^^^^^^ immutable borrow occurs here
[INFO] [stdout] 1614 |             queue.clone()))
[INFO] [stdout]      |             ----- mutable borrow later used here
[INFO] [stdout] 
[INFO] [stdout] 
[INFO] [stdout] error[E0502]: cannot borrow `self.cmd.buffer.obj_core` as immutable because it is also borrowed as mutable
[INFO] [stdout]     --> /opt/rustwide/cargo-home/registry/src/github.com-1ecc6299db9ec823/ocl-0.18.0/src/standard/buffer.rs:1635:13
[INFO] [stdout]      |
[INFO] [stdout] 1630 |         let (offset, len, queue, flags, ewait, enew, /*is_mapped*/) = self.enq_details()?;
[INFO] [stdout]      |                                                                       ---- mutable borrow occurs here
[INFO] [stdout] ...
[INFO] [stdout] 1635 |             &self.cmd.buffer.obj_core, false, flags, offset, len, ewait,
[INFO] [stdout]      |             ^^^^^^^^^^^^^^^^^^^^^^^^^ immutable borrow occurs here
[INFO] [stdout] ...
[INFO] [stdout] 1646 |             self.cmd.buffer.obj_core.clone(), queue.clone(), /*is_mapped*/))
[INFO] [stdout]      |                                               ----- mutable borrow later used here
[INFO] [stdout] 
[INFO] [stdout] 
[INFO] [stdout] error[E0502]: cannot borrow `self.cmd.buffer.obj_core` as immutable because it is also borrowed as mutable
[INFO] [stdout]     --> /opt/rustwide/cargo-home/registry/src/github.com-1ecc6299db9ec823/ocl-0.18.0/src/standard/buffer.rs:1646:13
[INFO] [stdout]      |
[INFO] [stdout] 1630 |         let (offset, len, queue, flags, ewait, enew, /*is_mapped*/) = self.enq_details()?;
[INFO] [stdout]      |                                                                       ---- mutable borrow occurs here
[INFO] [stdout] ...
[INFO] [stdout] 1646 |             self.cmd.buffer.obj_core.clone(), queue.clone(), /*is_mapped*/))
[INFO] [stdout]      |             ^^^^^^^^^^^^^^^^^^^^^^^^          ----- mutable borrow later used here
[INFO] [stdout]      |             |
[INFO] [stdout]      |             immutable borrow occurs here
[INFO] [stdout] 
[INFO] [stdout] 
[INFO] [stdout] error: aborting due to 4 previous errors
[INFO] [stdout] 
[INFO] [stdout] 
[INFO] [stdout] For more information about this error, try `rustc --explain E0502`.
[INFO] [stdout] 
[INFO] [stderr] error: could not compile `ocl` due to 5 previous errors
[INFO] running `Command { std: "docker" "inspect" "8024ac52bea2eaae88d344bbd1b96d9a37a50f0a0400b91ede8938d8abbace81", kill_on_drop: false }`
[INFO] running `Command { std: "docker" "rm" "-f" "8024ac52bea2eaae88d344bbd1b96d9a37a50f0a0400b91ede8938d8abbace81", kill_on_drop: false }`
[INFO] [stdout] 8024ac52bea2eaae88d344bbd1b96d9a37a50f0a0400b91ede8938d8abbace81
