[INFO] cloning repository https://github.com/darkwater/priv-battery
[INFO] running `Command { std: "git" "-c" "credential.helper=" "-c" "credential.helper=/workspace/cargo-home/bin/git-credential-null" "clone" "--bare" "https://github.com/darkwater/priv-battery" "/workspace/cache/git-repos/https%3A%2F%2Fgithub.com%2Fdarkwater%2Fpriv-battery", kill_on_drop: false }`
[INFO] [stderr] Cloning into bare repository '/workspace/cache/git-repos/https%3A%2F%2Fgithub.com%2Fdarkwater%2Fpriv-battery'...
[INFO] running `Command { std: "git" "rev-parse" "HEAD", kill_on_drop: false }`
[INFO] [stdout] 00534ae15bdc83be1ce025f50f3162d79b77c3fb
[INFO] testing darkwater/priv-battery against beta-2021-08-01 for beta-1.55-1
[INFO] running `Command { std: "git" "clone" "/workspace/cache/git-repos/https%3A%2F%2Fgithub.com%2Fdarkwater%2Fpriv-battery" "/workspace/builds/worker-3/source", kill_on_drop: false }`
[INFO] [stderr] Cloning into '/workspace/builds/worker-3/source'...
[INFO] [stderr] done.
[INFO] validating manifest of git repo https://github.com/darkwater/priv-battery on toolchain beta-2021-08-01
[INFO] running `Command { std: "/workspace/cargo-home/bin/cargo" "+beta-2021-08-01" "metadata" "--manifest-path" "Cargo.toml" "--no-deps", kill_on_drop: false }`
[INFO] started tweaking git repo https://github.com/darkwater/priv-battery
[INFO] finished tweaking git repo https://github.com/darkwater/priv-battery
[INFO] tweaked toml for git repo https://github.com/darkwater/priv-battery written to /workspace/builds/worker-3/source/Cargo.toml
[INFO] crate git repo https://github.com/darkwater/priv-battery already has a lockfile, it will not be regenerated
[INFO] running `Command { std: "/workspace/cargo-home/bin/cargo" "+beta-2021-08-01" "fetch" "--manifest-path" "Cargo.toml", kill_on_drop: false }`
[INFO] [stderr]     Updating git repository `https://github.com/gtk-rs/cairo.git`
[INFO] [stderr]     Updating git repository `https://github.com/gtk-rs/gdk.git`
[INFO] [stderr]     Updating git submodule `https://github.com/gtk-rs/gir.git`
[INFO] [stderr]     Updating git submodule `https://github.com/gtk-rs/gir-files.git`
[INFO] [stderr]     Updating git repository `https://github.com/gtk-rs/sys.git`
[INFO] [stderr]     Updating git submodule `https://github.com/gtk-rs/gir`
[INFO] [stderr]     Updating git submodule `https://github.com/gtk-rs/gir-files`
[INFO] [stderr]     Updating git repository `https://github.com/gtk-rs/gtk.git`
[INFO] [stderr]     Updating git submodule `https://github.com/gtk-rs/gir.git`
[INFO] [stderr]     Updating git submodule `https://github.com/gtk-rs/gir-files.git`
[INFO] [stderr]     Updating git repository `https://github.com/gtk-rs/glib`
[INFO] [stderr]     Updating git submodule `https://github.com/gtk-rs/gir.git`
[INFO] [stderr]     Updating git submodule `https://github.com/gtk-rs/gir-files.git`
[INFO] [stderr]     Updating git repository `https://github.com/gtk-rs/gdk-pixbuf`
[INFO] [stderr]     Updating git repository `https://github.com/gtk-rs/gio`
[INFO] [stderr]     Updating git submodule `https://github.com/gtk-rs/gir.git`
[INFO] [stderr]     Updating git submodule `https://github.com/gtk-rs/gir-files.git`
[INFO] [stderr]     Updating git repository `https://github.com/gtk-rs/pango`
[INFO] [stderr]     Updating git submodule `https://github.com/gtk-rs/gir.git`
[INFO] [stderr]     Updating git submodule `https://github.com/gtk-rs/gir-files.git`
[INFO] [stderr]     Blocking waiting for file lock on package cache
[INFO] [stderr]  Downloading crates ...
[INFO] [stderr]   Downloaded c_vec v1.2.0
[INFO] [stderr]   Downloaded protobuf v1.2.2
[INFO] running `Command { std: "docker" "create" "-v" "/var/lib/crater-agent-workspace/builds/worker-3/target:/opt/rustwide/target:rw,Z" "-v" "/var/lib/crater-agent-workspace/builds/worker-3/source:/opt/rustwide/workdir:ro,Z" "-v" "/var/lib/crater-agent-workspace/cargo-home:/opt/rustwide/cargo-home:ro,Z" "-v" "/var/lib/crater-agent-workspace/rustup-home:/opt/rustwide/rustup-home:ro,Z" "-e" "SOURCE_DIR=/opt/rustwide/workdir" "-e" "CARGO_TARGET_DIR=/opt/rustwide/target" "-e" "CARGO_HOME=/opt/rustwide/cargo-home" "-e" "RUSTUP_HOME=/opt/rustwide/rustup-home" "-w" "/opt/rustwide/workdir" "-m" "1610612736" "--user" "0:0" "--network" "none" "ghcr.io/rust-lang/crates-build-env/linux@sha256:34b6a614d2c27851fe6cbf88fbd1137609cefab8b10d0615aaeb6fd47975d74e" "/opt/rustwide/cargo-home/bin/cargo" "+beta-2021-08-01" "metadata" "--no-deps" "--format-version=1", kill_on_drop: false }`
[INFO] [stdout] 68dc6444fcde55127c1dc2e82bd6d34351468cf3ab33a43eff34bd41d43211f1
[INFO] [stderr] WARNING: Your kernel does not support swap limit capabilities or the cgroup is not mounted. Memory limited without swap.
[INFO] running `Command { std: "docker" "start" "-a" "68dc6444fcde55127c1dc2e82bd6d34351468cf3ab33a43eff34bd41d43211f1", kill_on_drop: false }`
[INFO] running `Command { std: "docker" "inspect" "68dc6444fcde55127c1dc2e82bd6d34351468cf3ab33a43eff34bd41d43211f1", kill_on_drop: false }`
[INFO] running `Command { std: "docker" "rm" "-f" "68dc6444fcde55127c1dc2e82bd6d34351468cf3ab33a43eff34bd41d43211f1", kill_on_drop: false }`
[INFO] [stdout] 68dc6444fcde55127c1dc2e82bd6d34351468cf3ab33a43eff34bd41d43211f1
[INFO] running `Command { std: "docker" "create" "-v" "/var/lib/crater-agent-workspace/builds/worker-3/target:/opt/rustwide/target:rw,Z" "-v" "/var/lib/crater-agent-workspace/builds/worker-3/source:/opt/rustwide/workdir:ro,Z" "-v" "/var/lib/crater-agent-workspace/cargo-home:/opt/rustwide/cargo-home:ro,Z" "-v" "/var/lib/crater-agent-workspace/rustup-home:/opt/rustwide/rustup-home:ro,Z" "-e" "SOURCE_DIR=/opt/rustwide/workdir" "-e" "CARGO_TARGET_DIR=/opt/rustwide/target" "-e" "CARGO_INCREMENTAL=0" "-e" "RUST_BACKTRACE=full" "-e" "RUSTFLAGS=--cap-lints=warn" "-e" "CARGO_HOME=/opt/rustwide/cargo-home" "-e" "RUSTUP_HOME=/opt/rustwide/rustup-home" "-w" "/opt/rustwide/workdir" "-m" "1610612736" "--user" "0:0" "--network" "none" "ghcr.io/rust-lang/crates-build-env/linux@sha256:34b6a614d2c27851fe6cbf88fbd1137609cefab8b10d0615aaeb6fd47975d74e" "/opt/rustwide/cargo-home/bin/cargo" "+beta-2021-08-01" "build" "--frozen" "--message-format=json", kill_on_drop: false }`
[INFO] [stdout] 03a5d3cc92fd5395179bf5e3127980153816a611813795e1636dc2f21c518238
[INFO] [stderr] WARNING: Your kernel does not support swap limit capabilities or the cgroup is not mounted. Memory limited without swap.
[INFO] running `Command { std: "docker" "start" "-a" "03a5d3cc92fd5395179bf5e3127980153816a611813795e1636dc2f21c518238", kill_on_drop: false }`
[INFO] [stderr]     Blocking waiting for file lock on package cache
[INFO] [stderr]    Compiling libc v0.2.21
[INFO] [stderr]    Compiling bitflags v0.5.0
[INFO] [stderr]    Compiling matches v0.1.4
[INFO] [stderr]    Compiling gdk-pixbuf v0.1.1 (https://github.com/gtk-rs/gdk-pixbuf#d227c3a8)
[INFO] [stderr]    Compiling gio v0.1.1 (https://github.com/gtk-rs/gio#9133f88c)
[INFO] [stderr]    Compiling cairo-rs v0.1.1 (https://github.com/gtk-rs/cairo.git#e5bf5d88)
[INFO] [stderr]    Compiling unicode-normalization v0.1.4
[INFO] [stderr]    Compiling c_vec v1.2.0
[INFO] [stderr]    Compiling gdk v0.5.1 (https://github.com/gtk-rs/gdk.git#c2ab3110)
[INFO] [stderr]    Compiling redis v0.8.0
[INFO] [stderr]    Compiling gtk v0.1.1 (https://github.com/gtk-rs/gtk.git#0de27a52)
[INFO] [stderr]    Compiling sha1 v0.2.0
[INFO] [stderr]    Compiling protobuf v1.2.2
[INFO] [stderr]    Compiling glib-sys v0.3.2 (https://github.com/gtk-rs/sys.git#aaa2a305)
[INFO] [stderr]    Compiling gobject-sys v0.3.2 (https://github.com/gtk-rs/sys.git#aaa2a305)
[INFO] [stderr]    Compiling gio-sys v0.3.2 (https://github.com/gtk-rs/sys.git#aaa2a305)
[INFO] [stderr]    Compiling cairo-sys-rs v0.3.2 (https://github.com/gtk-rs/cairo.git#e5bf5d88)
[INFO] [stderr]    Compiling gdk-pixbuf-sys v0.3.2 (https://github.com/gtk-rs/sys.git#aaa2a305)
[INFO] [stderr]    Compiling pango-sys v0.3.2 (https://github.com/gtk-rs/sys.git#aaa2a305)
[INFO] [stderr]    Compiling gdk-sys v0.3.2 (https://github.com/gtk-rs/sys.git#aaa2a305)
[INFO] [stderr]    Compiling atk-sys v0.3.2 (https://github.com/gtk-rs/sys.git#aaa2a305)
[INFO] [stderr]    Compiling gtk-sys v0.3.2 (https://github.com/gtk-rs/sys.git#aaa2a305)
[INFO] [stderr]    Compiling unicode-bidi v0.2.5
[INFO] [stderr]    Compiling idna v0.1.0
[INFO] [stderr]    Compiling url v1.4.0
[INFO] [stderr]    Compiling glib v0.1.1 (https://github.com/gtk-rs/glib#6dabedc2)
[INFO] [stdout] error[E0119]: conflicting implementations of trait `value::SetValueOptional` for type `&_`
[INFO] [stdout]    --> /opt/rustwide/cargo-home/git/checkouts/glib-928cf7b282977403/6dabedc/src/value.rs:489:1
[INFO] [stdout]     |
[INFO] [stdout] 458 | impl<'a, T: ?Sized + SetValueOptional> SetValueOptional for &'a T {
[INFO] [stdout]     | ----------------------------------------------------------------- first implementation here
[INFO] [stdout] ...
[INFO] [stdout] 489 | impl<T: IsA<Object>> SetValueOptional for T {
[INFO] [stdout]     | ^^^^^^^^^^^^^^^^^^^^^^^^^^^^^^^^^^^^^^^^^^^ conflicting implementation for `&_`
[INFO] [stdout]     |
[INFO] [stdout]     = note: downstream crates may implement trait `object::IsA<object::Object>` for type `&_`
[INFO] [stdout] 
[INFO] [stdout] 
[INFO] [stdout] error[E0119]: conflicting implementations of trait `value::SetValue` for type `&_`
[INFO] [stdout]    --> /opt/rustwide/cargo-home/git/checkouts/glib-928cf7b282977403/6dabedc/src/value.rs:483:1
[INFO] [stdout]     |
[INFO] [stdout] 452 | impl<'a, T: ?Sized + SetValue> SetValue for &'a T {
[INFO] [stdout]     | ------------------------------------------------- first implementation here
[INFO] [stdout] ...
[INFO] [stdout] 483 | impl<T: IsA<Object>> SetValue for T {
[INFO] [stdout]     | ^^^^^^^^^^^^^^^^^^^^^^^^^^^^^^^^^^^ conflicting implementation for `&_`
[INFO] [stdout]     |
[INFO] [stdout]     = note: downstream crates may implement trait `object::IsA<object::Object>` for type `&_`
[INFO] [stdout] 
[INFO] [stdout] 
[INFO] [stdout] error: aborting due to 2 previous errors
[INFO] [stdout] 
[INFO] [stdout] 
[INFO] [stdout] For more information about this error, try `rustc --explain E0119`.
[INFO] [stdout] 
[INFO] [stderr] error: could not compile `glib` due to 3 previous errors
[INFO] [stderr] warning: build failed, waiting for other jobs to finish...
[INFO] [stdout] error[E0713]: borrow may still be in use when destructor runs
[INFO] [stdout]    --> /opt/rustwide/cargo-home/registry/src/github.com-1ecc6299db9ec823/url-1.4.0/src/form_urlencoded.rs:246:40
[INFO] [stdout]     |
[INFO] [stdout] 244 | impl<'a> Target for ::UrlQuery<'a> {
[INFO] [stdout]     |      -- lifetime `'a` defined here
[INFO] [stdout] 245 |     fn as_mut_string(&mut self) -> &mut String { &mut self.url.serialization }
[INFO] [stdout] 246 |     fn finish(self) -> &'a mut ::Url { self.url }
[INFO] [stdout]     |                                        ^^^^^^^^ - here, drop of `self` needs exclusive access to `*self.url`, because the type `UrlQuery<'_>` implements the `Drop` trait
[INFO] [stdout]     |                                        |
[INFO] [stdout]     |                                        returning this value requires that `*self.url` is borrowed for `'a`
[INFO] [stdout] 
[INFO] [stdout] 
[INFO] [stdout] error: aborting due to previous error
[INFO] [stdout] 
[INFO] [stdout] 
[INFO] [stdout] For more information about this error, try `rustc --explain E0713`.
[INFO] [stdout] 
[INFO] [stderr] error: build failed
[INFO] running `Command { std: "docker" "inspect" "03a5d3cc92fd5395179bf5e3127980153816a611813795e1636dc2f21c518238", kill_on_drop: false }`
[INFO] running `Command { std: "docker" "rm" "-f" "03a5d3cc92fd5395179bf5e3127980153816a611813795e1636dc2f21c518238", kill_on_drop: false }`
[INFO] [stdout] 03a5d3cc92fd5395179bf5e3127980153816a611813795e1636dc2f21c518238
