[INFO] cloning repository https://github.com/daduraro/mapserver-server
[INFO] running `Command { std: "git" "-c" "credential.helper=" "-c" "credential.helper=/workspace/cargo-home/bin/git-credential-null" "clone" "--bare" "https://github.com/daduraro/mapserver-server" "/workspace/cache/git-repos/https%3A%2F%2Fgithub.com%2Fdaduraro%2Fmapserver-server", kill_on_drop: false }`
[INFO] [stderr] Cloning into bare repository '/workspace/cache/git-repos/https%3A%2F%2Fgithub.com%2Fdaduraro%2Fmapserver-server'...
[INFO] running `Command { std: "git" "rev-parse" "HEAD", kill_on_drop: false }`
[INFO] [stdout] 68389d45690ec64ece7b50fc59c5551c7f37bd4f
[INFO] testing daduraro/mapserver-server against 1.54.0 for beta-1.55-1
[INFO] running `Command { std: "git" "clone" "/workspace/cache/git-repos/https%3A%2F%2Fgithub.com%2Fdaduraro%2Fmapserver-server" "/workspace/builds/worker-2/source", kill_on_drop: false }`
[INFO] [stderr] Cloning into '/workspace/builds/worker-2/source'...
[INFO] [stderr] done.
[INFO] validating manifest of git repo https://github.com/daduraro/mapserver-server on toolchain 1.54.0
[INFO] running `Command { std: "/workspace/cargo-home/bin/cargo" "+1.54.0" "metadata" "--manifest-path" "Cargo.toml" "--no-deps", kill_on_drop: false }`
[INFO] started tweaking git repo https://github.com/daduraro/mapserver-server
[INFO] finished tweaking git repo https://github.com/daduraro/mapserver-server
[INFO] tweaked toml for git repo https://github.com/daduraro/mapserver-server written to /workspace/builds/worker-2/source/Cargo.toml
[INFO] crate git repo https://github.com/daduraro/mapserver-server already has a lockfile, it will not be regenerated
[INFO] running `Command { std: "/workspace/cargo-home/bin/cargo" "+1.54.0" "fetch" "--manifest-path" "Cargo.toml", kill_on_drop: false }`
[INFO] [stderr]     Blocking waiting for file lock on package cache
[INFO] [stderr]  Downloading crates ...
[INFO] [stderr]   Downloaded buf-min v0.1.1
[INFO] [stderr]   Downloaded actix-files v0.3.0
[INFO] [stderr]   Downloaded v_htmlescape v0.10.2
[INFO] [stderr]   Downloaded v_escape_derive v0.8.2
[INFO] [stderr]   Downloaded v_escape v0.13.0
[INFO] [stderr]   Downloaded libsqlite3-sys v0.12.0
[INFO] running `Command { std: "docker" "create" "-v" "/var/lib/crater-agent-workspace/builds/worker-2/target:/opt/rustwide/target:rw,Z" "-v" "/var/lib/crater-agent-workspace/builds/worker-2/source:/opt/rustwide/workdir:ro,Z" "-v" "/var/lib/crater-agent-workspace/cargo-home:/opt/rustwide/cargo-home:ro,Z" "-v" "/var/lib/crater-agent-workspace/rustup-home:/opt/rustwide/rustup-home:ro,Z" "-e" "SOURCE_DIR=/opt/rustwide/workdir" "-e" "CARGO_TARGET_DIR=/opt/rustwide/target" "-e" "CARGO_HOME=/opt/rustwide/cargo-home" "-e" "RUSTUP_HOME=/opt/rustwide/rustup-home" "-w" "/opt/rustwide/workdir" "-m" "1610612736" "--user" "0:0" "--network" "none" "ghcr.io/rust-lang/crates-build-env/linux@sha256:34b6a614d2c27851fe6cbf88fbd1137609cefab8b10d0615aaeb6fd47975d74e" "/opt/rustwide/cargo-home/bin/cargo" "+1.54.0" "metadata" "--no-deps" "--format-version=1", kill_on_drop: false }`
[INFO] [stdout] d0066ad6860cae3586ead8bf49b92e7a12912cb9c44cdd3da5c0d61dfbd59b6b
[INFO] [stderr] WARNING: Your kernel does not support swap limit capabilities or the cgroup is not mounted. Memory limited without swap.
[INFO] running `Command { std: "docker" "start" "-a" "d0066ad6860cae3586ead8bf49b92e7a12912cb9c44cdd3da5c0d61dfbd59b6b", kill_on_drop: false }`
[INFO] running `Command { std: "docker" "inspect" "d0066ad6860cae3586ead8bf49b92e7a12912cb9c44cdd3da5c0d61dfbd59b6b", kill_on_drop: false }`
[INFO] running `Command { std: "docker" "rm" "-f" "d0066ad6860cae3586ead8bf49b92e7a12912cb9c44cdd3da5c0d61dfbd59b6b", kill_on_drop: false }`
[INFO] [stdout] d0066ad6860cae3586ead8bf49b92e7a12912cb9c44cdd3da5c0d61dfbd59b6b
[INFO] running `Command { std: "docker" "create" "-v" "/var/lib/crater-agent-workspace/builds/worker-2/target:/opt/rustwide/target:rw,Z" "-v" "/var/lib/crater-agent-workspace/builds/worker-2/source:/opt/rustwide/workdir:ro,Z" "-v" "/var/lib/crater-agent-workspace/cargo-home:/opt/rustwide/cargo-home:ro,Z" "-v" "/var/lib/crater-agent-workspace/rustup-home:/opt/rustwide/rustup-home:ro,Z" "-e" "SOURCE_DIR=/opt/rustwide/workdir" "-e" "CARGO_TARGET_DIR=/opt/rustwide/target" "-e" "CARGO_INCREMENTAL=0" "-e" "RUST_BACKTRACE=full" "-e" "RUSTFLAGS=--cap-lints=warn" "-e" "CARGO_HOME=/opt/rustwide/cargo-home" "-e" "RUSTUP_HOME=/opt/rustwide/rustup-home" "-w" "/opt/rustwide/workdir" "-m" "1610612736" "--user" "0:0" "--network" "none" "ghcr.io/rust-lang/crates-build-env/linux@sha256:34b6a614d2c27851fe6cbf88fbd1137609cefab8b10d0615aaeb6fd47975d74e" "/opt/rustwide/cargo-home/bin/cargo" "+1.54.0" "build" "--frozen" "--message-format=json", kill_on_drop: false }`
[INFO] [stderr] WARNING: Your kernel does not support swap limit capabilities or the cgroup is not mounted. Memory limited without swap.
[INFO] [stdout] d02a69feed38387a110ee90ed3960f37ad399493a461f4774893a0d28e9ce931
[INFO] running `Command { std: "docker" "start" "-a" "d02a69feed38387a110ee90ed3960f37ad399493a461f4774893a0d28e9ce931", kill_on_drop: false }`
[INFO] [stderr]     Blocking waiting for file lock on package cache
[INFO] [stderr]    Compiling proc-macro2 v1.0.21
[INFO] [stderr]    Compiling syn v1.0.41
[INFO] [stderr]    Compiling libc v0.2.77
[INFO] [stderr]    Compiling instant v0.1.6
[INFO] [stderr]    Compiling cc v1.0.60
[INFO] [stderr]    Compiling serde_derive v1.0.116
[INFO] [stderr]    Compiling gimli v0.22.0
[INFO] [stderr]    Compiling serde v1.0.116
[INFO] [stderr]    Compiling object v0.20.0
[INFO] [stderr]    Compiling const_fn v0.4.2
[INFO] [stderr]    Compiling linked-hash-map v0.5.3
[INFO] [stderr]    Compiling encoding_rs v0.8.24
[INFO] [stderr]    Compiling hashbrown v0.9.0
[INFO] [stderr]    Compiling v_escape v0.13.0
[INFO] [stderr]    Compiling v_htmlescape v0.10.2
[INFO] [stderr]    Compiling standback v0.2.10
[INFO] [stderr]    Compiling time v0.2.20
[INFO] [stderr]    Compiling cookie v0.14.2
[INFO] [stderr]    Compiling tracing-core v0.1.16
[INFO] [stderr]    Compiling buf-min v0.1.1
[INFO] [stderr]    Compiling bytestring v0.1.5
[INFO] [stderr]    Compiling futures-task v0.3.5
[INFO] [stderr]    Compiling lock_api v0.4.1
[INFO] [stderr]    Compiling miniz_oxide v0.4.2
[INFO] [stderr]    Compiling lru-cache v0.1.2
[INFO] [stderr]    Compiling aho-corasick v0.7.13
[INFO] [stderr]    Compiling tracing v0.1.19
[INFO] [stderr]    Compiling indexmap v1.6.0
[INFO] [stderr]    Compiling fxhash v0.2.1
[INFO] [stderr]    Compiling nom v4.2.3
[INFO] [stderr]    Compiling quote v1.0.7
[INFO] [stderr]    Compiling brotli-sys v0.3.2
[INFO] [stderr]    Compiling libsqlite3-sys v0.12.0
[INFO] [stderr]    Compiling regex v1.3.9
[INFO] [stderr]    Compiling net2 v0.2.35
[INFO] [stderr]    Compiling iovec v0.1.4
[INFO] [stderr]    Compiling signal-hook-registry v1.2.1
[INFO] [stderr]    Compiling parking_lot_core v0.8.0
[INFO] [stderr]    Compiling num_cpus v1.13.0
[INFO] [stderr]    Compiling getrandom v0.1.15
[INFO] [stderr]    Compiling hostname v0.3.1
[INFO] [stderr]    Compiling socket2 v0.3.15
[INFO] [stderr]    Compiling atty v0.2.14
[INFO] [stderr]    Compiling mio v0.6.22
[INFO] [stderr]    Compiling resolv-conf v0.6.3
[INFO] [stderr]    Compiling rand_core v0.5.1
[INFO] [stderr]    Compiling threadpool v1.8.1
[INFO] [stderr]    Compiling parking_lot v0.11.0
[INFO] [stderr]    Compiling flate2 v1.0.17
[INFO] [stderr]    Compiling addr2line v0.13.0
[INFO] [stderr]    Compiling rand_chacha v0.2.2
[INFO] [stderr]    Compiling scheduled-thread-pool v0.2.5
[INFO] [stderr]    Compiling env_logger v0.7.1
[INFO] [stderr]    Compiling mio-uds v0.6.8
[INFO] [stderr]    Compiling backtrace v0.3.50
[INFO] [stderr]    Compiling rand v0.7.3
[INFO] [stderr]    Compiling r2d2 v0.8.9
[INFO] [stderr]    Compiling tokio v0.2.22
[INFO] [stderr]    Compiling synstructure v0.12.4
[INFO] [stderr]    Compiling tokio-util v0.3.1
[INFO] [stderr]    Compiling brotli2 v0.3.2
[INFO] [stderr]    Compiling pin-project-internal v0.4.23
[INFO] [stderr]    Compiling futures-macro v0.3.5
[INFO] [stderr]    Compiling derive_more v0.99.10
[INFO] [stderr]    Compiling actix-macros v0.1.2
[INFO] [stderr]    Compiling thiserror-impl v1.0.20
[INFO] [stderr]    Compiling enum-as-inner v0.3.3
[INFO] [stderr]    Compiling async-trait v0.1.40
[INFO] [stderr]    Compiling time-macros-impl v0.1.1
[INFO] [stderr]    Compiling v_escape_derive v0.8.2
[INFO] [stderr]    Compiling actix-web-codegen v0.3.0
[INFO] [stderr]    Compiling diesel_derives v1.4.1
[INFO] [stderr]    Compiling failure_derive v0.1.8
[INFO] [stderr]    Compiling time-macros v0.1.0
[INFO] [stderr]    Compiling failure v0.1.8
[INFO] [stderr]    Compiling thiserror v1.0.20
[INFO] [stderr]    Compiling pin-project v0.4.23
[INFO] [stderr]    Compiling futures-util v0.3.5
[INFO] [stderr]    Compiling actix-codec v0.3.0
[INFO] [stderr]    Compiling actix-threadpool v0.3.3
[INFO] [stderr]    Compiling actix-rt v1.1.1
[INFO] [stderr]    Compiling actix-service v1.0.6
[INFO] [stderr]    Compiling futures-executor v0.3.5
[INFO] [stderr]    Compiling h2 v0.2.6
[INFO] [stderr]    Compiling futures v0.3.5
[INFO] [stderr]    Compiling trust-dns-proto v0.19.5
[INFO] [stderr]    Compiling actix-utils v2.0.0
[INFO] [stderr]    Compiling actix-server v1.0.4
[INFO] [stderr]    Compiling actix-tls v2.0.0
[INFO] [stderr]    Compiling serde_json v1.0.57
[INFO] [stderr]    Compiling serde_urlencoded v0.6.1
[INFO] [stderr]    Compiling actix-router v0.2.4
[INFO] [stderr]    Compiling actix-testing v1.0.1
[INFO] [stderr]    Compiling trust-dns-resolver v0.19.5
[INFO] [stderr]    Compiling actix-connect v2.0.0
[INFO] [stderr]    Compiling diesel v1.4.5
[INFO] [stderr]    Compiling actix-http v2.0.0
[INFO] [stderr]    Compiling awc v2.0.0
[INFO] [stderr]    Compiling actix-web v3.0.2
[INFO] [stderr]    Compiling actix-files v0.3.0
[INFO] [stderr]    Compiling mapserver v0.0.1 (/opt/rustwide/workdir)
[INFO] [stdout] error[E0583]: file not found for module `schema`
[INFO] [stdout]  --> src/db/mod.rs:4:1
[INFO] [stdout]   |
[INFO] [stdout] 4 | pub mod schema;
[INFO] [stdout]   | ^^^^^^^^^^^^^^^
[INFO] [stdout]   |
[INFO] [stdout]   = help: to create the module `schema`, create file "src/db/schema.rs" or "src/db/schema/mod.rs"
[INFO] [stdout] 
[INFO] [stdout] 
[INFO] [stdout] error[E0433]: failed to resolve: could not find `maps` in `schema`
[INFO] [stdout]   --> src/db/actions.rs:12:24
[INFO] [stdout]    |
[INFO] [stdout] 12 |     use super::schema::maps::dsl::*;
[INFO] [stdout]    |                        ^^^^ could not find `maps` in `schema`
[INFO] [stdout] 
[INFO] [stdout] 
[INFO] [stdout] error[E0433]: failed to resolve: could not find `points` in `schema`
[INFO] [stdout]   --> src/db/actions.rs:25:24
[INFO] [stdout]    |
[INFO] [stdout] 25 |     use super::schema::points::dsl::*;
[INFO] [stdout]    |                        ^^^^^^ could not find `points` in `schema`
[INFO] [stdout] 
[INFO] [stdout] 
[INFO] [stdout] error[E0433]: failed to resolve: could not find `points` in `schema`
[INFO] [stdout]   --> src/db/actions.rs:35:24
[INFO] [stdout]    |
[INFO] [stdout] 35 |     use super::schema::points::dsl::*;
[INFO] [stdout]    |                        ^^^^^^ could not find `points` in `schema`
[INFO] [stdout] 
[INFO] [stdout] 
[INFO] [stdout] error[E0432]: unresolved import `super::db::schema::points`
[INFO] [stdout]  --> src/models.rs:5:5
[INFO] [stdout]   |
[INFO] [stdout] 5 | use super::db::schema::points;
[INFO] [stdout]   |     ^^^^^^^^^^^^^^^^^^^^^^^^^ no `points` in `db::schema`
[INFO] [stdout] 
[INFO] [stdout] 
[INFO] [stdout] error[E0433]: failed to resolve: use of undeclared crate or module `points`
[INFO] [stdout]   --> src/db/actions.rs:44:5
[INFO] [stdout]    |
[INFO] [stdout] 44 |     points::table.inner_join(maps::table)
[INFO] [stdout]    |     ^^^^^^ use of undeclared crate or module `points`
[INFO] [stdout] 
[INFO] [stdout] 
[INFO] [stdout] error[E0433]: failed to resolve: use of undeclared crate or module `maps`
[INFO] [stdout]   --> src/db/actions.rs:44:30
[INFO] [stdout]    |
[INFO] [stdout] 44 |     points::table.inner_join(maps::table)
[INFO] [stdout]    |                              ^^^^ use of undeclared crate or module `maps`
[INFO] [stdout] 
[INFO] [stdout] 
[INFO] [stdout] error[E0433]: failed to resolve: use of undeclared crate or module `maps`
[INFO] [stdout]   --> src/db/actions.rs:45:17
[INFO] [stdout]    |
[INFO] [stdout] 45 |         .filter(maps::keystr.eq(map_key))
[INFO] [stdout]    |                 ^^^^ use of undeclared crate or module `maps`
[INFO] [stdout] 
[INFO] [stdout] 
[INFO] [stdout] error[E0433]: failed to resolve: use of undeclared crate or module `points`
[INFO] [stdout]   --> src/db/actions.rs:53:20
[INFO] [stdout]    |
[INFO] [stdout] 53 |     diesel::delete(points::table
[INFO] [stdout]    |                    ^^^^^^ use of undeclared crate or module `points`
[INFO] [stdout] 
[INFO] [stdout] 
[INFO] [stdout] error[E0433]: failed to resolve: use of undeclared crate or module `points`
[INFO] [stdout]   --> src/db/actions.rs:54:17
[INFO] [stdout]    |
[INFO] [stdout] 54 |         .filter(points::id.eq(id))
[INFO] [stdout]    |                 ^^^^^^ use of undeclared crate or module `points`
[INFO] [stdout] 
[INFO] [stdout] 
[INFO] [stdout] error[E0433]: failed to resolve: use of undeclared crate or module `points`
[INFO] [stdout]   --> src/db/actions.rs:55:17
[INFO] [stdout]    |
[INFO] [stdout] 55 |         .filter(points::mapid.eq_any( maps::table.filter(maps::keystr.eq(&map_key)).select(maps::id) ))
[INFO] [stdout]    |                 ^^^^^^ use of undeclared crate or module `points`
[INFO] [stdout] 
[INFO] [stdout] 
[INFO] [stdout] error[E0433]: failed to resolve: use of undeclared crate or module `maps`
[INFO] [stdout]   --> src/db/actions.rs:55:39
[INFO] [stdout]    |
[INFO] [stdout] 55 |         .filter(points::mapid.eq_any( maps::table.filter(maps::keystr.eq(&map_key)).select(maps::id) ))
[INFO] [stdout]    |                                       ^^^^ use of undeclared crate or module `maps`
[INFO] [stdout] 
[INFO] [stdout] 
[INFO] [stdout] error[E0433]: failed to resolve: use of undeclared crate or module `maps`
[INFO] [stdout]   --> src/db/actions.rs:55:58
[INFO] [stdout]    |
[INFO] [stdout] 55 |         .filter(points::mapid.eq_any( maps::table.filter(maps::keystr.eq(&map_key)).select(maps::id) ))
[INFO] [stdout]    |                                                          ^^^^ use of undeclared crate or module `maps`
[INFO] [stdout] 
[INFO] [stdout] 
[INFO] [stdout] error[E0433]: failed to resolve: use of undeclared crate or module `maps`
[INFO] [stdout]   --> src/db/actions.rs:55:92
[INFO] [stdout]    |
[INFO] [stdout] 55 |         .filter(points::mapid.eq_any( maps::table.filter(maps::keystr.eq(&map_key)).select(maps::id) ))
[INFO] [stdout]    |                                                                                            ^^^^ use of undeclared crate or module `maps`
[INFO] [stdout] 
[INFO] [stdout] 
[INFO] [stdout] error[E0433]: failed to resolve: use of undeclared crate or module `points`
[INFO] [stdout]   --> src/db/actions.rs:63:20
[INFO] [stdout]    |
[INFO] [stdout] 63 |     diesel::update(points::table
[INFO] [stdout]    |                    ^^^^^^ use of undeclared crate or module `points`
[INFO] [stdout] 
[INFO] [stdout] 
[INFO] [stdout] error[E0433]: failed to resolve: use of undeclared crate or module `points`
[INFO] [stdout]   --> src/db/actions.rs:64:17
[INFO] [stdout]    |
[INFO] [stdout] 64 |         .filter(points::id.eq(req.id))
[INFO] [stdout]    |                 ^^^^^^ use of undeclared crate or module `points`
[INFO] [stdout] 
[INFO] [stdout] 
[INFO] [stdout] error[E0433]: failed to resolve: use of undeclared crate or module `points`
[INFO] [stdout]   --> src/db/actions.rs:65:17
[INFO] [stdout]    |
[INFO] [stdout] 65 |         .filter(points::mapid.eq_any( maps::table.filter(maps::keystr.eq(&map_key)).select(maps::id) ))
[INFO] [stdout]    |                 ^^^^^^ use of undeclared crate or module `points`
[INFO] [stdout] 
[INFO] [stdout] 
[INFO] [stdout] error[E0433]: failed to resolve: use of undeclared crate or module `maps`
[INFO] [stdout]   --> src/db/actions.rs:65:39
[INFO] [stdout]    |
[INFO] [stdout] 65 |         .filter(points::mapid.eq_any( maps::table.filter(maps::keystr.eq(&map_key)).select(maps::id) ))
[INFO] [stdout]    |                                       ^^^^ use of undeclared crate or module `maps`
[INFO] [stdout] 
[INFO] [stdout] 
[INFO] [stdout] error[E0433]: failed to resolve: use of undeclared crate or module `maps`
[INFO] [stdout]   --> src/db/actions.rs:65:58
[INFO] [stdout]    |
[INFO] [stdout] 65 |         .filter(points::mapid.eq_any( maps::table.filter(maps::keystr.eq(&map_key)).select(maps::id) ))
[INFO] [stdout]    |                                                          ^^^^ use of undeclared crate or module `maps`
[INFO] [stdout] 
[INFO] [stdout] 
[INFO] [stdout] error[E0433]: failed to resolve: use of undeclared crate or module `maps`
[INFO] [stdout]   --> src/db/actions.rs:65:92
[INFO] [stdout]    |
[INFO] [stdout] 65 |         .filter(points::mapid.eq_any( maps::table.filter(maps::keystr.eq(&map_key)).select(maps::id) ))
[INFO] [stdout]    |                                                                                            ^^^^ use of undeclared crate or module `maps`
[INFO] [stdout] 
[INFO] [stdout] 
[INFO] [stdout] error[E0425]: cannot find value `maps` in this scope
[INFO] [stdout]   --> src/db/actions.rs:14:15
[INFO] [stdout]    |
[INFO] [stdout] 14 |     let map = maps
[INFO] [stdout]    |               ^^^^ not found in this scope
[INFO] [stdout] 
[INFO] [stdout] 
[INFO] [stdout] error[E0425]: cannot find value `keystr` in this scope
[INFO] [stdout]   --> src/db/actions.rs:15:17
[INFO] [stdout]    |
[INFO] [stdout] 15 |         .filter(keystr.eq(req))
[INFO] [stdout]    |                 ^^^^^^ not found in this scope
[INFO] [stdout] 
[INFO] [stdout] 
[INFO] [stdout] error[E0425]: cannot find value `points` in this scope
[INFO] [stdout]   --> src/db/actions.rs:26:27
[INFO] [stdout]    |
[INFO] [stdout] 26 |     if let Some(max_id) = points.select(max(id)).first::<Option<i32>>(conn)? {
[INFO] [stdout]    |                           ^^^^^^ not found in this scope
[INFO] [stdout] 
[INFO] [stdout] 
[INFO] [stdout] error[E0425]: cannot find value `id` in this scope
[INFO] [stdout]   --> src/db/actions.rs:26:45
[INFO] [stdout]    |
[INFO] [stdout] 26 |     if let Some(max_id) = points.select(max(id)).first::<Option<i32>>(conn)? {
[INFO] [stdout]    |                                             ^^ not found in this scope
[INFO] [stdout]    |
[INFO] [stdout] help: consider importing this function
[INFO] [stdout]    |
[INFO] [stdout] 1  | use std::process::id;
[INFO] [stdout]    |
[INFO] [stdout] 
[INFO] [stdout] 
[INFO] [stdout] error[E0425]: cannot find value `points` in this scope
[INFO] [stdout]   --> src/db/actions.rs:36:25
[INFO] [stdout]    |
[INFO] [stdout] 36 |     diesel::insert_into(points).values(point).execute(conn)?;
[INFO] [stdout]    |                         ^^^^^^ help: a local variable with a similar name exists: `point`
[INFO] [stdout] 
[INFO] [stdout] 
[INFO] [stdout] warning: unused import: `super::schema::*`
[INFO] [stdout]   --> src/db/actions.rs:42:9
[INFO] [stdout]    |
[INFO] [stdout] 42 |     use super::schema::*;
[INFO] [stdout]    |         ^^^^^^^^^^^^^^^^
[INFO] [stdout]    |
[INFO] [stdout]    = note: `#[warn(unused_imports)]` on by default
[INFO] [stdout] 
[INFO] [stdout] 
[INFO] [stdout] warning: unused import: `super::schema::*`
[INFO] [stdout]   --> src/db/actions.rs:52:9
[INFO] [stdout]    |
[INFO] [stdout] 52 |     use super::schema::*;
[INFO] [stdout]    |         ^^^^^^^^^^^^^^^^
[INFO] [stdout] 
[INFO] [stdout] 
[INFO] [stdout] warning: unused import: `super::schema::*`
[INFO] [stdout]   --> src/db/actions.rs:62:9
[INFO] [stdout]    |
[INFO] [stdout] 62 |     use super::schema::*;
[INFO] [stdout]    |         ^^^^^^^^^^^^^^^^
[INFO] [stdout] 
[INFO] [stdout] 
[INFO] [stdout] error: aborting due to 25 previous errors; 3 warnings emitted
[INFO] [stdout] 
[INFO] [stdout] 
[INFO] [stdout] Some errors have detailed explanations: E0425, E0432, E0433, E0583.
[INFO] [stdout] 
[INFO] [stdout] For more information about an error, try `rustc --explain E0425`.
[INFO] [stdout] 
[INFO] [stderr] error: could not compile `mapserver`
[INFO] [stderr] 
[INFO] [stderr] To learn more, run the command again with --verbose.
[INFO] running `Command { std: "docker" "inspect" "d02a69feed38387a110ee90ed3960f37ad399493a461f4774893a0d28e9ce931", kill_on_drop: false }`
[INFO] running `Command { std: "docker" "rm" "-f" "d02a69feed38387a110ee90ed3960f37ad399493a461f4774893a0d28e9ce931", kill_on_drop: false }`
[INFO] [stdout] d02a69feed38387a110ee90ed3960f37ad399493a461f4774893a0d28e9ce931
