[INFO] cloning repository https://github.com/d1ff/truepositive-assistant
[INFO] running `Command { std: "git" "-c" "credential.helper=" "-c" "credential.helper=/workspace/cargo-home/bin/git-credential-null" "clone" "--bare" "https://github.com/d1ff/truepositive-assistant" "/workspace/cache/git-repos/https%3A%2F%2Fgithub.com%2Fd1ff%2Ftruepositive-assistant", kill_on_drop: false }`
[INFO] [stderr] Cloning into bare repository '/workspace/cache/git-repos/https%3A%2F%2Fgithub.com%2Fd1ff%2Ftruepositive-assistant'...
[INFO] running `Command { std: "git" "rev-parse" "HEAD", kill_on_drop: false }`
[INFO] [stdout] 8ddbc23a47afa689c0d1892b50cba7328d014891
[INFO] testing d1ff/truepositive-assistant against 1.54.0 for beta-1.55-1
[INFO] running `Command { std: "git" "clone" "/workspace/cache/git-repos/https%3A%2F%2Fgithub.com%2Fd1ff%2Ftruepositive-assistant" "/workspace/builds/worker-7/source", kill_on_drop: false }`
[INFO] [stderr] Cloning into '/workspace/builds/worker-7/source'...
[INFO] [stderr] done.
[INFO] validating manifest of git repo https://github.com/d1ff/truepositive-assistant on toolchain 1.54.0
[INFO] running `Command { std: "/workspace/cargo-home/bin/cargo" "+1.54.0" "metadata" "--manifest-path" "Cargo.toml" "--no-deps", kill_on_drop: false }`
[INFO] started tweaking git repo https://github.com/d1ff/truepositive-assistant
[INFO] finished tweaking git repo https://github.com/d1ff/truepositive-assistant
[INFO] tweaked toml for git repo https://github.com/d1ff/truepositive-assistant written to /workspace/builds/worker-7/source/Cargo.toml
[INFO] crate git repo https://github.com/d1ff/truepositive-assistant already has a lockfile, it will not be regenerated
[INFO] running `Command { std: "/workspace/cargo-home/bin/cargo" "+1.54.0" "fetch" "--manifest-path" "Cargo.toml", kill_on_drop: false }`
[INFO] running `Command { std: "docker" "create" "-v" "/var/lib/crater-agent-workspace/builds/worker-7/target:/opt/rustwide/target:rw,Z" "-v" "/var/lib/crater-agent-workspace/builds/worker-7/source:/opt/rustwide/workdir:ro,Z" "-v" "/var/lib/crater-agent-workspace/cargo-home:/opt/rustwide/cargo-home:ro,Z" "-v" "/var/lib/crater-agent-workspace/rustup-home:/opt/rustwide/rustup-home:ro,Z" "-e" "SOURCE_DIR=/opt/rustwide/workdir" "-e" "CARGO_TARGET_DIR=/opt/rustwide/target" "-e" "CARGO_HOME=/opt/rustwide/cargo-home" "-e" "RUSTUP_HOME=/opt/rustwide/rustup-home" "-w" "/opt/rustwide/workdir" "-m" "1610612736" "--user" "0:0" "--network" "none" "ghcr.io/rust-lang/crates-build-env/linux@sha256:34b6a614d2c27851fe6cbf88fbd1137609cefab8b10d0615aaeb6fd47975d74e" "/opt/rustwide/cargo-home/bin/cargo" "+1.54.0" "metadata" "--no-deps" "--format-version=1", kill_on_drop: false }`
[INFO] [stdout] 785f3a0b1c5e18f2e87e8b7eee75213ee9f299c8b88211d2412bb465bc61b363
[INFO] [stderr] WARNING: Your kernel does not support swap limit capabilities or the cgroup is not mounted. Memory limited without swap.
[INFO] running `Command { std: "docker" "start" "-a" "785f3a0b1c5e18f2e87e8b7eee75213ee9f299c8b88211d2412bb465bc61b363", kill_on_drop: false }`
[INFO] running `Command { std: "docker" "inspect" "785f3a0b1c5e18f2e87e8b7eee75213ee9f299c8b88211d2412bb465bc61b363", kill_on_drop: false }`
[INFO] running `Command { std: "docker" "rm" "-f" "785f3a0b1c5e18f2e87e8b7eee75213ee9f299c8b88211d2412bb465bc61b363", kill_on_drop: false }`
[INFO] [stdout] 785f3a0b1c5e18f2e87e8b7eee75213ee9f299c8b88211d2412bb465bc61b363
[INFO] running `Command { std: "docker" "create" "-v" "/var/lib/crater-agent-workspace/builds/worker-7/target:/opt/rustwide/target:rw,Z" "-v" "/var/lib/crater-agent-workspace/builds/worker-7/source:/opt/rustwide/workdir:ro,Z" "-v" "/var/lib/crater-agent-workspace/cargo-home:/opt/rustwide/cargo-home:ro,Z" "-v" "/var/lib/crater-agent-workspace/rustup-home:/opt/rustwide/rustup-home:ro,Z" "-e" "SOURCE_DIR=/opt/rustwide/workdir" "-e" "CARGO_TARGET_DIR=/opt/rustwide/target" "-e" "CARGO_INCREMENTAL=0" "-e" "RUST_BACKTRACE=full" "-e" "RUSTFLAGS=--cap-lints=warn" "-e" "CARGO_HOME=/opt/rustwide/cargo-home" "-e" "RUSTUP_HOME=/opt/rustwide/rustup-home" "-w" "/opt/rustwide/workdir" "-m" "1610612736" "--user" "0:0" "--network" "none" "ghcr.io/rust-lang/crates-build-env/linux@sha256:34b6a614d2c27851fe6cbf88fbd1137609cefab8b10d0615aaeb6fd47975d74e" "/opt/rustwide/cargo-home/bin/cargo" "+1.54.0" "build" "--frozen" "--message-format=json", kill_on_drop: false }`
[INFO] [stderr] WARNING: Your kernel does not support swap limit capabilities or the cgroup is not mounted. Memory limited without swap.
[INFO] [stdout] c6bd55c3e89f87337f963b932350d32cfcf7e067a9774baa678dfc764b1f36ac
[INFO] running `Command { std: "docker" "start" "-a" "c6bd55c3e89f87337f963b932350d32cfcf7e067a9774baa678dfc764b1f36ac", kill_on_drop: false }`
[INFO] [stderr]    Compiling log v0.4.8
[INFO] [stderr]    Compiling adler v0.2.2
[INFO] [stderr]    Compiling parking v1.0.4
[INFO] [stderr]    Compiling waker-fn v1.0.0
[INFO] [stderr]    Compiling syn v0.15.44
[INFO] [stderr]    Compiling fastrand v1.3.3
[INFO] [stderr]    Compiling async-task v3.0.0
[INFO] [stderr]    Compiling cpuid-bool v0.1.0
[INFO] [stderr]    Compiling case v1.0.0
[INFO] [stderr]    Compiling num-traits v0.2.12
[INFO] [stderr]    Compiling tracing-core v0.1.10
[INFO] [stderr]    Compiling bytestring v0.1.5
[INFO] [stderr]    Compiling ring v0.16.15
[INFO] [stderr]    Compiling brotli-sys v0.3.2
[INFO] [stderr]    Compiling generic-array v0.14.2
[INFO] [stderr]    Compiling hashbrown v0.6.3
[INFO] [stderr]    Compiling error-chain v0.12.2
[INFO] [stderr]    Compiling ttl_cache v0.5.1
[INFO] [stderr]    Compiling concurrent-queue v1.1.1
[INFO] [stderr]    Compiling paste v0.1.18
[INFO] [stderr]    Compiling miniz_oxide v0.4.0
[INFO] [stderr]    Compiling signal-hook-registry v1.2.0
[INFO] [stderr]    Compiling socket2 v0.3.12
[INFO] [stderr]    Compiling hostname v0.3.1
[INFO] [stderr]    Compiling memchr v0.1.11
[INFO] [stderr]    Compiling bstr v0.2.13
[INFO] [stderr]    Compiling quote v0.6.13
[INFO] [stderr]    Compiling threadpool v1.8.1
[INFO] [stderr]    Compiling const-random-macro v0.1.8
[INFO] [stderr]    Compiling clap v2.33.1
[INFO] [stderr]    Compiling rand v0.6.5
[INFO] [stderr]    Compiling thread-id v2.0.0
[INFO] [stderr]    Compiling tokio-macros v0.2.5
[INFO] [stderr]    Compiling actix-macros v0.1.2
[INFO] [stderr]    Compiling synstructure v0.12.4
[INFO] [stderr]    Compiling enum-as-inner v0.3.2
[INFO] [stderr]    Compiling tracing-attributes v0.1.8
[INFO] [stderr]    Compiling actix-web-codegen v0.2.2
[INFO] [stderr]    Compiling aho-corasick v0.5.3
[INFO] [stderr]    Compiling resolv-conf v0.6.3
[INFO] [stderr]    Compiling thread_local v0.2.7
[INFO] [stderr]    Compiling proc-macro-error-attr v1.0.3
[INFO] [stderr]    Compiling block-buffer v0.9.0
[INFO] [stderr]    Compiling digest v0.9.0
[INFO] [stderr]    Compiling backtrace v0.3.50
[INFO] [stderr]    Compiling flate2 v1.0.16
[INFO] [stderr]    Compiling mio v0.6.22
[INFO] [stderr]    Compiling actix-threadpool v0.3.2
[INFO] [stderr]    Compiling want v0.3.0
[INFO] [stderr]    Compiling log v0.3.9
[INFO] [stderr]    Compiling kv-log-macro v1.0.7
[INFO] [stderr]    Compiling env_logger v0.7.1
[INFO] [stderr]    Compiling globset v0.4.5
[INFO] [stderr]    Compiling const-random v0.1.8
[INFO] [stderr]    Compiling futures-util v0.3.5
[INFO] [stderr]    Compiling url v2.1.1
[INFO] [stderr]    Compiling serde_json v1.0.56
[INFO] [stderr]    Compiling actix-router v0.2.4
[INFO] [stderr]    Compiling uuid v0.8.1
[INFO] [stderr]    Compiling regex v0.1.80
[INFO] [stderr]    Compiling phf_generator v0.7.24
[INFO] [stderr]    Compiling sha2 v0.9.1
[INFO] [stderr]    Compiling num-integer v0.1.43
[INFO] [stderr]    Compiling ordered-float v1.1.0
[INFO] [stderr]    Compiling mio-uds v0.6.8
[INFO] [stderr]    Compiling proc-macro-error v1.0.3
[INFO] [stderr]    Compiling ahash v0.2.18
[INFO] [stderr]    Compiling mime v0.2.6
[INFO] [stderr]    Compiling ignore v0.4.16
[INFO] [stderr]    Compiling phf_codegen v0.7.24
[INFO] [stderr]    Compiling chrono v0.4.13
[INFO] [stderr]    Compiling serde_urlencoded v0.6.1
[INFO] [stderr]    Compiling serde-value v0.5.3
[INFO] [stderr]    Compiling tokio v0.2.21
[INFO] [stderr]    Compiling failure_derive v0.1.8
[INFO] [stderr]    Compiling structopt-derive v0.4.8
[INFO] [stderr]    Compiling mime_guess v1.8.8
[INFO] [stderr]    Compiling emojicons v1.0.1
[INFO] [stderr]    Compiling globwalk v0.8.0
[INFO] [stderr]    Compiling telegram-bot-raw v0.7.0
[INFO] [stderr]    Compiling tracing v0.1.15
[INFO] [stderr]    Compiling lru v0.5.3
[INFO] [stderr]    Compiling tera v1.3.1
[INFO] [stderr]    Compiling brotli2 v0.3.2
[INFO] [stderr]    Compiling tracing-futures v0.2.4
[INFO] [stderr]    Compiling sct v0.6.0
[INFO] [stderr]    Compiling webpki v0.21.3
[INFO] [stderr]    Compiling futures-executor v0.3.5
[INFO] [stderr]    Compiling actix-service v1.0.5
[INFO] [stderr]    Compiling blocking v0.4.6
[INFO] [stderr]    Compiling ct-logs v0.6.0
[INFO] [stderr]    Compiling rustls v0.17.0
[INFO] [stderr]    Compiling rustls v0.16.0
[INFO] [stderr]    Compiling webpki-roots v0.19.0
[INFO] [stderr]    Compiling futures v0.3.5
[INFO] [stderr]    Compiling failure v0.1.8
[INFO] [stderr]    Compiling smol v0.1.18
[INFO] [stderr]    Compiling multipart v0.16.1
[INFO] [stderr]    Compiling async-std v1.6.2
[INFO] [stderr]    Compiling tokio-util v0.3.1
[INFO] [stderr]    Compiling tokio-util v0.2.0
[INFO] [stderr]    Compiling actix-rt v1.1.1
[INFO] [stderr]    Compiling trust-dns-proto v0.18.0-alpha.2
[INFO] [stderr]    Compiling combine v4.2.1
[INFO] [stderr]    Compiling async-socks5 v0.3.1
[INFO] [stderr]    Compiling structopt v0.3.15
[INFO] [stderr]    Compiling rustls-native-certs v0.3.0
[INFO] [stderr]    Compiling tokio-rustls v0.13.1
[INFO] [stderr]    Compiling machine v0.3.0
[INFO] [stderr]    Compiling h2 v0.2.5
[INFO] [stderr]    Compiling rustls-native-certs v0.1.0
[INFO] [stderr]    Compiling tokio-rustls v0.12.3
[INFO] [stderr]    Compiling actix-codec v0.2.0
[INFO] [stderr]    Compiling actix-utils v1.0.6
[INFO] [stderr]    Compiling trust-dns-resolver v0.18.0-alpha.2
[INFO] [stderr]    Compiling actix-server v1.0.3
[INFO] [stderr]    Compiling actix-tls v1.0.0
[INFO] [stderr]    Compiling hyper v0.13.6
[INFO] [stderr]    Compiling actix-testing v1.0.1
[INFO] [stderr]    Compiling actix-connect v1.0.2
[INFO] [stderr]    Compiling actix-http v1.0.1
[INFO] [stderr]    Compiling hyper-rustls v0.20.0
[INFO] [stderr]    Compiling hyper-rustls v0.19.1
[INFO] [stderr]    Compiling redis v0.16.0
[INFO] [stderr]    Compiling telegram-bot v0.7.0
[INFO] [stderr]    Compiling youtrack-rs v0.2.5 (https://github.com/d1ff/youtrack-rs#fd44dade)
[INFO] [stderr]    Compiling reqwest v0.10.6
[INFO] [stderr]    Compiling hyper-socks2 v0.4.3
[INFO] [stderr]    Compiling awc v1.0.1
[INFO] [stderr]    Compiling oauth2 v4.0.0-alpha.1 (https://github.com/ramosbugs/oauth2-rs?branch=main#4c89e464)
[INFO] [stderr]    Compiling actix-web v2.0.0
[INFO] [stderr]    Compiling truepositive-assistant v0.2.2 (/opt/rustwide/workdir)
[INFO] [stdout] error: proc macro panicked
[INFO] [stdout]    --> src/states.rs:71:1
[INFO] [stdout]     |
[INFO] [stdout] 71  | / machine!(
[INFO] [stdout] 72  | |     #[derive(Clone, Debug, Deserialize, Serialize)]
[INFO] [stdout] 73  | |     enum UserState {
[INFO] [stdout] 74  | |         Idle,
[INFO] [stdout] ...   |
[INFO] [stdout] 105 | |     }
[INFO] [stdout] 106 | | );
[INFO] [stdout]     | |__^
[INFO] [stdout]     |
[INFO] [stdout]     = help: message: error writing machine definition: Os { code: 2, kind: NotFound, message: "No such file or directory" }
[INFO] [stdout] 
[INFO] [stdout] 
[INFO] [stdout] error: proc macro panicked
[INFO] [stdout]    --> src/states.rs:108:1
[INFO] [stdout]     |
[INFO] [stdout] 108 | / transitions!(UserState, [
[INFO] [stdout] 109 | |     (Idle, StartBacklog) => InBacklog,
[INFO] [stdout] 110 | |     (InBacklog, StopBacklog) => Idle,
[INFO] [stdout] 111 | |     (InBacklog, BacklogPage) => InBacklog,
[INFO] [stdout] ...   |
[INFO] [stdout] 131 | |     (NewIssueSummaryProjectStreamTypeDesc, Noop) => NewIssueSummaryProjectStreamTypeDesc
[INFO] [stdout] 132 | | ]);
[INFO] [stdout]     | |___^
[INFO] [stdout]     |
[INFO] [stdout]     = help: message: error opening dot file: Os { code: 2, kind: NotFound, message: "No such file or directory" }
[INFO] [stdout] 
[INFO] [stdout] 
[INFO] [stdout] error[E0433]: failed to resolve: use of undeclared type `UserStateMessages`
[INFO] [stdout]    --> src/bot.rs:227:32
[INFO] [stdout]     |
[INFO] [stdout] 227 | ...                   Ok(UserStateMessages::StartBacklog(StartBacklog(
[INFO] [stdout]     |                          ^^^^^^^^^^^^^^^^^ use of undeclared type `UserStateMessages`
[INFO] [stdout] 
[INFO] [stdout] 
[INFO] [stdout] error[E0433]: failed to resolve: use of undeclared type `UserStateMessages`
[INFO] [stdout]    --> src/bot.rs:231:32
[INFO] [stdout]     |
[INFO] [stdout] 231 | ...                   Ok(UserStateMessages::BacklogPage(BacklogPage(params.clone())))
[INFO] [stdout]     |                          ^^^^^^^^^^^^^^^^^ use of undeclared type `UserStateMessages`
[INFO] [stdout] 
[INFO] [stdout] 
[INFO] [stdout] error[E0433]: failed to resolve: use of undeclared type `UserStateMessages`
[INFO] [stdout]    --> src/bot.rs:238:28
[INFO] [stdout]     |
[INFO] [stdout] 238 |                         Ok(UserStateMessages::Noop(Noop {}))
[INFO] [stdout]     |                            ^^^^^^^^^^^^^^^^^ use of undeclared type `UserStateMessages`
[INFO] [stdout] 
[INFO] [stdout] 
[INFO] [stdout] error[E0433]: failed to resolve: use of undeclared type `UserStateMessages`
[INFO] [stdout]    --> src/bot.rs:247:20
[INFO] [stdout]     |
[INFO] [stdout] 247 |                 Ok(UserStateMessages::Noop(Noop {}))
[INFO] [stdout]     |                    ^^^^^^^^^^^^^^^^^ use of undeclared type `UserStateMessages`
[INFO] [stdout] 
[INFO] [stdout] 
[INFO] [stdout] error[E0433]: failed to resolve: use of undeclared type `UserStateMessages`
[INFO] [stdout]    --> src/bot.rs:260:12
[INFO] [stdout]     |
[INFO] [stdout] 260 |         Ok(UserStateMessages::Noop(Noop {}))
[INFO] [stdout]     |            ^^^^^^^^^^^^^^^^^ use of undeclared type `UserStateMessages`
[INFO] [stdout] 
[INFO] [stdout] 
[INFO] [stdout] error[E0433]: failed to resolve: use of undeclared type `UserStateMessages`
[INFO] [stdout]    --> src/bot.rs:282:12
[INFO] [stdout]     |
[INFO] [stdout] 282 |         Ok(UserStateMessages::Noop(Noop {}))
[INFO] [stdout]     |            ^^^^^^^^^^^^^^^^^ use of undeclared type `UserStateMessages`
[INFO] [stdout] 
[INFO] [stdout] 
[INFO] [stdout] error[E0433]: failed to resolve: use of undeclared type `UserStateMessages`
[INFO] [stdout]    --> src/bot.rs:293:12
[INFO] [stdout]     |
[INFO] [stdout] 293 |         Ok(UserStateMessages::CreateNewIssue(CreateNewIssue {}))
[INFO] [stdout]     |            ^^^^^^^^^^^^^^^^^ use of undeclared type `UserStateMessages`
[INFO] [stdout] 
[INFO] [stdout] 
[INFO] [stdout] error[E0433]: failed to resolve: use of undeclared type `UserState`
[INFO] [stdout]    --> src/bot.rs:349:24
[INFO] [stdout]     |
[INFO] [stdout] 349 |             None => Ok(UserState::idle()),
[INFO] [stdout]     |                        ^^^^^^^^^ use of undeclared type `UserState`
[INFO] [stdout] 
[INFO] [stdout] 
[INFO] [stdout] error[E0433]: failed to resolve: use of undeclared type `UserStateMessages`
[INFO] [stdout]    --> src/bot.rs:373:18
[INFO] [stdout]     |
[INFO] [stdout] 373 |             _ => UserStateMessages::Noop(Noop {}),
[INFO] [stdout]     |                  ^^^^^^^^^^^^^^^^^ use of undeclared type `UserStateMessages`
[INFO] [stdout] 
[INFO] [stdout] 
[INFO] [stdout] error[E0433]: failed to resolve: use of undeclared type `UserStateMessages`
[INFO] [stdout]    --> src/bot.rs:388:17
[INFO] [stdout]     |
[INFO] [stdout] 388 |                 UserStateMessages::StopBacklog(StopBacklog {})
[INFO] [stdout]     |                 ^^^^^^^^^^^^^^^^^ use of undeclared type `UserStateMessages`
[INFO] [stdout] 
[INFO] [stdout] 
[INFO] [stdout] error[E0433]: failed to resolve: use of undeclared type `UserStateMessages`
[INFO] [stdout]    --> src/bot.rs:411:29
[INFO] [stdout]     |
[INFO] [stdout] 411 | ...                   UserStateMessages::Noop(Noop {})
[INFO] [stdout]     |                       ^^^^^^^^^^^^^^^^^ use of undeclared type `UserStateMessages`
[INFO] [stdout] 
[INFO] [stdout] 
[INFO] [stdout] error[E0433]: failed to resolve: use of undeclared type `UserStateMessages`
[INFO] [stdout]    --> src/bot.rs:421:25
[INFO] [stdout]     |
[INFO] [stdout] 421 |                         UserStateMessages::StopBacklog(StopBacklog {})
[INFO] [stdout]     |                         ^^^^^^^^^^^^^^^^^ use of undeclared type `UserStateMessages`
[INFO] [stdout] 
[INFO] [stdout] 
[INFO] [stdout] error[E0433]: failed to resolve: use of undeclared type `UserStateMessages`
[INFO] [stdout]    --> src/bot.rs:425:18
[INFO] [stdout]     |
[INFO] [stdout] 425 |             _ => UserStateMessages::Noop(Noop {}),
[INFO] [stdout]     |                  ^^^^^^^^^^^^^^^^^ use of undeclared type `UserStateMessages`
[INFO] [stdout] 
[INFO] [stdout] 
[INFO] [stdout] error[E0433]: failed to resolve: use of undeclared type `UserStateMessages`
[INFO] [stdout]    --> src/bot.rs:447:21
[INFO] [stdout]     |
[INFO] [stdout] 447 |                     UserStateMessages::Noop(Noop {})
[INFO] [stdout]     |                     ^^^^^^^^^^^^^^^^^ use of undeclared type `UserStateMessages`
[INFO] [stdout] 
[INFO] [stdout] 
[INFO] [stdout] error[E0433]: failed to resolve: use of undeclared type `UserStateMessages`
[INFO] [stdout]    --> src/bot.rs:452:17
[INFO] [stdout]     |
[INFO] [stdout] 452 |                 UserStateMessages::Cancel(Cancel {})
[INFO] [stdout]     |                 ^^^^^^^^^^^^^^^^^ use of undeclared type `UserStateMessages`
[INFO] [stdout] 
[INFO] [stdout] 
[INFO] [stdout] error[E0433]: failed to resolve: use of undeclared type `UserStateMessages`
[INFO] [stdout]    --> src/bot.rs:454:18
[INFO] [stdout]     |
[INFO] [stdout] 454 |             _ => UserStateMessages::Noop(Noop {}),
[INFO] [stdout]     |                  ^^^^^^^^^^^^^^^^^ use of undeclared type `UserStateMessages`
[INFO] [stdout] 
[INFO] [stdout] 
[INFO] [stdout] error[E0433]: failed to resolve: use of undeclared type `UserStateMessages`
[INFO] [stdout]    --> src/bot.rs:479:35
[INFO] [stdout]     |
[INFO] [stdout] 479 |                         Err(_) => UserStateMessages::Noop(Noop {}),
[INFO] [stdout]     |                                   ^^^^^^^^^^^^^^^^^ use of undeclared type `UserStateMessages`
[INFO] [stdout] 
[INFO] [stdout] 
[INFO] [stdout] error[E0433]: failed to resolve: use of undeclared type `UserStateMessages`
[INFO] [stdout]    --> src/bot.rs:482:21
[INFO] [stdout]     |
[INFO] [stdout] 482 |                     UserStateMessages::Noop(Noop {})
[INFO] [stdout]     |                     ^^^^^^^^^^^^^^^^^ use of undeclared type `UserStateMessages`
[INFO] [stdout] 
[INFO] [stdout] 
[INFO] [stdout] error[E0433]: failed to resolve: use of undeclared type `UserStateMessages`
[INFO] [stdout]    --> src/bot.rs:487:17
[INFO] [stdout]     |
[INFO] [stdout] 487 |                 UserStateMessages::Cancel(Cancel {})
[INFO] [stdout]     |                 ^^^^^^^^^^^^^^^^^ use of undeclared type `UserStateMessages`
[INFO] [stdout] 
[INFO] [stdout] 
[INFO] [stdout] error[E0433]: failed to resolve: use of undeclared type `UserStateMessages`
[INFO] [stdout]    --> src/bot.rs:489:18
[INFO] [stdout]     |
[INFO] [stdout] 489 |             _ => UserStateMessages::Noop(Noop {}),
[INFO] [stdout]     |                  ^^^^^^^^^^^^^^^^^ use of undeclared type `UserStateMessages`
[INFO] [stdout] 
[INFO] [stdout] 
[INFO] [stdout] error[E0433]: failed to resolve: use of undeclared type `UserStateMessages`
[INFO] [stdout]    --> src/bot.rs:516:25
[INFO] [stdout]     |
[INFO] [stdout] 516 |                         UserStateMessages::Noop(Noop {})
[INFO] [stdout]     |                         ^^^^^^^^^^^^^^^^^ use of undeclared type `UserStateMessages`
[INFO] [stdout] 
[INFO] [stdout] 
[INFO] [stdout] error[E0433]: failed to resolve: use of undeclared type `UserStateMessages`
[INFO] [stdout]    --> src/bot.rs:519:21
[INFO] [stdout]     |
[INFO] [stdout] 519 |                     UserStateMessages::Noop(Noop {})
[INFO] [stdout]     |                     ^^^^^^^^^^^^^^^^^ use of undeclared type `UserStateMessages`
[INFO] [stdout] 
[INFO] [stdout] 
[INFO] [stdout] error[E0433]: failed to resolve: use of undeclared type `UserStateMessages`
[INFO] [stdout]    --> src/bot.rs:524:17
[INFO] [stdout]     |
[INFO] [stdout] 524 |                 UserStateMessages::Cancel(Cancel {})
[INFO] [stdout]     |                 ^^^^^^^^^^^^^^^^^ use of undeclared type `UserStateMessages`
[INFO] [stdout] 
[INFO] [stdout] 
[INFO] [stdout] error[E0433]: failed to resolve: use of undeclared type `UserStateMessages`
[INFO] [stdout]    --> src/bot.rs:526:18
[INFO] [stdout]     |
[INFO] [stdout] 526 |             _ => UserStateMessages::Noop(Noop {}),
[INFO] [stdout]     |                  ^^^^^^^^^^^^^^^^^ use of undeclared type `UserStateMessages`
[INFO] [stdout] 
[INFO] [stdout] 
[INFO] [stdout] error[E0433]: failed to resolve: use of undeclared type `UserStateMessages`
[INFO] [stdout]    --> src/bot.rs:549:25
[INFO] [stdout]     |
[INFO] [stdout] 549 |                         UserStateMessages::Noop(Noop {})
[INFO] [stdout]     |                         ^^^^^^^^^^^^^^^^^ use of undeclared type `UserStateMessages`
[INFO] [stdout] 
[INFO] [stdout] 
[INFO] [stdout] error[E0433]: failed to resolve: use of undeclared type `UserStateMessages`
[INFO] [stdout]    --> src/bot.rs:552:21
[INFO] [stdout]     |
[INFO] [stdout] 552 |                     UserStateMessages::Noop(Noop {})
[INFO] [stdout]     |                     ^^^^^^^^^^^^^^^^^ use of undeclared type `UserStateMessages`
[INFO] [stdout] 
[INFO] [stdout] 
[INFO] [stdout] error[E0433]: failed to resolve: use of undeclared type `UserStateMessages`
[INFO] [stdout]    --> src/bot.rs:557:17
[INFO] [stdout]     |
[INFO] [stdout] 557 |                 UserStateMessages::Cancel(Cancel {})
[INFO] [stdout]     |                 ^^^^^^^^^^^^^^^^^ use of undeclared type `UserStateMessages`
[INFO] [stdout] 
[INFO] [stdout] 
[INFO] [stdout] error[E0433]: failed to resolve: use of undeclared type `UserStateMessages`
[INFO] [stdout]    --> src/bot.rs:559:18
[INFO] [stdout]     |
[INFO] [stdout] 559 |             _ => UserStateMessages::Noop(Noop {}),
[INFO] [stdout]     |                  ^^^^^^^^^^^^^^^^^ use of undeclared type `UserStateMessages`
[INFO] [stdout] 
[INFO] [stdout] 
[INFO] [stdout] error[E0433]: failed to resolve: use of undeclared type `UserStateMessages`
[INFO] [stdout]    --> src/bot.rs:593:21
[INFO] [stdout]     |
[INFO] [stdout] 593 |                     UserStateMessages::Noop(Noop {})
[INFO] [stdout]     |                     ^^^^^^^^^^^^^^^^^ use of undeclared type `UserStateMessages`
[INFO] [stdout] 
[INFO] [stdout] 
[INFO] [stdout] error[E0433]: failed to resolve: use of undeclared type `UserStateMessages`
[INFO] [stdout]    --> src/bot.rs:598:17
[INFO] [stdout]     |
[INFO] [stdout] 598 |                 UserStateMessages::Cancel(Cancel {})
[INFO] [stdout]     |                 ^^^^^^^^^^^^^^^^^ use of undeclared type `UserStateMessages`
[INFO] [stdout] 
[INFO] [stdout] 
[INFO] [stdout] error[E0433]: failed to resolve: use of undeclared type `UserStateMessages`
[INFO] [stdout]    --> src/bot.rs:600:18
[INFO] [stdout]     |
[INFO] [stdout] 600 |             _ => UserStateMessages::Noop(Noop {}),
[INFO] [stdout]     |                  ^^^^^^^^^^^^^^^^^ use of undeclared type `UserStateMessages`
[INFO] [stdout] 
[INFO] [stdout] 
[INFO] [stdout] error[E0433]: failed to resolve: use of undeclared type `UserStateMessages`
[INFO] [stdout]    --> src/bot.rs:650:21
[INFO] [stdout]     |
[INFO] [stdout] 650 |                     UserStateMessages::Save(Save {})
[INFO] [stdout]     |                     ^^^^^^^^^^^^^^^^^ use of undeclared type `UserStateMessages`
[INFO] [stdout] 
[INFO] [stdout] 
[INFO] [stdout] error[E0433]: failed to resolve: use of undeclared type `UserStateMessages`
[INFO] [stdout]    --> src/bot.rs:655:21
[INFO] [stdout]     |
[INFO] [stdout] 655 |                     UserStateMessages::Noop(Noop {})
[INFO] [stdout]     |                     ^^^^^^^^^^^^^^^^^ use of undeclared type `UserStateMessages`
[INFO] [stdout] 
[INFO] [stdout] 
[INFO] [stdout] error[E0433]: failed to resolve: use of undeclared type `UserStateMessages`
[INFO] [stdout]    --> src/bot.rs:660:17
[INFO] [stdout]     |
[INFO] [stdout] 660 |                 UserStateMessages::Cancel(Cancel {})
[INFO] [stdout]     |                 ^^^^^^^^^^^^^^^^^ use of undeclared type `UserStateMessages`
[INFO] [stdout] 
[INFO] [stdout] 
[INFO] [stdout] error[E0433]: failed to resolve: use of undeclared type `UserStateMessages`
[INFO] [stdout]    --> src/bot.rs:662:18
[INFO] [stdout]     |
[INFO] [stdout] 662 |             _ => UserStateMessages::Noop(Noop {}),
[INFO] [stdout]     |                  ^^^^^^^^^^^^^^^^^ use of undeclared type `UserStateMessages`
[INFO] [stdout] 
[INFO] [stdout] 
[INFO] [stdout] error[E0433]: failed to resolve: use of undeclared type `UserStateMessages`
[INFO] [stdout]    --> src/bot.rs:668:12
[INFO] [stdout]     |
[INFO] [stdout] 668 |         Ok(UserStateMessages::Noop(Noop {}))
[INFO] [stdout]     |            ^^^^^^^^^^^^^^^^^ use of undeclared type `UserStateMessages`
[INFO] [stdout] 
[INFO] [stdout] 
[INFO] [stdout] error[E0433]: failed to resolve: use of undeclared type `UserState`
[INFO] [stdout]    --> src/bot.rs:673:13
[INFO] [stdout]     |
[INFO] [stdout] 673 |             UserState,
[INFO] [stdout]     |             ^^^^^^^^^ use of undeclared type `UserState`
[INFO] [stdout]     |
[INFO] [stdout]     = note: this error originates in the macro `proc_macro_call` (in Nightly builds, run with -Z macro-backtrace for more info)
[INFO] [stdout] 
[INFO] [stdout] 
[INFO] [stdout] error[E0433]: failed to resolve: use of undeclared type `UserState`
[INFO] [stdout]    --> src/bot.rs:685:16
[INFO] [stdout]     |
[INFO] [stdout] 685 |         if let UserState::Error = new_state {
[INFO] [stdout]     |                ^^^^^^^^^ use of undeclared type `UserState`
[INFO] [stdout] 
[INFO] [stdout] 
[INFO] [stdout] error[E0433]: failed to resolve: use of undeclared type `UserStateMessages`
[INFO] [stdout]    --> src/states.rs:178:13
[INFO] [stdout]     |
[INFO] [stdout] 178 |             UserStateMessages::$msg($msg($n))
[INFO] [stdout]     |             ^^^^^^^^^^^^^^^^^ use of undeclared type `UserStateMessages`
[INFO] [stdout] ...
[INFO] [stdout] 207 | impl_new_issue_state!(NewIssue, IssueSummary, summary, String);
[INFO] [stdout]     | --------------------------------------------------------------- in this macro invocation
[INFO] [stdout]     |
[INFO] [stdout]     = note: this error originates in the macro `make_forward` (in Nightly builds, run with -Z macro-backtrace for more info)
[INFO] [stdout] 
[INFO] [stdout] 
[INFO] [stdout] error[E0433]: failed to resolve: use of undeclared type `UserStateMessages`
[INFO] [stdout]    --> src/states.rs:183:13
[INFO] [stdout]     |
[INFO] [stdout] 183 |               UserStateMessages::$msg($msg($(self.$f.clone()),*, $n))
[INFO] [stdout]     |               ^^^^^^^^^^^^^^^^^ use of undeclared type `UserStateMessages`
[INFO] [stdout] ...
[INFO] [stdout] 208 | / impl_new_issue_state!(
[INFO] [stdout] 209 | |     NewIssueSummary,
[INFO] [stdout] 210 | |     IssueSummaryProject,
[INFO] [stdout] 211 | |     project,
[INFO] [stdout] 212 | |     Project,
[INFO] [stdout] 213 | |     summary
[INFO] [stdout] 214 | | );
[INFO] [stdout]     | |__- in this macro invocation
[INFO] [stdout]     |
[INFO] [stdout]     = note: this error originates in the macro `make_forward` (in Nightly builds, run with -Z macro-backtrace for more info)
[INFO] [stdout] 
[INFO] [stdout] 
[INFO] [stdout] error[E0433]: failed to resolve: use of undeclared type `UserStateMessages`
[INFO] [stdout]    --> src/states.rs:183:13
[INFO] [stdout]     |
[INFO] [stdout] 183 |               UserStateMessages::$msg($msg($(self.$f.clone()),*, $n))
[INFO] [stdout]     |               ^^^^^^^^^^^^^^^^^ use of undeclared type `UserStateMessages`
[INFO] [stdout] ...
[INFO] [stdout] 215 | / impl_new_issue_state!(
[INFO] [stdout] 216 | |     NewIssueSummaryProject,
[INFO] [stdout] 217 | |     IssueSummaryProjectStream,
[INFO] [stdout] 218 | |     stream,
[INFO] [stdout] ...   |
[INFO] [stdout] 221 | |     project
[INFO] [stdout] 222 | | );
[INFO] [stdout]     | |__- in this macro invocation
[INFO] [stdout]     |
[INFO] [stdout]     = note: this error originates in the macro `make_forward` (in Nightly builds, run with -Z macro-backtrace for more info)
[INFO] [stdout] 
[INFO] [stdout] 
[INFO] [stdout] error[E0433]: failed to resolve: use of undeclared type `UserStateMessages`
[INFO] [stdout]    --> src/states.rs:183:13
[INFO] [stdout]     |
[INFO] [stdout] 183 |               UserStateMessages::$msg($msg($(self.$f.clone()),*, $n))
[INFO] [stdout]     |               ^^^^^^^^^^^^^^^^^ use of undeclared type `UserStateMessages`
[INFO] [stdout] ...
[INFO] [stdout] 223 | / impl_new_issue_state!(
[INFO] [stdout] 224 | |     NewIssueSummaryProjectStream,
[INFO] [stdout] 225 | |     IssueSummaryProjectStreamType,
[INFO] [stdout] 226 | |     issue_type,
[INFO] [stdout] ...   |
[INFO] [stdout] 230 | |     stream
[INFO] [stdout] 231 | | );
[INFO] [stdout]     | |__- in this macro invocation
[INFO] [stdout]     |
[INFO] [stdout]     = note: this error originates in the macro `make_forward` (in Nightly builds, run with -Z macro-backtrace for more info)
[INFO] [stdout] 
[INFO] [stdout] 
[INFO] [stdout] error[E0433]: failed to resolve: use of undeclared type `UserStateMessages`
[INFO] [stdout]    --> src/states.rs:183:13
[INFO] [stdout]     |
[INFO] [stdout] 183 |               UserStateMessages::$msg($msg($(self.$f.clone()),*, $n))
[INFO] [stdout]     |               ^^^^^^^^^^^^^^^^^ use of undeclared type `UserStateMessages`
[INFO] [stdout] ...
[INFO] [stdout] 232 | / impl_new_issue_state!(
[INFO] [stdout] 233 | |     NewIssueSummaryProjectStreamType,
[INFO] [stdout] 234 | |     IssueSummaryProjectStreamTypeDesc,
[INFO] [stdout] 235 | |     desc,
[INFO] [stdout] ...   |
[INFO] [stdout] 240 | |     issue_type
[INFO] [stdout] 241 | | );
[INFO] [stdout]     | |__- in this macro invocation
[INFO] [stdout]     |
[INFO] [stdout]     = note: this error originates in the macro `make_forward` (in Nightly builds, run with -Z macro-backtrace for more info)
[INFO] [stdout] 
[INFO] [stdout] 
[INFO] [stdout] error[E0412]: cannot find type `UserStateMessages` in this scope
[INFO] [stdout]    --> src/bot.rs:144:17
[INFO] [stdout]     |
[INFO] [stdout] 107 | impl Bot {
[INFO] [stdout]     |     - help: you might be missing a type parameter: `<UserStateMessages>`
[INFO] [stdout] ...
[INFO] [stdout] 144 |     ) -> Result<UserStateMessages> {
[INFO] [stdout]     |                 ^^^^^^^^^^^^^^^^^ not found in this scope
[INFO] [stdout] 
[INFO] [stdout] 
[INFO] [stdout] error[E0412]: cannot find type `UserStateMessages` in this scope
[INFO] [stdout]    --> src/bot.rs:192:17
[INFO] [stdout]     |
[INFO] [stdout] 107 | impl Bot {
[INFO] [stdout]     |     - help: you might be missing a type parameter: `<UserStateMessages>`
[INFO] [stdout] ...
[INFO] [stdout] 192 |     ) -> Result<UserStateMessages> {
[INFO] [stdout]     |                 ^^^^^^^^^^^^^^^^^ not found in this scope
[INFO] [stdout] 
[INFO] [stdout] 
[INFO] [stdout] error[E0412]: cannot find type `UserStateMessages` in this scope
[INFO] [stdout]    --> src/bot.rs:252:59
[INFO] [stdout]     |
[INFO] [stdout] 107 | impl Bot {
[INFO] [stdout]     |     - help: you might be missing a type parameter: `<UserStateMessages>`
[INFO] [stdout] ...
[INFO] [stdout] 252 |     async fn handle_start(&self, msg: &Message) -> Result<UserStateMessages> {
[INFO] [stdout]     |                                                           ^^^^^^^^^^^^^^^^^ not found in this scope
[INFO] [stdout] 
[INFO] [stdout] 
[INFO] [stdout] error[E0412]: cannot find type `UserStateMessages` in this scope
[INFO] [stdout]    --> src/bot.rs:263:63
[INFO] [stdout]     |
[INFO] [stdout] 107 | impl Bot {
[INFO] [stdout]     |     - help: you might be missing a type parameter: `<UserStateMessages>`
[INFO] [stdout] ...
[INFO] [stdout] 263 |     async fn handle_login(&mut self, msg: &Message) -> Result<UserStateMessages> {
[INFO] [stdout]     |                                                               ^^^^^^^^^^^^^^^^^ not found in this scope
[INFO] [stdout] 
[INFO] [stdout] 
[INFO] [stdout] error[E0412]: cannot find type `UserStateMessages` in this scope
[INFO] [stdout]    --> src/bot.rs:285:63
[INFO] [stdout]     |
[INFO] [stdout] 107 | impl Bot {
[INFO] [stdout]     |     - help: you might be missing a type parameter: `<UserStateMessages>`
[INFO] [stdout] ...
[INFO] [stdout] 285 |     async fn handle_new_issue(&self, msg: &Message) -> Result<UserStateMessages> {
[INFO] [stdout]     |                                                               ^^^^^^^^^^^^^^^^^ not found in this scope
[INFO] [stdout] 
[INFO] [stdout] 
[INFO] [stdout] error[E0412]: cannot find type `UserState` in this scope
[INFO] [stdout]    --> src/bot.rs:344:52
[INFO] [stdout]     |
[INFO] [stdout] 107 | impl Bot {
[INFO] [stdout]     |     - help: you might be missing a type parameter: `<UserState>`
[INFO] [stdout] ...
[INFO] [stdout] 344 |     fn get_state(&mut self, uid: UserId) -> Result<UserState> {
[INFO] [stdout]     |                                                    ^^^^^^^^^ not found in this scope
[INFO] [stdout] 
[INFO] [stdout] 
[INFO] [stdout] error[E0412]: cannot find type `UserState` in this scope
[INFO] [stdout]    --> src/bot.rs:353:75
[INFO] [stdout]     |
[INFO] [stdout] 107 | impl Bot {
[INFO] [stdout]     |     - help: you might be missing a type parameter: `<UserState>`
[INFO] [stdout] ...
[INFO] [stdout] 353 |     fn get_state_by_update(&mut self, update: &Update) -> Result<(UserId, UserState)> {
[INFO] [stdout]     |                                                                           ^^^^^^^^^ not found in this scope
[INFO] [stdout] 
[INFO] [stdout] 
[INFO] [stdout] error[E0412]: cannot find type `Idle` in this scope
[INFO] [stdout]    --> src/bot.rs:365:18
[INFO] [stdout]     |
[INFO] [stdout] 365 |         _state: &Idle,
[INFO] [stdout]     |                  ^^^^ not found in this scope
[INFO] [stdout] 
[INFO] [stdout] 
[INFO] [stdout] error[E0412]: cannot find type `UserStateMessages` in this scope
[INFO] [stdout]    --> src/bot.rs:367:17
[INFO] [stdout]     |
[INFO] [stdout] 107 | impl Bot {
[INFO] [stdout]     |     - help: you might be missing a type parameter: `<UserStateMessages>`
[INFO] [stdout] ...
[INFO] [stdout] 367 |     ) -> Result<UserStateMessages> {
[INFO] [stdout]     |                 ^^^^^^^^^^^^^^^^^ not found in this scope
[INFO] [stdout] 
[INFO] [stdout] 
[INFO] [stdout] error[E0412]: cannot find type `InBacklog` in this scope
[INFO] [stdout]    --> src/bot.rs:379:17
[INFO] [stdout]     |
[INFO] [stdout] 379 |         state: &InBacklog,
[INFO] [stdout]     |                 ^^^^^^^^^ not found in this scope
[INFO] [stdout] 
[INFO] [stdout] 
[INFO] [stdout] error[E0412]: cannot find type `UserStateMessages` in this scope
[INFO] [stdout]    --> src/bot.rs:381:17
[INFO] [stdout]     |
[INFO] [stdout] 107 | impl Bot {
[INFO] [stdout]     |     - help: you might be missing a type parameter: `<UserStateMessages>`
[INFO] [stdout] ...
[INFO] [stdout] 381 |     ) -> Result<UserStateMessages> {
[INFO] [stdout]     |                 ^^^^^^^^^^^^^^^^^ not found in this scope
[INFO] [stdout] 
[INFO] [stdout] 
[INFO] [stdout] error[E0412]: cannot find type `NewIssue` in this scope
[INFO] [stdout]    --> src/bot.rs:432:17
[INFO] [stdout]     |
[INFO] [stdout] 432 |         state: &NewIssue,
[INFO] [stdout]     |                 ^^^^^^^^ not found in this scope
[INFO] [stdout]     |
[INFO] [stdout] help: there is an enum variant `crate::commands::BotCommand::NewIssue`; try using the variant's enum
[INFO] [stdout]     |
[INFO] [stdout] 432 |         state: &crate::commands::BotCommand,
[INFO] [stdout]     |                 ^^^^^^^^^^^^^^^^^^^^^^^^^^^
[INFO] [stdout] 
[INFO] [stdout] 
[INFO] [stdout] error[E0412]: cannot find type `UserStateMessages` in this scope
[INFO] [stdout]    --> src/bot.rs:434:17
[INFO] [stdout]     |
[INFO] [stdout] 107 | impl Bot {
[INFO] [stdout]     |     - help: you might be missing a type parameter: `<UserStateMessages>`
[INFO] [stdout] ...
[INFO] [stdout] 434 |     ) -> Result<UserStateMessages> {
[INFO] [stdout]     |                 ^^^^^^^^^^^^^^^^^ not found in this scope
[INFO] [stdout] 
[INFO] [stdout] 
[INFO] [stdout] error[E0412]: cannot find type `NewIssueSummary` in this scope
[INFO] [stdout]    --> src/bot.rs:461:17
[INFO] [stdout]     |
[INFO] [stdout] 461 |         state: &NewIssueSummary,
[INFO] [stdout]     |                 ^^^^^^^^^^^^^^^ help: a struct with a similar name exists: `IssueSummary`
[INFO] [stdout]     | 
[INFO] [stdout]    ::: src/states.rs:45:1
[INFO] [stdout]     |
[INFO] [stdout] 45  | pub struct IssueSummary(pub String);
[INFO] [stdout]     | ------------------------------------ similarly named struct `IssueSummary` defined here
[INFO] [stdout] 
[INFO] [stdout] 
[INFO] [stdout] error[E0412]: cannot find type `UserStateMessages` in this scope
[INFO] [stdout]    --> src/bot.rs:463:17
[INFO] [stdout]     |
[INFO] [stdout] 107 | impl Bot {
[INFO] [stdout]     |     - help: you might be missing a type parameter: `<UserStateMessages>`
[INFO] [stdout] ...
[INFO] [stdout] 463 |     ) -> Result<UserStateMessages> {
[INFO] [stdout]     |                 ^^^^^^^^^^^^^^^^^ not found in this scope
[INFO] [stdout] 
[INFO] [stdout] 
[INFO] [stdout] error[E0412]: cannot find type `NewIssueSummaryProject` in this scope
[INFO] [stdout]    --> src/bot.rs:496:17
[INFO] [stdout]     |
[INFO] [stdout] 496 |         state: &NewIssueSummaryProject,
[INFO] [stdout]     |                 ^^^^^^^^^^^^^^^^^^^^^^ help: a struct with a similar name exists: `IssueSummaryProject`
[INFO] [stdout]     | 
[INFO] [stdout]    ::: src/states.rs:48:1
[INFO] [stdout]     |
[INFO] [stdout] 48  | pub struct IssueSummaryProject(pub String, pub Project);
[INFO] [stdout]     | -------------------------------------------------------- similarly named struct `IssueSummaryProject` defined here
[INFO] [stdout] 
[INFO] [stdout] 
[INFO] [stdout] error[E0412]: cannot find type `UserStateMessages` in this scope
[INFO] [stdout]    --> src/bot.rs:498:17
[INFO] [stdout]     |
[INFO] [stdout] 107 | impl Bot {
[INFO] [stdout]     |     - help: you might be missing a type parameter: `<UserStateMessages>`
[INFO] [stdout] ...
[INFO] [stdout] 498 |     ) -> Result<UserStateMessages> {
[INFO] [stdout]     |                 ^^^^^^^^^^^^^^^^^ not found in this scope
[INFO] [stdout] 
[INFO] [stdout] 
[INFO] [stdout] error[E0412]: cannot find type `NewIssueSummaryProjectStream` in this scope
[INFO] [stdout]    --> src/bot.rs:533:17
[INFO] [stdout]     |
[INFO] [stdout] 533 |         state: &NewIssueSummaryProjectStream,
[INFO] [stdout]     |                 ^^^^^^^^^^^^^^^^^^^^^^^^^^^^ help: a struct with a similar name exists: `IssueSummaryProjectStream`
[INFO] [stdout]     | 
[INFO] [stdout]    ::: src/states.rs:57:1
[INFO] [stdout]     |
[INFO] [stdout] 57  | pub struct IssueSummaryProjectStream(pub String, pub Project, pub IssueStream);
[INFO] [stdout]     | ------------------------------------------------------------------------------- similarly named struct `IssueSummaryProjectStream` defined here
[INFO] [stdout] 
[INFO] [stdout] 
[INFO] [stdout] error[E0412]: cannot find type `UserStateMessages` in this scope
[INFO] [stdout]    --> src/bot.rs:535:17
[INFO] [stdout]     |
[INFO] [stdout] 107 | impl Bot {
[INFO] [stdout]     |     - help: you might be missing a type parameter: `<UserStateMessages>`
[INFO] [stdout] ...
[INFO] [stdout] 535 |     ) -> Result<UserStateMessages> {
[INFO] [stdout]     |                 ^^^^^^^^^^^^^^^^^ not found in this scope
[INFO] [stdout] 
[INFO] [stdout] 
[INFO] [stdout] error[E0412]: cannot find type `NewIssueSummaryProjectStreamType` in this scope
[INFO] [stdout]    --> src/bot.rs:566:17
[INFO] [stdout]     |
[INFO] [stdout] 566 |         state: &NewIssueSummaryProjectStreamType,
[INFO] [stdout]     |                 ^^^^^^^^^^^^^^^^^^^^^^^^^^^^^^^^ help: a struct with a similar name exists: `IssueSummaryProjectStreamType`
[INFO] [stdout]     | 
[INFO] [stdout]    ::: src/states.rs:60:1
[INFO] [stdout]     |
[INFO] [stdout] 60  | pub struct IssueSummaryProjectStreamType(pub String, pub Project, pub IssueStream, pub IssueType);
[INFO] [stdout]     | -------------------------------------------------------------------------------------------------- similarly named struct `IssueSummaryProjectStreamType` defined here
[INFO] [stdout] 
[INFO] [stdout] 
[INFO] [stdout] error[E0412]: cannot find type `UserStateMessages` in this scope
[INFO] [stdout]    --> src/bot.rs:568:17
[INFO] [stdout]     |
[INFO] [stdout] 107 | impl Bot {
[INFO] [stdout]     |     - help: you might be missing a type parameter: `<UserStateMessages>`
[INFO] [stdout] ...
[INFO] [stdout] 568 |     ) -> Result<UserStateMessages> {
[INFO] [stdout]     |                 ^^^^^^^^^^^^^^^^^ not found in this scope
[INFO] [stdout] 
[INFO] [stdout] 
[INFO] [stdout] error[E0412]: cannot find type `NewIssueSummaryProjectStreamTypeDesc` in this scope
[INFO] [stdout]    --> src/bot.rs:606:17
[INFO] [stdout]     |
[INFO] [stdout] 606 |           state: &NewIssueSummaryProjectStreamTypeDesc,
[INFO] [stdout]     |                   ^^^^^^^^^^^^^^^^^^^^^^^^^^^^^^^^^^^^ help: a struct with a similar name exists: `IssueSummaryProjectStreamTypeDesc`
[INFO] [stdout]     | 
[INFO] [stdout]    ::: src/states.rs:63:1
[INFO] [stdout]     |
[INFO] [stdout] 63  | / pub struct IssueSummaryProjectStreamTypeDesc(
[INFO] [stdout] 64  | |     pub String,
[INFO] [stdout] 65  | |     pub Project,
[INFO] [stdout] 66  | |     pub IssueStream,
[INFO] [stdout] 67  | |     pub IssueType,
[INFO] [stdout] 68  | |     pub String,
[INFO] [stdout] 69  | | );
[INFO] [stdout]     | |__- similarly named struct `IssueSummaryProjectStreamTypeDesc` defined here
[INFO] [stdout] 
[INFO] [stdout] 
[INFO] [stdout] error[E0412]: cannot find type `UserStateMessages` in this scope
[INFO] [stdout]    --> src/bot.rs:608:17
[INFO] [stdout]     |
[INFO] [stdout] 107 | impl Bot {
[INFO] [stdout]     |     - help: you might be missing a type parameter: `<UserStateMessages>`
[INFO] [stdout] ...
[INFO] [stdout] 608 |     ) -> Result<UserStateMessages> {
[INFO] [stdout]     |                 ^^^^^^^^^^^^^^^^^ not found in this scope
[INFO] [stdout] 
[INFO] [stdout] 
[INFO] [stdout] error[E0412]: cannot find type `UserStateMessages` in this scope
[INFO] [stdout]    --> src/bot.rs:667:74
[INFO] [stdout]     |
[INFO] [stdout] 107 | impl Bot {
[INFO] [stdout]     |     - help: you might be missing a type parameter: `<UserStateMessages>`
[INFO] [stdout] ...
[INFO] [stdout] 667 |     async fn handle_command_error(&mut self, _cmd: BotCommand) -> Result<UserStateMessages> {
[INFO] [stdout]     |                                                                          ^^^^^^^^^^^^^^^^^ not found in this scope
[INFO] [stdout] 
[INFO] [stdout] 
[INFO] [stdout] error[E0412]: cannot find type `UserState` in this scope
[INFO] [stdout]    --> src/bot.rs:671:47
[INFO] [stdout]     |
[INFO] [stdout] 671 |     async fn handle_command(&mut self, state: UserState, cmd: BotCommand) -> Result<UserState> {
[INFO] [stdout]     |                                               ^^^^^^^^^ not found in this scope
[INFO] [stdout] 
[INFO] [stdout] 
[INFO] [stdout] error[E0412]: cannot find type `UserState` in this scope
[INFO] [stdout]    --> src/bot.rs:671:85
[INFO] [stdout]     |
[INFO] [stdout] 107 | impl Bot {
[INFO] [stdout]     |     - help: you might be missing a type parameter: `<UserState>`
[INFO] [stdout] ...
[INFO] [stdout] 671 |     async fn handle_command(&mut self, state: UserState, cmd: BotCommand) -> Result<UserState> {
[INFO] [stdout]     |                                                                                     ^^^^^^^^^ not found in this scope
[INFO] [stdout] 
[INFO] [stdout] 
[INFO] [stdout] error[E0424]: expected value, found module `self`
[INFO] [stdout]    --> src/bot.rs:76:40
[INFO] [stdout]     |
[INFO] [stdout] 76  |                    $($s::$value(state) => self.[<handle_command_ $value:snake>](&state, cmd).await?),+,
[INFO] [stdout]     |                                           ^^^^ `self` value is a keyword only available in methods with a `self` parameter
[INFO] [stdout] ...
[INFO] [stdout] 671 |  /     async fn handle_command(&mut self, state: UserState, cmd: BotCommand) -> Result<UserState> {
[INFO] [stdout] 672 |  |         let state_cmd = match_user_state!(
[INFO] [stdout]     |  |_________________________-
[INFO] [stdout] 673 | ||             UserState,
[INFO] [stdout] 674 | ||             state,
[INFO] [stdout] 675 | ||             Idle,
[INFO] [stdout] ...   ||
[INFO] [stdout] 682 | ||             NewIssueSummaryProjectStreamTypeDesc
[INFO] [stdout] 683 | ||         );
[INFO] [stdout]     | ||_________- in this macro invocation
[INFO] [stdout] ...    |
[INFO] [stdout] 688 |  |         Ok(new_state)
[INFO] [stdout] 689 |  |     }
[INFO] [stdout]     |  |_____- this function has a `self` parameter, but a macro invocation can only access identifiers it receives from parameters
[INFO] [stdout]     |
[INFO] [stdout]     = note: this error originates in the macro `proc_macro_call` (in Nightly builds, run with -Z macro-backtrace for more info)
[INFO] [stdout] 
[INFO] [stdout] 
[INFO] [stdout] error[E0425]: cannot find value `cmd` in this scope
[INFO] [stdout]    --> src/bot.rs:76:86
[INFO] [stdout]     |
[INFO] [stdout] 76  |                   $($s::$value(state) => self.[<handle_command_ $value:snake>](&state, cmd).await?),+,
[INFO] [stdout]     |                                                                                        ^^^ not found in this scope
[INFO] [stdout] ...
[INFO] [stdout] 672 |           let state_cmd = match_user_state!(
[INFO] [stdout]     |  _________________________-
[INFO] [stdout] 673 | |             UserState,
[INFO] [stdout] 674 | |             state,
[INFO] [stdout] 675 | |             Idle,
[INFO] [stdout] ...   |
[INFO] [stdout] 682 | |             NewIssueSummaryProjectStreamTypeDesc
[INFO] [stdout] 683 | |         );
[INFO] [stdout]     | |_________- in this macro invocation
[INFO] [stdout]     |
[INFO] [stdout]     = note: this error originates in the macro `proc_macro_call` (in Nightly builds, run with -Z macro-backtrace for more info)
[INFO] [stdout] help: consider importing one of these items
[INFO] [stdout]     |
[INFO] [stdout] 1   | use crate::bot::redis::cmd;
[INFO] [stdout]     |
[INFO] [stdout] 1   | use redis::cmd;
[INFO] [stdout]     |
[INFO] [stdout] 
[INFO] [stdout] 
[INFO] [stdout] error[E0424]: expected value, found module `self`
[INFO] [stdout]    --> src/bot.rs:77:30
[INFO] [stdout]     |
[INFO] [stdout] 77  |                    $s::Error => self.handle_command_error(cmd).await?,
[INFO] [stdout]     |                                 ^^^^ `self` value is a keyword only available in methods with a `self` parameter
[INFO] [stdout] ...
[INFO] [stdout] 671 |  /     async fn handle_command(&mut self, state: UserState, cmd: BotCommand) -> Result<UserState> {
[INFO] [stdout] 672 |  |         let state_cmd = match_user_state!(
[INFO] [stdout]     |  |_________________________-
[INFO] [stdout] 673 | ||             UserState,
[INFO] [stdout] 674 | ||             state,
[INFO] [stdout] 675 | ||             Idle,
[INFO] [stdout] ...   ||
[INFO] [stdout] 682 | ||             NewIssueSummaryProjectStreamTypeDesc
[INFO] [stdout] 683 | ||         );
[INFO] [stdout]     | ||_________- in this macro invocation
[INFO] [stdout] ...    |
[INFO] [stdout] 688 |  |         Ok(new_state)
[INFO] [stdout] 689 |  |     }
[INFO] [stdout]     |  |_____- this function has a `self` parameter, but a macro invocation can only access identifiers it receives from parameters
[INFO] [stdout]     |
[INFO] [stdout]     = note: this error originates in the macro `proc_macro_call` (in Nightly builds, run with -Z macro-backtrace for more info)
[INFO] [stdout] 
[INFO] [stdout] 
[INFO] [stdout] error[E0425]: cannot find value `cmd` in this scope
[INFO] [stdout]    --> src/bot.rs:77:56
[INFO] [stdout]     |
[INFO] [stdout] 77  |                   $s::Error => self.handle_command_error(cmd).await?,
[INFO] [stdout]     |                                                          ^^^ not found in this scope
[INFO] [stdout] ...
[INFO] [stdout] 672 |           let state_cmd = match_user_state!(
[INFO] [stdout]     |  _________________________-
[INFO] [stdout] 673 | |             UserState,
[INFO] [stdout] 674 | |             state,
[INFO] [stdout] 675 | |             Idle,
[INFO] [stdout] ...   |
[INFO] [stdout] 682 | |             NewIssueSummaryProjectStreamTypeDesc
[INFO] [stdout] 683 | |         );
[INFO] [stdout]     | |_________- in this macro invocation
[INFO] [stdout]     |
[INFO] [stdout]     = note: this error originates in the macro `proc_macro_call` (in Nightly builds, run with -Z macro-backtrace for more info)
[INFO] [stdout] help: consider importing one of these items
[INFO] [stdout]     |
[INFO] [stdout] 1   | use crate::bot::redis::cmd;
[INFO] [stdout]     |
[INFO] [stdout] 1   | use redis::cmd;
[INFO] [stdout]     |
[INFO] [stdout] 
[INFO] [stdout] 
[INFO] [stdout] error[E0412]: cannot find type `Idle` in this scope
[INFO] [stdout]    --> src/states.rs:134:6
[INFO] [stdout]     |
[INFO] [stdout] 134 | impl Idle {
[INFO] [stdout]     |      ^^^^ not found in this scope
[INFO] [stdout] 
[INFO] [stdout] 
[INFO] [stdout] error[E0412]: cannot find type `InBacklog` in this scope
[INFO] [stdout]    --> src/states.rs:135:56
[INFO] [stdout]     |
[INFO] [stdout] 135 |     pub fn on_start_backlog(&self, m: StartBacklog) -> InBacklog {
[INFO] [stdout]     |                                                        ^^^^^^^^^ not found in this scope
[INFO] [stdout] 
[INFO] [stdout] 
[INFO] [stdout] error[E0422]: cannot find struct, variant or union type `InBacklog` in this scope
[INFO] [stdout]    --> src/states.rs:137:9
[INFO] [stdout]     |
[INFO] [stdout] 137 |         InBacklog {
[INFO] [stdout]     |         ^^^^^^^^^ not found in this scope
[INFO] [stdout] 
[INFO] [stdout] 
[INFO] [stdout] error[E0412]: cannot find type `NewIssue` in this scope
[INFO] [stdout]    --> src/states.rs:143:61
[INFO] [stdout]     |
[INFO] [stdout] 143 |     pub fn on_create_new_issue(&self, _: CreateNewIssue) -> NewIssue {
[INFO] [stdout]     |                                                             ^^^^^^^^ not found in this scope
[INFO] [stdout]     |
[INFO] [stdout] help: there is an enum variant `crate::commands::BotCommand::NewIssue`; try using the variant's enum
[INFO] [stdout]     |
[INFO] [stdout] 143 |     pub fn on_create_new_issue(&self, _: CreateNewIssue) -> crate::commands::BotCommand {
[INFO] [stdout]     |                                                             ^^^^^^^^^^^^^^^^^^^^^^^^^^^
[INFO] [stdout] 
[INFO] [stdout] 
[INFO] [stdout] error[E0422]: cannot find struct, variant or union type `NewIssue` in this scope
[INFO] [stdout]    --> src/states.rs:144:9
[INFO] [stdout]     |
[INFO] [stdout] 144 |         NewIssue {}
[INFO] [stdout]     |         ^^^^^^^^ not found in this scope
[INFO] [stdout]     |
[INFO] [stdout] help: consider importing this variant
[INFO] [stdout]     |
[INFO] [stdout] 1   | use crate::commands::BotCommand::NewIssue;
[INFO] [stdout]     |
[INFO] [stdout] 
[INFO] [stdout] 
[INFO] [stdout] error[E0412]: cannot find type `InBacklog` in this scope
[INFO] [stdout]    --> src/states.rs:150:6
[INFO] [stdout]     |
[INFO] [stdout] 150 | impl InBacklog {
[INFO] [stdout]     |      ^^^^^^^^^ not found in this scope
[INFO] [stdout] 
[INFO] [stdout] 
[INFO] [stdout] error[E0412]: cannot find type `Idle` in this scope
[INFO] [stdout]    --> src/states.rs:151:54
[INFO] [stdout]     |
[INFO] [stdout] 151 |     pub fn on_stop_backlog(&self, _: StopBacklog) -> Idle {
[INFO] [stdout]     |                                                      ^^^^ not found in this scope
[INFO] [stdout] 
[INFO] [stdout] 
[INFO] [stdout] error[E0422]: cannot find struct, variant or union type `Idle` in this scope
[INFO] [stdout]    --> src/states.rs:152:9
[INFO] [stdout]     |
[INFO] [stdout] 152 |         Idle {}
[INFO] [stdout]     |         ^^^^ not found in this scope
[INFO] [stdout] 
[INFO] [stdout] 
[INFO] [stdout] error[E0412]: cannot find type `InBacklog` in this scope
[INFO] [stdout]    --> src/states.rs:155:54
[INFO] [stdout]     |
[INFO] [stdout] 155 |     pub fn on_backlog_page(&self, p: BacklogPage) -> InBacklog {
[INFO] [stdout]     |                                                      ^^^^^^^^^ not found in this scope
[INFO] [stdout] 
[INFO] [stdout] 
[INFO] [stdout] error[E0422]: cannot find struct, variant or union type `InBacklog` in this scope
[INFO] [stdout]    --> src/states.rs:157:9
[INFO] [stdout]     |
[INFO] [stdout] 157 |         InBacklog {
[INFO] [stdout]     |         ^^^^^^^^^ not found in this scope
[INFO] [stdout] 
[INFO] [stdout] 
[INFO] [stdout] error[E0412]: cannot find type `NewIssue` in this scope
[INFO] [stdout]    --> src/states.rs:207:23
[INFO] [stdout]     |
[INFO] [stdout] 207 | impl_new_issue_state!(NewIssue, IssueSummary, summary, String);
[INFO] [stdout]     |                       ^^^^^^^^ not found in this scope
[INFO] [stdout]     |
[INFO] [stdout] help: there is an enum variant `crate::commands::BotCommand::NewIssue`; try using the variant's enum
[INFO] [stdout]     |
[INFO] [stdout] 207 | impl_new_issue_state!(crate::commands::BotCommand, IssueSummary, summary, String);
[INFO] [stdout]     |                       ^^^^^^^^^^^^^^^^^^^^^^^^^^^
[INFO] [stdout] 
[INFO] [stdout] 
[INFO] [stdout] error[E0412]: cannot find type `NewIssueSummary` in this scope
[INFO] [stdout]    --> src/states.rs:167:58
[INFO] [stdout]     |
[INFO] [stdout] 45  | pub struct IssueSummary(pub String);
[INFO] [stdout]     | ------------------------------------ similarly named struct `IssueSummary` defined here
[INFO] [stdout] ...
[INFO] [stdout] 167 |             pub fn [<on_ $msg:snake>](&self, m: $msg) -> [<New $msg>] {
[INFO] [stdout]     |                                                          ^^^^^^^^^^^^ help: a struct with a similar name exists: `IssueSummary`
[INFO] [stdout] ...
[INFO] [stdout] 207 | impl_new_issue_state!(NewIssue, IssueSummary, summary, String);
[INFO] [stdout]     | --------------------------------------------------------------- in this macro invocation
[INFO] [stdout]     |
[INFO] [stdout]     = note: this error originates in the macro `on_issue_message` (in Nightly builds, run with -Z macro-backtrace for more info)
[INFO] [stdout] 
[INFO] [stdout] 
[INFO] [stdout] error[E0422]: cannot find struct, variant or union type `NewIssueSummary` in this scope
[INFO] [stdout]    --> src/states.rs:169:17
[INFO] [stdout]     |
[INFO] [stdout] 45  | pub struct IssueSummary(pub String);
[INFO] [stdout]     | ------------------------------------ similarly named struct `IssueSummary` defined here
[INFO] [stdout] ...
[INFO] [stdout] 169 |                 [<New $msg>] { $($f),+ }
[INFO] [stdout]     |                 ^^^^^^^^^^^^ help: a struct with a similar name exists: `IssueSummary`
[INFO] [stdout] ...
[INFO] [stdout] 207 | impl_new_issue_state!(NewIssue, IssueSummary, summary, String);
[INFO] [stdout]     | --------------------------------------------------------------- in this macro invocation
[INFO] [stdout]     |
[INFO] [stdout]     = note: this error originates in the macro `on_issue_message` (in Nightly builds, run with -Z macro-backtrace for more info)
[INFO] [stdout] 
[INFO] [stdout] 
[INFO] [stdout] error[E0412]: cannot find type `Idle` in this scope
[INFO] [stdout]    --> src/states.rs:24:47
[INFO] [stdout]     |
[INFO] [stdout] 24  |         pub fn on_cancel(&self, _: Cancel) -> Idle {
[INFO] [stdout]     |                                               ^^^^ not found in this scope
[INFO] [stdout] ...
[INFO] [stdout] 207 | impl_new_issue_state!(NewIssue, IssueSummary, summary, String);
[INFO] [stdout]     | --------------------------------------------------------------- in this macro invocation
[INFO] [stdout]     |
[INFO] [stdout]     = note: this error originates in the macro `on_cancel` (in Nightly builds, run with -Z macro-backtrace for more info)
[INFO] [stdout] 
[INFO] [stdout] 
[INFO] [stdout] error[E0422]: cannot find struct, variant or union type `Idle` in this scope
[INFO] [stdout]    --> src/states.rs:25:13
[INFO] [stdout]     |
[INFO] [stdout] 25  |             Idle {}
[INFO] [stdout]     |             ^^^^ not found in this scope
[INFO] [stdout] ...
[INFO] [stdout] 207 | impl_new_issue_state!(NewIssue, IssueSummary, summary, String);
[INFO] [stdout]     | --------------------------------------------------------------- in this macro invocation
[INFO] [stdout]     |
[INFO] [stdout]     = note: this error originates in the macro `on_cancel` (in Nightly builds, run with -Z macro-backtrace for more info)
[INFO] [stdout] 
[INFO] [stdout] 
[INFO] [stdout] error[E0412]: cannot find type `UserStateMessages` in this scope
[INFO] [stdout]    --> src/states.rs:177:37
[INFO] [stdout]     |
[INFO] [stdout] 177 |         pub fn $n(&self, $n: $t) -> UserStateMessages {
[INFO] [stdout]     |                                     ^^^^^^^^^^^^^^^^^ not found in this scope
[INFO] [stdout] ...
[INFO] [stdout] 207 | impl_new_issue_state!(NewIssue, IssueSummary, summary, String);
[INFO] [stdout]     | --------------------------------------------------------------- in this macro invocation
[INFO] [stdout]     |
[INFO] [stdout]     = note: this error originates in the macro `make_forward` (in Nightly builds, run with -Z macro-backtrace for more info)
[INFO] [stdout] 
[INFO] [stdout] 
[INFO] [stdout] error[E0412]: cannot find type `NewIssueSummary` in this scope
[INFO] [stdout]    --> src/states.rs:209:5
[INFO] [stdout]     |
[INFO] [stdout] 45  | pub struct IssueSummary(pub String);
[INFO] [stdout]     | ------------------------------------ similarly named struct `IssueSummary` defined here
[INFO] [stdout] ...
[INFO] [stdout] 209 |     NewIssueSummary,
[INFO] [stdout]     |     ^^^^^^^^^^^^^^^ help: a struct with a similar name exists: `IssueSummary`
[INFO] [stdout] 
[INFO] [stdout] 
[INFO] [stdout] error[E0412]: cannot find type `NewIssueSummaryProject` in this scope
[INFO] [stdout]    --> src/states.rs:167:58
[INFO] [stdout]     |
[INFO] [stdout] 48  |   pub struct IssueSummaryProject(pub String, pub Project);
[INFO] [stdout]     |   -------------------------------------------------------- similarly named struct `IssueSummaryProject` defined here
[INFO] [stdout] ...
[INFO] [stdout] 167 |               pub fn [<on_ $msg:snake>](&self, m: $msg) -> [<New $msg>] {
[INFO] [stdout]     |                                                            ^^^^^^^^^^^^ help: a struct with a similar name exists: `IssueSummaryProject`
[INFO] [stdout] ...
[INFO] [stdout] 208 | / impl_new_issue_state!(
[INFO] [stdout] 209 | |     NewIssueSummary,
[INFO] [stdout] 210 | |     IssueSummaryProject,
[INFO] [stdout] 211 | |     project,
[INFO] [stdout] 212 | |     Project,
[INFO] [stdout] 213 | |     summary
[INFO] [stdout] 214 | | );
[INFO] [stdout]     | |__- in this macro invocation
[INFO] [stdout]     |
[INFO] [stdout]     = note: this error originates in the macro `on_issue_message` (in Nightly builds, run with -Z macro-backtrace for more info)
[INFO] [stdout] 
[INFO] [stdout] 
[INFO] [stdout] error[E0422]: cannot find struct, variant or union type `NewIssueSummaryProject` in this scope
[INFO] [stdout]    --> src/states.rs:169:17
[INFO] [stdout]     |
[INFO] [stdout] 48  |   pub struct IssueSummaryProject(pub String, pub Project);
[INFO] [stdout]     |   -------------------------------------------------------- similarly named struct `IssueSummaryProject` defined here
[INFO] [stdout] ...
[INFO] [stdout] 169 |                   [<New $msg>] { $($f),+ }
[INFO] [stdout]     |                   ^^^^^^^^^^^^ help: a struct with a similar name exists: `IssueSummaryProject`
[INFO] [stdout] ...
[INFO] [stdout] 208 | / impl_new_issue_state!(
[INFO] [stdout] 209 | |     NewIssueSummary,
[INFO] [stdout] 210 | |     IssueSummaryProject,
[INFO] [stdout] 211 | |     project,
[INFO] [stdout] 212 | |     Project,
[INFO] [stdout] 213 | |     summary
[INFO] [stdout] 214 | | );
[INFO] [stdout]     | |__- in this macro invocation
[INFO] [stdout]     |
[INFO] [stdout]     = note: this error originates in the macro `on_issue_message` (in Nightly builds, run with -Z macro-backtrace for more info)
[INFO] [stdout] 
[INFO] [stdout] 
[INFO] [stdout] error[E0412]: cannot find type `Idle` in this scope
[INFO] [stdout]    --> src/states.rs:24:47
[INFO] [stdout]     |
[INFO] [stdout] 24  |           pub fn on_cancel(&self, _: Cancel) -> Idle {
[INFO] [stdout]     |                                                 ^^^^ not found in this scope
[INFO] [stdout] ...
[INFO] [stdout] 208 | / impl_new_issue_state!(
[INFO] [stdout] 209 | |     NewIssueSummary,
[INFO] [stdout] 210 | |     IssueSummaryProject,
[INFO] [stdout] 211 | |     project,
[INFO] [stdout] 212 | |     Project,
[INFO] [stdout] 213 | |     summary
[INFO] [stdout] 214 | | );
[INFO] [stdout]     | |__- in this macro invocation
[INFO] [stdout]     |
[INFO] [stdout]     = note: this error originates in the macro `on_cancel` (in Nightly builds, run with -Z macro-backtrace for more info)
[INFO] [stdout] 
[INFO] [stdout] 
[INFO] [stdout] error[E0422]: cannot find struct, variant or union type `Idle` in this scope
[INFO] [stdout]    --> src/states.rs:25:13
[INFO] [stdout]     |
[INFO] [stdout] 25  |               Idle {}
[INFO] [stdout]     |               ^^^^ not found in this scope
[INFO] [stdout] ...
[INFO] [stdout] 208 | / impl_new_issue_state!(
[INFO] [stdout] 209 | |     NewIssueSummary,
[INFO] [stdout] 210 | |     IssueSummaryProject,
[INFO] [stdout] 211 | |     project,
[INFO] [stdout] 212 | |     Project,
[INFO] [stdout] 213 | |     summary
[INFO] [stdout] 214 | | );
[INFO] [stdout]     | |__- in this macro invocation
[INFO] [stdout]     |
[INFO] [stdout]     = note: this error originates in the macro `on_cancel` (in Nightly builds, run with -Z macro-backtrace for more info)
[INFO] [stdout] 
[INFO] [stdout] 
[INFO] [stdout] error[E0412]: cannot find type `UserStateMessages` in this scope
[INFO] [stdout]    --> src/states.rs:182:37
[INFO] [stdout]     |
[INFO] [stdout] 182 |           pub fn $n(&self, $n: $t) -> UserStateMessages {
[INFO] [stdout]     |                                       ^^^^^^^^^^^^^^^^^ not found in this scope
[INFO] [stdout] ...
[INFO] [stdout] 208 | / impl_new_issue_state!(
[INFO] [stdout] 209 | |     NewIssueSummary,
[INFO] [stdout] 210 | |     IssueSummaryProject,
[INFO] [stdout] 211 | |     project,
[INFO] [stdout] 212 | |     Project,
[INFO] [stdout] 213 | |     summary
[INFO] [stdout] 214 | | );
[INFO] [stdout]     | |__- in this macro invocation
[INFO] [stdout]     |
[INFO] [stdout]     = note: this error originates in the macro `make_forward` (in Nightly builds, run with -Z macro-backtrace for more info)
[INFO] [stdout] 
[INFO] [stdout] 
[INFO] [stdout] error[E0412]: cannot find type `NewIssueSummaryProject` in this scope
[INFO] [stdout]    --> src/states.rs:216:5
[INFO] [stdout]     |
[INFO] [stdout] 48  | pub struct IssueSummaryProject(pub String, pub Project);
[INFO] [stdout]     | -------------------------------------------------------- similarly named struct `IssueSummaryProject` defined here
[INFO] [stdout] ...
[INFO] [stdout] 216 |     NewIssueSummaryProject,
[INFO] [stdout]     |     ^^^^^^^^^^^^^^^^^^^^^^ help: a struct with a similar name exists: `IssueSummaryProject`
[INFO] [stdout] 
[INFO] [stdout] 
[INFO] [stdout] error[E0412]: cannot find type `NewIssueSummaryProjectStream` in this scope
[INFO] [stdout]    --> src/states.rs:167:58
[INFO] [stdout]     |
[INFO] [stdout] 57  |   pub struct IssueSummaryProjectStream(pub String, pub Project, pub IssueStream);
[INFO] [stdout]     |   ------------------------------------------------------------------------------- similarly named struct `IssueSummaryProjectStream` defined here
[INFO] [stdout] ...
[INFO] [stdout] 167 |               pub fn [<on_ $msg:snake>](&self, m: $msg) -> [<New $msg>] {
[INFO] [stdout]     |                                                            ^^^^^^^^^^^^ help: a struct with a similar name exists: `IssueSummaryProjectStream`
[INFO] [stdout] ...
[INFO] [stdout] 215 | / impl_new_issue_state!(
[INFO] [stdout] 216 | |     NewIssueSummaryProject,
[INFO] [stdout] 217 | |     IssueSummaryProjectStream,
[INFO] [stdout] 218 | |     stream,
[INFO] [stdout] ...   |
[INFO] [stdout] 221 | |     project
[INFO] [stdout] 222 | | );
[INFO] [stdout]     | |__- in this macro invocation
[INFO] [stdout]     |
[INFO] [stdout]     = note: this error originates in the macro `on_issue_message` (in Nightly builds, run with -Z macro-backtrace for more info)
[INFO] [stdout] 
[INFO] [stdout] 
[INFO] [stdout] error[E0422]: cannot find struct, variant or union type `NewIssueSummaryProjectStream` in this scope
[INFO] [stdout]    --> src/states.rs:169:17
[INFO] [stdout]     |
[INFO] [stdout] 57  |   pub struct IssueSummaryProjectStream(pub String, pub Project, pub IssueStream);
[INFO] [stdout]     |   ------------------------------------------------------------------------------- similarly named struct `IssueSummaryProjectStream` defined here
[INFO] [stdout] ...
[INFO] [stdout] 169 |                   [<New $msg>] { $($f),+ }
[INFO] [stdout]     |                   ^^^^^^^^^^^^ help: a struct with a similar name exists: `IssueSummaryProjectStream`
[INFO] [stdout] ...
[INFO] [stdout] 215 | / impl_new_issue_state!(
[INFO] [stdout] 216 | |     NewIssueSummaryProject,
[INFO] [stdout] 217 | |     IssueSummaryProjectStream,
[INFO] [stdout] 218 | |     stream,
[INFO] [stdout] ...   |
[INFO] [stdout] 221 | |     project
[INFO] [stdout] 222 | | );
[INFO] [stdout]     | |__- in this macro invocation
[INFO] [stdout]     |
[INFO] [stdout]     = note: this error originates in the macro `on_issue_message` (in Nightly builds, run with -Z macro-backtrace for more info)
[INFO] [stdout] 
[INFO] [stdout] 
[INFO] [stdout] error[E0412]: cannot find type `Idle` in this scope
[INFO] [stdout]    --> src/states.rs:24:47
[INFO] [stdout]     |
[INFO] [stdout] 24  |           pub fn on_cancel(&self, _: Cancel) -> Idle {
[INFO] [stdout]     |                                                 ^^^^ not found in this scope
[INFO] [stdout] ...
[INFO] [stdout] 215 | / impl_new_issue_state!(
[INFO] [stdout] 216 | |     NewIssueSummaryProject,
[INFO] [stdout] 217 | |     IssueSummaryProjectStream,
[INFO] [stdout] 218 | |     stream,
[INFO] [stdout] ...   |
[INFO] [stdout] 221 | |     project
[INFO] [stdout] 222 | | );
[INFO] [stdout]     | |__- in this macro invocation
[INFO] [stdout]     |
[INFO] [stdout]     = note: this error originates in the macro `on_cancel` (in Nightly builds, run with -Z macro-backtrace for more info)
[INFO] [stdout] 
[INFO] [stdout] 
[INFO] [stdout] error[E0422]: cannot find struct, variant or union type `Idle` in this scope
[INFO] [stdout]    --> src/states.rs:25:13
[INFO] [stdout]     |
[INFO] [stdout] 25  |               Idle {}
[INFO] [stdout]     |               ^^^^ not found in this scope
[INFO] [stdout] ...
[INFO] [stdout] 215 | / impl_new_issue_state!(
[INFO] [stdout] 216 | |     NewIssueSummaryProject,
[INFO] [stdout] 217 | |     IssueSummaryProjectStream,
[INFO] [stdout] 218 | |     stream,
[INFO] [stdout] ...   |
[INFO] [stdout] 221 | |     project
[INFO] [stdout] 222 | | );
[INFO] [stdout]     | |__- in this macro invocation
[INFO] [stdout]     |
[INFO] [stdout]     = note: this error originates in the macro `on_cancel` (in Nightly builds, run with -Z macro-backtrace for more info)
[INFO] [stdout] 
[INFO] [stdout] 
[INFO] [stdout] error[E0412]: cannot find type `UserStateMessages` in this scope
[INFO] [stdout]    --> src/states.rs:182:37
[INFO] [stdout]     |
[INFO] [stdout] 182 |           pub fn $n(&self, $n: $t) -> UserStateMessages {
[INFO] [stdout]     |                                       ^^^^^^^^^^^^^^^^^ not found in this scope
[INFO] [stdout] ...
[INFO] [stdout] 215 | / impl_new_issue_state!(
[INFO] [stdout] 216 | |     NewIssueSummaryProject,
[INFO] [stdout] 217 | |     IssueSummaryProjectStream,
[INFO] [stdout] 218 | |     stream,
[INFO] [stdout] ...   |
[INFO] [stdout] 221 | |     project
[INFO] [stdout] 222 | | );
[INFO] [stdout]     | |__- in this macro invocation
[INFO] [stdout]     |
[INFO] [stdout]     = note: this error originates in the macro `make_forward` (in Nightly builds, run with -Z macro-backtrace for more info)
[INFO] [stdout] 
[INFO] [stdout] 
[INFO] [stdout] error[E0412]: cannot find type `NewIssueSummaryProjectStream` in this scope
[INFO] [stdout]    --> src/states.rs:224:5
[INFO] [stdout]     |
[INFO] [stdout] 57  | pub struct IssueSummaryProjectStream(pub String, pub Project, pub IssueStream);
[INFO] [stdout]     | ------------------------------------------------------------------------------- similarly named struct `IssueSummaryProjectStream` defined here
[INFO] [stdout] ...
[INFO] [stdout] 224 |     NewIssueSummaryProjectStream,
[INFO] [stdout]     |     ^^^^^^^^^^^^^^^^^^^^^^^^^^^^ help: a struct with a similar name exists: `IssueSummaryProjectStream`
[INFO] [stdout] 
[INFO] [stdout] 
[INFO] [stdout] error[E0412]: cannot find type `NewIssueSummaryProjectStreamType` in this scope
[INFO] [stdout]    --> src/states.rs:167:58
[INFO] [stdout]     |
[INFO] [stdout] 60  |   pub struct IssueSummaryProjectStreamType(pub String, pub Project, pub IssueStream, pub IssueType);
[INFO] [stdout]     |   -------------------------------------------------------------------------------------------------- similarly named struct `IssueSummaryProjectStreamType` defined here
[INFO] [stdout] ...
[INFO] [stdout] 167 |               pub fn [<on_ $msg:snake>](&self, m: $msg) -> [<New $msg>] {
[INFO] [stdout]     |                                                            ^^^^^^^^^^^^ help: a struct with a similar name exists: `IssueSummaryProjectStreamType`
[INFO] [stdout] ...
[INFO] [stdout] 223 | / impl_new_issue_state!(
[INFO] [stdout] 224 | |     NewIssueSummaryProjectStream,
[INFO] [stdout] 225 | |     IssueSummaryProjectStreamType,
[INFO] [stdout] 226 | |     issue_type,
[INFO] [stdout] ...   |
[INFO] [stdout] 230 | |     stream
[INFO] [stdout] 231 | | );
[INFO] [stdout]     | |__- in this macro invocation
[INFO] [stdout]     |
[INFO] [stdout]     = note: this error originates in the macro `on_issue_message` (in Nightly builds, run with -Z macro-backtrace for more info)
[INFO] [stdout] 
[INFO] [stdout] 
[INFO] [stdout] error[E0422]: cannot find struct, variant or union type `NewIssueSummaryProjectStreamType` in this scope
[INFO] [stdout]    --> src/states.rs:169:17
[INFO] [stdout]     |
[INFO] [stdout] 60  |   pub struct IssueSummaryProjectStreamType(pub String, pub Project, pub IssueStream, pub IssueType);
[INFO] [stdout]     |   -------------------------------------------------------------------------------------------------- similarly named struct `IssueSummaryProjectStreamType` defined here
[INFO] [stdout] ...
[INFO] [stdout] 169 |                   [<New $msg>] { $($f),+ }
[INFO] [stdout]     |                   ^^^^^^^^^^^^ help: a struct with a similar name exists: `IssueSummaryProjectStreamType`
[INFO] [stdout] ...
[INFO] [stdout] 223 | / impl_new_issue_state!(
[INFO] [stdout] 224 | |     NewIssueSummaryProjectStream,
[INFO] [stdout] 225 | |     IssueSummaryProjectStreamType,
[INFO] [stdout] 226 | |     issue_type,
[INFO] [stdout] ...   |
[INFO] [stdout] 230 | |     stream
[INFO] [stdout] 231 | | );
[INFO] [stdout]     | |__- in this macro invocation
[INFO] [stdout]     |
[INFO] [stdout]     = note: this error originates in the macro `on_issue_message` (in Nightly builds, run with -Z macro-backtrace for more info)
[INFO] [stdout] 
[INFO] [stdout] 
[INFO] [stdout] error[E0412]: cannot find type `Idle` in this scope
[INFO] [stdout]    --> src/states.rs:24:47
[INFO] [stdout]     |
[INFO] [stdout] 24  |           pub fn on_cancel(&self, _: Cancel) -> Idle {
[INFO] [stdout]     |                                                 ^^^^ not found in this scope
[INFO] [stdout] ...
[INFO] [stdout] 223 | / impl_new_issue_state!(
[INFO] [stdout] 224 | |     NewIssueSummaryProjectStream,
[INFO] [stdout] 225 | |     IssueSummaryProjectStreamType,
[INFO] [stdout] 226 | |     issue_type,
[INFO] [stdout] ...   |
[INFO] [stdout] 230 | |     stream
[INFO] [stdout] 231 | | );
[INFO] [stdout]     | |__- in this macro invocation
[INFO] [stdout]     |
[INFO] [stdout]     = note: this error originates in the macro `on_cancel` (in Nightly builds, run with -Z macro-backtrace for more info)
[INFO] [stdout] 
[INFO] [stdout] 
[INFO] [stdout] error[E0422]: cannot find struct, variant or union type `Idle` in this scope
[INFO] [stdout]    --> src/states.rs:25:13
[INFO] [stdout]     |
[INFO] [stdout] 25  |               Idle {}
[INFO] [stdout]     |               ^^^^ not found in this scope
[INFO] [stdout] ...
[INFO] [stdout] 223 | / impl_new_issue_state!(
[INFO] [stdout] 224 | |     NewIssueSummaryProjectStream,
[INFO] [stdout] 225 | |     IssueSummaryProjectStreamType,
[INFO] [stdout] 226 | |     issue_type,
[INFO] [stdout] ...   |
[INFO] [stdout] 230 | |     stream
[INFO] [stdout] 231 | | );
[INFO] [stdout]     | |__- in this macro invocation
[INFO] [stdout]     |
[INFO] [stdout]     = note: this error originates in the macro `on_cancel` (in Nightly builds, run with -Z macro-backtrace for more info)
[INFO] [stdout] 
[INFO] [stdout] 
[INFO] [stdout] error[E0412]: cannot find type `UserStateMessages` in this scope
[INFO] [stdout]    --> src/states.rs:182:37
[INFO] [stdout]     |
[INFO] [stdout] 182 |           pub fn $n(&self, $n: $t) -> UserStateMessages {
[INFO] [stdout]     |                                       ^^^^^^^^^^^^^^^^^ not found in this scope
[INFO] [stdout] ...
[INFO] [stdout] 223 | / impl_new_issue_state!(
[INFO] [stdout] 224 | |     NewIssueSummaryProjectStream,
[INFO] [stdout] 225 | |     IssueSummaryProjectStreamType,
[INFO] [stdout] 226 | |     issue_type,
[INFO] [stdout] ...   |
[INFO] [stdout] 230 | |     stream
[INFO] [stdout] 231 | | );
[INFO] [stdout]     | |__- in this macro invocation
[INFO] [stdout]     |
[INFO] [stdout]     = note: this error originates in the macro `make_forward` (in Nightly builds, run with -Z macro-backtrace for more info)
[INFO] [stdout] 
[INFO] [stdout] 
[INFO] [stdout] error[E0412]: cannot find type `NewIssueSummaryProjectStreamType` in this scope
[INFO] [stdout]    --> src/states.rs:233:5
[INFO] [stdout]     |
[INFO] [stdout] 60  | pub struct IssueSummaryProjectStreamType(pub String, pub Project, pub IssueStream, pub IssueType);
[INFO] [stdout]     | -------------------------------------------------------------------------------------------------- similarly named struct `IssueSummaryProjectStreamType` defined here
[INFO] [stdout] ...
[INFO] [stdout] 233 |     NewIssueSummaryProjectStreamType,
[INFO] [stdout]     |     ^^^^^^^^^^^^^^^^^^^^^^^^^^^^^^^^ help: a struct with a similar name exists: `IssueSummaryProjectStreamType`
[INFO] [stdout] 
[INFO] [stdout] 
[INFO] [stdout] error[E0412]: cannot find type `NewIssueSummaryProjectStreamTypeDesc` in this scope
[INFO] [stdout]    --> src/states.rs:167:58
[INFO] [stdout]     |
[INFO] [stdout] 63  | / pub struct IssueSummaryProjectStreamTypeDesc(
[INFO] [stdout] 64  | |     pub String,
[INFO] [stdout] 65  | |     pub Project,
[INFO] [stdout] 66  | |     pub IssueStream,
[INFO] [stdout] 67  | |     pub IssueType,
[INFO] [stdout] 68  | |     pub String,
[INFO] [stdout] 69  | | );
[INFO] [stdout]     | |__- similarly named struct `IssueSummaryProjectStreamTypeDesc` defined here
[INFO] [stdout] ...
[INFO] [stdout] 167 |               pub fn [<on_ $msg:snake>](&self, m: $msg) -> [<New $msg>] {
[INFO] [stdout]     |                                                            ^^^^^^^^^^^^ help: a struct with a similar name exists: `IssueSummaryProjectStreamTypeDesc`
[INFO] [stdout] ...
[INFO] [stdout] 232 | / impl_new_issue_state!(
[INFO] [stdout] 233 | |     NewIssueSummaryProjectStreamType,
[INFO] [stdout] 234 | |     IssueSummaryProjectStreamTypeDesc,
[INFO] [stdout] 235 | |     desc,
[INFO] [stdout] ...   |
[INFO] [stdout] 240 | |     issue_type
[INFO] [stdout] 241 | | );
[INFO] [stdout]     | |__- in this macro invocation
[INFO] [stdout]     |
[INFO] [stdout]     = note: this error originates in the macro `on_issue_message` (in Nightly builds, run with -Z macro-backtrace for more info)
[INFO] [stdout] 
[INFO] [stdout] 
[INFO] [stdout] error[E0422]: cannot find struct, variant or union type `NewIssueSummaryProjectStreamTypeDesc` in this scope
[INFO] [stdout]    --> src/states.rs:169:17
[INFO] [stdout]     |
[INFO] [stdout] 63  | / pub struct IssueSummaryProjectStreamTypeDesc(
[INFO] [stdout] 64  | |     pub String,
[INFO] [stdout] 65  | |     pub Project,
[INFO] [stdout] 66  | |     pub IssueStream,
[INFO] [stdout] 67  | |     pub IssueType,
[INFO] [stdout] 68  | |     pub String,
[INFO] [stdout] 69  | | );
[INFO] [stdout]     | |__- similarly named struct `IssueSummaryProjectStreamTypeDesc` defined here
[INFO] [stdout] ...
[INFO] [stdout] 169 |                   [<New $msg>] { $($f),+ }
[INFO] [stdout]     |                   ^^^^^^^^^^^^ help: a struct with a similar name exists: `IssueSummaryProjectStreamTypeDesc`
[INFO] [stdout] ...
[INFO] [stdout] 232 | / impl_new_issue_state!(
[INFO] [stdout] 233 | |     NewIssueSummaryProjectStreamType,
[INFO] [stdout] 234 | |     IssueSummaryProjectStreamTypeDesc,
[INFO] [stdout] 235 | |     desc,
[INFO] [stdout] ...   |
[INFO] [stdout] 240 | |     issue_type
[INFO] [stdout] 241 | | );
[INFO] [stdout]     | |__- in this macro invocation
[INFO] [stdout]     |
[INFO] [stdout]     = note: this error originates in the macro `on_issue_message` (in Nightly builds, run with -Z macro-backtrace for more info)
[INFO] [stdout] 
[INFO] [stdout] 
[INFO] [stdout] error[E0412]: cannot find type `Idle` in this scope
[INFO] [stdout]    --> src/states.rs:24:47
[INFO] [stdout]     |
[INFO] [stdout] 24  |           pub fn on_cancel(&self, _: Cancel) -> Idle {
[INFO] [stdout]     |                                                 ^^^^ not found in this scope
[INFO] [stdout] ...
[INFO] [stdout] 232 | / impl_new_issue_state!(
[INFO] [stdout] 233 | |     NewIssueSummaryProjectStreamType,
[INFO] [stdout] 234 | |     IssueSummaryProjectStreamTypeDesc,
[INFO] [stdout] 235 | |     desc,
[INFO] [stdout] ...   |
[INFO] [stdout] 240 | |     issue_type
[INFO] [stdout] 241 | | );
[INFO] [stdout]     | |__- in this macro invocation
[INFO] [stdout]     |
[INFO] [stdout]     = note: this error originates in the macro `on_cancel` (in Nightly builds, run with -Z macro-backtrace for more info)
[INFO] [stdout] 
[INFO] [stdout] 
[INFO] [stdout] error[E0422]: cannot find struct, variant or union type `Idle` in this scope
[INFO] [stdout]    --> src/states.rs:25:13
[INFO] [stdout]     |
[INFO] [stdout] 25  |               Idle {}
[INFO] [stdout]     |               ^^^^ not found in this scope
[INFO] [stdout] ...
[INFO] [stdout] 232 | / impl_new_issue_state!(
[INFO] [stdout] 233 | |     NewIssueSummaryProjectStreamType,
[INFO] [stdout] 234 | |     IssueSummaryProjectStreamTypeDesc,
[INFO] [stdout] 235 | |     desc,
[INFO] [stdout] ...   |
[INFO] [stdout] 240 | |     issue_type
[INFO] [stdout] 241 | | );
[INFO] [stdout]     | |__- in this macro invocation
[INFO] [stdout]     |
[INFO] [stdout]     = note: this error originates in the macro `on_cancel` (in Nightly builds, run with -Z macro-backtrace for more info)
[INFO] [stdout] 
[INFO] [stdout] 
[INFO] [stdout] error[E0412]: cannot find type `UserStateMessages` in this scope
[INFO] [stdout]    --> src/states.rs:182:37
[INFO] [stdout]     |
[INFO] [stdout] 182 |           pub fn $n(&self, $n: $t) -> UserStateMessages {
[INFO] [stdout]     |                                       ^^^^^^^^^^^^^^^^^ not found in this scope
[INFO] [stdout] ...
[INFO] [stdout] 232 | / impl_new_issue_state!(
[INFO] [stdout] 233 | |     NewIssueSummaryProjectStreamType,
[INFO] [stdout] 234 | |     IssueSummaryProjectStreamTypeDesc,
[INFO] [stdout] 235 | |     desc,
[INFO] [stdout] ...   |
[INFO] [stdout] 240 | |     issue_type
[INFO] [stdout] 241 | | );
[INFO] [stdout]     | |__- in this macro invocation
[INFO] [stdout]     |
[INFO] [stdout]     = note: this error originates in the macro `make_forward` (in Nightly builds, run with -Z macro-backtrace for more info)
[INFO] [stdout] 
[INFO] [stdout] 
[INFO] [stdout] error[E0412]: cannot find type `NewIssueSummaryProjectStreamTypeDesc` in this scope
[INFO] [stdout]    --> src/states.rs:243:6
[INFO] [stdout]     |
[INFO] [stdout] 63  | / pub struct IssueSummaryProjectStreamTypeDesc(
[INFO] [stdout] 64  | |     pub String,
[INFO] [stdout] 65  | |     pub Project,
[INFO] [stdout] 66  | |     pub IssueStream,
[INFO] [stdout] 67  | |     pub IssueType,
[INFO] [stdout] 68  | |     pub String,
[INFO] [stdout] 69  | | );
[INFO] [stdout]     | |__- similarly named struct `IssueSummaryProjectStreamTypeDesc` defined here
[INFO] [stdout] ...
[INFO] [stdout] 243 |   impl NewIssueSummaryProjectStreamTypeDesc {
[INFO] [stdout]     |        ^^^^^^^^^^^^^^^^^^^^^^^^^^^^^^^^^^^^ help: a struct with a similar name exists: `IssueSummaryProjectStreamTypeDesc`
[INFO] [stdout] 
[INFO] [stdout] 
[INFO] [stdout] error[E0412]: cannot find type `Idle` in this scope
[INFO] [stdout]    --> src/states.rs:244:39
[INFO] [stdout]     |
[INFO] [stdout] 244 |     pub fn on_save(&self, _: Save) -> Idle {
[INFO] [stdout]     |                                       ^^^^ not found in this scope
[INFO] [stdout] 
[INFO] [stdout] 
[INFO] [stdout] error[E0422]: cannot find struct, variant or union type `Idle` in this scope
[INFO] [stdout]    --> src/states.rs:245:9
[INFO] [stdout]     |
[INFO] [stdout] 245 |         Idle {}
[INFO] [stdout]     |         ^^^^ not found in this scope
[INFO] [stdout] 
[INFO] [stdout] 
[INFO] [stdout] error[E0412]: cannot find type `Idle` in this scope
[INFO] [stdout]    --> src/states.rs:24:47
[INFO] [stdout]     |
[INFO] [stdout] 24  |         pub fn on_cancel(&self, _: Cancel) -> Idle {
[INFO] [stdout]     |                                               ^^^^ not found in this scope
[INFO] [stdout] ...
[INFO] [stdout] 248 |     on_cancel!();
[INFO] [stdout]     |     ------------- in this macro invocation
[INFO] [stdout]     |
[INFO] [stdout]     = note: this error originates in the macro `on_cancel` (in Nightly builds, run with -Z macro-backtrace for more info)
[INFO] [stdout] 
[INFO] [stdout] 
[INFO] [stdout] error[E0422]: cannot find struct, variant or union type `Idle` in this scope
[INFO] [stdout]    --> src/states.rs:25:13
[INFO] [stdout]     |
[INFO] [stdout] 25  |             Idle {}
[INFO] [stdout]     |             ^^^^ not found in this scope
[INFO] [stdout] ...
[INFO] [stdout] 248 |     on_cancel!();
[INFO] [stdout]     |     ------------- in this macro invocation
[INFO] [stdout]     |
[INFO] [stdout]     = note: this error originates in the macro `on_cancel` (in Nightly builds, run with -Z macro-backtrace for more info)
[INFO] [stdout] 
[INFO] [stdout] 
[INFO] [stdout] error[E0412]: cannot find type `UserState` in this scope
[INFO] [stdout]    --> src/states.rs:252:32
[INFO] [stdout]     |
[INFO] [stdout] 252 | impl redis::FromRedisValue for UserState {
[INFO] [stdout]     |                                ^^^^^^^^^ not found in this scope
[INFO] [stdout] 
[INFO] [stdout] 
[INFO] [stdout] error[E0412]: cannot find type `UserState` in this scope
[INFO] [stdout]    --> src/states.rs:264:29
[INFO] [stdout]     |
[INFO] [stdout] 264 | impl redis::ToRedisArgs for UserState {
[INFO] [stdout]     |                             ^^^^^^^^^ not found in this scope
[INFO] [stdout] 
[INFO] [stdout] 
[INFO] [stdout] warning: unused `#[macro_use]` import
[INFO] [stdout]   --> src/main.rs:13:1
[INFO] [stdout]    |
[INFO] [stdout] 13 | #[macro_use]
[INFO] [stdout]    | ^^^^^^^^^^^^
[INFO] [stdout]    |
[INFO] [stdout]    = note: `#[warn(unused_imports)]` on by default
[INFO] [stdout] 
[INFO] [stdout] 
[INFO] [stdout] error[E0282]: type annotations needed
[INFO] [stdout]    --> src/bot.rs:145:9
[INFO] [stdout]     |
[INFO] [stdout] 145 |         self.fetch_issues(message.from.id, message, b).await
[INFO] [stdout]     |         ^^^^^^^^^^^^^^^^^^^^^^^^^^^^^^^^^^^^^^^^^^^^^^^^^^^^ cannot infer type
[INFO] [stdout] 
[INFO] [stdout] 
[INFO] [stdout] error[E0609]: no field `name` on type `&_`
[INFO] [stdout]    --> src/bot.rs:507:68
[INFO] [stdout]     |
[INFO] [stdout] 507 |                         let kb = make_reply_keyboard(values, |s| s.name.clone());
[INFO] [stdout]     |                                                                    ^^^^
[INFO] [stdout] 
[INFO] [stdout] 
[INFO] [stdout] error: aborting due to 124 previous errors; 1 warning emitted
[INFO] [stdout] 
[INFO] [stdout] 
[INFO] [stdout] Some errors have detailed explanations: E0282, E0412, E0422, E0424, E0425, E0433, E0609.
[INFO] [stdout] 
[INFO] [stdout] For more information about an error, try `rustc --explain E0282`.
[INFO] [stdout] 
[INFO] [stderr] error: could not compile `truepositive-assistant`
[INFO] [stderr] 
[INFO] [stderr] To learn more, run the command again with --verbose.
[INFO] running `Command { std: "docker" "inspect" "c6bd55c3e89f87337f963b932350d32cfcf7e067a9774baa678dfc764b1f36ac", kill_on_drop: false }`
[INFO] running `Command { std: "docker" "rm" "-f" "c6bd55c3e89f87337f963b932350d32cfcf7e067a9774baa678dfc764b1f36ac", kill_on_drop: false }`
[INFO] [stdout] c6bd55c3e89f87337f963b932350d32cfcf7e067a9774baa678dfc764b1f36ac
