[INFO] cloning repository https://github.com/cwfitzgerald/capstone
[INFO] running `Command { std: "git" "-c" "credential.helper=" "-c" "credential.helper=/workspace/cargo-home/bin/git-credential-null" "clone" "--bare" "https://github.com/cwfitzgerald/capstone" "/workspace/cache/git-repos/https%3A%2F%2Fgithub.com%2Fcwfitzgerald%2Fcapstone", kill_on_drop: false }`
[INFO] [stderr] Cloning into bare repository '/workspace/cache/git-repos/https%3A%2F%2Fgithub.com%2Fcwfitzgerald%2Fcapstone'...
[INFO] running `Command { std: "git" "rev-parse" "HEAD", kill_on_drop: false }`
[INFO] [stdout] 6ed154b2c864bc2f2a6bd0ee84a83012d40c96bd
[INFO] testing cwfitzgerald/capstone against 1.54.0 for beta-1.55-1
[INFO] running `Command { std: "git" "clone" "/workspace/cache/git-repos/https%3A%2F%2Fgithub.com%2Fcwfitzgerald%2Fcapstone" "/workspace/builds/worker-3/source", kill_on_drop: false }`
[INFO] [stderr] Cloning into '/workspace/builds/worker-3/source'...
[INFO] [stderr] done.
[INFO] validating manifest of git repo https://github.com/cwfitzgerald/capstone on toolchain 1.54.0
[INFO] running `Command { std: "/workspace/cargo-home/bin/cargo" "+1.54.0" "metadata" "--manifest-path" "Cargo.toml" "--no-deps", kill_on_drop: false }`
[INFO] started tweaking git repo https://github.com/cwfitzgerald/capstone
[INFO] finished tweaking git repo https://github.com/cwfitzgerald/capstone
[INFO] tweaked toml for git repo https://github.com/cwfitzgerald/capstone written to /workspace/builds/worker-3/source/Cargo.toml
[INFO] crate git repo https://github.com/cwfitzgerald/capstone already has a lockfile, it will not be regenerated
[INFO] running `Command { std: "/workspace/cargo-home/bin/cargo" "+1.54.0" "fetch" "--manifest-path" "Cargo.toml", kill_on_drop: false }`
[INFO] [stderr]     Blocking waiting for file lock on package cache
[INFO] [stderr]     Blocking waiting for file lock on package cache
[INFO] running `Command { std: "docker" "create" "-v" "/var/lib/crater-agent-workspace/builds/worker-3/target:/opt/rustwide/target:rw,Z" "-v" "/var/lib/crater-agent-workspace/builds/worker-3/source:/opt/rustwide/workdir:ro,Z" "-v" "/var/lib/crater-agent-workspace/cargo-home:/opt/rustwide/cargo-home:ro,Z" "-v" "/var/lib/crater-agent-workspace/rustup-home:/opt/rustwide/rustup-home:ro,Z" "-e" "SOURCE_DIR=/opt/rustwide/workdir" "-e" "CARGO_TARGET_DIR=/opt/rustwide/target" "-e" "CARGO_HOME=/opt/rustwide/cargo-home" "-e" "RUSTUP_HOME=/opt/rustwide/rustup-home" "-w" "/opt/rustwide/workdir" "-m" "1610612736" "--user" "0:0" "--network" "none" "ghcr.io/rust-lang/crates-build-env/linux@sha256:34b6a614d2c27851fe6cbf88fbd1137609cefab8b10d0615aaeb6fd47975d74e" "/opt/rustwide/cargo-home/bin/cargo" "+1.54.0" "metadata" "--no-deps" "--format-version=1", kill_on_drop: false }`
[INFO] [stdout] 795561bf9655e000064a07a55ef95930951d6dc486cd37d72f2fc71abf0d3390
[INFO] running `Command { std: "docker" "start" "-a" "795561bf9655e000064a07a55ef95930951d6dc486cd37d72f2fc71abf0d3390", kill_on_drop: false }`
[INFO] running `Command { std: "docker" "inspect" "795561bf9655e000064a07a55ef95930951d6dc486cd37d72f2fc71abf0d3390", kill_on_drop: false }`
[INFO] running `Command { std: "docker" "rm" "-f" "795561bf9655e000064a07a55ef95930951d6dc486cd37d72f2fc71abf0d3390", kill_on_drop: false }`
[INFO] [stdout] 795561bf9655e000064a07a55ef95930951d6dc486cd37d72f2fc71abf0d3390
[INFO] running `Command { std: "docker" "create" "-v" "/var/lib/crater-agent-workspace/builds/worker-3/target:/opt/rustwide/target:rw,Z" "-v" "/var/lib/crater-agent-workspace/builds/worker-3/source:/opt/rustwide/workdir:ro,Z" "-v" "/var/lib/crater-agent-workspace/cargo-home:/opt/rustwide/cargo-home:ro,Z" "-v" "/var/lib/crater-agent-workspace/rustup-home:/opt/rustwide/rustup-home:ro,Z" "-e" "SOURCE_DIR=/opt/rustwide/workdir" "-e" "CARGO_TARGET_DIR=/opt/rustwide/target" "-e" "CARGO_INCREMENTAL=0" "-e" "RUST_BACKTRACE=full" "-e" "RUSTFLAGS=--cap-lints=warn" "-e" "CARGO_HOME=/opt/rustwide/cargo-home" "-e" "RUSTUP_HOME=/opt/rustwide/rustup-home" "-w" "/opt/rustwide/workdir" "-m" "1610612736" "--user" "0:0" "--network" "none" "ghcr.io/rust-lang/crates-build-env/linux@sha256:34b6a614d2c27851fe6cbf88fbd1137609cefab8b10d0615aaeb6fd47975d74e" "/opt/rustwide/cargo-home/bin/cargo" "+1.54.0" "build" "--frozen" "--message-format=json", kill_on_drop: false }`
[INFO] [stdout] 310435850b254af34cf5ea687430dc5a5682ab056e35035c710c207759e3e88d
[INFO] running `Command { std: "docker" "start" "-a" "310435850b254af34cf5ea687430dc5a5682ab056e35035c710c207759e3e88d", kill_on_drop: false }`
[INFO] [stderr]    Compiling libc v0.2.95
[INFO] [stderr]    Compiling proc-macro2 v1.0.27
[INFO] [stderr]    Compiling syn v1.0.65
[INFO] [stderr]    Compiling log v0.4.14
[INFO] [stderr]    Compiling scopeguard v1.1.0
[INFO] [stderr]    Compiling crossbeam-utils v0.8.5
[INFO] [stderr]    Compiling futures-core v0.3.15
[INFO] [stderr]    Compiling crossbeam-epoch v0.9.5
[INFO] [stderr]    Compiling futures-io v0.3.15
[INFO] [stderr]    Compiling khronos-egl v3.0.2
[INFO] [stderr]    Compiling either v1.6.1
[INFO] [stderr]    Compiling serde v1.0.126
[INFO] [stderr]    Compiling glow v0.7.2
[INFO] [stderr]    Compiling futures-task v0.3.15
[INFO] [stderr]    Compiling bytemuck v1.7.0
[INFO] [stderr]    Compiling futures-sink v0.3.15
[INFO] [stderr]    Compiling rayon-core v1.9.1
[INFO] [stderr]    Compiling futures-channel v0.3.15
[INFO] [stderr]    Compiling serde_json v1.0.64
[INFO] [stderr]    Compiling crossbeam-queue v0.3.2
[INFO] [stderr]    Compiling fastrand v1.4.1
[INFO] [stderr]    Compiling arrayvec v0.7.1
[INFO] [stderr]    Compiling adler v1.0.2
[INFO] [stderr]    Compiling winit v0.25.0
[INFO] [stderr]    Compiling range-alloc v0.1.2
[INFO] [stderr]    Compiling weezl v0.1.5
[INFO] [stderr]    Compiling serde_derive v1.0.126
[INFO] [stderr]    Compiling ansi_term v0.12.1
[INFO] [stderr]    Compiling atomic-waker v1.0.0
[INFO] [stderr]    Compiling chlorine v1.0.7
[INFO] [stderr]    Compiling pollster v0.2.4
[INFO] [stderr]    Compiling histogram v0.6.9
[INFO] [stderr]    Compiling pico-args v0.4.2
[INFO] [stderr]    Compiling value-bag v1.0.0-alpha.7
[INFO] [stderr]    Compiling tracing-core v0.1.18
[INFO] [stderr]    Compiling memoffset v0.6.4
[INFO] [stderr]    Compiling wgpu-core v0.7.1
[INFO] [stderr]    Compiling futures-macro v0.3.15
[INFO] [stderr]    Compiling slotmap v1.0.3
[INFO] [stderr]    Compiling futures-util v0.3.15
[INFO] [stderr]    Compiling priority-queue v1.1.1
[INFO] [stderr]    Compiling rayon v1.5.1
[INFO] [stderr]    Compiling miniz_oxide v0.4.4
[INFO] [stderr]    Compiling path-dedot v3.0.12
[INFO] [stderr]    Compiling thread_local v1.1.3
[INFO] [stderr]    Compiling sharded-slab v0.1.1
[INFO] [stderr]    Compiling regex-automata v0.1.10
[INFO] [stderr]    Compiling regex v1.5.4
[INFO] [stderr]    Compiling async-mutex v1.4.0
[INFO] [stderr]    Compiling async-lock v2.4.0
[INFO] [stderr]    Compiling deflate v0.8.6
[INFO] [stderr]    Compiling itertools v0.10.1
[INFO] [stderr]    Compiling lru v0.6.5
[INFO] [stderr]    Compiling ash v0.31.0
[INFO] [stderr]    Compiling lock_api v0.4.4
[INFO] [stderr]    Compiling glam v0.17.0
[INFO] [stderr]    Compiling gif v0.11.2
[INFO] [stderr]    Compiling wgpu-types v0.7.0
[INFO] [stderr]    Compiling futures-lite v1.12.0
[INFO] [stderr]    Compiling async-channel v1.6.1
[INFO] [stderr]    Compiling spinning_top v0.2.4
[INFO] [stderr]    Compiling png v0.16.8
[INFO] [stderr]    Compiling crossbeam-channel v0.5.1
[INFO] [stderr]    Compiling matchers v0.0.1
[INFO] [stderr]    Compiling quote v1.0.9
[INFO] [stderr]    Compiling crossbeam-deque v0.8.0
[INFO] [stderr]    Compiling async-executor v1.4.1
[INFO] [stderr]    Compiling blocking v1.0.2
[INFO] [stderr]    Compiling crossbeam v0.8.1
[INFO] [stderr]    Compiling wayland-scanner v0.28.5
[INFO] [stderr]    Compiling jobserver v0.1.22
[INFO] [stderr]    Compiling parking_lot_core v0.8.3
[INFO] [stderr]    Compiling raw-window-handle v0.3.3
[INFO] [stderr]    Compiling num_cpus v1.13.0
[INFO] [stderr]    Compiling nix v0.20.0
[INFO] [stderr]    Compiling errno v0.2.7
[INFO] [stderr]    Compiling getrandom v0.2.3
[INFO] [stderr]    Compiling nix v0.18.0
[INFO] [stderr]    Compiling memmap2 v0.1.0
[INFO] [stderr]    Compiling x11-dl v2.18.5
[INFO] [stderr]    Compiling chrono v0.4.19
[INFO] [stderr]    Compiling socket2 v0.4.0
[INFO] [stderr]    Compiling thread-id v3.3.0
[INFO] [stderr]    Compiling cc v1.0.68
[INFO] [stderr]    Compiling affinity v0.1.1
[INFO] [stderr]    Compiling nanorand v0.5.2
[INFO] [stderr]    Compiling parking_lot v0.11.1
[INFO] [stderr]    Compiling cmake v0.1.45
[INFO] [stderr]    Compiling wayland-client v0.28.5
[INFO] [stderr]    Compiling wayland-protocols v0.28.5
[INFO] [stderr]    Compiling futures-intrusive v0.4.0
[INFO] [stderr]    Compiling spirv_cross v0.23.1
[INFO] [stderr]    Compiling shaderc-sys v0.7.2
[INFO] [stderr]    Compiling imgui-sys v0.7.0
[INFO] [stderr]    Compiling basis-sys v0.1.0 (https://github.com/BVE-Reborn/basis-rs.git?rev=17480940261db81877ce4fec983a18a39d7db633#17480940)
[INFO] [stderr]    Compiling tracing-serde v0.1.2
[INFO] [stderr]    Compiling switchyard v0.2.1
[INFO] [stderr] error: could not compile `ash`
[INFO] [stderr] 
[INFO] [stderr] Caused by:
[INFO] [stderr]   process didn't exit successfully: `rustc --crate-name ash --edition=2018 /opt/rustwide/cargo-home/registry/src/github.com-1ecc6299db9ec823/ash-0.31.0/src/lib.rs --error-format=json --json=diagnostic-rendered-ansi,artifacts --crate-type lib --emit=dep-info,metadata,link -C embed-bitcode=no -C debuginfo=2 --cfg 'feature="default"' --cfg 'feature="libloading"' -C metadata=28bdb776f5072438 -C extra-filename=-28bdb776f5072438 --out-dir /opt/rustwide/target/debug/deps -L dependency=/opt/rustwide/target/debug/deps --extern libloading=/opt/rustwide/target/debug/deps/liblibloading-4cbef60d97a68c9e.rmeta --cap-lints allow --cap-lints=warn` (signal: 9, SIGKILL: kill)
[INFO] [stderr] warning: build failed, waiting for other jobs to finish...
[INFO] [stderr] The following warnings were emitted during compilation:
[INFO] [stderr] 
[INFO] [stderr] warning: In file included from src/../basisu/transcoder/basisu_transcoder_internal.h:32,
[INFO] [stderr] warning:                  from src/../basisu/transcoder/basisu_transcoder.h:23,
[INFO] [stderr] warning:                  from src/basisrs_interface.hpp:245,
[INFO] [stderr] warning:                  from src/basisrs_interface.cpp:2:
[INFO] [stderr] warning: src/../basisu/transcoder/basisu.h: In instantiation of 'void basisu::clear_obj(T&) [with T = basist::etc1_global_palette_entry_modifier]':
[INFO] [stderr] warning: src/../basisu/transcoder/basisu_global_selector_palette.h:71:27:   required from here
[INFO] [stderr] warning: src/../basisu/transcoder/basisu.h:122:62: warning: 'void* memset(void*, int, size_t)' clearing an object of non-trivial type 'class basist::etc1_global_palette_entry_modifier'; use assignment or value-initialization instead [-Wclass-memaccess]
[INFO] [stderr] warning:   122 |  template <typename T> inline void clear_obj(T& obj) { memset(&obj, 0, sizeof(obj)); }
[INFO] [stderr] warning:       |                                                        ~~~~~~^~~~~~~~~~~~~~~~~~~~~~
[INFO] [stderr] warning: In file included from src/../basisu/transcoder/basisu_transcoder.h:25,
[INFO] [stderr] warning:                  from src/basisrs_interface.hpp:245,
[INFO] [stderr] warning:                  from src/basisrs_interface.cpp:2:
[INFO] [stderr] warning: src/../basisu/transcoder/basisu_global_selector_palette.h:21:8: note: 'class basist::etc1_global_palette_entry_modifier' declared here
[INFO] [stderr] warning:    21 |  class etc1_global_palette_entry_modifier
[INFO] [stderr] warning:       |        ^~~~~~~~~~~~~~~~~~~~~~~~~~~~~~~~~~
[INFO] [stderr] warning: In file included from src/../basisu/transcoder/basisu_transcoder_internal.h:32,
[INFO] [stderr] warning:                  from src/../basisu/transcoder/basisu_transcoder.h:23,
[INFO] [stderr] warning:                  from src/basisrs_interface.hpp:245,
[INFO] [stderr] warning:                  from src/basisrs_interface.cpp:2:
[INFO] [stderr] warning: src/../basisu/transcoder/basisu.h: In instantiation of 'void basisu::clear_obj(T&) [with T = basist::etc1_selector_palette_entry]':
[INFO] [stderr] warning: src/../basisu/transcoder/basisu_global_selector_palette.h:117:27:   required from here
[INFO] [stderr] warning: src/../basisu/transcoder/basisu.h:122:62: warning: 'void* memset(void*, int, size_t)' clearing an object of non-trivial type 'struct basist::etc1_selector_palette_entry'; use assignment or value-initialization instead [-Wclass-memaccess]
[INFO] [stderr] warning:   122 |  template <typename T> inline void clear_obj(T& obj) { memset(&obj, 0, sizeof(obj)); }
[INFO] [stderr] warning:       |                                                        ~~~~~~^~~~~~~~~~~~~~~~~~~~~~
[INFO] [stderr] warning: In file included from src/../basisu/transcoder/basisu_transcoder.h:25,
[INFO] [stderr] warning:                  from src/basisrs_interface.hpp:245,
[INFO] [stderr] warning:                  from src/basisrs_interface.cpp:2:
[INFO] [stderr] warning: src/../basisu/transcoder/basisu_global_selector_palette.h:108:9: note: 'struct basist::etc1_selector_palette_entry' declared here
[INFO] [stderr] warning:   108 |  struct etc1_selector_palette_entry
[INFO] [stderr] warning:       |         ^~~~~~~~~~~~~~~~~~~~~~~~~~~
[INFO] [stderr] warning: basisu/transcoder/basisu_transcoder.cpp: In member function 'bool basist::basisu_transcoder::transcode_image_level(const void*, uint32_t, uint32_t, uint32_t, void*, uint32_t, basist::transcoder_texture_format, uint32_t, uint32_t, basist::basisu_transcoder_state*, uint32_t) const':
[INFO] [stderr] warning: basisu/transcoder/basisu_transcoder.cpp:10666:14: warning: unused variable 'transcode_alpha_data_to_opaque_formats' [-Wunused-variable]
[INFO] [stderr] warning: 10666 |   const bool transcode_alpha_data_to_opaque_formats = (decode_flags & cDecodeFlagsTranscodeAlphaDataToOpaqueFormats) != 0;
[INFO] [stderr] warning:       |              ^~~~~~~~~~~~~~~~~~~~~~~~~~~~~~~~~~~~~~
[INFO] [stderr] warning: In file included from basisu/transcoder/basisu_transcoder_internal.h:32,
[INFO] [stderr] warning:                  from basisu/transcoder/basisu_transcoder.h:23,
[INFO] [stderr] warning:                  from basisu/transcoder/basisu_transcoder.cpp:16:
[INFO] [stderr] warning: basisu/transcoder/basisu.h: In instantiation of 'void basisu::clear_obj(T&) [with T = basist::etc1_global_palette_entry_modifier]':
[INFO] [stderr] warning: basisu/transcoder/basisu_global_selector_palette.h:71:27:   required from here
[INFO] [stderr] warning: basisu/transcoder/basisu.h:122:62: warning: 'void* memset(void*, int, size_t)' clearing an object of non-trivial type 'class basist::etc1_global_palette_entry_modifier'; use assignment or value-initialization instead [-Wclass-memaccess]
[INFO] [stderr] warning:   122 |  template <typename T> inline void clear_obj(T& obj) { memset(&obj, 0, sizeof(obj)); }
[INFO] [stderr] warning:       |                                                        ~~~~~~^~~~~~~~~~~~~~~~~~~~~~
[INFO] [stderr] warning: In file included from basisu/transcoder/basisu_transcoder.h:25,
[INFO] [stderr] warning:                  from basisu/transcoder/basisu_transcoder.cpp:16:
[INFO] [stderr] warning: basisu/transcoder/basisu_global_selector_palette.h:21:8: note: 'class basist::etc1_global_palette_entry_modifier' declared here
[INFO] [stderr] warning:    21 |  class etc1_global_palette_entry_modifier
[INFO] [stderr] warning:       |        ^~~~~~~~~~~~~~~~~~~~~~~~~~~~~~~~~~
[INFO] [stderr] warning: In file included from basisu/transcoder/basisu_transcoder_internal.h:32,
[INFO] [stderr] warning:                  from basisu/transcoder/basisu_transcoder.h:23,
[INFO] [stderr] warning:                  from basisu/transcoder/basisu_transcoder.cpp:16:
[INFO] [stderr] warning: basisu/transcoder/basisu.h: In instantiation of 'void basisu::clear_obj(T&) [with T = basist::etc1_selector_palette_entry]':
[INFO] [stderr] warning: basisu/transcoder/basisu_global_selector_palette.h:117:27:   required from here
[INFO] [stderr] warning: basisu/transcoder/basisu.h:122:62: warning: 'void* memset(void*, int, size_t)' clearing an object of non-trivial type 'struct basist::etc1_selector_palette_entry'; use assignment or value-initialization instead [-Wclass-memaccess]
[INFO] [stderr] warning:   122 |  template <typename T> inline void clear_obj(T& obj) { memset(&obj, 0, sizeof(obj)); }
[INFO] [stderr] warning:       |                                                        ~~~~~~^~~~~~~~~~~~~~~~~~~~~~
[INFO] [stderr] warning: In file included from basisu/transcoder/basisu_transcoder.h:25,
[INFO] [stderr] warning:                  from basisu/transcoder/basisu_transcoder.cpp:16:
[INFO] [stderr] warning: basisu/transcoder/basisu_global_selector_palette.h:108:9: note: 'struct basist::etc1_selector_palette_entry' declared here
[INFO] [stderr] warning:   108 |  struct etc1_selector_palette_entry
[INFO] [stderr] warning:       |         ^~~~~~~~~~~~~~~~~~~~~~~~~~~
[INFO] [stderr] warning: c++: fatal error: Killed signal terminated program cc1plus
[INFO] [stderr] warning: compilation terminated.
[INFO] [stderr] 
[INFO] [stderr] The following warnings were emitted during compilation:
[INFO] [stderr] 
[INFO] [stderr] warning: src/wrapper.cpp:2: warning: ignoring #pragma warning  [-Wunknown-pragmas]
[INFO] [stderr] warning:     2 | #pragma warning(disable : 4996 4101)
[INFO] [stderr] warning:       | 
[INFO] [stderr] warning: c++: fatal error: Killed signal terminated program cc1plus
[INFO] [stderr] warning: compilation terminated.
[INFO] [stderr] warning: c++: fatal error: Killed signal terminated program cc1plus
[INFO] [stderr] warning: compilation terminated.
[INFO] [stderr] warning: c++: fatal error: Killed signal terminated program cc1plus
[INFO] [stderr] warning: compilation terminated.
[INFO] [stderr] warning: c++: fatal error: Killed signal terminated program cc1plus
[INFO] [stderr] warning: compilation terminated.
[INFO] [stderr] warning: c++: fatal error: Killed signal terminated program cc1plus
[INFO] [stderr] warning: compilation terminated.
[INFO] [stderr] warning: c++: fatal error: Killed signal terminated program cc1plus
[INFO] [stderr] warning: compilation terminated.
[INFO] [stderr] warning: c++: fatal error: Killed signal terminated program cc1plus
[INFO] [stderr] warning: compilation terminated.
[INFO] [stderr] 
[INFO] [stderr] The following warnings were emitted during compilation:
[INFO] [stderr] 
[INFO] [stderr] warning: c++: fatal error: Killed signal terminated program cc1plus
[INFO] [stderr] warning: compilation terminated.
[INFO] [stderr] 
[INFO] [stderr] The following warnings were emitted during compilation:
[INFO] [stderr] 
[INFO] [stderr] warning: shaderc: searching for native shaderc libraries on system;  use '--features build-from-source' to force building from source code
[INFO] [stderr] warning: shaderc: cannot find native shaderc library on system; falling back to build from source
[INFO] [stderr] 
[INFO] [stderr] error: build failed
[INFO] running `Command { std: "docker" "inspect" "310435850b254af34cf5ea687430dc5a5682ab056e35035c710c207759e3e88d", kill_on_drop: false }`
[INFO] running `Command { std: "docker" "rm" "-f" "310435850b254af34cf5ea687430dc5a5682ab056e35035c710c207759e3e88d", kill_on_drop: false }`
[INFO] [stdout] 310435850b254af34cf5ea687430dc5a5682ab056e35035c710c207759e3e88d
