[INFO] cloning repository https://github.com/coros-os/installer
[INFO] running `Command { std: "git" "-c" "credential.helper=" "-c" "credential.helper=/workspace/cargo-home/bin/git-credential-null" "clone" "--bare" "https://github.com/coros-os/installer" "/workspace/cache/git-repos/https%3A%2F%2Fgithub.com%2Fcoros-os%2Finstaller", kill_on_drop: false }`
[INFO] [stderr] Cloning into bare repository '/workspace/cache/git-repos/https%3A%2F%2Fgithub.com%2Fcoros-os%2Finstaller'...
[INFO] running `Command { std: "git" "rev-parse" "HEAD", kill_on_drop: false }`
[INFO] [stdout] 1fccae679d66742786cc63fbee112e695da9ec27
[INFO] testing coros-os/installer against beta-2021-08-01 for beta-1.55-1
[INFO] running `Command { std: "git" "clone" "/workspace/cache/git-repos/https%3A%2F%2Fgithub.com%2Fcoros-os%2Finstaller" "/workspace/builds/worker-10/source", kill_on_drop: false }`
[INFO] [stderr] Cloning into '/workspace/builds/worker-10/source'...
[INFO] [stderr] done.
[INFO] validating manifest of git repo https://github.com/coros-os/installer on toolchain beta-2021-08-01
[INFO] running `Command { std: "/workspace/cargo-home/bin/cargo" "+beta-2021-08-01" "metadata" "--manifest-path" "Cargo.toml" "--no-deps", kill_on_drop: false }`
[INFO] started tweaking git repo https://github.com/coros-os/installer
[INFO] finished tweaking git repo https://github.com/coros-os/installer
[INFO] tweaked toml for git repo https://github.com/coros-os/installer written to /workspace/builds/worker-10/source/Cargo.toml
[INFO] crate git repo https://github.com/coros-os/installer already has a lockfile, it will not be regenerated
[INFO] running `Command { std: "/workspace/cargo-home/bin/cargo" "+beta-2021-08-01" "fetch" "--manifest-path" "Cargo.toml", kill_on_drop: false }`
[INFO] [stderr]     Blocking waiting for file lock on package cache
[INFO] [stderr]     Blocking waiting for file lock on package cache
[INFO] [stderr]  Downloading crates ...
[INFO] [stderr]   Downloaded toml v0.5.5
[INFO] [stderr]   Downloaded serde_derive v1.0.103
[INFO] [stderr]   Downloaded blake2b_simd v0.5.9
[INFO] [stderr]   Downloaded serde v1.0.103
[INFO] [stderr]   Downloaded syn v1.0.9
[INFO] [stderr]   Downloaded webpki v0.18.1
[INFO] [stderr]   Downloaded sct v0.4.0
[INFO] [stderr]   Downloaded getrandom v0.1.13
[INFO] [stderr]   Downloaded webpki-roots v0.15.0
[INFO] [stderr]   Downloaded rustls v0.13.1
[INFO] [stderr]   Downloaded wasi v0.7.0
[INFO] [stderr]   Downloaded petgraph v0.4.13
[INFO] [stderr]   Downloaded ordermap v0.2.13
[INFO] [stderr]   Downloaded num_cpus v1.11.1
[INFO] [stderr]   Downloaded smallvec v1.0.0
[INFO] [stderr]   Downloaded ordermap v0.3.5
[INFO] [stderr]   Downloaded termion v1.5.4
[INFO] [stderr]   Downloaded redox_liner v0.5.1
[INFO] [stderr]   Downloaded arg_parser v0.1.0
[INFO] [stderr]   Downloaded bidir-map v0.6.0
[INFO] [stderr]   Downloaded hyper-rustls v0.6.2
[INFO] [stderr]   Downloaded filetime v0.2.8
[INFO] [stderr]   Downloaded redox_pkgutils v0.1.5
[INFO] [stderr]   Downloaded redoxfs v0.3.7
[INFO] [stderr]   Downloaded rust-argon2 v0.6.0
[INFO] [stderr]   Downloaded pbr v1.0.2
[INFO] [stderr]   Downloaded version-compare v0.0.10
[INFO] [stderr]   Downloaded tar v0.4.26
[INFO] [stderr]   Downloaded bytecount v0.6.0
[INFO] [stderr]   Downloaded rand v0.7.2
[INFO] [stderr]   Downloaded hermit-abi v0.1.3
[INFO] [stderr]   Downloaded unicode-normalization v0.1.11
[INFO] [stderr]   Downloaded proc-macro2 v1.0.6
[INFO] [stderr]   Downloaded unicode-width v0.1.6
[INFO] running `Command { std: "docker" "create" "-v" "/var/lib/crater-agent-workspace/builds/worker-10/target:/opt/rustwide/target:rw,Z" "-v" "/var/lib/crater-agent-workspace/builds/worker-10/source:/opt/rustwide/workdir:ro,Z" "-v" "/var/lib/crater-agent-workspace/cargo-home:/opt/rustwide/cargo-home:ro,Z" "-v" "/var/lib/crater-agent-workspace/rustup-home:/opt/rustwide/rustup-home:ro,Z" "-e" "SOURCE_DIR=/opt/rustwide/workdir" "-e" "CARGO_TARGET_DIR=/opt/rustwide/target" "-e" "CARGO_HOME=/opt/rustwide/cargo-home" "-e" "RUSTUP_HOME=/opt/rustwide/rustup-home" "-w" "/opt/rustwide/workdir" "-m" "1610612736" "--user" "0:0" "--network" "none" "ghcr.io/rust-lang/crates-build-env/linux@sha256:34b6a614d2c27851fe6cbf88fbd1137609cefab8b10d0615aaeb6fd47975d74e" "/opt/rustwide/cargo-home/bin/cargo" "+beta-2021-08-01" "metadata" "--no-deps" "--format-version=1", kill_on_drop: false }`
[INFO] [stdout] 37bd09c4a689396385a3f92337f09d8c1917c43da7a8c6d93a566e292672c61e
[INFO] running `Command { std: "docker" "start" "-a" "37bd09c4a689396385a3f92337f09d8c1917c43da7a8c6d93a566e292672c61e", kill_on_drop: false }`
[INFO] running `Command { std: "docker" "inspect" "37bd09c4a689396385a3f92337f09d8c1917c43da7a8c6d93a566e292672c61e", kill_on_drop: false }`
[INFO] running `Command { std: "docker" "rm" "-f" "37bd09c4a689396385a3f92337f09d8c1917c43da7a8c6d93a566e292672c61e", kill_on_drop: false }`
[INFO] [stdout] 37bd09c4a689396385a3f92337f09d8c1917c43da7a8c6d93a566e292672c61e
[INFO] running `Command { std: "docker" "create" "-v" "/var/lib/crater-agent-workspace/builds/worker-10/target:/opt/rustwide/target:rw,Z" "-v" "/var/lib/crater-agent-workspace/builds/worker-10/source:/opt/rustwide/workdir:ro,Z" "-v" "/var/lib/crater-agent-workspace/cargo-home:/opt/rustwide/cargo-home:ro,Z" "-v" "/var/lib/crater-agent-workspace/rustup-home:/opt/rustwide/rustup-home:ro,Z" "-e" "SOURCE_DIR=/opt/rustwide/workdir" "-e" "CARGO_TARGET_DIR=/opt/rustwide/target" "-e" "CARGO_INCREMENTAL=0" "-e" "RUST_BACKTRACE=full" "-e" "RUSTFLAGS=--cap-lints=warn" "-e" "CARGO_HOME=/opt/rustwide/cargo-home" "-e" "RUSTUP_HOME=/opt/rustwide/rustup-home" "-w" "/opt/rustwide/workdir" "-m" "1610612736" "--user" "0:0" "--network" "none" "ghcr.io/rust-lang/crates-build-env/linux@sha256:34b6a614d2c27851fe6cbf88fbd1137609cefab8b10d0615aaeb6fd47975d74e" "/opt/rustwide/cargo-home/bin/cargo" "+beta-2021-08-01" "build" "--frozen" "--message-format=json", kill_on_drop: false }`
[INFO] [stdout] f74fdf6607ea6d0cdb1c8fa6eedbe697bf3ab8e54ac82a37fb10557aacd1b582
[INFO] running `Command { std: "docker" "start" "-a" "f74fdf6607ea6d0cdb1c8fa6eedbe697bf3ab8e54ac82a37fb10557aacd1b582", kill_on_drop: false }`
[INFO] [stderr]     Blocking waiting for file lock on package cache
[INFO] [stderr]     Blocking waiting for file lock on package cache
[INFO] [stderr]    Compiling libc v0.2.66
[INFO] [stderr]    Compiling cc v1.0.47
[INFO] [stderr]    Compiling byteorder v1.3.2
[INFO] [stderr]    Compiling proc-macro2 v1.0.6
[INFO] [stderr]    Compiling unicode-xid v0.2.0
[INFO] [stderr]    Compiling syn v1.0.9
[INFO] [stderr]    Compiling typenum v1.11.2
[INFO] [stderr]    Compiling smallvec v1.0.0
[INFO] [stderr]    Compiling getrandom v0.1.13
[INFO] [stderr]    Compiling safemem v0.3.3
[INFO] [stderr]    Compiling serde v1.0.103
[INFO] [stderr]    Compiling unicode-width v0.1.6
[INFO] [stderr]    Compiling pkg-config v0.3.17
[INFO] [stderr]    Compiling crc32fast v1.2.0
[INFO] [stderr]    Compiling either v1.5.3
[INFO] [stderr]    Compiling ppv-lite86 v0.2.6
[INFO] [stderr]    Compiling numtoa v0.1.0
[INFO] [stderr]    Compiling failure_derive v0.1.6
[INFO] [stderr]    Compiling keccak v0.1.0
[INFO] [stderr]    Compiling arrayvec v0.5.1
[INFO] [stderr]    Compiling redox_pkgutils v0.1.5
[INFO] [stderr]    Compiling take_mut v0.2.2
[INFO] [stderr]    Compiling constant_time_eq v0.1.4
[INFO] [stderr]    Compiling adler32 v1.0.4
[INFO] [stderr]    Compiling rle-decode-fast v1.0.1
[INFO] [stderr]    Compiling thread-scoped v1.0.2
[INFO] [stderr]    Compiling arrayref v0.3.5
[INFO] [stderr]    Compiling ordermap v0.3.5
[INFO] [stderr]    Compiling bytecount v0.6.0
[INFO] [stderr]    Compiling fixedbitset v0.1.9
[INFO] [stderr]    Compiling rustc-demangle v0.1.16
[INFO] [stderr]    Compiling version-compare v0.0.10
[INFO] [stderr]    Compiling base64 v0.11.0
[INFO] [stderr]    Compiling bidir-map v0.6.0
[INFO] [stderr]    Compiling redox_syscall v0.1.56
[INFO] [stderr]    Compiling ordermap v0.2.13
[INFO] [stderr]    Compiling arg_parser v0.1.0
[INFO] [stderr]    Compiling crossbeam-utils v0.6.6
[INFO] [stderr]    Compiling log v0.3.9
[INFO] [stderr]    Compiling textwrap v0.11.0
[INFO] [stdout] error[E0557]: feature has been removed
[INFO] [stdout]  --> /opt/rustwide/cargo-home/registry/src/github.com-1ecc6299db9ec823/redox_syscall-0.1.56/src/lib.rs:2:12
[INFO] [stdout]   |
[INFO] [stdout] 2 | #![feature(const_fn)]
[INFO] [stdout]   |            ^^^^^^^^ feature has been removed
[INFO] [stdout]   |
[INFO] [stdout]   = note: split into finer-grained feature gates
[INFO] [stdout] 
[INFO] [stdout] 
[INFO] [stdout] error: the legacy LLVM-style asm! syntax is no longer supported
[INFO] [stdout]   --> /opt/rustwide/cargo-home/registry/src/github.com-1ecc6299db9ec823/redox_syscall-0.1.56/src/io/pio.rs:31:13
[INFO] [stdout]    |
[INFO] [stdout] 31 |             asm!("in $0, $1" : "={al}"(value) : "{dx}"(self.port) : "memory" : "intel", "volatile");
[INFO] [stdout]    |             ----^^^^^^^^^^^^^^^^^^^^^^^^^^^^^^^^^^^^^^^^^^^^^^^^^^^^^^^^^^^^^^^^^^^^^^^^^^^^^^^^^^^^
[INFO] [stdout]    |             |
[INFO] [stdout]    |             help: replace with: `llvm_asm!`
[INFO] [stdout]    |
[INFO] [stdout]    = note: consider migrating to the new asm! syntax specified in RFC 2873
[INFO] [stdout]    = note: alternatively, switch to llvm_asm! to keep your code working as it is
[INFO] [stdout] 
[INFO] [stdout] 
[INFO] [stdout] error: the legacy LLVM-style asm! syntax is no longer supported
[INFO] [stdout]   --> /opt/rustwide/cargo-home/registry/src/github.com-1ecc6299db9ec823/redox_syscall-0.1.56/src/io/pio.rs:40:13
[INFO] [stdout]    |
[INFO] [stdout] 40 |             asm!("out $1, $0" : : "{al}"(value), "{dx}"(self.port) : "memory" : "intel", "volatile");
[INFO] [stdout]    |             ----^^^^^^^^^^^^^^^^^^^^^^^^^^^^^^^^^^^^^^^^^^^^^^^^^^^^^^^^^^^^^^^^^^^^^^^^^^^^^^^^^^^^^
[INFO] [stdout]    |             |
[INFO] [stdout]    |             help: replace with: `llvm_asm!`
[INFO] [stdout]    |
[INFO] [stdout]    = note: consider migrating to the new asm! syntax specified in RFC 2873
[INFO] [stdout]    = note: alternatively, switch to llvm_asm! to keep your code working as it is
[INFO] [stdout] 
[INFO] [stdout] 
[INFO] [stdout] error: the legacy LLVM-style asm! syntax is no longer supported
[INFO] [stdout]   --> /opt/rustwide/cargo-home/registry/src/github.com-1ecc6299db9ec823/redox_syscall-0.1.56/src/io/pio.rs:54:13
[INFO] [stdout]    |
[INFO] [stdout] 54 |             asm!("in $0, $1" : "={ax}"(value) : "{dx}"(self.port) : "memory" : "intel", "volatile");
[INFO] [stdout]    |             ----^^^^^^^^^^^^^^^^^^^^^^^^^^^^^^^^^^^^^^^^^^^^^^^^^^^^^^^^^^^^^^^^^^^^^^^^^^^^^^^^^^^^
[INFO] [stdout]    |             |
[INFO] [stdout]    |             help: replace with: `llvm_asm!`
[INFO] [stdout]    |
[INFO] [stdout]    = note: consider migrating to the new asm! syntax specified in RFC 2873
[INFO] [stdout]    = note: alternatively, switch to llvm_asm! to keep your code working as it is
[INFO] [stdout] 
[INFO] [stdout] 
[INFO] [stdout] error: the legacy LLVM-style asm! syntax is no longer supported
[INFO] [stdout]   --> /opt/rustwide/cargo-home/registry/src/github.com-1ecc6299db9ec823/redox_syscall-0.1.56/src/io/pio.rs:63:13
[INFO] [stdout]    |
[INFO] [stdout] 63 |             asm!("out $1, $0" : : "{ax}"(value), "{dx}"(self.port) : "memory" : "intel", "volatile");
[INFO] [stdout]    |             ----^^^^^^^^^^^^^^^^^^^^^^^^^^^^^^^^^^^^^^^^^^^^^^^^^^^^^^^^^^^^^^^^^^^^^^^^^^^^^^^^^^^^^
[INFO] [stdout]    |             |
[INFO] [stdout]    |             help: replace with: `llvm_asm!`
[INFO] [stdout]    |
[INFO] [stdout]    = note: consider migrating to the new asm! syntax specified in RFC 2873
[INFO] [stdout]    = note: alternatively, switch to llvm_asm! to keep your code working as it is
[INFO] [stdout] 
[INFO] [stdout] 
[INFO] [stdout] error: the legacy LLVM-style asm! syntax is no longer supported
[INFO] [stdout]   --> /opt/rustwide/cargo-home/registry/src/github.com-1ecc6299db9ec823/redox_syscall-0.1.56/src/io/pio.rs:77:13
[INFO] [stdout]    |
[INFO] [stdout] 77 |             asm!("in $0, $1" : "={eax}"(value) : "{dx}"(self.port) : "memory" : "intel", "volatile");
[INFO] [stdout]    |             ----^^^^^^^^^^^^^^^^^^^^^^^^^^^^^^^^^^^^^^^^^^^^^^^^^^^^^^^^^^^^^^^^^^^^^^^^^^^^^^^^^^^^^
[INFO] [stdout]    |             |
[INFO] [stdout]    |             help: replace with: `llvm_asm!`
[INFO] [stdout]    |
[INFO] [stdout]    = note: consider migrating to the new asm! syntax specified in RFC 2873
[INFO] [stdout]    = note: alternatively, switch to llvm_asm! to keep your code working as it is
[INFO] [stdout] 
[INFO] [stdout] 
[INFO] [stdout] error: the legacy LLVM-style asm! syntax is no longer supported
[INFO] [stdout]   --> /opt/rustwide/cargo-home/registry/src/github.com-1ecc6299db9ec823/redox_syscall-0.1.56/src/io/pio.rs:86:13
[INFO] [stdout]    |
[INFO] [stdout] 86 |             asm!("out $1, $0" : : "{eax}"(value), "{dx}"(self.port) : "memory" : "intel", "volatile");
[INFO] [stdout]    |             ----^^^^^^^^^^^^^^^^^^^^^^^^^^^^^^^^^^^^^^^^^^^^^^^^^^^^^^^^^^^^^^^^^^^^^^^^^^^^^^^^^^^^^^
[INFO] [stdout]    |             |
[INFO] [stdout]    |             help: replace with: `llvm_asm!`
[INFO] [stdout]    |
[INFO] [stdout]    = note: consider migrating to the new asm! syntax specified in RFC 2873
[INFO] [stdout]    = note: alternatively, switch to llvm_asm! to keep your code working as it is
[INFO] [stdout] 
[INFO] [stdout] 
[INFO] [stdout] error[E0554]: `#![feature]` may not be used on the beta release channel
[INFO] [stdout]  --> /opt/rustwide/cargo-home/registry/src/github.com-1ecc6299db9ec823/redox_syscall-0.1.56/src/lib.rs:1:1
[INFO] [stdout]   |
[INFO] [stdout] 1 | #![feature(asm)]
[INFO] [stdout]   | ^^^^^^^^^^^^^^^^
[INFO] [stdout] 
[INFO] [stdout] 
[INFO] [stdout] error[E0554]: `#![feature]` may not be used on the beta release channel
[INFO] [stdout]  --> /opt/rustwide/cargo-home/registry/src/github.com-1ecc6299db9ec823/redox_syscall-0.1.56/src/lib.rs:2:1
[INFO] [stdout]   |
[INFO] [stdout] 2 | #![feature(const_fn)]
[INFO] [stdout]   | ^^^^^^^^^^^^^^^^^^^^^
[INFO] [stdout] 
[INFO] [stdout] 
[INFO] [stderr]    Compiling itertools v0.8.2
[INFO] [stderr]    Compiling unicode-normalization v0.1.11
[INFO] [stdout] error: aborting due to 9 previous errors
[INFO] [stdout] 
[INFO] [stdout] 
[INFO] [stdout] Some errors have detailed explanations: E0554, E0557.
[INFO] [stdout] 
[INFO] [stdout] For more information about an error, try `rustc --explain E0554`.
[INFO] [stdout] 
[INFO] [stderr] error: could not compile `redox_syscall` due to 10 previous errors
[INFO] [stderr] warning: build failed, waiting for other jobs to finish...
[INFO] [stderr] error: build failed
[INFO] running `Command { std: "docker" "inspect" "f74fdf6607ea6d0cdb1c8fa6eedbe697bf3ab8e54ac82a37fb10557aacd1b582", kill_on_drop: false }`
[INFO] running `Command { std: "docker" "rm" "-f" "f74fdf6607ea6d0cdb1c8fa6eedbe697bf3ab8e54ac82a37fb10557aacd1b582", kill_on_drop: false }`
[INFO] [stdout] f74fdf6607ea6d0cdb1c8fa6eedbe697bf3ab8e54ac82a37fb10557aacd1b582
