[INFO] cloning repository https://github.com/coderbot16/implode
[INFO] running `Command { std: "git" "-c" "credential.helper=" "-c" "credential.helper=/workspace/cargo-home/bin/git-credential-null" "clone" "--bare" "https://github.com/coderbot16/implode" "/workspace/cache/git-repos/https%3A%2F%2Fgithub.com%2Fcoderbot16%2Fimplode", kill_on_drop: false }`
[INFO] [stderr] Cloning into bare repository '/workspace/cache/git-repos/https%3A%2F%2Fgithub.com%2Fcoderbot16%2Fimplode'...
[INFO] running `Command { std: "git" "rev-parse" "HEAD", kill_on_drop: false }`
[INFO] [stdout] 37bca92a7164a5ed1bea1e8f5b4dd0164de9b37c
[INFO] testing coderbot16/implode against 1.54.0 for beta-1.55-1
[INFO] running `Command { std: "git" "clone" "/workspace/cache/git-repos/https%3A%2F%2Fgithub.com%2Fcoderbot16%2Fimplode" "/workspace/builds/worker-36/source", kill_on_drop: false }`
[INFO] [stderr] Cloning into '/workspace/builds/worker-36/source'...
[INFO] [stderr] done.
[INFO] validating manifest of git repo https://github.com/coderbot16/implode on toolchain 1.54.0
[INFO] running `Command { std: "/workspace/cargo-home/bin/cargo" "+1.54.0" "metadata" "--manifest-path" "Cargo.toml" "--no-deps", kill_on_drop: false }`
[INFO] started tweaking git repo https://github.com/coderbot16/implode
[INFO] finished tweaking git repo https://github.com/coderbot16/implode
[INFO] tweaked toml for git repo https://github.com/coderbot16/implode written to /workspace/builds/worker-36/source/Cargo.toml
[INFO] crate git repo https://github.com/coderbot16/implode already has a lockfile, it will not be regenerated
[INFO] running `Command { std: "/workspace/cargo-home/bin/cargo" "+1.54.0" "fetch" "--manifest-path" "Cargo.toml", kill_on_drop: false }`
[INFO] [stderr]     Blocking waiting for file lock on package cache
[INFO] [stderr]     Blocking waiting for file lock on package cache
[INFO] running `Command { std: "docker" "create" "-v" "/var/lib/crater-agent-workspace/builds/worker-36/target:/opt/rustwide/target:rw,Z" "-v" "/var/lib/crater-agent-workspace/builds/worker-36/source:/opt/rustwide/workdir:ro,Z" "-v" "/var/lib/crater-agent-workspace/cargo-home:/opt/rustwide/cargo-home:ro,Z" "-v" "/var/lib/crater-agent-workspace/rustup-home:/opt/rustwide/rustup-home:ro,Z" "-e" "SOURCE_DIR=/opt/rustwide/workdir" "-e" "CARGO_TARGET_DIR=/opt/rustwide/target" "-e" "CARGO_HOME=/opt/rustwide/cargo-home" "-e" "RUSTUP_HOME=/opt/rustwide/rustup-home" "-w" "/opt/rustwide/workdir" "-m" "1610612736" "--user" "0:0" "--network" "none" "ghcr.io/rust-lang/crates-build-env/linux@sha256:34b6a614d2c27851fe6cbf88fbd1137609cefab8b10d0615aaeb6fd47975d74e" "/opt/rustwide/cargo-home/bin/cargo" "+1.54.0" "metadata" "--no-deps" "--format-version=1", kill_on_drop: false }`
[INFO] [stdout] 41510938f3a2b09cbc4183f68ec6db2ccd0b8293e778d39920438e1309d55fe1
[INFO] running `Command { std: "docker" "start" "-a" "41510938f3a2b09cbc4183f68ec6db2ccd0b8293e778d39920438e1309d55fe1", kill_on_drop: false }`
[INFO] running `Command { std: "docker" "inspect" "41510938f3a2b09cbc4183f68ec6db2ccd0b8293e778d39920438e1309d55fe1", kill_on_drop: false }`
[INFO] running `Command { std: "docker" "rm" "-f" "41510938f3a2b09cbc4183f68ec6db2ccd0b8293e778d39920438e1309d55fe1", kill_on_drop: false }`
[INFO] [stdout] 41510938f3a2b09cbc4183f68ec6db2ccd0b8293e778d39920438e1309d55fe1
[INFO] running `Command { std: "docker" "create" "-v" "/var/lib/crater-agent-workspace/builds/worker-36/target:/opt/rustwide/target:rw,Z" "-v" "/var/lib/crater-agent-workspace/builds/worker-36/source:/opt/rustwide/workdir:ro,Z" "-v" "/var/lib/crater-agent-workspace/cargo-home:/opt/rustwide/cargo-home:ro,Z" "-v" "/var/lib/crater-agent-workspace/rustup-home:/opt/rustwide/rustup-home:ro,Z" "-e" "SOURCE_DIR=/opt/rustwide/workdir" "-e" "CARGO_TARGET_DIR=/opt/rustwide/target" "-e" "CARGO_INCREMENTAL=0" "-e" "RUST_BACKTRACE=full" "-e" "RUSTFLAGS=--cap-lints=warn" "-e" "CARGO_HOME=/opt/rustwide/cargo-home" "-e" "RUSTUP_HOME=/opt/rustwide/rustup-home" "-w" "/opt/rustwide/workdir" "-m" "1610612736" "--user" "0:0" "--network" "none" "ghcr.io/rust-lang/crates-build-env/linux@sha256:34b6a614d2c27851fe6cbf88fbd1137609cefab8b10d0615aaeb6fd47975d74e" "/opt/rustwide/cargo-home/bin/cargo" "+1.54.0" "build" "--frozen" "--message-format=json", kill_on_drop: false }`
[INFO] [stdout] 315f9a08bf3e5f4f25a9e72d007c9178fb82ab0225a98396a8a90467d4479c36
[INFO] running `Command { std: "docker" "start" "-a" "315f9a08bf3e5f4f25a9e72d007c9178fb82ab0225a98396a8a90467d4479c36", kill_on_drop: false }`
[INFO] [stderr]     Blocking waiting for file lock on package cache
[INFO] [stderr]     Blocking waiting for file lock on package cache
[INFO] [stderr]     Blocking waiting for file lock on package cache
[INFO] [stderr]    Compiling implode v0.1.1 (/opt/rustwide/workdir)
[INFO] [stderr]     Finished dev [unoptimized + debuginfo] target(s) in 10.82s
[INFO] running `Command { std: "docker" "inspect" "315f9a08bf3e5f4f25a9e72d007c9178fb82ab0225a98396a8a90467d4479c36", kill_on_drop: false }`
[INFO] running `Command { std: "docker" "rm" "-f" "315f9a08bf3e5f4f25a9e72d007c9178fb82ab0225a98396a8a90467d4479c36", kill_on_drop: false }`
[INFO] [stdout] 315f9a08bf3e5f4f25a9e72d007c9178fb82ab0225a98396a8a90467d4479c36
[INFO] running `Command { std: "docker" "create" "-v" "/var/lib/crater-agent-workspace/builds/worker-36/target:/opt/rustwide/target:rw,Z" "-v" "/var/lib/crater-agent-workspace/builds/worker-36/source:/opt/rustwide/workdir:ro,Z" "-v" "/var/lib/crater-agent-workspace/cargo-home:/opt/rustwide/cargo-home:ro,Z" "-v" "/var/lib/crater-agent-workspace/rustup-home:/opt/rustwide/rustup-home:ro,Z" "-e" "SOURCE_DIR=/opt/rustwide/workdir" "-e" "CARGO_TARGET_DIR=/opt/rustwide/target" "-e" "CARGO_INCREMENTAL=0" "-e" "RUST_BACKTRACE=full" "-e" "RUSTFLAGS=--cap-lints=warn" "-e" "CARGO_HOME=/opt/rustwide/cargo-home" "-e" "RUSTUP_HOME=/opt/rustwide/rustup-home" "-w" "/opt/rustwide/workdir" "-m" "1610612736" "--user" "0:0" "--network" "none" "ghcr.io/rust-lang/crates-build-env/linux@sha256:34b6a614d2c27851fe6cbf88fbd1137609cefab8b10d0615aaeb6fd47975d74e" "/opt/rustwide/cargo-home/bin/cargo" "+1.54.0" "test" "--frozen" "--no-run" "--message-format=json", kill_on_drop: false }`
[INFO] [stdout] 291fc6a4bb595e7ac71d516954e4f17744f69b08b73497212e1ac64518178148
[INFO] running `Command { std: "docker" "start" "-a" "291fc6a4bb595e7ac71d516954e4f17744f69b08b73497212e1ac64518178148", kill_on_drop: false }`
[INFO] [stderr]    Compiling implode v0.1.1 (/opt/rustwide/workdir)
[INFO] [stdout] error[E0433]: failed to resolve: maybe a missing crate `implode`?
[INFO] [stdout]  --> src/test.rs:1:5
[INFO] [stdout]   |
[INFO] [stdout] 1 | use implode::symbol::{Symbol, CodeTable, DEFAULT_CODE_TABLE, decode_bits, BitDecodeError, END};
[INFO] [stdout]   |     ^^^^^^^ maybe a missing crate `implode`?
[INFO] [stdout] 
[INFO] [stdout] 
[INFO] [stdout] error[E0433]: failed to resolve: use of undeclared type `BitDecodeError`
[INFO] [stdout]   --> src/test.rs:32:17
[INFO] [stdout]    |
[INFO] [stdout] 32 |                 BitDecodeError::NotEnoughBits(n) => assert_eq!(9-x, n)
[INFO] [stdout]    |                 ^^^^^^^^^^^^^^ use of undeclared type `BitDecodeError`
[INFO] [stdout] 
[INFO] [stdout] 
[INFO] [stdout] error[E0433]: failed to resolve: use of undeclared type `Symbol`
[INFO] [stdout]   --> src/test.rs:48:13
[INFO] [stdout]    |
[INFO] [stdout] 48 |     assert_eq!(Symbol::End, decode.decoded);
[INFO] [stdout]    |                ^^^^^^ use of undeclared type `Symbol`
[INFO] [stdout] 
[INFO] [stdout] 
[INFO] [stdout] error[E0433]: failed to resolve: use of undeclared type `Symbol`
[INFO] [stdout]   --> src/test.rs:99:18
[INFO] [stdout]    |
[INFO] [stdout] 99 |                         assert_eq!(Symbol::Pair {distance: ((dst<<2) | subdst)+1, length: len+2}, s.decoded);
[INFO] [stdout]    |                                    ^^^^^^ use of undeclared type `Symbol`
[INFO] [stdout] 
[INFO] [stdout] 
[INFO] [stdout] error[E0433]: failed to resolve: use of undeclared type `Symbol`
[INFO] [stdout]    --> src/test.rs:117:19
[INFO] [stdout]     |
[INFO] [stdout] 117 | ...                   assert_eq!(Symbol::Pair {distance: ((dst<<dsize) | subdst)+1, length: len+2}, s.decoded);
[INFO] [stdout]     |                                  ^^^^^^ use of undeclared type `Symbol`
[INFO] [stdout] 
[INFO] [stdout] 
[INFO] [stdout] error[E0425]: cannot find function `decode_bits` in this scope
[INFO] [stdout]   --> src/test.rs:11:19
[INFO] [stdout]    |
[INFO] [stdout] 11 |         let out = decode_bits(byte, 9, &DEFAULT_CODE_TABLE, 0xFFFF_FFFF);
[INFO] [stdout]    |                   ^^^^^^^^^^^ not found in this scope
[INFO] [stdout]    |
[INFO] [stdout] help: consider importing this function
[INFO] [stdout]    |
[INFO] [stdout] 1  | use symbol::decode_bits;
[INFO] [stdout]    |
[INFO] [stdout] 
[INFO] [stdout] 
[INFO] [stdout] error[E0425]: cannot find value `DEFAULT_CODE_TABLE` in this scope
[INFO] [stdout]   --> src/test.rs:11:41
[INFO] [stdout]    |
[INFO] [stdout] 11 |         let out = decode_bits(byte, 9, &DEFAULT_CODE_TABLE, 0xFFFF_FFFF);
[INFO] [stdout]    |                                         ^^^^^^^^^^^^^^^^^^ not found in this scope
[INFO] [stdout]    |
[INFO] [stdout] help: consider importing this static
[INFO] [stdout]    |
[INFO] [stdout] 1  | use symbol::DEFAULT_CODE_TABLE;
[INFO] [stdout]    |
[INFO] [stdout] 
[INFO] [stdout] 
[INFO] [stdout] error[E0433]: failed to resolve: use of undeclared type `Symbol`
[INFO] [stdout]   --> src/test.rs:18:20
[INFO] [stdout]    |
[INFO] [stdout] 18 |         assert_eq!(Symbol::Literal(b as u8), unwrapped.decoded);
[INFO] [stdout]    |                    ^^^^^^ not found in this scope
[INFO] [stdout]    |
[INFO] [stdout] help: consider importing this enum
[INFO] [stdout]    |
[INFO] [stdout] 1  | use symbol::Symbol;
[INFO] [stdout]    |
[INFO] [stdout] 
[INFO] [stdout] 
[INFO] [stdout] error[E0425]: cannot find function `decode_bits` in this scope
[INFO] [stdout]   --> src/test.rs:29:15
[INFO] [stdout]    |
[INFO] [stdout] 29 |         match decode_bits(0, x, &DEFAULT_CODE_TABLE, 0xFFFF_FFFF) {
[INFO] [stdout]    |               ^^^^^^^^^^^ not found in this scope
[INFO] [stdout]    |
[INFO] [stdout] help: consider importing this function
[INFO] [stdout]    |
[INFO] [stdout] 1  | use symbol::decode_bits;
[INFO] [stdout]    |
[INFO] [stdout] 
[INFO] [stdout] 
[INFO] [stdout] error[E0425]: cannot find value `DEFAULT_CODE_TABLE` in this scope
[INFO] [stdout]   --> src/test.rs:29:34
[INFO] [stdout]    |
[INFO] [stdout] 29 |         match decode_bits(0, x, &DEFAULT_CODE_TABLE, 0xFFFF_FFFF) {
[INFO] [stdout]    |                                  ^^^^^^^^^^^^^^^^^^ not found in this scope
[INFO] [stdout]    |
[INFO] [stdout] help: consider importing this static
[INFO] [stdout]    |
[INFO] [stdout] 1  | use symbol::DEFAULT_CODE_TABLE;
[INFO] [stdout]    |
[INFO] [stdout] 
[INFO] [stdout] 
[INFO] [stdout] error[E0425]: cannot find function `decode_bits` in this scope
[INFO] [stdout]   --> src/test.rs:43:21
[INFO] [stdout]    |
[INFO] [stdout] 43 |     let decode = match decode_bits(lit, 16, &DEFAULT_CODE_TABLE, 0xFFFF_FFFF) {
[INFO] [stdout]    |                        ^^^^^^^^^^^ not found in this scope
[INFO] [stdout]    |
[INFO] [stdout] help: consider importing this function
[INFO] [stdout]    |
[INFO] [stdout] 1  | use symbol::decode_bits;
[INFO] [stdout]    |
[INFO] [stdout] 
[INFO] [stdout] 
[INFO] [stdout] error[E0425]: cannot find value `DEFAULT_CODE_TABLE` in this scope
[INFO] [stdout]   --> src/test.rs:43:43
[INFO] [stdout]    |
[INFO] [stdout] 43 |     let decode = match decode_bits(lit, 16, &DEFAULT_CODE_TABLE, 0xFFFF_FFFF) {
[INFO] [stdout]    |                                              ^^^^^^^^^^^^^^^^^^ not found in this scope
[INFO] [stdout]    |
[INFO] [stdout] help: consider importing this static
[INFO] [stdout]    |
[INFO] [stdout] 1  | use symbol::DEFAULT_CODE_TABLE;
[INFO] [stdout]    |
[INFO] [stdout] 
[INFO] [stdout] 
[INFO] [stdout] error[E0425]: cannot find value `DEFAULT_CODE_TABLE` in this scope
[INFO] [stdout]   --> src/test.rs:66:21
[INFO] [stdout]    |
[INFO] [stdout] 66 |         for n in 0..(1 << DEFAULT_CODE_TABLE.extra_len_bits[i]) {
[INFO] [stdout]    |                           ^^^^^^^^^^^^^^^^^^ not found in this scope
[INFO] [stdout]    |
[INFO] [stdout] help: consider importing this static
[INFO] [stdout]    |
[INFO] [stdout] 1  | use symbol::DEFAULT_CODE_TABLE;
[INFO] [stdout]    |
[INFO] [stdout] 
[INFO] [stdout] 
[INFO] [stdout] error[E0425]: cannot find value `DEFAULT_CODE_TABLE` in this scope
[INFO] [stdout]   --> src/test.rs:67:21
[INFO] [stdout]    |
[INFO] [stdout] 67 |             let bits: u32 = (DEFAULT_CODE_TABLE.extra_len_bits[i] as u32) + (DEFAULT_CODE_TABLE.len_bits[i] as u32) + 1;
[INFO] [stdout]    |                              ^^^^^^^^^^^^^^^^^^ not found in this scope
[INFO] [stdout]    |
[INFO] [stdout] help: consider importing this static
[INFO] [stdout]    |
[INFO] [stdout] 1  | use symbol::DEFAULT_CODE_TABLE;
[INFO] [stdout]    |
[INFO] [stdout] 
[INFO] [stdout] 
[INFO] [stdout] error[E0425]: cannot find value `DEFAULT_CODE_TABLE` in this scope
[INFO] [stdout]   --> src/test.rs:67:69
[INFO] [stdout]    |
[INFO] [stdout] 67 |             let bits: u32 = (DEFAULT_CODE_TABLE.extra_len_bits[i] as u32) + (DEFAULT_CODE_TABLE.len_bits[i] as u32) + 1;
[INFO] [stdout]    |                                                                              ^^^^^^^^^^^^^^^^^^ not found in this scope
[INFO] [stdout]    |
[INFO] [stdout] help: consider importing this static
[INFO] [stdout]    |
[INFO] [stdout] 1  | use symbol::DEFAULT_CODE_TABLE;
[INFO] [stdout]    |
[INFO] [stdout] 
[INFO] [stdout] 
[INFO] [stdout] error[E0425]: cannot find value `DEFAULT_CODE_TABLE` in this scope
[INFO] [stdout]   --> src/test.rs:68:28
[INFO] [stdout]    |
[INFO] [stdout] 68 |             let code: u64 = (n << ((DEFAULT_CODE_TABLE.len_bits[i] as u64) + 1)) | ((len_code[i]& 0xFFFF00FF) << 1) | 1;
[INFO] [stdout]    |                                     ^^^^^^^^^^^^^^^^^^ not found in this scope
[INFO] [stdout]    |
[INFO] [stdout] help: consider importing this static
[INFO] [stdout]    |
[INFO] [stdout] 1  | use symbol::DEFAULT_CODE_TABLE;
[INFO] [stdout]    |
[INFO] [stdout] 
[INFO] [stdout] 
[INFO] [stdout] error[E0425]: cannot find value `END` in this scope
[INFO] [stdout]   --> src/test.rs:72:14
[INFO] [stdout]    |
[INFO] [stdout] 72 |             if len == END
[INFO] [stdout]    |                       ^^^ not found in this scope
[INFO] [stdout]    |
[INFO] [stdout] help: consider importing this constant
[INFO] [stdout]    |
[INFO] [stdout] 1  | use symbol::END;
[INFO] [stdout]    |
[INFO] [stdout] 
[INFO] [stdout] 
[INFO] [stdout] error[E0425]: cannot find value `DEFAULT_CODE_TABLE` in this scope
[INFO] [stdout]   --> src/test.rs:81:30
[INFO] [stdout]    |
[INFO] [stdout] 81 |                 let dbits: u32 = bits + (DEFAULT_CODE_TABLE.dist_bits[j] as u32);
[INFO] [stdout]    |                                          ^^^^^^^^^^^^^^^^^^ not found in this scope
[INFO] [stdout]    |
[INFO] [stdout] help: consider importing this static
[INFO] [stdout]    |
[INFO] [stdout] 1  | use symbol::DEFAULT_CODE_TABLE;
[INFO] [stdout]    |
[INFO] [stdout] 
[INFO] [stdout] 
[INFO] [stdout] error[E0425]: cannot find function `decode_bits` in this scope
[INFO] [stdout]   --> src/test.rs:93:21
[INFO] [stdout]    |
[INFO] [stdout] 93 |                         let s = match decode_bits((x << dbits) | dcode, dbits+2, &DEFAULT_CODE_TABLE, 6) {
[INFO] [stdout]    |                                       ^^^^^^^^^^^ not found in this scope
[INFO] [stdout]    |
[INFO] [stdout] help: consider importing this function
[INFO] [stdout]    |
[INFO] [stdout] 1  | use symbol::decode_bits;
[INFO] [stdout]    |
[INFO] [stdout] 
[INFO] [stdout] 
[INFO] [stdout] error[E0425]: cannot find value `DEFAULT_CODE_TABLE` in this scope
[INFO] [stdout]   --> src/test.rs:93:65
[INFO] [stdout]    |
[INFO] [stdout] 93 |                         let s = match decode_bits((x << dbits) | dcode, dbits+2, &DEFAULT_CODE_TABLE, 6) {
[INFO] [stdout]    |                                                                                   ^^^^^^^^^^^^^^^^^^ not found in this scope
[INFO] [stdout]    |
[INFO] [stdout] help: consider importing this static
[INFO] [stdout]    |
[INFO] [stdout] 1  | use symbol::DEFAULT_CODE_TABLE;
[INFO] [stdout]    |
[INFO] [stdout] 
[INFO] [stdout] 
[INFO] [stdout] error[E0425]: cannot find function `decode_bits` in this scope
[INFO] [stdout]    --> src/test.rs:111:22
[INFO] [stdout]     |
[INFO] [stdout] 111 | ...                   let s = match decode_bits((x << dbits) | dcode, dbits+dsize, &DEFAULT_CODE_TABLE, dsize) {
[INFO] [stdout]     |                                     ^^^^^^^^^^^ not found in this scope
[INFO] [stdout]     |
[INFO] [stdout] help: consider importing this function
[INFO] [stdout]     |
[INFO] [stdout] 1   | use symbol::decode_bits;
[INFO] [stdout]     |
[INFO] [stdout] 
[INFO] [stdout] 
[INFO] [stdout] error[E0425]: cannot find value `DEFAULT_CODE_TABLE` in this scope
[INFO] [stdout]    --> src/test.rs:111:70
[INFO] [stdout]     |
[INFO] [stdout] 111 | ...                   let s = match decode_bits((x << dbits) | dcode, dbits+dsize, &DEFAULT_CODE_TABLE, dsize) {
[INFO] [stdout]     |                                                                                     ^^^^^^^^^^^^^^^^^^ not found in this scope
[INFO] [stdout]     |
[INFO] [stdout] help: consider importing this static
[INFO] [stdout]     |
[INFO] [stdout] 1   | use symbol::DEFAULT_CODE_TABLE;
[INFO] [stdout]     |
[INFO] [stdout] 
[INFO] [stdout] 
[INFO] [stderr] error: could not compile `implode`
[INFO] [stdout] error: aborting due to 22 previous errors
[INFO] [stdout] 
[INFO] [stdout] 
[INFO] [stderr] 
[INFO] [stdout] Some errors have detailed explanations: E0425, E0433.
[INFO] [stdout] 
[INFO] [stderr] To learn more, run the command again with --verbose.
[INFO] [stdout] For more information about an error, try `rustc --explain E0425`.
[INFO] [stdout] 
[INFO] running `Command { std: "docker" "inspect" "291fc6a4bb595e7ac71d516954e4f17744f69b08b73497212e1ac64518178148", kill_on_drop: false }`
[INFO] running `Command { std: "docker" "rm" "-f" "291fc6a4bb595e7ac71d516954e4f17744f69b08b73497212e1ac64518178148", kill_on_drop: false }`
[INFO] [stdout] 291fc6a4bb595e7ac71d516954e4f17744f69b08b73497212e1ac64518178148
