[INFO] cloning repository https://github.com/clonex10100/urbit-rust
[INFO] running `Command { std: "git" "-c" "credential.helper=" "-c" "credential.helper=/workspace/cargo-home/bin/git-credential-null" "clone" "--bare" "https://github.com/clonex10100/urbit-rust" "/workspace/cache/git-repos/https%3A%2F%2Fgithub.com%2Fclonex10100%2Furbit-rust", kill_on_drop: false }`
[INFO] [stderr] Cloning into bare repository '/workspace/cache/git-repos/https%3A%2F%2Fgithub.com%2Fclonex10100%2Furbit-rust'...
[INFO] running `Command { std: "git" "rev-parse" "HEAD", kill_on_drop: false }`
[INFO] [stdout] 52a0ff450eed7037bdd91f8b4746407f92cebf3f
[INFO] testing clonex10100/urbit-rust against 1.54.0 for beta-1.55-1
[INFO] running `Command { std: "git" "clone" "/workspace/cache/git-repos/https%3A%2F%2Fgithub.com%2Fclonex10100%2Furbit-rust" "/workspace/builds/worker-6/source", kill_on_drop: false }`
[INFO] [stderr] Cloning into '/workspace/builds/worker-6/source'...
[INFO] [stderr] done.
[INFO] validating manifest of git repo https://github.com/clonex10100/urbit-rust on toolchain 1.54.0
[INFO] running `Command { std: "/workspace/cargo-home/bin/cargo" "+1.54.0" "metadata" "--manifest-path" "Cargo.toml" "--no-deps", kill_on_drop: false }`
[INFO] started tweaking git repo https://github.com/clonex10100/urbit-rust
[INFO] finished tweaking git repo https://github.com/clonex10100/urbit-rust
[INFO] tweaked toml for git repo https://github.com/clonex10100/urbit-rust written to /workspace/builds/worker-6/source/Cargo.toml
[INFO] crate git repo https://github.com/clonex10100/urbit-rust already has a lockfile, it will not be regenerated
[INFO] running `Command { std: "/workspace/cargo-home/bin/cargo" "+1.54.0" "fetch" "--manifest-path" "Cargo.toml", kill_on_drop: false }`
[INFO] running `Command { std: "docker" "create" "-v" "/var/lib/crater-agent-workspace/builds/worker-6/target:/opt/rustwide/target:rw,Z" "-v" "/var/lib/crater-agent-workspace/builds/worker-6/source:/opt/rustwide/workdir:ro,Z" "-v" "/var/lib/crater-agent-workspace/cargo-home:/opt/rustwide/cargo-home:ro,Z" "-v" "/var/lib/crater-agent-workspace/rustup-home:/opt/rustwide/rustup-home:ro,Z" "-e" "SOURCE_DIR=/opt/rustwide/workdir" "-e" "CARGO_TARGET_DIR=/opt/rustwide/target" "-e" "CARGO_HOME=/opt/rustwide/cargo-home" "-e" "RUSTUP_HOME=/opt/rustwide/rustup-home" "-w" "/opt/rustwide/workdir" "-m" "1610612736" "--user" "0:0" "--network" "none" "ghcr.io/rust-lang/crates-build-env/linux@sha256:34b6a614d2c27851fe6cbf88fbd1137609cefab8b10d0615aaeb6fd47975d74e" "/opt/rustwide/cargo-home/bin/cargo" "+1.54.0" "metadata" "--no-deps" "--format-version=1", kill_on_drop: false }`
[INFO] [stdout] 87b897aab745be55a912c2a749efd73d7c5d15f65ab01576e863f16d34c10f91
[INFO] [stderr] WARNING: Your kernel does not support swap limit capabilities or the cgroup is not mounted. Memory limited without swap.
[INFO] running `Command { std: "docker" "start" "-a" "87b897aab745be55a912c2a749efd73d7c5d15f65ab01576e863f16d34c10f91", kill_on_drop: false }`
[INFO] running `Command { std: "docker" "inspect" "87b897aab745be55a912c2a749efd73d7c5d15f65ab01576e863f16d34c10f91", kill_on_drop: false }`
[INFO] running `Command { std: "docker" "rm" "-f" "87b897aab745be55a912c2a749efd73d7c5d15f65ab01576e863f16d34c10f91", kill_on_drop: false }`
[INFO] [stdout] 87b897aab745be55a912c2a749efd73d7c5d15f65ab01576e863f16d34c10f91
[INFO] running `Command { std: "docker" "create" "-v" "/var/lib/crater-agent-workspace/builds/worker-6/target:/opt/rustwide/target:rw,Z" "-v" "/var/lib/crater-agent-workspace/builds/worker-6/source:/opt/rustwide/workdir:ro,Z" "-v" "/var/lib/crater-agent-workspace/cargo-home:/opt/rustwide/cargo-home:ro,Z" "-v" "/var/lib/crater-agent-workspace/rustup-home:/opt/rustwide/rustup-home:ro,Z" "-e" "SOURCE_DIR=/opt/rustwide/workdir" "-e" "CARGO_TARGET_DIR=/opt/rustwide/target" "-e" "CARGO_INCREMENTAL=0" "-e" "RUST_BACKTRACE=full" "-e" "RUSTFLAGS=--cap-lints=warn" "-e" "CARGO_HOME=/opt/rustwide/cargo-home" "-e" "RUSTUP_HOME=/opt/rustwide/rustup-home" "-w" "/opt/rustwide/workdir" "-m" "1610612736" "--user" "0:0" "--network" "none" "ghcr.io/rust-lang/crates-build-env/linux@sha256:34b6a614d2c27851fe6cbf88fbd1137609cefab8b10d0615aaeb6fd47975d74e" "/opt/rustwide/cargo-home/bin/cargo" "+1.54.0" "build" "--frozen" "--message-format=json", kill_on_drop: false }`
[INFO] [stderr] WARNING: Your kernel does not support swap limit capabilities or the cgroup is not mounted. Memory limited without swap.
[INFO] [stdout] da0fc53cc10868173aa2c550abd1312ca3eca29888b62c9963f795c3e02e2709
[INFO] running `Command { std: "docker" "start" "-a" "da0fc53cc10868173aa2c550abd1312ca3eca29888b62c9963f795c3e02e2709", kill_on_drop: false }`
[INFO] [stderr]    Compiling rustc-cfg v0.2.0
[INFO] [stderr]    Compiling hamming v0.1.3
[INFO] [stderr]    Compiling ieee754 v0.2.6
[INFO] [stderr]    Compiling rand v0.4.6
[INFO] [stderr]    Compiling num-traits v0.1.43
[INFO] [stderr]    Compiling rand v0.5.6
[INFO] [stderr]    Compiling num-bigint v0.1.44
[INFO] [stderr]    Compiling ramp v0.5.9
[INFO] [stdout] error[E0554]: `#![feature]` may not be used on the stable release channel
[INFO] [stdout]   --> /opt/rustwide/cargo-home/registry/src/github.com-1ecc6299db9ec823/ramp-0.5.9/src/lib.rs:17:1
[INFO] [stdout]    |
[INFO] [stdout] 17 | #![feature(core_intrinsics, asm, allocator_api)]
[INFO] [stdout]    | ^^^^^^^^^^^^^^^^^^^^^^^^^^^^^^^^^^^^^^^^^^^^^^^^
[INFO] [stdout] 
[INFO] [stdout] 
[INFO] [stdout] error[E0554]: `#![feature]` may not be used on the stable release channel
[INFO] [stdout]   --> /opt/rustwide/cargo-home/registry/src/github.com-1ecc6299db9ec823/ramp-0.5.9/src/lib.rs:18:1
[INFO] [stdout]    |
[INFO] [stdout] 18 | #![feature(step_trait, step_trait_ext, ptr_internals, raw_vec_internals)]
[INFO] [stdout]    | ^^^^^^^^^^^^^^^^^^^^^^^^^^^^^^^^^^^^^^^^^^^^^^^^^^^^^^^^^^^^^^^^^^^^^^^^^
[INFO] [stdout] 
[INFO] [stdout] 
[INFO] [stdout] error[E0199]: implementing the trait `Step` is not unsafe
[INFO] [stdout]     --> /opt/rustwide/cargo-home/registry/src/github.com-1ecc6299db9ec823/ramp-0.5.9/src/int.rs:3697:1
[INFO] [stdout]      |
[INFO] [stdout] 3697 | / unsafe impl std::iter::Step for Int {
[INFO] [stdout] 3698 | |     fn steps_between(start: &Int, end: &Int) -> Option<usize> {
[INFO] [stdout] 3699 | |         let diff = (start - end).abs();
[INFO] [stdout] 3700 | |
[INFO] [stdout] ...    |
[INFO] [stdout] 3715 | |     }
[INFO] [stdout] 3716 | | }
[INFO] [stdout]      | |_^
[INFO] [stdout] 
[INFO] [stdout] 
[INFO] [stdout] error: aborting due to 3 previous errors
[INFO] [stdout] 
[INFO] [stdout] 
[INFO] [stdout] Some errors have detailed explanations: E0199, E0554.
[INFO] [stdout] 
[INFO] [stdout] For more information about an error, try `rustc --explain E0199`.
[INFO] [stdout] 
[INFO] [stderr] error: could not compile `ramp`
[INFO] [stderr] 
[INFO] [stderr] To learn more, run the command again with --verbose.
[INFO] running `Command { std: "docker" "inspect" "da0fc53cc10868173aa2c550abd1312ca3eca29888b62c9963f795c3e02e2709", kill_on_drop: false }`
[INFO] running `Command { std: "docker" "rm" "-f" "da0fc53cc10868173aa2c550abd1312ca3eca29888b62c9963f795c3e02e2709", kill_on_drop: false }`
[INFO] [stdout] da0fc53cc10868173aa2c550abd1312ca3eca29888b62c9963f795c3e02e2709
