[INFO] cloning repository https://github.com/christianpoveda/pacman
[INFO] running `Command { std: "git" "-c" "credential.helper=" "-c" "credential.helper=/workspace/cargo-home/bin/git-credential-null" "clone" "--bare" "https://github.com/christianpoveda/pacman" "/workspace/cache/git-repos/https%3A%2F%2Fgithub.com%2Fchristianpoveda%2Fpacman", kill_on_drop: false }`
[INFO] [stderr] Cloning into bare repository '/workspace/cache/git-repos/https%3A%2F%2Fgithub.com%2Fchristianpoveda%2Fpacman'...
[INFO] running `Command { std: "git" "rev-parse" "HEAD", kill_on_drop: false }`
[INFO] [stdout] 6fe97d4ffcfa53add868853986a6bb2aba198f80
[INFO] testing christianpoveda/pacman against beta-2021-08-01 for beta-1.55-1
[INFO] running `Command { std: "git" "clone" "/workspace/cache/git-repos/https%3A%2F%2Fgithub.com%2Fchristianpoveda%2Fpacman" "/workspace/builds/worker-12/source", kill_on_drop: false }`
[INFO] [stderr] Cloning into '/workspace/builds/worker-12/source'...
[INFO] [stderr] done.
[INFO] validating manifest of git repo https://github.com/christianpoveda/pacman on toolchain beta-2021-08-01
[INFO] running `Command { std: "/workspace/cargo-home/bin/cargo" "+beta-2021-08-01" "metadata" "--manifest-path" "Cargo.toml" "--no-deps", kill_on_drop: false }`
[INFO] started tweaking git repo https://github.com/christianpoveda/pacman
[INFO] finished tweaking git repo https://github.com/christianpoveda/pacman
[INFO] tweaked toml for git repo https://github.com/christianpoveda/pacman written to /workspace/builds/worker-12/source/Cargo.toml
[INFO] crate git repo https://github.com/christianpoveda/pacman already has a lockfile, it will not be regenerated
[INFO] running `Command { std: "/workspace/cargo-home/bin/cargo" "+beta-2021-08-01" "fetch" "--manifest-path" "Cargo.toml", kill_on_drop: false }`
[INFO] [stderr]     Blocking waiting for file lock on package cache
[INFO] running `Command { std: "docker" "create" "-v" "/var/lib/crater-agent-workspace/builds/worker-12/target:/opt/rustwide/target:rw,Z" "-v" "/var/lib/crater-agent-workspace/builds/worker-12/source:/opt/rustwide/workdir:ro,Z" "-v" "/var/lib/crater-agent-workspace/cargo-home:/opt/rustwide/cargo-home:ro,Z" "-v" "/var/lib/crater-agent-workspace/rustup-home:/opt/rustwide/rustup-home:ro,Z" "-e" "SOURCE_DIR=/opt/rustwide/workdir" "-e" "CARGO_TARGET_DIR=/opt/rustwide/target" "-e" "CARGO_HOME=/opt/rustwide/cargo-home" "-e" "RUSTUP_HOME=/opt/rustwide/rustup-home" "-w" "/opt/rustwide/workdir" "-m" "1610612736" "--user" "0:0" "--network" "none" "ghcr.io/rust-lang/crates-build-env/linux@sha256:34b6a614d2c27851fe6cbf88fbd1137609cefab8b10d0615aaeb6fd47975d74e" "/opt/rustwide/cargo-home/bin/cargo" "+beta-2021-08-01" "metadata" "--no-deps" "--format-version=1", kill_on_drop: false }`
[INFO] [stdout] 0ae22bead829ace15780cf4762f07a42400b062f1eb5076ebea1ac304e6c3dbe
[INFO] [stderr] WARNING: Your kernel does not support swap limit capabilities or the cgroup is not mounted. Memory limited without swap.
[INFO] running `Command { std: "docker" "start" "-a" "0ae22bead829ace15780cf4762f07a42400b062f1eb5076ebea1ac304e6c3dbe", kill_on_drop: false }`
[INFO] running `Command { std: "docker" "inspect" "0ae22bead829ace15780cf4762f07a42400b062f1eb5076ebea1ac304e6c3dbe", kill_on_drop: false }`
[INFO] running `Command { std: "docker" "rm" "-f" "0ae22bead829ace15780cf4762f07a42400b062f1eb5076ebea1ac304e6c3dbe", kill_on_drop: false }`
[INFO] [stdout] 0ae22bead829ace15780cf4762f07a42400b062f1eb5076ebea1ac304e6c3dbe
[INFO] running `Command { std: "docker" "create" "-v" "/var/lib/crater-agent-workspace/builds/worker-12/target:/opt/rustwide/target:rw,Z" "-v" "/var/lib/crater-agent-workspace/builds/worker-12/source:/opt/rustwide/workdir:ro,Z" "-v" "/var/lib/crater-agent-workspace/cargo-home:/opt/rustwide/cargo-home:ro,Z" "-v" "/var/lib/crater-agent-workspace/rustup-home:/opt/rustwide/rustup-home:ro,Z" "-e" "SOURCE_DIR=/opt/rustwide/workdir" "-e" "CARGO_TARGET_DIR=/opt/rustwide/target" "-e" "CARGO_INCREMENTAL=0" "-e" "RUST_BACKTRACE=full" "-e" "RUSTFLAGS=--cap-lints=warn" "-e" "CARGO_HOME=/opt/rustwide/cargo-home" "-e" "RUSTUP_HOME=/opt/rustwide/rustup-home" "-w" "/opt/rustwide/workdir" "-m" "1610612736" "--user" "0:0" "--network" "none" "ghcr.io/rust-lang/crates-build-env/linux@sha256:34b6a614d2c27851fe6cbf88fbd1137609cefab8b10d0615aaeb6fd47975d74e" "/opt/rustwide/cargo-home/bin/cargo" "+beta-2021-08-01" "build" "--frozen" "--message-format=json", kill_on_drop: false }`
[INFO] [stdout] 1c9618e9939521ba6e2a66c1a1a779d73b6fae84e3971a40971f874288f09446
[INFO] [stderr] WARNING: Your kernel does not support swap limit capabilities or the cgroup is not mounted. Memory limited without swap.
[INFO] running `Command { std: "docker" "start" "-a" "1c9618e9939521ba6e2a66c1a1a779d73b6fae84e3971a40971f874288f09446", kill_on_drop: false }`
[INFO] [stderr]    Compiling backtrace-sys v0.1.23
[INFO] [stderr]    Compiling rand v0.5.4
[INFO] [stderr]    Compiling synstructure v0.6.1
[INFO] [stderr]    Compiling failure_derive v0.1.1
[INFO] [stderr]    Compiling backtrace v0.3.9
[INFO] [stderr]    Compiling failure v0.1.1
[INFO] [stderr]    Compiling pacman v0.1.0 (/opt/rustwide/workdir)
[INFO] [stdout] error[E0554]: `#![feature]` may not be used on the beta release channel
[INFO] [stdout]  --> src/lib.rs:1:1
[INFO] [stdout]   |
[INFO] [stdout] 1 | #![feature(vec_remove_item)]
[INFO] [stdout]   | ^^^^^^^^^^^^^^^^^^^^^^^^^^^^
[INFO] [stdout] 
[INFO] [stdout] 
[INFO] [stdout] warning: trait objects without an explicit `dyn` are deprecated
[INFO] [stdout]   --> src/game/mod.rs:21:21
[INFO] [stdout]    |
[INFO] [stdout] 21 |     agents: Vec<Box<Agent + 'a>>,
[INFO] [stdout]    |                     ^^^^^^^^^^ help: use `dyn`: `dyn Agent + 'a`
[INFO] [stdout]    |
[INFO] [stdout]    = note: `#[warn(bare_trait_objects)]` on by default
[INFO] [stdout]    = warning: this is accepted in the current edition (Rust 2015) but is a hard error in Rust 2021!
[INFO] [stdout]    = note: for more information, see issue #80165 <https://github.com/rust-lang/rust/issues/80165>
[INFO] [stdout] 
[INFO] [stdout] 
[INFO] [stdout] warning: trait objects without an explicit `dyn` are deprecated
[INFO] [stdout]   --> src/game/mod.rs:45:21
[INFO] [stdout]    |
[INFO] [stdout] 45 |     agents: Vec<Box<Agent + 'a>>,
[INFO] [stdout]    |                     ^^^^^^^^^^ help: use `dyn`: `dyn Agent + 'a`
[INFO] [stdout]    |
[INFO] [stdout]    = warning: this is accepted in the current edition (Rust 2015) but is a hard error in Rust 2021!
[INFO] [stdout]    = note: for more information, see issue #80165 <https://github.com/rust-lang/rust/issues/80165>
[INFO] [stdout] 
[INFO] [stdout] 
[INFO] [stdout] error[E0599]: no method named `remove_item` found for struct `Vec<Direction>` in the current scope
[INFO] [stdout]   --> src/agents/greedy_agent.rs:13:17
[INFO] [stdout]    |
[INFO] [stdout] 13 |         actions.remove_item(&Direction::Stop);
[INFO] [stdout]    |                 ^^^^^^^^^^^ method not found in `Vec<Direction>`
[INFO] [stdout] 
[INFO] [stdout] 
[INFO] [stdout] error[E0599]: no method named `remove_item` found for struct `Vec<(usize, usize)>` in the current scope
[INFO] [stdout]    --> src/game/game_state.rs:113:36
[INFO] [stdout]     |
[INFO] [stdout] 113 |                     state.capsules.remove_item(&(x, y));
[INFO] [stdout]     |                                    ^^^^^^^^^^^ method not found in `Vec<(usize, usize)>`
[INFO] [stdout] 
[INFO] [stdout] 
[INFO] [stdout] error[E0599]: no method named `remove_item` found for struct `Vec<Direction>` in the current scope
[INFO] [stdout]   --> src/rules/ghost.rs:11:13
[INFO] [stdout]    |
[INFO] [stdout] 11 |     actions.remove_item(&Direction::Stop);
[INFO] [stdout]    |             ^^^^^^^^^^^ method not found in `Vec<Direction>`
[INFO] [stdout] 
[INFO] [stdout] 
[INFO] [stdout] error[E0599]: no method named `remove_item` found for struct `Vec<Direction>` in the current scope
[INFO] [stdout]   --> src/rules/ghost.rs:13:17
[INFO] [stdout]    |
[INFO] [stdout] 13 |         actions.remove_item(&reverse);
[INFO] [stdout]    |                 ^^^^^^^^^^^ method not found in `Vec<Direction>`
[INFO] [stdout] 
[INFO] [stdout] 
[INFO] [stdout] error: aborting due to 5 previous errors; 2 warnings emitted
[INFO] [stdout] 
[INFO] [stdout] 
[INFO] [stdout] Some errors have detailed explanations: E0554, E0599.
[INFO] [stdout] 
[INFO] [stdout] For more information about an error, try `rustc --explain E0554`.
[INFO] [stdout] 
[INFO] [stderr] error: could not compile `pacman` due to 6 previous errors; 2 warnings emitted
[INFO] running `Command { std: "docker" "inspect" "1c9618e9939521ba6e2a66c1a1a779d73b6fae84e3971a40971f874288f09446", kill_on_drop: false }`
[INFO] running `Command { std: "docker" "rm" "-f" "1c9618e9939521ba6e2a66c1a1a779d73b6fae84e3971a40971f874288f09446", kill_on_drop: false }`
[INFO] [stdout] 1c9618e9939521ba6e2a66c1a1a779d73b6fae84e3971a40971f874288f09446
