[INFO] cloning repository https://github.com/chengyuhui/win-rawcap
[INFO] running `Command { std: "git" "-c" "credential.helper=" "-c" "credential.helper=/workspace/cargo-home/bin/git-credential-null" "clone" "--bare" "https://github.com/chengyuhui/win-rawcap" "/workspace/cache/git-repos/https%3A%2F%2Fgithub.com%2Fchengyuhui%2Fwin-rawcap", kill_on_drop: false }`
[INFO] [stderr] Cloning into bare repository '/workspace/cache/git-repos/https%3A%2F%2Fgithub.com%2Fchengyuhui%2Fwin-rawcap'...
[INFO] running `Command { std: "git" "rev-parse" "HEAD", kill_on_drop: false }`
[INFO] [stdout] 64b2c7d6057c574f39ef23ade4b10d6eba4cbe84
[INFO] testing chengyuhui/win-rawcap against 1.54.0 for beta-1.55-1
[INFO] running `Command { std: "git" "clone" "/workspace/cache/git-repos/https%3A%2F%2Fgithub.com%2Fchengyuhui%2Fwin-rawcap" "/workspace/builds/worker-70/source", kill_on_drop: false }`
[INFO] [stderr] Cloning into '/workspace/builds/worker-70/source'...
[INFO] [stderr] done.
[INFO] validating manifest of git repo https://github.com/chengyuhui/win-rawcap on toolchain 1.54.0
[INFO] running `Command { std: "/workspace/cargo-home/bin/cargo" "+1.54.0" "metadata" "--manifest-path" "Cargo.toml" "--no-deps", kill_on_drop: false }`
[INFO] started tweaking git repo https://github.com/chengyuhui/win-rawcap
[INFO] finished tweaking git repo https://github.com/chengyuhui/win-rawcap
[INFO] tweaked toml for git repo https://github.com/chengyuhui/win-rawcap written to /workspace/builds/worker-70/source/Cargo.toml
[INFO] crate git repo https://github.com/chengyuhui/win-rawcap already has a lockfile, it will not be regenerated
[INFO] running `Command { std: "/workspace/cargo-home/bin/cargo" "+1.54.0" "fetch" "--manifest-path" "Cargo.toml", kill_on_drop: false }`
[INFO] [stderr]     Blocking waiting for file lock on package cache
[INFO] running `Command { std: "docker" "create" "-v" "/var/lib/crater-agent-workspace/builds/worker-70/target:/opt/rustwide/target:rw,Z" "-v" "/var/lib/crater-agent-workspace/builds/worker-70/source:/opt/rustwide/workdir:ro,Z" "-v" "/var/lib/crater-agent-workspace/cargo-home:/opt/rustwide/cargo-home:ro,Z" "-v" "/var/lib/crater-agent-workspace/rustup-home:/opt/rustwide/rustup-home:ro,Z" "-e" "SOURCE_DIR=/opt/rustwide/workdir" "-e" "CARGO_TARGET_DIR=/opt/rustwide/target" "-e" "CARGO_HOME=/opt/rustwide/cargo-home" "-e" "RUSTUP_HOME=/opt/rustwide/rustup-home" "-w" "/opt/rustwide/workdir" "-m" "1610612736" "--user" "0:0" "--network" "none" "ghcr.io/rust-lang/crates-build-env/linux@sha256:34b6a614d2c27851fe6cbf88fbd1137609cefab8b10d0615aaeb6fd47975d74e" "/opt/rustwide/cargo-home/bin/cargo" "+1.54.0" "metadata" "--no-deps" "--format-version=1", kill_on_drop: false }`
[INFO] [stdout] 97e5133cf5e840c6fe06a85d078fbc4b5cd2c4c8cb84a8e7ef7fa252d3dbe3e6
[INFO] running `Command { std: "docker" "start" "-a" "97e5133cf5e840c6fe06a85d078fbc4b5cd2c4c8cb84a8e7ef7fa252d3dbe3e6", kill_on_drop: false }`
[INFO] running `Command { std: "docker" "inspect" "97e5133cf5e840c6fe06a85d078fbc4b5cd2c4c8cb84a8e7ef7fa252d3dbe3e6", kill_on_drop: false }`
[INFO] running `Command { std: "docker" "rm" "-f" "97e5133cf5e840c6fe06a85d078fbc4b5cd2c4c8cb84a8e7ef7fa252d3dbe3e6", kill_on_drop: false }`
[INFO] [stdout] 97e5133cf5e840c6fe06a85d078fbc4b5cd2c4c8cb84a8e7ef7fa252d3dbe3e6
[INFO] running `Command { std: "docker" "create" "-v" "/var/lib/crater-agent-workspace/builds/worker-70/target:/opt/rustwide/target:rw,Z" "-v" "/var/lib/crater-agent-workspace/builds/worker-70/source:/opt/rustwide/workdir:ro,Z" "-v" "/var/lib/crater-agent-workspace/cargo-home:/opt/rustwide/cargo-home:ro,Z" "-v" "/var/lib/crater-agent-workspace/rustup-home:/opt/rustwide/rustup-home:ro,Z" "-e" "SOURCE_DIR=/opt/rustwide/workdir" "-e" "CARGO_TARGET_DIR=/opt/rustwide/target" "-e" "CARGO_INCREMENTAL=0" "-e" "RUST_BACKTRACE=full" "-e" "RUSTFLAGS=--cap-lints=warn" "-e" "CARGO_HOME=/opt/rustwide/cargo-home" "-e" "RUSTUP_HOME=/opt/rustwide/rustup-home" "-w" "/opt/rustwide/workdir" "-m" "1610612736" "--user" "0:0" "--network" "none" "ghcr.io/rust-lang/crates-build-env/linux@sha256:34b6a614d2c27851fe6cbf88fbd1137609cefab8b10d0615aaeb6fd47975d74e" "/opt/rustwide/cargo-home/bin/cargo" "+1.54.0" "build" "--frozen" "--message-format=json", kill_on_drop: false }`
[INFO] [stdout] 9bf1e8bddb58a0727214a531af551dd9665960c109869eb2ddab1f5f3822d365
[INFO] running `Command { std: "docker" "start" "-a" "9bf1e8bddb58a0727214a531af551dd9665960c109869eb2ddab1f5f3822d365", kill_on_drop: false }`
[INFO] [stderr]     Blocking waiting for file lock on package cache
[INFO] [stderr]    Compiling syn v1.0.48
[INFO] [stderr]    Compiling scopeguard v1.1.0
[INFO] [stderr]    Compiling byteorder v1.3.4
[INFO] [stderr]    Compiling smallvec v1.4.2
[INFO] [stderr]    Compiling winapi v0.3.9
[INFO] [stderr]    Compiling anyhow v1.0.34
[INFO] [stderr]    Compiling bytes v0.6.0
[INFO] [stderr]    Compiling instant v0.1.8
[INFO] [stderr]    Compiling tokio v0.3.3
[INFO] [stderr]    Compiling socket2 v0.3.16
[INFO] [stderr]    Compiling mio v0.7.5
[INFO] [stderr]    Compiling lock_api v0.4.1
[INFO] [stderr]    Compiling parking_lot_core v0.8.0
[INFO] [stderr]    Compiling parking_lot v0.11.0
[INFO] [stderr]    Compiling etherparse v0.9.0
[INFO] [stderr]    Compiling tokio-macros v0.3.1
[INFO] [stderr]    Compiling win-rawcap v0.1.0 (/opt/rustwide/workdir)
[INFO] [stdout] error[E0433]: failed to resolve: could not find `windows` in `os`
[INFO] [stdout]  --> src/lib.rs:6:14
[INFO] [stdout]   |
[INFO] [stdout] 6 | use std::os::windows::io::AsRawSocket;
[INFO] [stdout]   |              ^^^^^^^ could not find `windows` in `os`
[INFO] [stdout] 
[INFO] [stdout] 
[INFO] [stdout] error[E0433]: failed to resolve: could not find `shared` in `winapi`
[INFO] [stdout]  --> src/lib.rs:9:13
[INFO] [stdout]   |
[INFO] [stdout] 9 | use winapi::shared::minwindef::DWORD;
[INFO] [stdout]   |             ^^^^^^ could not find `shared` in `winapi`
[INFO] [stdout] 
[INFO] [stdout] 
[INFO] [stdout] error[E0432]: unresolved import `winapi::um`
[INFO] [stdout]   --> src/lib.rs:10:13
[INFO] [stdout]    |
[INFO] [stdout] 10 | use winapi::um::winsock2;
[INFO] [stdout]    |             ^^ could not find `um` in `winapi`
[INFO] [stdout] 
[INFO] [stdout] 
[INFO] [stdout] error[E0433]: failed to resolve: could not find `shared` in `winapi`
[INFO] [stdout]   --> src/lib.rs:15:34
[INFO] [stdout]    |
[INFO] [stdout] 15 |         let in_buffer = [winapi::shared::mstcpip::RCVALL_IPLEVEL];
[INFO] [stdout]    |                                  ^^^^^^ could not find `shared` in `winapi`
[INFO] [stdout] 
[INFO] [stdout] 
[INFO] [stdout] error[E0433]: failed to resolve: could not find `shared` in `winapi`
[INFO] [stdout]   --> src/lib.rs:19:21
[INFO] [stdout]    |
[INFO] [stdout] 19 |             winapi::shared::mstcpip::SIO_RCVALL,
[INFO] [stdout]    |                     ^^^^^^ could not find `shared` in `winapi`
[INFO] [stdout] 
[INFO] [stdout] 
[INFO] [stdout] error[E0412]: cannot find type `DWORD` in this scope
[INFO] [stdout]   --> src/lib.rs:16:22
[INFO] [stdout]    |
[INFO] [stdout] 16 |         let mut out: DWORD = 0;
[INFO] [stdout]    |                      ^^^^^ not found in this scope
[INFO] [stdout] 
[INFO] [stdout] 
[INFO] [stdout] error[E0412]: cannot find type `DWORD` in this scope
[INFO] [stdout]   --> src/lib.rs:21:40
[INFO] [stdout]    |
[INFO] [stdout] 21 |             size_of_val(&in_buffer) as DWORD,
[INFO] [stdout]    |                                        ^^^^^ not found in this scope
[INFO] [stdout] 
[INFO] [stdout] 
[INFO] [stdout] error[E0599]: no method named `as_raw_socket` found for mutable reference `&mut std::net::UdpSocket` in the current scope
[INFO] [stdout]   --> src/lib.rs:18:20
[INFO] [stdout]    |
[INFO] [stdout] 18 |             socket.as_raw_socket() as usize,
[INFO] [stdout]    |                    ^^^^^^^^^^^^^ method not found in `&mut std::net::UdpSocket`
[INFO] [stdout] 
[INFO] [stdout] 
[INFO] [stdout] error: aborting due to 8 previous errors
[INFO] [stdout] 
[INFO] [stdout] 
[INFO] [stdout] Some errors have detailed explanations: E0412, E0432, E0433, E0599.
[INFO] [stdout] 
[INFO] [stdout] For more information about an error, try `rustc --explain E0412`.
[INFO] [stdout] 
[INFO] [stderr] error: could not compile `win-rawcap`
[INFO] [stderr] 
[INFO] [stderr] To learn more, run the command again with --verbose.
[INFO] [stderr] warning: build failed, waiting for other jobs to finish...
[INFO] [stderr] error: build failed
[INFO] running `Command { std: "docker" "inspect" "9bf1e8bddb58a0727214a531af551dd9665960c109869eb2ddab1f5f3822d365", kill_on_drop: false }`
[INFO] running `Command { std: "docker" "rm" "-f" "9bf1e8bddb58a0727214a531af551dd9665960c109869eb2ddab1f5f3822d365", kill_on_drop: false }`
[INFO] [stdout] 9bf1e8bddb58a0727214a531af551dd9665960c109869eb2ddab1f5f3822d365
