[INFO] cloning repository https://github.com/cgibson/flux-rt
[INFO] running `Command { std: "git" "-c" "credential.helper=" "-c" "credential.helper=/workspace/cargo-home/bin/git-credential-null" "clone" "--bare" "https://github.com/cgibson/flux-rt" "/workspace/cache/git-repos/https%3A%2F%2Fgithub.com%2Fcgibson%2Fflux-rt", kill_on_drop: false }`
[INFO] [stderr] Cloning into bare repository '/workspace/cache/git-repos/https%3A%2F%2Fgithub.com%2Fcgibson%2Fflux-rt'...
[INFO] running `Command { std: "git" "rev-parse" "HEAD", kill_on_drop: false }`
[INFO] [stdout] c2a18a1188a5f8233f20aba36f823d2d5540576f
[INFO] testing cgibson/flux-rt against beta-2021-08-01 for beta-1.55-1
[INFO] running `Command { std: "git" "clone" "/workspace/cache/git-repos/https%3A%2F%2Fgithub.com%2Fcgibson%2Fflux-rt" "/workspace/builds/worker-67/source", kill_on_drop: false }`
[INFO] [stderr] Cloning into '/workspace/builds/worker-67/source'...
[INFO] [stderr] done.
[INFO] validating manifest of git repo https://github.com/cgibson/flux-rt on toolchain beta-2021-08-01
[INFO] running `Command { std: "/workspace/cargo-home/bin/cargo" "+beta-2021-08-01" "metadata" "--manifest-path" "Cargo.toml" "--no-deps", kill_on_drop: false }`
[INFO] started tweaking git repo https://github.com/cgibson/flux-rt
[INFO] finished tweaking git repo https://github.com/cgibson/flux-rt
[INFO] tweaked toml for git repo https://github.com/cgibson/flux-rt written to /workspace/builds/worker-67/source/Cargo.toml
[INFO] crate git repo https://github.com/cgibson/flux-rt already has a lockfile, it will not be regenerated
[INFO] running `Command { std: "/workspace/cargo-home/bin/cargo" "+beta-2021-08-01" "fetch" "--manifest-path" "Cargo.toml", kill_on_drop: false }`
[INFO] [stderr]     Blocking waiting for file lock on package cache
[INFO] [stderr]     Blocking waiting for file lock on package cache
[INFO] running `Command { std: "docker" "create" "-v" "/var/lib/crater-agent-workspace/builds/worker-67/target:/opt/rustwide/target:rw,Z" "-v" "/var/lib/crater-agent-workspace/builds/worker-67/source:/opt/rustwide/workdir:ro,Z" "-v" "/var/lib/crater-agent-workspace/cargo-home:/opt/rustwide/cargo-home:ro,Z" "-v" "/var/lib/crater-agent-workspace/rustup-home:/opt/rustwide/rustup-home:ro,Z" "-e" "SOURCE_DIR=/opt/rustwide/workdir" "-e" "CARGO_TARGET_DIR=/opt/rustwide/target" "-e" "CARGO_HOME=/opt/rustwide/cargo-home" "-e" "RUSTUP_HOME=/opt/rustwide/rustup-home" "-w" "/opt/rustwide/workdir" "-m" "1610612736" "--user" "0:0" "--network" "none" "ghcr.io/rust-lang/crates-build-env/linux@sha256:34b6a614d2c27851fe6cbf88fbd1137609cefab8b10d0615aaeb6fd47975d74e" "/opt/rustwide/cargo-home/bin/cargo" "+beta-2021-08-01" "metadata" "--no-deps" "--format-version=1", kill_on_drop: false }`
[INFO] [stdout] aa3624f286088d53470b77fa4a4385bcb3ee70ea46829d56a22a0ed1faa37758
[INFO] running `Command { std: "docker" "start" "-a" "aa3624f286088d53470b77fa4a4385bcb3ee70ea46829d56a22a0ed1faa37758", kill_on_drop: false }`
[INFO] running `Command { std: "docker" "inspect" "aa3624f286088d53470b77fa4a4385bcb3ee70ea46829d56a22a0ed1faa37758", kill_on_drop: false }`
[INFO] running `Command { std: "docker" "rm" "-f" "aa3624f286088d53470b77fa4a4385bcb3ee70ea46829d56a22a0ed1faa37758", kill_on_drop: false }`
[INFO] [stdout] aa3624f286088d53470b77fa4a4385bcb3ee70ea46829d56a22a0ed1faa37758
[INFO] running `Command { std: "docker" "create" "-v" "/var/lib/crater-agent-workspace/builds/worker-67/target:/opt/rustwide/target:rw,Z" "-v" "/var/lib/crater-agent-workspace/builds/worker-67/source:/opt/rustwide/workdir:ro,Z" "-v" "/var/lib/crater-agent-workspace/cargo-home:/opt/rustwide/cargo-home:ro,Z" "-v" "/var/lib/crater-agent-workspace/rustup-home:/opt/rustwide/rustup-home:ro,Z" "-e" "SOURCE_DIR=/opt/rustwide/workdir" "-e" "CARGO_TARGET_DIR=/opt/rustwide/target" "-e" "CARGO_INCREMENTAL=0" "-e" "RUST_BACKTRACE=full" "-e" "RUSTFLAGS=--cap-lints=warn" "-e" "CARGO_HOME=/opt/rustwide/cargo-home" "-e" "RUSTUP_HOME=/opt/rustwide/rustup-home" "-w" "/opt/rustwide/workdir" "-m" "1610612736" "--user" "0:0" "--network" "none" "ghcr.io/rust-lang/crates-build-env/linux@sha256:34b6a614d2c27851fe6cbf88fbd1137609cefab8b10d0615aaeb6fd47975d74e" "/opt/rustwide/cargo-home/bin/cargo" "+beta-2021-08-01" "build" "--frozen" "--message-format=json", kill_on_drop: false }`
[INFO] [stdout] 40c68e144c61fa417b9867c054ef10d33e730e50800ee488d8ab84e2bb40d144
[INFO] running `Command { std: "docker" "start" "-a" "40c68e144c61fa417b9867c054ef10d33e730e50800ee488d8ab84e2bb40d144", kill_on_drop: false }`
[INFO] [stderr]    Compiling flux-rt v0.1.0 (/opt/rustwide/workdir)
[INFO] [stdout] warning: unnecessary parentheses around block return value
[INFO] [stdout]   --> src/math/vec3.rs:47:9
[INFO] [stdout]    |
[INFO] [stdout] 47 | /         ((((self.x * self.x) +
[INFO] [stdout] 48 | |            (self.y * self.y) +
[INFO] [stdout] 49 | |            (self.z * self.z)) as f64).sqrt() as f32)
[INFO] [stdout]    | |____________________________________________________^
[INFO] [stdout]    |
[INFO] [stdout]    = note: `#[warn(unused_parens)]` on by default
[INFO] [stdout] help: remove these parentheses
[INFO] [stdout]    |
[INFO] [stdout] 47 |         (((self.x * self.x) +
[INFO] [stdout] 48 |            (self.y * self.y) +
[INFO] [stdout] 49 |            (self.z * self.z)) as f64).sqrt() as f32
[INFO] [stdout]    |
[INFO] [stdout] 
[INFO] [stdout] 
[INFO] [stdout] warning: 1 warning emitted
[INFO] [stdout] 
[INFO] [stdout] 
[INFO] [stdout] warning: unnecessary parentheses around block return value
[INFO] [stdout]   --> src/math/vec3.rs:47:9
[INFO] [stdout]    |
[INFO] [stdout] 47 | /         ((((self.x * self.x) +
[INFO] [stdout] 48 | |            (self.y * self.y) +
[INFO] [stdout] 49 | |            (self.z * self.z)) as f64).sqrt() as f32)
[INFO] [stdout]    | |____________________________________________________^
[INFO] [stdout]    |
[INFO] [stdout]    = note: `#[warn(unused_parens)]` on by default
[INFO] [stdout] help: remove these parentheses
[INFO] [stdout]    |
[INFO] [stdout] 47 |         (((self.x * self.x) +
[INFO] [stdout] 48 |            (self.y * self.y) +
[INFO] [stdout] 49 |            (self.z * self.z)) as f64).sqrt() as f32
[INFO] [stdout]    |
[INFO] [stdout] 
[INFO] [stdout] 
[INFO] [stdout] warning: 1 warning emitted
[INFO] [stdout] 
[INFO] [stdout] 
[INFO] [stderr]     Finished dev [unoptimized + debuginfo] target(s) in 33.72s
[INFO] running `Command { std: "docker" "inspect" "40c68e144c61fa417b9867c054ef10d33e730e50800ee488d8ab84e2bb40d144", kill_on_drop: false }`
[INFO] running `Command { std: "docker" "rm" "-f" "40c68e144c61fa417b9867c054ef10d33e730e50800ee488d8ab84e2bb40d144", kill_on_drop: false }`
[INFO] [stdout] 40c68e144c61fa417b9867c054ef10d33e730e50800ee488d8ab84e2bb40d144
[INFO] running `Command { std: "docker" "create" "-v" "/var/lib/crater-agent-workspace/builds/worker-67/target:/opt/rustwide/target:rw,Z" "-v" "/var/lib/crater-agent-workspace/builds/worker-67/source:/opt/rustwide/workdir:ro,Z" "-v" "/var/lib/crater-agent-workspace/cargo-home:/opt/rustwide/cargo-home:ro,Z" "-v" "/var/lib/crater-agent-workspace/rustup-home:/opt/rustwide/rustup-home:ro,Z" "-e" "SOURCE_DIR=/opt/rustwide/workdir" "-e" "CARGO_TARGET_DIR=/opt/rustwide/target" "-e" "CARGO_INCREMENTAL=0" "-e" "RUST_BACKTRACE=full" "-e" "RUSTFLAGS=--cap-lints=warn" "-e" "CARGO_HOME=/opt/rustwide/cargo-home" "-e" "RUSTUP_HOME=/opt/rustwide/rustup-home" "-w" "/opt/rustwide/workdir" "-m" "1610612736" "--user" "0:0" "--network" "none" "ghcr.io/rust-lang/crates-build-env/linux@sha256:34b6a614d2c27851fe6cbf88fbd1137609cefab8b10d0615aaeb6fd47975d74e" "/opt/rustwide/cargo-home/bin/cargo" "+beta-2021-08-01" "test" "--frozen" "--no-run" "--message-format=json", kill_on_drop: false }`
[INFO] [stdout] b7c2e86e6b0cdd7b715fbdf5c8dc43a9a80a1cfca5d658abcd2663723bac5c97
[INFO] running `Command { std: "docker" "start" "-a" "b7c2e86e6b0cdd7b715fbdf5c8dc43a9a80a1cfca5d658abcd2663723bac5c97", kill_on_drop: false }`
[INFO] [stderr]     Blocking waiting for file lock on package cache
[INFO] [stdout] warning: unnecessary parentheses around block return value
[INFO] [stdout]   --> src/math/vec3.rs:47:9
[INFO] [stdout]    |
[INFO] [stdout] 47 | /         ((((self.x * self.x) +
[INFO] [stdout] 48 | |            (self.y * self.y) +
[INFO] [stdout] 49 | |            (self.z * self.z)) as f64).sqrt() as f32)
[INFO] [stdout]    | |____________________________________________________^
[INFO] [stdout]    |
[INFO] [stdout]    = note: `#[warn(unused_parens)]` on by default
[INFO] [stdout] help: remove these parentheses
[INFO] [stdout]    |
[INFO] [stdout] 47 |         (((self.x * self.x) +
[INFO] [stdout] 48 |            (self.y * self.y) +
[INFO] [stdout] 49 |            (self.z * self.z)) as f64).sqrt() as f32
[INFO] [stdout]    |
[INFO] [stdout] 
[INFO] [stdout] 
[INFO] [stderr]    Compiling flux-rt v0.1.0 (/opt/rustwide/workdir)
[INFO] [stdout] warning: 1 warning emitted
[INFO] [stdout] 
[INFO] [stdout] 
[INFO] [stdout] warning: unnecessary parentheses around block return value
[INFO] [stdout]   --> src/math/vec3.rs:47:9
[INFO] [stdout]    |
[INFO] [stdout] 47 | /         ((((self.x * self.x) +
[INFO] [stdout] 48 | |            (self.y * self.y) +
[INFO] [stdout] 49 | |            (self.z * self.z)) as f64).sqrt() as f32)
[INFO] [stdout]    | |____________________________________________________^
[INFO] [stdout]    |
[INFO] [stdout]    = note: `#[warn(unused_parens)]` on by default
[INFO] [stdout] help: remove these parentheses
[INFO] [stdout]    |
[INFO] [stdout] 47 |         (((self.x * self.x) +
[INFO] [stdout] 48 |            (self.y * self.y) +
[INFO] [stdout] 49 |            (self.z * self.z)) as f64).sqrt() as f32
[INFO] [stdout]    |
[INFO] [stdout] 
[INFO] [stdout] 
[INFO] [stdout] warning: 1 warning emitted
[INFO] [stdout] 
[INFO] [stdout] 
[INFO] [stdout] error[E0583]: file not found for module `test_math`
[INFO] [stdout]  --> tests/mod.rs:1:1
[INFO] [stdout]   |
[INFO] [stdout] 1 | pub mod test_math;
[INFO] [stdout]   | ^^^^^^^^^^^^^^^^^^
[INFO] [stdout]   |
[INFO] [stdout]   = help: to create the module `test_math`, create file "tests/test_math.rs" or "tests/test_math/mod.rs"
[INFO] [stdout] 
[INFO] [stdout] 
[INFO] [stdout] error[E0583]: file not found for module `test_math`
[INFO] [stdout]  --> tests/lib.rs:3:1
[INFO] [stdout]   |
[INFO] [stdout] 3 | mod test_math;
[INFO] [stdout]   | ^^^^^^^^^^^^^^
[INFO] [stdout]   |
[INFO] [stdout]   = help: to create the module `test_math`, create file "tests/test_math.rs" or "tests/test_math/mod.rs"
[INFO] [stdout] 
[INFO] [stdout] 
[INFO] [stdout] warning: unnecessary parentheses around block return value
[INFO] [stdout]   --> src/math/vec3.rs:47:9
[INFO] [stdout]    |
[INFO] [stdout] 47 | /         ((((self.x * self.x) +
[INFO] [stdout] 48 | |            (self.y * self.y) +
[INFO] [stdout] 49 | |            (self.z * self.z)) as f64).sqrt() as f32)
[INFO] [stdout]    | |____________________________________________________^
[INFO] [stdout]    |
[INFO] [stdout]    = note: `#[warn(unused_parens)]` on by default
[INFO] [stdout] help: remove these parentheses
[INFO] [stdout]    |
[INFO] [stdout] 47 |         (((self.x * self.x) +
[INFO] [stdout] 48 |            (self.y * self.y) +
[INFO] [stdout] 49 |            (self.z * self.z)) as f64).sqrt() as f32
[INFO] [stdout]    |
[INFO] [stdout] 
[INFO] [stdout] 
[INFO] [stdout] error[E0463]: can't find crate for `rusty_rt`
[INFO] [stdout]  --> tests/lib.rs:1:1
[INFO] [stdout]   |
[INFO] [stdout] 1 | extern crate rusty_rt;
[INFO] [stdout]   | ^^^^^^^^^^^^^^^^^^^^^^ can't find crate
[INFO] [stdout] 
[INFO] [stdout] 
[INFO] [stdout] error: aborting due to previous error
[INFO] [stdout] 
[INFO] [stdout] 
[INFO] [stdout] For more information about this error, try `rustc --explain E0583`.
[INFO] [stdout] 
[INFO] [stderr] error: could not compile `flux-rt` due to 2 previous errors
[INFO] [stderr] warning: build failed, waiting for other jobs to finish...
[INFO] [stdout] error: aborting due to 2 previous errors
[INFO] [stdout] 
[INFO] [stdout] 
[INFO] [stdout] Some errors have detailed explanations: E0463, E0583.
[INFO] [stdout] 
[INFO] [stdout] For more information about an error, try `rustc --explain E0463`.
[INFO] [stdout] 
[INFO] [stdout] warning: unnecessary parentheses around block return value
[INFO] [stdout]   --> src/math/vec3.rs:47:9
[INFO] [stdout]    |
[INFO] [stdout] 47 | /         ((((self.x * self.x) +
[INFO] [stdout] 48 | |            (self.y * self.y) +
[INFO] [stdout] 49 | |            (self.z * self.z)) as f64).sqrt() as f32)
[INFO] [stdout]    | |____________________________________________________^
[INFO] [stdout]    |
[INFO] [stdout]    = note: `#[warn(unused_parens)]` on by default
[INFO] [stdout] help: remove these parentheses
[INFO] [stdout]    |
[INFO] [stdout] 47 |         (((self.x * self.x) +
[INFO] [stdout] 48 |            (self.y * self.y) +
[INFO] [stdout] 49 |            (self.z * self.z)) as f64).sqrt() as f32
[INFO] [stdout]    |
[INFO] [stdout] 
[INFO] [stdout] 
[INFO] [stdout] warning: 1 warning emitted
[INFO] [stdout] 
[INFO] [stdout] 
[INFO] [stdout] warning: 1 warning emitted
[INFO] [stdout] 
[INFO] [stdout] 
[INFO] [stderr] error: build failed
[INFO] running `Command { std: "docker" "inspect" "b7c2e86e6b0cdd7b715fbdf5c8dc43a9a80a1cfca5d658abcd2663723bac5c97", kill_on_drop: false }`
[INFO] running `Command { std: "docker" "rm" "-f" "b7c2e86e6b0cdd7b715fbdf5c8dc43a9a80a1cfca5d658abcd2663723bac5c97", kill_on_drop: false }`
[INFO] [stdout] b7c2e86e6b0cdd7b715fbdf5c8dc43a9a80a1cfca5d658abcd2663723bac5c97
