[INFO] cloning repository https://github.com/bjoernQ/bl602-wifi-rs
[INFO] running `Command { std: "git" "-c" "credential.helper=" "-c" "credential.helper=/workspace/cargo-home/bin/git-credential-null" "clone" "--bare" "https://github.com/bjoernQ/bl602-wifi-rs" "/workspace/cache/git-repos/https%3A%2F%2Fgithub.com%2FbjoernQ%2Fbl602-wifi-rs", kill_on_drop: false }`
[INFO] [stderr] Cloning into bare repository '/workspace/cache/git-repos/https%3A%2F%2Fgithub.com%2FbjoernQ%2Fbl602-wifi-rs'...
[INFO] running `Command { std: "git" "rev-parse" "HEAD", kill_on_drop: false }`
[INFO] [stdout] 4d8d8cc4484605077bd36efd851082ed3f02dcea
[INFO] testing bjoernQ/bl602-wifi-rs against beta-2021-08-01 for beta-1.55-1
[INFO] running `Command { std: "git" "clone" "/workspace/cache/git-repos/https%3A%2F%2Fgithub.com%2FbjoernQ%2Fbl602-wifi-rs" "/workspace/builds/worker-95/source", kill_on_drop: false }`
[INFO] [stderr] Cloning into '/workspace/builds/worker-95/source'...
[INFO] [stderr] done.
[INFO] validating manifest of git repo https://github.com/bjoernQ/bl602-wifi-rs on toolchain beta-2021-08-01
[INFO] running `Command { std: "/workspace/cargo-home/bin/cargo" "+beta-2021-08-01" "metadata" "--manifest-path" "Cargo.toml" "--no-deps", kill_on_drop: false }`
[INFO] removed /workspace/builds/worker-95/source/.cargo/config
[INFO] started tweaking git repo https://github.com/bjoernQ/bl602-wifi-rs
[INFO] finished tweaking git repo https://github.com/bjoernQ/bl602-wifi-rs
[INFO] tweaked toml for git repo https://github.com/bjoernQ/bl602-wifi-rs written to /workspace/builds/worker-95/source/Cargo.toml
[INFO] crate git repo https://github.com/bjoernQ/bl602-wifi-rs already has a lockfile, it will not be regenerated
[INFO] running `Command { std: "/workspace/cargo-home/bin/cargo" "+beta-2021-08-01" "fetch" "--manifest-path" "Cargo.toml", kill_on_drop: false }`
[INFO] [stderr]     Blocking waiting for file lock on package cache
[INFO] [stderr]     Updating git repository `https://github.com/bjoernQ/riscv`
[INFO] [stderr]     Updating git repository `https://github.com/bjoernQ/riscv-rt`
[INFO] [stderr]     Updating git repository `https://github.com/sipeed/bl602-hal`
[INFO] [stderr]     Updating git repository `https://github.com/sipeed/bl602-pac`
[INFO] [stderr]     Blocking waiting for file lock on package cache
[INFO] running `Command { std: "docker" "create" "-v" "/var/lib/crater-agent-workspace/builds/worker-95/target:/opt/rustwide/target:rw,Z" "-v" "/var/lib/crater-agent-workspace/builds/worker-95/source:/opt/rustwide/workdir:ro,Z" "-v" "/var/lib/crater-agent-workspace/cargo-home:/opt/rustwide/cargo-home:ro,Z" "-v" "/var/lib/crater-agent-workspace/rustup-home:/opt/rustwide/rustup-home:ro,Z" "-e" "SOURCE_DIR=/opt/rustwide/workdir" "-e" "CARGO_TARGET_DIR=/opt/rustwide/target" "-e" "CARGO_HOME=/opt/rustwide/cargo-home" "-e" "RUSTUP_HOME=/opt/rustwide/rustup-home" "-w" "/opt/rustwide/workdir" "-m" "1610612736" "--user" "0:0" "--network" "none" "ghcr.io/rust-lang/crates-build-env/linux@sha256:34b6a614d2c27851fe6cbf88fbd1137609cefab8b10d0615aaeb6fd47975d74e" "/opt/rustwide/cargo-home/bin/cargo" "+beta-2021-08-01" "metadata" "--no-deps" "--format-version=1", kill_on_drop: false }`
[INFO] [stdout] f32d1753233568f06e231099ff419ddcdf69846d6bbb53f7ac478ff1e35db8fb
[INFO] running `Command { std: "docker" "start" "-a" "f32d1753233568f06e231099ff419ddcdf69846d6bbb53f7ac478ff1e35db8fb", kill_on_drop: false }`
[INFO] running `Command { std: "docker" "inspect" "f32d1753233568f06e231099ff419ddcdf69846d6bbb53f7ac478ff1e35db8fb", kill_on_drop: false }`
[INFO] running `Command { std: "docker" "rm" "-f" "f32d1753233568f06e231099ff419ddcdf69846d6bbb53f7ac478ff1e35db8fb", kill_on_drop: false }`
[INFO] [stdout] f32d1753233568f06e231099ff419ddcdf69846d6bbb53f7ac478ff1e35db8fb
[INFO] running `Command { std: "docker" "create" "-v" "/var/lib/crater-agent-workspace/builds/worker-95/target:/opt/rustwide/target:rw,Z" "-v" "/var/lib/crater-agent-workspace/builds/worker-95/source:/opt/rustwide/workdir:ro,Z" "-v" "/var/lib/crater-agent-workspace/cargo-home:/opt/rustwide/cargo-home:ro,Z" "-v" "/var/lib/crater-agent-workspace/rustup-home:/opt/rustwide/rustup-home:ro,Z" "-e" "SOURCE_DIR=/opt/rustwide/workdir" "-e" "CARGO_TARGET_DIR=/opt/rustwide/target" "-e" "CARGO_INCREMENTAL=0" "-e" "RUST_BACKTRACE=full" "-e" "RUSTFLAGS=--cap-lints=warn" "-e" "CARGO_HOME=/opt/rustwide/cargo-home" "-e" "RUSTUP_HOME=/opt/rustwide/rustup-home" "-w" "/opt/rustwide/workdir" "-m" "1610612736" "--user" "0:0" "--network" "none" "ghcr.io/rust-lang/crates-build-env/linux@sha256:34b6a614d2c27851fe6cbf88fbd1137609cefab8b10d0615aaeb6fd47975d74e" "/opt/rustwide/cargo-home/bin/cargo" "+beta-2021-08-01" "build" "--frozen" "--message-format=json", kill_on_drop: false }`
[INFO] [stdout] ad9e42d722c3c3a829cd41026e9cb6f419f20d3001dde95cc5d1e9554ce74d85
[INFO] running `Command { std: "docker" "start" "-a" "ad9e42d722c3c3a829cd41026e9cb6f419f20d3001dde95cc5d1e9554ce74d85", kill_on_drop: false }`
[INFO] [stderr]     Blocking waiting for file lock on package cache
[INFO] [stderr]    Compiling autocfg v1.0.1
[INFO] [stderr]    Compiling memchr v2.4.0
[INFO] [stderr]    Compiling regex-syntax v0.6.25
[INFO] [stderr]    Compiling lazy_static v1.4.0
[INFO] [stderr]    Compiling semver-parser v0.7.0
[INFO] [stderr]    Compiling proc-macro2 v1.0.28
[INFO] [stderr]    Compiling nb v1.0.0
[INFO] [stderr]    Compiling unicode-xid v0.2.2
[INFO] [stderr]    Compiling rand_core v0.5.1
[INFO] [stderr]    Compiling syn v1.0.74
[INFO] [stderr]    Compiling ppv-lite86 v0.2.10
[INFO] [stderr]    Compiling bit_field v0.10.1
[INFO] [stderr]    Compiling bl602-pac v0.1.0 (https://github.com/sipeed/bl602-pac?branch=main#4c8e6985)
[INFO] [stderr]    Compiling vcell v0.1.3
[INFO] [stderr]    Compiling byteorder v1.4.3
[INFO] [stderr]    Compiling bare-metal v1.0.0
[INFO] [stderr]    Compiling void v1.0.2
[INFO] [stderr]    Compiling bl602wifi v0.1.0 (/opt/rustwide/workdir)
[INFO] [stderr]    Compiling r0 v1.0.0
[INFO] [stderr]    Compiling paste v1.0.5
[INFO] [stderr]    Compiling managed v0.7.2
[INFO] [stderr]    Compiling rand_pcg v0.2.1
[INFO] [stderr]    Compiling nb v0.1.3
[INFO] [stderr]    Compiling embedded-hal v1.0.0-alpha.4
[INFO] [stderr]    Compiling smoltcp v0.7.5
[INFO] [stderr]    Compiling semver v0.9.0
[INFO] [stderr]    Compiling num-traits v0.2.14
[INFO] [stderr]    Compiling num-integer v0.1.44
[INFO] [stderr]    Compiling num-rational v0.3.2
[INFO] [stderr]    Compiling num-iter v0.1.42
[INFO] [stderr]    Compiling rand_chacha v0.2.2
[INFO] [stderr]    Compiling embedded-hal v0.2.5
[INFO] [stderr]    Compiling bluetooth-hci v0.1.0
[INFO] [stderr]    Compiling rustc_version v0.2.3
[INFO] [stderr]    Compiling rand v0.7.3
[INFO] [stderr]    Compiling bare-metal v0.2.5
[INFO] [stderr]    Compiling aho-corasick v0.7.18
[INFO] [stderr]    Compiling quote v1.0.9
[INFO] [stderr]    Compiling num-complex v0.3.1
[INFO] [stderr]    Compiling regex v1.5.4
[INFO] [stderr]    Compiling num v0.3.1
[INFO] [stderr]    Compiling embedded-time v0.12.0
[INFO] [stderr]    Compiling riscv-target v0.1.2
[INFO] [stderr]    Compiling riscv v0.6.0 (https://github.com/bjoernQ/riscv?branch=support-ilp32f#ec059f8e)
[INFO] [stderr]    Compiling bl602-hal v0.1.0 (https://github.com/sipeed/bl602-hal?rev=a6cb8962b589d08f334821b12bb6c4c75d3f0e08#a6cb8962)
[INFO] [stderr]    Compiling riscv-rt v0.8.0 (https://github.com/bjoernQ/riscv-rt?branch=support-ilp32f#ef373496)
[INFO] [stderr]    Compiling riscv-rt-macros v0.1.6 (https://github.com/bjoernQ/riscv-rt?branch=support-ilp32f#ef373496)
[INFO] [stdout] error[E0557]: feature has been removed
[INFO] [stdout]  --> src/lib.rs:3:12
[INFO] [stdout]   |
[INFO] [stdout] 3 | #![feature(const_raw_ptr_to_usize_cast)]
[INFO] [stdout]   |            ^^^^^^^^^^^^^^^^^^^^^^^^^^^ feature has been removed
[INFO] [stdout]   |
[INFO] [stdout]   = note: at compile-time, pointers do not have an integer value, so these casts cannot be properly supported
[INFO] [stdout] 
[INFO] [stdout] 
[INFO] [stdout] error[E0554]: `#![feature]` may not be used on the beta release channel
[INFO] [stdout]  --> src/lib.rs:2:1
[INFO] [stdout]   |
[INFO] [stdout] 2 | #![feature(c_variadic)]
[INFO] [stdout]   | ^^^^^^^^^^^^^^^^^^^^^^^
[INFO] [stdout] 
[INFO] [stdout] 
[INFO] [stdout] error[E0554]: `#![feature]` may not be used on the beta release channel
[INFO] [stdout]  --> src/lib.rs:3:1
[INFO] [stdout]   |
[INFO] [stdout] 3 | #![feature(const_raw_ptr_to_usize_cast)]
[INFO] [stdout]   | ^^^^^^^^^^^^^^^^^^^^^^^^^^^^^^^^^^^^^^^^
[INFO] [stdout] 
[INFO] [stdout] 
[INFO] [stdout] error: aborting due to 3 previous errors
[INFO] [stdout] 
[INFO] [stdout] 
[INFO] [stdout] Some errors have detailed explanations: E0554, E0557.
[INFO] [stdout] 
[INFO] [stdout] For more information about an error, try `rustc --explain E0554`.
[INFO] [stdout] 
[INFO] [stderr] error: could not compile `bl602wifi` due to 4 previous errors
[INFO] running `Command { std: "docker" "inspect" "ad9e42d722c3c3a829cd41026e9cb6f419f20d3001dde95cc5d1e9554ce74d85", kill_on_drop: false }`
[INFO] running `Command { std: "docker" "rm" "-f" "ad9e42d722c3c3a829cd41026e9cb6f419f20d3001dde95cc5d1e9554ce74d85", kill_on_drop: false }`
[INFO] [stdout] ad9e42d722c3c3a829cd41026e9cb6f419f20d3001dde95cc5d1e9554ce74d85
