[INFO] cloning repository https://github.com/bennufactory/gu-exec-env-driver-wasm
[INFO] running `Command { std: "git" "-c" "credential.helper=" "-c" "credential.helper=/workspace/cargo-home/bin/git-credential-null" "clone" "--bare" "https://github.com/bennufactory/gu-exec-env-driver-wasm" "/workspace/cache/git-repos/https%3A%2F%2Fgithub.com%2Fbennufactory%2Fgu-exec-env-driver-wasm", kill_on_drop: false }`
[INFO] [stderr] Cloning into bare repository '/workspace/cache/git-repos/https%3A%2F%2Fgithub.com%2Fbennufactory%2Fgu-exec-env-driver-wasm'...
[INFO] running `Command { std: "git" "rev-parse" "HEAD", kill_on_drop: false }`
[INFO] [stdout] 9b20b9182f6126b6d9ba9fc4ba4aff8a37ac2cc0
[INFO] testing bennufactory/gu-exec-env-driver-wasm against 1.54.0 for beta-1.55-1
[INFO] running `Command { std: "git" "clone" "/workspace/cache/git-repos/https%3A%2F%2Fgithub.com%2Fbennufactory%2Fgu-exec-env-driver-wasm" "/workspace/builds/worker-109/source", kill_on_drop: false }`
[INFO] [stderr] Cloning into '/workspace/builds/worker-109/source'...
[INFO] [stderr] done.
[INFO] validating manifest of git repo https://github.com/bennufactory/gu-exec-env-driver-wasm on toolchain 1.54.0
[INFO] running `Command { std: "/workspace/cargo-home/bin/cargo" "+1.54.0" "metadata" "--manifest-path" "Cargo.toml" "--no-deps", kill_on_drop: false }`
[INFO] started tweaking git repo https://github.com/bennufactory/gu-exec-env-driver-wasm
[INFO] finished tweaking git repo https://github.com/bennufactory/gu-exec-env-driver-wasm
[INFO] tweaked toml for git repo https://github.com/bennufactory/gu-exec-env-driver-wasm written to /workspace/builds/worker-109/source/Cargo.toml
[INFO] crate git repo https://github.com/bennufactory/gu-exec-env-driver-wasm already has a lockfile, it will not be regenerated
[INFO] running `Command { std: "/workspace/cargo-home/bin/cargo" "+1.54.0" "fetch" "--manifest-path" "Cargo.toml", kill_on_drop: false }`
[INFO] [stderr]     Blocking waiting for file lock on package cache
[INFO] [stderr]     Blocking waiting for file lock on package cache
[INFO] running `Command { std: "docker" "create" "-v" "/var/lib/crater-agent-workspace/builds/worker-109/target:/opt/rustwide/target:rw,Z" "-v" "/var/lib/crater-agent-workspace/builds/worker-109/source:/opt/rustwide/workdir:ro,Z" "-v" "/var/lib/crater-agent-workspace/cargo-home:/opt/rustwide/cargo-home:ro,Z" "-v" "/var/lib/crater-agent-workspace/rustup-home:/opt/rustwide/rustup-home:ro,Z" "-e" "SOURCE_DIR=/opt/rustwide/workdir" "-e" "CARGO_TARGET_DIR=/opt/rustwide/target" "-e" "CARGO_HOME=/opt/rustwide/cargo-home" "-e" "RUSTUP_HOME=/opt/rustwide/rustup-home" "-w" "/opt/rustwide/workdir" "-m" "1610612736" "--user" "0:0" "--network" "none" "ghcr.io/rust-lang/crates-build-env/linux@sha256:34b6a614d2c27851fe6cbf88fbd1137609cefab8b10d0615aaeb6fd47975d74e" "/opt/rustwide/cargo-home/bin/cargo" "+1.54.0" "metadata" "--no-deps" "--format-version=1", kill_on_drop: false }`
[INFO] [stdout] d28c0fb382a0d8f401b931bfe6bd423b363b6a94087c8395722be4ce75ce71fc
[INFO] running `Command { std: "docker" "start" "-a" "d28c0fb382a0d8f401b931bfe6bd423b363b6a94087c8395722be4ce75ce71fc", kill_on_drop: false }`
[INFO] running `Command { std: "docker" "inspect" "d28c0fb382a0d8f401b931bfe6bd423b363b6a94087c8395722be4ce75ce71fc", kill_on_drop: false }`
[INFO] running `Command { std: "docker" "rm" "-f" "d28c0fb382a0d8f401b931bfe6bd423b363b6a94087c8395722be4ce75ce71fc", kill_on_drop: false }`
[INFO] [stdout] d28c0fb382a0d8f401b931bfe6bd423b363b6a94087c8395722be4ce75ce71fc
[INFO] running `Command { std: "docker" "create" "-v" "/var/lib/crater-agent-workspace/builds/worker-109/target:/opt/rustwide/target:rw,Z" "-v" "/var/lib/crater-agent-workspace/builds/worker-109/source:/opt/rustwide/workdir:ro,Z" "-v" "/var/lib/crater-agent-workspace/cargo-home:/opt/rustwide/cargo-home:ro,Z" "-v" "/var/lib/crater-agent-workspace/rustup-home:/opt/rustwide/rustup-home:ro,Z" "-e" "SOURCE_DIR=/opt/rustwide/workdir" "-e" "CARGO_TARGET_DIR=/opt/rustwide/target" "-e" "CARGO_INCREMENTAL=0" "-e" "RUST_BACKTRACE=full" "-e" "RUSTFLAGS=--cap-lints=warn" "-e" "CARGO_HOME=/opt/rustwide/cargo-home" "-e" "RUSTUP_HOME=/opt/rustwide/rustup-home" "-w" "/opt/rustwide/workdir" "-m" "1610612736" "--user" "0:0" "--network" "none" "ghcr.io/rust-lang/crates-build-env/linux@sha256:34b6a614d2c27851fe6cbf88fbd1137609cefab8b10d0615aaeb6fd47975d74e" "/opt/rustwide/cargo-home/bin/cargo" "+1.54.0" "build" "--frozen" "--message-format=json", kill_on_drop: false }`
[INFO] [stdout] e3336f47c76e9ae2bbc34ce3c684ecae5f4c7f9b68d679fe54bdcd01371680bb
[INFO] running `Command { std: "docker" "start" "-a" "e3336f47c76e9ae2bbc34ce3c684ecae5f4c7f9b68d679fe54bdcd01371680bb", kill_on_drop: false }`
[INFO] [stderr]    Compiling libc v0.2.62
[INFO] [stderr]    Compiling cc v1.0.45
[INFO] [stderr]    Compiling autocfg v0.1.6
[INFO] [stderr]    Compiling proc-macro2 v0.4.30
[INFO] [stderr]    Compiling cfg-if v0.1.9
[INFO] [stderr]    Compiling proc-macro2 v1.0.3
[INFO] [stderr]    Compiling syn v0.15.44
[INFO] [stderr]    Compiling memchr v2.2.1
[INFO] [stderr]    Compiling unicode-xid v0.2.0
[INFO] [stderr]    Compiling failure_derive v0.1.5
[INFO] [stderr]    Compiling syn v1.0.5
[INFO] [stderr]    Compiling rustc-demangle v0.1.16
[INFO] [stderr]    Compiling glob v0.3.0
[INFO] [stderr]    Compiling bitflags v1.1.0
[INFO] [stderr]    Compiling version_check v0.1.5
[INFO] [stderr]    Compiling unicode-width v0.1.6
[INFO] [stderr]    Compiling log v0.4.8
[INFO] [stderr]    Compiling byteorder v1.3.2
[INFO] [stderr]    Compiling regex-syntax v0.6.12
[INFO] [stderr]    Compiling quick-error v1.2.2
[INFO] [stderr]    Compiling ansi_term v0.11.0
[INFO] [stderr]    Compiling strsim v0.8.0
[INFO] [stderr]    Compiling vec_map v0.8.1
[INFO] [stderr]    Compiling rand_core v0.4.2
[INFO] [stderr]    Compiling termcolor v1.0.5
[INFO] [stderr]    Compiling bindgen v0.49.2
[INFO] [stderr]    Compiling serde v1.0.100
[INFO] [stderr]    Compiling pkg-config v0.3.16
[INFO] [stderr]    Compiling peeking_take_while v0.1.2
[INFO] [stderr]    Compiling shlex v0.1.1
[INFO] [stderr]    Compiling crc32fast v1.2.0
[INFO] [stderr]    Compiling ryu v1.0.0
[INFO] [stderr]    Compiling unicode-segmentation v1.3.0
[INFO] [stderr]    Compiling podio v0.1.6
[INFO] [stderr]    Compiling itoa v0.4.4
[INFO] [stderr]    Compiling path-clean v0.1.0
[INFO] [stderr]    Compiling semver-parser v0.7.0
[INFO] [stderr]    Compiling tool v0.2.1
[INFO] [stderr]    Compiling either v1.5.2
[INFO] [stderr]    Compiling thread_local v0.3.6
[INFO] [stderr]    Compiling miniz_oxide v0.3.2
[INFO] [stderr]    Compiling itertools v0.8.0
[INFO] [stderr]    Compiling humantime v1.2.0
[INFO] [stderr]    Compiling textwrap v0.11.0
[INFO] [stderr]    Compiling rand_core v0.3.1
[INFO] [stderr]    Compiling rand_jitter v0.1.4
[INFO] [stderr]    Compiling heck v0.3.1
[INFO] [stderr]    Compiling clang-sys v0.28.1
[INFO] [stderr]    Compiling num-traits v0.2.8
[INFO] [stderr]    Compiling rand_pcg v0.1.2
[INFO] [stderr]    Compiling rand_chacha v0.1.1
[INFO] [stderr]    Compiling num-integer v0.1.41
[INFO] [stderr]    Compiling rand v0.6.5
[INFO] [stderr]    Compiling nom v4.2.3
[INFO] [stderr]    Compiling backtrace-sys v0.1.31
[INFO] [stderr]    Compiling libloading v0.5.2
[INFO] [stderr]    Compiling libz-sys v1.0.25
[INFO] [stderr]    Compiling bzip2-sys v0.1.7
[INFO] [stderr]    Compiling mozjs v0.10.1
[INFO] [stderr]    Compiling rand_xorshift v0.1.1
[INFO] [stderr]    Compiling rand_isaac v0.1.1
[INFO] [stderr]    Compiling rand_hc v0.1.0
[INFO] [stderr]    Compiling atty v0.2.13
[INFO] [stderr]    Compiling time v0.1.42
[INFO] [stderr]    Compiling rand_os v0.1.3
[INFO] [stderr]    Compiling quote v0.6.13
[INFO] [stderr]    Compiling aho-corasick v0.7.6
[INFO] [stderr]    Compiling clap v2.33.0
[INFO] [stderr]    Compiling flate2 v1.0.11
[INFO] [stderr]    Compiling fxhash v0.2.1
[INFO] [stderr]    Compiling quote v1.0.2
[INFO] [stderr]    Compiling regex v1.3.1
[INFO] [stderr]    Compiling backtrace v0.3.37
[INFO] [stderr]    Compiling cexpr v0.3.5
[INFO] [stderr]    Compiling bzip2 v0.3.3
[INFO] [stderr]    Compiling zip v0.5.3
[INFO] [stderr]    Compiling env_logger v0.6.2
[INFO] [stderr]    Compiling synstructure v0.10.2
[INFO] [stderr]    Compiling proc-macro-error v0.2.6
[INFO] [stderr]    Compiling failure v0.1.5
[INFO] [stderr]    Compiling serde_derive v1.0.100
[INFO] [stderr]    Compiling structopt-derive v0.3.1
[INFO] [stderr]    Compiling which v2.0.1
[INFO] [stderr]    Compiling sp-wasm-memfs v0.1.2 (https://github.com/golemfactory/sp-wasm.git?branch=wasm-runner#41ae9f4c)
[INFO] [stderr]    Compiling structopt v0.3.1
[INFO] [stderr]    Compiling mozjs_sys v0.61.13
[INFO] [stderr]    Compiling serde_json v1.0.40
[INFO] [stderr]    Compiling semver v0.9.0
[INFO] [stderr]    Compiling chrono v0.4.9
[INFO] [stderr]    Compiling uuid v0.7.4
[INFO] [stderr]    Compiling gu-wasm-env-api v0.1.0 (/opt/rustwide/workdir/gu-wasm-env-api)
[INFO] [stderr]    Compiling gu-model v0.1.0 (https://github.com/golemfactory/golem-unlimited.git?branch=feature/wasm#5850bd9b)
[INFO] [stderr] error: failed to run custom build command for `mozjs_sys v0.61.13`
[INFO] [stderr] 
[INFO] [stderr] Caused by:
[INFO] [stderr]   process didn't exit successfully: `/opt/rustwide/target/debug/build/mozjs_sys-66fec7278bc70e87/build-script-build` (exit status: 101)
[INFO] [stderr]   --- stdout
[INFO] [stderr]   [[ /opt/rustwide/cargo-home/registry/src/github.com-1ecc6299db9ec823/mozjs_sys-0.61.13/mozjs/js/src/configure -ot /opt/rustwide/cargo-home/registry/src/github.com-1ecc6299db9ec823/mozjs_sys-0.61.13/mozjs/js/src/configure.in ]] && touch /opt/rustwide/cargo-home/registry/src/github.com-1ecc6299db9ec823/mozjs_sys-0.61.13/mozjs/js/src/configure || true
[INFO] [stderr]   [[ /opt/rustwide/cargo-home/registry/src/github.com-1ecc6299db9ec823/mozjs_sys-0.61.13/mozjs/js/src/old-configure -ot /opt/rustwide/cargo-home/registry/src/github.com-1ecc6299db9ec823/mozjs_sys-0.61.13/mozjs/js/src/old-configure.in ]] && touch /opt/rustwide/cargo-home/registry/src/github.com-1ecc6299db9ec823/mozjs_sys-0.61.13/mozjs/js/src/old-configure || true
[INFO] [stderr]   ! [[ /opt/rustwide/cargo-home/registry/src/github.com-1ecc6299db9ec823/mozjs_sys-0.61.13/mozjs/js/src/configure.in -ot /opt/rustwide/cargo-home/registry/src/github.com-1ecc6299db9ec823/mozjs_sys-0.61.13/mozjs/js/src/configure ]] && touch /opt/rustwide/cargo-home/registry/src/github.com-1ecc6299db9ec823/mozjs_sys-0.61.13/mozjs/js/src/configure || true
[INFO] [stderr]   ! [[ /opt/rustwide/cargo-home/registry/src/github.com-1ecc6299db9ec823/mozjs_sys-0.61.13/mozjs/js/src/old-configure.in -ot /opt/rustwide/cargo-home/registry/src/github.com-1ecc6299db9ec823/mozjs_sys-0.61.13/mozjs/js/src/old-configure ]] && touch /opt/rustwide/cargo-home/registry/src/github.com-1ecc6299db9ec823/mozjs_sys-0.61.13/mozjs/js/src/old-configure || true
[INFO] [stderr]   if [[ /opt/rustwide/cargo-home/registry/src/github.com-1ecc6299db9ec823/mozjs_sys-0.61.13/mozjs/js/src/configure -nt /opt/rustwide/target/debug/build/mozjs_sys-246b4c5a510f7c57/out/config.status ]] ; then \
[INFO] [stderr]     cd /opt/rustwide/target/debug/build/mozjs_sys-246b4c5a510f7c57/out && \
[INFO] [stderr]     PYTHON="python2" MOZ_TOOLS="" \
[INFO] [stderr]     CC="gcc" CFLAGS="" \
[INFO] [stderr]     CPP="gcc -E" CPPFLAGS="" \
[INFO] [stderr]     CXX="g++" CXXFLAGS="" \
[INFO] [stderr]     AS="" AR="ar" \
[INFO] [stderr]     STLPORT_LIBS="" \
[INFO] [stderr]     /opt/rustwide/cargo-home/registry/src/github.com-1ecc6299db9ec823/mozjs_sys-0.61.13/mozjs/js/src/configure --disable-jemalloc --disable-js-shell --disable-tests --disable-shared-js --build-backends=RecursiveMake --disable-shared-js || (cat config.log && exit 1) ; \
[INFO] [stderr]   fi
[INFO] [stderr]   Creating Python environment
[INFO] [stderr]   New python executable in /opt/rustwide/target/debug/build/mozjs_sys-246b4c5a510f7c57/out/_virtualenv/bin/python2
[INFO] [stderr]   Also creating executable in /opt/rustwide/target/debug/build/mozjs_sys-246b4c5a510f7c57/out/_virtualenv/bin/python
[INFO] [stderr]   Installing setuptools, pip, wheel...done.
[INFO] [stderr]   Traceback (most recent call last):
[INFO] [stderr]     File "/opt/rustwide/cargo-home/registry/src/github.com-1ecc6299db9ec823/mozjs_sys-0.61.13/mozjs/third_party/python/psutil/setup.py", line 224, in <module>
[INFO] [stderr]       ETHTOOL_MACRO = get_ethtool_macro()
[INFO] [stderr]     File "/opt/rustwide/cargo-home/registry/src/github.com-1ecc6299db9ec823/mozjs_sys-0.61.13/mozjs/third_party/python/psutil/setup.py", line 212, in get_ethtool_macro
[INFO] [stderr]       compiler.compile([f.name])
[INFO] [stderr]     File "/usr/lib/python2.7/distutils/ccompiler.py", line 566, in compile
[INFO] [stderr]       depends, extra_postargs)
[INFO] [stderr]     File "/usr/lib/python2.7/distutils/ccompiler.py", line 362, in _setup_compile
[INFO] [stderr]       self.mkpath(os.path.dirname(obj))
[INFO] [stderr]     File "/usr/lib/python2.7/distutils/ccompiler.py", line 883, in mkpath
[INFO] [stderr]       mkpath(name, mode, dry_run=self.dry_run)
[INFO] [stderr]     File "/usr/lib/python2.7/distutils/dir_util.py", line 76, in mkpath
[INFO] [stderr]       "could not create '%s': %s" % (head, exc.args[-1]))
[INFO] [stderr]   distutils.errors.DistutilsFileError: could not create 'tmp': Read-only file system
[INFO] [stderr] 
[INFO] [stderr]   Error processing command. Ignoring because optional. (optional:setup.py:third_party/python/psutil:build_ext:--inplace)
[INFO] [stderr]   Error processing command. Ignoring because optional. (optional:packages.txt:comm/build/virtualenv_packages.txt)
[INFO] [stderr]   Reexecuting in the virtualenv
[INFO] [stderr]   checking for vcs source checkout... no
[INFO] [stderr]   checking for a shell... /usr/bin/sh
[INFO] [stderr]   checking for host system type... x86_64-pc-linux-gnu
[INFO] [stderr]   checking for target system type... x86_64-pc-linux-gnu
[INFO] [stderr]   checking for a shell... /usr/bin/sh
[INFO] [stderr]   checking for host system type... x86_64-pc-linux-gnu
[INFO] [stderr]   checking for target system type... x86_64-pc-linux-gnu
[INFO] [stderr]   checking for android platform directory... no
[INFO] [stderr]   checking for android sysroot directory... no
[INFO] [stderr]   checking for android system directory... no
[INFO] [stderr]   checking for the Android toolchain directory... not found
[INFO] [stderr]   checking for android platform directory... no
[INFO] [stderr]   checking for android system directory... no
[INFO] [stderr]   checking for android sysroot directory... no
[INFO] [stderr]   checking for the Android toolchain directory... not found
[INFO] [stderr]   checking for vcs source checkout... no
[INFO] [stderr]   checking whether cross compiling... no
[INFO] [stderr]   checking for the target C compiler... /usr/bin/gcc
[INFO] [stderr]   checking whether the target C compiler can be used... yes
[INFO] [stderr]   checking for Python 3... /usr/bin/python3 (3.8.10)
[INFO] [stderr]   checking for pkg_config... /usr/bin/pkg-config
[INFO] [stderr]   checking for pkg-config version... 0.29.1
[INFO] [stderr]   checking for yasm... not found
[INFO] [stderr]   checking for android ndk version... no
[INFO] [stderr]   checking for GoogleVR SDK... Not specified
[INFO] [stderr]   checking the target C compiler version... 9.3.0
[INFO] [stderr]   checking the target C compiler works... yes
[INFO] [stderr]   checking for the target C++ compiler... /usr/bin/g++
[INFO] [stderr]   checking whether the target C++ compiler can be used... yes
[INFO] [stderr]   checking the target C++ compiler version... 9.3.0
[INFO] [stderr]   checking the target C++ compiler works... yes
[INFO] [stderr]   checking for the host C compiler... /usr/bin/gcc
[INFO] [stderr]   checking whether the host C compiler can be used... yes
[INFO] [stderr]   checking the host C compiler version... 9.3.0
[INFO] [stderr]   checking the host C compiler works... yes
[INFO] [stderr]   checking for the host C++ compiler... /usr/bin/g++
[INFO] [stderr]   checking whether the host C++ compiler can be used... yes
[INFO] [stderr]   checking the host C++ compiler version... 9.3.0
[INFO] [stderr]   checking the host C++ compiler works... yes
[INFO] [stderr]   checking for 64-bit OS... yes
[INFO] [stderr]   checking bindgen cflags... no
[INFO] [stderr]   checking for linker... gold
[INFO] [stderr]   checking for stdint.h... yes
[INFO] [stderr]   checking for inttypes.h... yes
[INFO] [stderr]   checking for malloc.h... yes
[INFO] [stderr]   checking for alloca.h... yes
[INFO] [stderr]   checking for sys/byteorder.h... no
[INFO] [stderr]   checking for getopt.h... yes
[INFO] [stderr]   checking for unistd.h... yes
[INFO] [stderr]   checking for nl_types.h... yes
[INFO] [stderr]   checking for cpuid.h... yes
[INFO] [stderr]   checking for sys/statvfs.h... yes
[INFO] [stderr]   checking for sys/statfs.h... yes
[INFO] [stderr]   checking for sys/vfs.h... yes
[INFO] [stderr]   checking for sys/mount.h... yes
[INFO] [stderr]   checking for sys/quota.h... yes
[INFO] [stderr]   checking for linux/quota.h... yes
[INFO] [stderr]   checking for linux/if_addr.h... yes
[INFO] [stderr]   checking for linux/rtnetlink.h... yes
[INFO] [stderr]   checking for sys/queue.h... yes
[INFO] [stderr]   checking for sys/types.h... yes
[INFO] [stderr]   checking for netinet/in.h... yes
[INFO] [stderr]   checking for byteswap.h... yes
[INFO] [stderr]   checking for linux/perf_event.h... yes
[INFO] [stderr]   checking for perf_event_open system call... yes
[INFO] [stderr]   checking whether the C compiler supports -Wunreachable-code-return... no
[INFO] [stderr]   checking whether the C++ compiler supports -Wunreachable-code-return... no
[INFO] [stderr]   checking whether the C compiler supports -Wclass-varargs... no
[INFO] [stderr]   checking whether the C++ compiler supports -Wclass-varargs... no
[INFO] [stderr]   checking whether the C compiler supports -Wloop-analysis... no
[INFO] [stderr]   checking whether the C++ compiler supports -Wloop-analysis... no
[INFO] [stderr]   checking whether the C++ compiler supports -Wc++1z-compat... yes
[INFO] [stderr]   checking whether the C++ compiler supports -Wcomma... no
[INFO] [stderr]   checking whether the C compiler supports -Wduplicated-cond... yes
[INFO] [stderr]   checking whether the C++ compiler supports -Wduplicated-cond... yes
[INFO] [stderr]   checking whether the C++ compiler supports -Wimplicit-fallthrough... yes
[INFO] [stderr]   checking whether the C compiler supports -Wstring-conversion... no
[INFO] [stderr]   checking whether the C++ compiler supports -Wstring-conversion... no
[INFO] [stderr]   checking whether the C++ compiler supports -Wno-inline-new-delete... no
[INFO] [stderr]   checking whether the C compiler supports -Wno-error=maybe-uninitialized... yes
[INFO] [stderr]   checking whether the C++ compiler supports -Wno-error=maybe-uninitialized... yes
[INFO] [stderr]   checking whether the C compiler supports -Wno-error=deprecated-declarations... yes
[INFO] [stderr]   checking whether the C++ compiler supports -Wno-error=deprecated-declarations... yes
[INFO] [stderr]   checking whether the C compiler supports -Wno-error=array-bounds... yes
[INFO] [stderr]   checking whether the C++ compiler supports -Wno-error=array-bounds... yes
[INFO] [stderr]   checking whether the C compiler supports -Wno-error=free-nonheap-object... yes
[INFO] [stderr]   checking whether the C++ compiler supports -Wno-error=free-nonheap-object... yes
[INFO] [stderr]   checking whether the C compiler supports -Wformat... yes
[INFO] [stderr]   checking whether the C++ compiler supports -Wformat... yes
[INFO] [stderr]   checking whether the C compiler supports -Wformat-security... yes
[INFO] [stderr]   checking whether the C++ compiler supports -Wformat-security... yes
[INFO] [stderr]   checking whether the C compiler supports -Wformat-overflow=2... yes
[INFO] [stderr]   checking whether the C++ compiler supports -Wformat-overflow=2... yes
[INFO] [stderr]   checking whether the C compiler supports -Wno-gnu-zero-variadic-macro-arguments... no
[INFO] [stderr]   checking whether the C++ compiler supports -Wno-gnu-zero-variadic-macro-arguments... no
[INFO] [stderr]   checking whether the C++ compiler supports -Wno-noexcept-type... yes
[INFO] [stderr]   checking whether the C++ compiler supports -fno-sized-deallocation... yes
[INFO] [stderr]   checking for awk... /usr/bin/mawk
[INFO] [stderr]   checking for perl... /usr/bin/perl
[INFO] [stderr]   checking for minimum required perl version >= 5.006... 5.030000
[INFO] [stderr]   checking for full perl installation... yes
[INFO] [stderr]   checking for gmake... /usr/bin/make
[INFO] [stderr]   checking for watchman... not found
[INFO] [stderr]   checking for xargs... /usr/bin/xargs
[INFO] [stderr]   checking for rpmbuild... not found
[INFO] [stderr]   checking for autoconf... INFO: checking for vcs source checkout... 
[INFO] [stderr]   INFO: no
[INFO] [stderr]   INFO: checking for a shell... 
[INFO] [stderr]   INFO: /usr/bin/sh
[INFO] [stderr]   INFO: checking for host system type... 
[INFO] [stderr]   INFO: x86_64-pc-linux-gnu
[INFO] [stderr]   INFO: checking for target system type... 
[INFO] [stderr]   INFO: x86_64-pc-linux-gnu
[INFO] [stderr]   INFO: checking for a shell... 
[INFO] [stderr]   INFO: /usr/bin/sh
[INFO] [stderr]   INFO: checking for host system type... 
[INFO] [stderr]   INFO: x86_64-pc-linux-gnu
[INFO] [stderr]   INFO: checking for target system type... 
[INFO] [stderr]   INFO: x86_64-pc-linux-gnu
[INFO] [stderr]   INFO: checking for android platform directory... 
[INFO] [stderr]   INFO: no
[INFO] [stderr]   INFO: checking for android sysroot directory... 
[INFO] [stderr]   INFO: no
[INFO] [stderr]   INFO: checking for android system directory... 
[INFO] [stderr]   INFO: no
[INFO] [stderr]   INFO: checking for the Android toolchain directory... 
[INFO] [stderr]   INFO: not found
[INFO] [stderr]   INFO: checking for android platform directory... 
[INFO] [stderr]   INFO: no
[INFO] [stderr]   INFO: checking for android system directory... 
[INFO] [stderr]   INFO: no
[INFO] [stderr]   INFO: checking for android sysroot directory... 
[INFO] [stderr]   INFO: no
[INFO] [stderr]   INFO: checking for the Android toolchain directory... 
[INFO] [stderr]   INFO: not found
[INFO] [stderr]   INFO: checking for vcs source checkout... 
[INFO] [stderr]   INFO: no
[INFO] [stderr]   INFO: checking whether cross compiling... 
[INFO] [stderr]   INFO: no
[INFO] [stderr]   INFO: checking for the target C compiler... 
[INFO] [stderr]   DEBUG: _cc: Trying gcc
[INFO] [stderr]   INFO: /usr/bin/gcc
[INFO] [stderr]   INFO: checking whether the target C compiler can be used... 
[INFO] [stderr]   DEBUG: Creating `/tmp/conftest.xG_cz0.c` with content:
[INFO] [stderr]   DEBUG: | #if defined(_MSC_VER)
[INFO] [stderr]   DEBUG: | #if defined(__clang__)
[INFO] [stderr]   DEBUG: | %COMPILER "clang-cl"
[INFO] [stderr]   DEBUG: | %VERSION _MSC_FULL_VER
[INFO] [stderr]   DEBUG: | #else
[INFO] [stderr]   DEBUG: | %COMPILER "msvc"
[INFO] [stderr]   DEBUG: | %VERSION _MSC_FULL_VER
[INFO] [stderr]   DEBUG: | #endif
[INFO] [stderr]   DEBUG: | #elif defined(__clang__)
[INFO] [stderr]   DEBUG: | %COMPILER "clang"
[INFO] [stderr]   DEBUG: | #  if !__cplusplus || __has_feature(cxx_alignof)
[INFO] [stderr]   DEBUG: | %VERSION __clang_major__.__clang_minor__.__clang_patchlevel__
[INFO] [stderr]   DEBUG: | #  endif
[INFO] [stderr]   DEBUG: | #elif defined(__GNUC__)
[INFO] [stderr]   DEBUG: | %COMPILER "gcc"
[INFO] [stderr]   DEBUG: | %VERSION __GNUC__.__GNUC_MINOR__.__GNUC_PATCHLEVEL__
[INFO] [stderr]   DEBUG: | #endif
[INFO] [stderr]   DEBUG: | 
[INFO] [stderr]   DEBUG: | #if __cplusplus
[INFO] [stderr]   DEBUG: | %cplusplus __cplusplus
[INFO] [stderr]   DEBUG: | #elif __STDC_VERSION__
[INFO] [stderr]   DEBUG: | %STDC_VERSION __STDC_VERSION__
[INFO] [stderr]   DEBUG: | #elif __STDC__
[INFO] [stderr]   DEBUG: | %STDC_VERSION 198900L
[INFO] [stderr]   DEBUG: | #endif
[INFO] [stderr]   DEBUG: | #if __i386__ || _M_IX86
[INFO] [stderr]   DEBUG: | %CPU "x86"
[INFO] [stderr]   DEBUG: | #elif __x86_64__ || _M_X64
[INFO] [stderr]   DEBUG: | %CPU "x86_64"
[INFO] [stderr]   DEBUG: | #elif __arm__ || _M_ARM
[INFO] [stderr]   DEBUG: | %CPU "arm"
[INFO] [stderr]   DEBUG: | #elif __aarch64__
[INFO] [stderr]   DEBUG: | %CPU "aarch64"
[INFO] [stderr]   DEBUG: | #elif __ia64__
[INFO] [stderr]   DEBUG: | %CPU "ia64"
[INFO] [stderr]   DEBUG: | #elif __s390x__
[INFO] [stderr]   DEBUG: | %CPU "s390x"
[INFO] [stderr]   DEBUG: | #elif __s390__
[INFO] [stderr]   DEBUG: | %CPU "s390"
[INFO] [stderr]   DEBUG: | #elif __powerpc64__
[INFO] [stderr]   DEBUG: | %CPU "ppc64"
[INFO] [stderr]   DEBUG: | #elif __powerpc__
[INFO] [stderr]   DEBUG: | %CPU "ppc"
[INFO] [stderr]   DEBUG: | #elif __alpha__
[INFO] [stderr]   DEBUG: | %CPU "Alpha"
[INFO] [stderr]   DEBUG: | #elif __hppa__
[INFO] [stderr]   DEBUG: | %CPU "hppa"
[INFO] [stderr]   DEBUG: | #elif __sparc__ && __arch64__
[INFO] [stderr]   DEBUG: | %CPU "sparc64"
[INFO] [stderr]   DEBUG: | #elif __sparc__
[INFO] [stderr]   DEBUG: | %CPU "sparc"
[INFO] [stderr]   DEBUG: | #elif __mips64
[INFO] [stderr]   DEBUG: | %CPU "mips64"
[INFO] [stderr]   DEBUG: | #elif __mips__
[INFO] [stderr]   DEBUG: | %CPU "mips32"
[INFO] [stderr]   DEBUG: | #elif __sh__
[INFO] [stderr]   DEBUG: | %CPU "sh4"
[INFO] [stderr]   DEBUG: | #endif
[INFO] [stderr]   DEBUG: | #if __FreeBSD_kernel__
[INFO] [stderr]   DEBUG: | %KERNEL "kFreeBSD"
[INFO] [stderr]   DEBUG: | #elif __DragonFly__
[INFO] [stderr]   DEBUG: | %KERNEL "DragonFly"
[INFO] [stderr]   DEBUG: | #elif __OpenBSD__
[INFO] [stderr]   DEBUG: | %KERNEL "OpenBSD"
[INFO] [stderr]   DEBUG: | #elif __sun__
[INFO] [stderr]   DEBUG: | %KERNEL "SunOS"
[INFO] [stderr]   DEBUG: | #elif __FreeBSD__
[INFO] [stderr]   DEBUG: | %KERNEL "FreeBSD"
[INFO] [stderr]   DEBUG: | #elif __linux__
[INFO] [stderr]   DEBUG: | %KERNEL "Linux"
[INFO] [stderr]   DEBUG: | #elif _WIN32 || __CYGWIN__
[INFO] [stderr]   DEBUG: | %KERNEL "WINNT"
[INFO] [stderr]   DEBUG: | #elif __NetBSD__
[INFO] [stderr]   DEBUG: | %KERNEL "NetBSD"
[INFO] [stderr]   DEBUG: | #elif __APPLE__
[INFO] [stderr]   DEBUG: | %KERNEL "Darwin"
[INFO] [stderr]   DEBUG: | #endif
[INFO] [stderr]   DEBUG: | #if _MSC_VER || __BYTE_ORDER__ == __ORDER_LITTLE_ENDIAN__
[INFO] [stderr]   DEBUG: | %ENDIANNESS "little"
[INFO] [stderr]   DEBUG: | #elif __BYTE_ORDER__ == __ORDER_BIG_ENDIAN__
[INFO] [stderr]   DEBUG: | %ENDIANNESS "big"
[INFO] [stderr]   DEBUG: | #endif
[INFO] [stderr]   DEBUG: Executing: `/usr/bin/gcc -E /tmp/conftest.xG_cz0.c`
[INFO] [stderr]   DEBUG: COMPILER = gcc
[INFO] [stderr]   DEBUG: VERSION = 9.3.0
[INFO] [stderr]   DEBUG: STDC_VERSION = 201710L
[INFO] [stderr]   DEBUG: CPU = x86_64
[INFO] [stderr]   DEBUG: KERNEL = Linux
[INFO] [stderr]   DEBUG: ENDIANNESS = little
[INFO] [stderr]   DEBUG: Creating `/tmp/conftest.fK3Np9.c` with content:
[INFO] [stderr]   DEBUG: | #if defined(_MSC_VER)
[INFO] [stderr]   DEBUG: | #if defined(__clang__)
[INFO] [stderr]   DEBUG: | %COMPILER "clang-cl"
[INFO] [stderr]   DEBUG: | %VERSION _MSC_FULL_VER
[INFO] [stderr]   DEBUG: | #else
[INFO] [stderr]   DEBUG: | %COMPILER "msvc"
[INFO] [stderr]   DEBUG: | %VERSION _MSC_FULL_VER
[INFO] [stderr]   DEBUG: | #endif
[INFO] [stderr]   DEBUG: | #elif defined(__clang__)
[INFO] [stderr]   DEBUG: | %COMPILER "clang"
[INFO] [stderr]   DEBUG: | #  if !__cplusplus || __has_feature(cxx_alignof)
[INFO] [stderr]   DEBUG: | %VERSION __clang_major__.__clang_minor__.__clang_patchlevel__
[INFO] [stderr]   DEBUG: | #  endif
[INFO] [stderr]   DEBUG: | #elif defined(__GNUC__)
[INFO] [stderr]   DEBUG: | %COMPILER "gcc"
[INFO] [stderr]   DEBUG: | %VERSION __GNUC__.__GNUC_MINOR__.__GNUC_PATCHLEVEL__
[INFO] [stderr]   DEBUG: | #endif
[INFO] [stderr]   DEBUG: | 
[INFO] [stderr]   DEBUG: | #if __cplusplus
[INFO] [stderr]   DEBUG: | %cplusplus __cplusplus
[INFO] [stderr]   DEBUG: | #elif __STDC_VERSION__
[INFO] [stderr]   DEBUG: | %STDC_VERSION __STDC_VERSION__
[INFO] [stderr]   DEBUG: | #elif __STDC__
[INFO] [stderr]   DEBUG: | %STDC_VERSION 198900L
[INFO] [stderr]   DEBUG: | #endif
[INFO] [stderr]   DEBUG: | #if __i386__ || _M_IX86
[INFO] [stderr]   DEBUG: | %CPU "x86"
[INFO] [stderr]   DEBUG: | #elif __x86_64__ || _M_X64
[INFO] [stderr]   DEBUG: | %CPU "x86_64"
[INFO] [stderr]   DEBUG: | #elif __arm__ || _M_ARM
[INFO] [stderr]   DEBUG: | %CPU "arm"
[INFO] [stderr]   DEBUG: | #elif __aarch64__
[INFO] [stderr]   DEBUG: | %CPU "aarch64"
[INFO] [stderr]   DEBUG: | #elif __ia64__
[INFO] [stderr]   DEBUG: | %CPU "ia64"
[INFO] [stderr]   DEBUG: | #elif __s390x__
[INFO] [stderr]   DEBUG: | %CPU "s390x"
[INFO] [stderr]   DEBUG: | #elif __s390__
[INFO] [stderr]   DEBUG: | %CPU "s390"
[INFO] [stderr]   DEBUG: | #elif __powerpc64__
[INFO] [stderr]   DEBUG: | %CPU "ppc64"
[INFO] [stderr]   DEBUG: | #elif __powerpc__
[INFO] [stderr]   DEBUG: | %CPU "ppc"
[INFO] [stderr]   DEBUG: | #elif __alpha__
[INFO] [stderr]   DEBUG: | %CPU "Alpha"
[INFO] [stderr]   DEBUG: | #elif __hppa__
[INFO] [stderr]   DEBUG: | %CPU "hppa"
[INFO] [stderr]   DEBUG: | #elif __sparc__ && __arch64__
[INFO] [stderr]   DEBUG: | %CPU "sparc64"
[INFO] [stderr]   DEBUG: | #elif __sparc__
[INFO] [stderr]   DEBUG: | %CPU "sparc"
[INFO] [stderr]   DEBUG: | #elif __mips64
[INFO] [stderr]   DEBUG: | %CPU "mips64"
[INFO] [stderr]   DEBUG: | #elif __mips__
[INFO] [stderr]   DEBUG: | %CPU "mips32"
[INFO] [stderr]   DEBUG: | #elif __sh__
[INFO] [stderr]   DEBUG: | %CPU "sh4"
[INFO] [stderr]   DEBUG: | #endif
[INFO] [stderr]   DEBUG: | #if __FreeBSD_kernel__
[INFO] [stderr]   DEBUG: | %KERNEL "kFreeBSD"
[INFO] [stderr]   DEBUG: | #elif __DragonFly__
[INFO] [stderr]   DEBUG: | %KERNEL "DragonFly"
[INFO] [stderr]   DEBUG: | #elif __OpenBSD__
[INFO] [stderr]   DEBUG: | %KERNEL "OpenBSD"
[INFO] [stderr]   DEBUG: | #elif __sun__
[INFO] [stderr]   DEBUG: | %KERNEL "SunOS"
[INFO] [stderr]   DEBUG: | #elif __FreeBSD__
[INFO] [stderr]   DEBUG: | %KERNEL "FreeBSD"
[INFO] [stderr]   DEBUG: | #elif __linux__
[INFO] [stderr]   DEBUG: | %KERNEL "Linux"
[INFO] [stderr]   DEBUG: | #elif _WIN32 || __CYGWIN__
[INFO] [stderr]   DEBUG: | %KERNEL "WINNT"
[INFO] [stderr]   DEBUG: | #elif __NetBSD__
[INFO] [stderr]   DEBUG: | %KERNEL "NetBSD"
[INFO] [stderr]   DEBUG: | #elif __APPLE__
[INFO] [stderr]   DEBUG: | %KERNEL "Darwin"
[INFO] [stderr]   DEBUG: | #endif
[INFO] [stderr]   DEBUG: | #if _MSC_VER || __BYTE_ORDER__ == __ORDER_LITTLE_ENDIAN__
[INFO] [stderr]   DEBUG: | %ENDIANNESS "little"
[INFO] [stderr]   DEBUG: | #elif __BYTE_ORDER__ == __ORDER_BIG_ENDIAN__
[INFO] [stderr]   DEBUG: | %ENDIANNESS "big"
[INFO] [stderr]   DEBUG: | #endif
[INFO] [stderr]   DEBUG: Executing: `/usr/bin/gcc -std=gnu99 -E /tmp/conftest.fK3Np9.c`
[INFO] [stderr]   DEBUG: COMPILER = gcc
[INFO] [stderr]   DEBUG: VERSION = 9.3.0
[INFO] [stderr]   DEBUG: STDC_VERSION = 199901L
[INFO] [stderr]   DEBUG: CPU = x86_64
[INFO] [stderr]   DEBUG: KERNEL = Linux
[INFO] [stderr]   DEBUG: ENDIANNESS = little
[INFO] [stderr]   INFO: yes
[INFO] [stderr]   INFO: checking for Python 3... 
[INFO] [stderr]   INFO: /usr/bin/python3 (3.8.10)
[INFO] [stderr]   INFO: checking for pkg_config... 
[INFO] [stderr]   DEBUG: pkg_config: Trying pkg-config
[INFO] [stderr]   INFO: /usr/bin/pkg-config
[INFO] [stderr]   INFO: checking for pkg-config version... 
[INFO] [stderr]   DEBUG: Executing: `/usr/bin/pkg-config --version`
[INFO] [stderr]   INFO: 0.29.1
[INFO] [stderr]   INFO: checking for yasm... 
[INFO] [stderr]   DEBUG: yasm: Trying yasm
[INFO] [stderr]   INFO: not found
[INFO] [stderr]   INFO: checking for android ndk version... 
[INFO] [stderr]   INFO: no
[INFO] [stderr]   INFO: checking for GoogleVR SDK... 
[INFO] [stderr]   INFO: Not specified
[INFO] [stderr]   INFO: checking the target C compiler version... 
[INFO] [stderr]   INFO: 9.3.0
[INFO] [stderr]   INFO: checking the target C compiler works... 
[INFO] [stderr]   DEBUG: Creating `/tmp/conftest.mwxXy6.c` with content:
[INFO] [stderr]   DEBUG: | 
[INFO] [stderr]   DEBUG: | int
[INFO] [stderr]   DEBUG: | main(void)
[INFO] [stderr]   DEBUG: | {
[INFO] [stderr]   DEBUG: | 
[INFO] [stderr]   DEBUG: |   ;
[INFO] [stderr]   DEBUG: |   return 0;
[INFO] [stderr]   DEBUG: | }
[INFO] [stderr]   DEBUG: Executing: `/usr/bin/gcc -std=gnu99 -c /tmp/conftest.mwxXy6.c`
[INFO] [stderr]   INFO: yes
[INFO] [stderr]   INFO: checking for the target C++ compiler... 
[INFO] [stderr]   DEBUG: _cxx: Trying g++
[INFO] [stderr]   INFO: /usr/bin/g++
[INFO] [stderr]   INFO: checking whether the target C++ compiler can be used... 
[INFO] [stderr]   DEBUG: Creating `/tmp/conftest.ufmTEL.cpp` with content:
[INFO] [stderr]   DEBUG: | #if defined(_MSC_VER)
[INFO] [stderr]   DEBUG: | #if defined(__clang__)
[INFO] [stderr]   DEBUG: | %COMPILER "clang-cl"
[INFO] [stderr]   DEBUG: | %VERSION _MSC_FULL_VER
[INFO] [stderr]   DEBUG: | #else
[INFO] [stderr]   DEBUG: | %COMPILER "msvc"
[INFO] [stderr]   DEBUG: | %VERSION _MSC_FULL_VER
[INFO] [stderr]   DEBUG: | #endif
[INFO] [stderr]   DEBUG: | #elif defined(__clang__)
[INFO] [stderr]   DEBUG: | %COMPILER "clang"
[INFO] [stderr]   DEBUG: | #  if !__cplusplus || __has_feature(cxx_alignof)
[INFO] [stderr]   DEBUG: | %VERSION __clang_major__.__clang_minor__.__clang_patchlevel__
[INFO] [stderr]   DEBUG: | #  endif
[INFO] [stderr]   DEBUG: | #elif defined(__GNUC__)
[INFO] [stderr]   DEBUG: | %COMPILER "gcc"
[INFO] [stderr]   DEBUG: | %VERSION __GNUC__.__GNUC_MINOR__.__GNUC_PATCHLEVEL__
[INFO] [stderr]   DEBUG: | #endif
[INFO] [stderr]   DEBUG: | 
[INFO] [stderr]   DEBUG: | #if __cplusplus
[INFO] [stderr]   DEBUG: | %cplusplus __cplusplus
[INFO] [stderr]   DEBUG: | #elif __STDC_VERSION__
[INFO] [stderr]   DEBUG: | %STDC_VERSION __STDC_VERSION__
[INFO] [stderr]   DEBUG: | #elif __STDC__
[INFO] [stderr]   DEBUG: | %STDC_VERSION 198900L
[INFO] [stderr]   DEBUG: | #endif
[INFO] [stderr]   DEBUG: | #if __i386__ || _M_IX86
[INFO] [stderr]   DEBUG: | %CPU "x86"
[INFO] [stderr]   DEBUG: | #elif __x86_64__ || _M_X64
[INFO] [stderr]   DEBUG: | %CPU "x86_64"
[INFO] [stderr]   DEBUG: | #elif __arm__ || _M_ARM
[INFO] [stderr]   DEBUG: | %CPU "arm"
[INFO] [stderr]   DEBUG: | #elif __aarch64__
[INFO] [stderr]   DEBUG: | %CPU "aarch64"
[INFO] [stderr]   DEBUG: | #elif __ia64__
[INFO] [stderr]   DEBUG: | %CPU "ia64"
[INFO] [stderr]   DEBUG: | #elif __s390x__
[INFO] [stderr]   DEBUG: | %CPU "s390x"
[INFO] [stderr]   DEBUG: | #elif __s390__
[INFO] [stderr]   DEBUG: | %CPU "s390"
[INFO] [stderr]   DEBUG: | #elif __powerpc64__
[INFO] [stderr]   DEBUG: | %CPU "ppc64"
[INFO] [stderr]   DEBUG: | #elif __powerpc__
[INFO] [stderr]   DEBUG: | %CPU "ppc"
[INFO] [stderr]   DEBUG: | #elif __alpha__
[INFO] [stderr]   DEBUG: | %CPU "Alpha"
[INFO] [stderr]   DEBUG: | #elif __hppa__
[INFO] [stderr]   DEBUG: | %CPU "hppa"
[INFO] [stderr]   DEBUG: | #elif __sparc__ && __arch64__
[INFO] [stderr]   DEBUG: | %CPU "sparc64"
[INFO] [stderr]   DEBUG: | #elif __sparc__
[INFO] [stderr]   DEBUG: | %CPU "sparc"
[INFO] [stderr]   DEBUG: | #elif __mips64
[INFO] [stderr]   DEBUG: | %CPU "mips64"
[INFO] [stderr]   DEBUG: | #elif __mips__
[INFO] [stderr]   DEBUG: | %CPU "mips32"
[INFO] [stderr]   DEBUG: | #elif __sh__
[INFO] [stderr]   DEBUG: | %CPU "sh4"
[INFO] [stderr]   DEBUG: | #endif
[INFO] [stderr]   DEBUG: | #if __FreeBSD_kernel__
[INFO] [stderr]   DEBUG: | %KERNEL "kFreeBSD"
[INFO] [stderr]   DEBUG: | #elif __DragonFly__
[INFO] [stderr]   DEBUG: | %KERNEL "DragonFly"
[INFO] [stderr]   DEBUG: | #elif __OpenBSD__
[INFO] [stderr]   DEBUG: | %KERNEL "OpenBSD"
[INFO] [stderr]   DEBUG: | #elif __sun__
[INFO] [stderr]   DEBUG: | %KERNEL "SunOS"
[INFO] [stderr]   DEBUG: | #elif __FreeBSD__
[INFO] [stderr]   DEBUG: | %KERNEL "FreeBSD"
[INFO] [stderr]   DEBUG: | #elif __linux__
[INFO] [stderr]   DEBUG: | %KERNEL "Linux"
[INFO] [stderr]   DEBUG: | #elif _WIN32 || __CYGWIN__
[INFO] [stderr]   DEBUG: | %KERNEL "WINNT"
[INFO] [stderr]   DEBUG: | #elif __NetBSD__
[INFO] [stderr]   DEBUG: | %KERNEL "NetBSD"
[INFO] [stderr]   DEBUG: | #elif __APPLE__
[INFO] [stderr]   DEBUG: | %KERNEL "Darwin"
[INFO] [stderr]   DEBUG: | #endif
[INFO] [stderr]   DEBUG: | #if _MSC_VER || __BYTE_ORDER__ == __ORDER_LITTLE_ENDIAN__
[INFO] [stderr]   DEBUG: | %ENDIANNESS "little"
[INFO] [stderr]   DEBUG: | #elif __BYTE_ORDER__ == __ORDER_BIG_ENDIAN__
[INFO] [stderr]   DEBUG: | %ENDIANNESS "big"
[INFO] [stderr]   DEBUG: | #endif
[INFO] [stderr]   DEBUG: Executing: `/usr/bin/g++ -E /tmp/conftest.ufmTEL.cpp`
[INFO] [stderr]   DEBUG: COMPILER = gcc
[INFO] [stderr]   DEBUG: VERSION = 9.3.0
[INFO] [stderr]   DEBUG: cplusplus = 201402L
[INFO] [stderr]   DEBUG: CPU = x86_64
[INFO] [stderr]   DEBUG: KERNEL = Linux
[INFO] [stderr]   DEBUG: ENDIANNESS = little
[INFO] [stderr]   INFO: yes
[INFO] [stderr]   INFO: checking the target C++ compiler version... 
[INFO] [stderr]   INFO: 9.3.0
[INFO] [stderr]   INFO: checking the target C++ compiler works... 
[INFO] [stderr]   DEBUG: Creating `/tmp/conftest.skkuoh.cpp` with content:
[INFO] [stderr]   DEBUG: | 
[INFO] [stderr]   DEBUG: | int
[INFO] [stderr]   DEBUG: | main(void)
[INFO] [stderr]   DEBUG: | {
[INFO] [stderr]   DEBUG: | 
[INFO] [stderr]   DEBUG: |   ;
[INFO] [stderr]   DEBUG: |   return 0;
[INFO] [stderr]   DEBUG: | }
[INFO] [stderr]   DEBUG: Executing: `/usr/bin/g++ -c /tmp/conftest.skkuoh.cpp`
[INFO] [stderr]   INFO: yes
[INFO] [stderr]   INFO: checking for the host C compiler... 
[INFO] [stderr]   DEBUG: _host_cc: Trying /usr/bin/gcc
[INFO] [stderr]   INFO: /usr/bin/gcc
[INFO] [stderr]   INFO: checking whether the host C compiler can be used... 
[INFO] [stderr]   DEBUG: Creating `/tmp/conftest.1ew1nO.c` with content:
[INFO] [stderr]   DEBUG: | #if defined(_MSC_VER)
[INFO] [stderr]   DEBUG: | #if defined(__clang__)
[INFO] [stderr]   DEBUG: | %COMPILER "clang-cl"
[INFO] [stderr]   DEBUG: | %VERSION _MSC_FULL_VER
[INFO] [stderr]   DEBUG: | #else
[INFO] [stderr]   DEBUG: | %COMPILER "msvc"
[INFO] [stderr]   DEBUG: | %VERSION _MSC_FULL_VER
[INFO] [stderr]   DEBUG: | #endif
[INFO] [stderr]   DEBUG: | #elif defined(__clang__)
[INFO] [stderr]   DEBUG: | %COMPILER "clang"
[INFO] [stderr]   DEBUG: | #  if !__cplusplus || __has_feature(cxx_alignof)
[INFO] [stderr]   DEBUG: | %VERSION __clang_major__.__clang_minor__.__clang_patchlevel__
[INFO] [stderr]   DEBUG: | #  endif
[INFO] [stderr]   DEBUG: | #elif defined(__GNUC__)
[INFO] [stderr]   DEBUG: | %COMPILER "gcc"
[INFO] [stderr]   DEBUG: | %VERSION __GNUC__.__GNUC_MINOR__.__GNUC_PATCHLEVEL__
[INFO] [stderr]   DEBUG: | #endif
[INFO] [stderr]   DEBUG: | 
[INFO] [stderr]   DEBUG: | #if __cplusplus
[INFO] [stderr]   DEBUG: | %cplusplus __cplusplus
[INFO] [stderr]   DEBUG: | #elif __STDC_VERSION__
[INFO] [stderr]   DEBUG: | %STDC_VERSION __STDC_VERSION__
[INFO] [stderr]   DEBUG: | #elif __STDC__
[INFO] [stderr]   DEBUG: | %STDC_VERSION 198900L
[INFO] [stderr]   DEBUG: | #endif
[INFO] [stderr]   DEBUG: | #if __i386__ || _M_IX86
[INFO] [stderr]   DEBUG: | %CPU "x86"
[INFO] [stderr]   DEBUG: | #elif __x86_64__ || _M_X64
[INFO] [stderr]   DEBUG: | %CPU "x86_64"
[INFO] [stderr]   DEBUG: | #elif __arm__ || _M_ARM
[INFO] [stderr]   DEBUG: | %CPU "arm"
[INFO] [stderr]   DEBUG: | #elif __aarch64__
[INFO] [stderr]   DEBUG: | %CPU "aarch64"
[INFO] [stderr]   DEBUG: | #elif __ia64__
[INFO] [stderr]   DEBUG: | %CPU "ia64"
[INFO] [stderr]   DEBUG: | #elif __s390x__
[INFO] [stderr]   DEBUG: | %CPU "s390x"
[INFO] [stderr]   DEBUG: | #elif __s390__
[INFO] [stderr]   DEBUG: | %CPU "s390"
[INFO] [stderr]   DEBUG: | #elif __powerpc64__
[INFO] [stderr]   DEBUG: | %CPU "ppc64"
[INFO] [stderr]   DEBUG: | #elif __powerpc__
[INFO] [stderr]   DEBUG: | %CPU "ppc"
[INFO] [stderr]   DEBUG: | #elif __alpha__
[INFO] [stderr]   DEBUG: | %CPU "Alpha"
[INFO] [stderr]   DEBUG: | #elif __hppa__
[INFO] [stderr]   DEBUG: | %CPU "hppa"
[INFO] [stderr]   DEBUG: | #elif __sparc__ && __arch64__
[INFO] [stderr]   DEBUG: | %CPU "sparc64"
[INFO] [stderr]   DEBUG: | #elif __sparc__
[INFO] [stderr]   DEBUG: | %CPU "sparc"
[INFO] [stderr]   DEBUG: | #elif __mips64
[INFO] [stderr]   DEBUG: | %CPU "mips64"
[INFO] [stderr]   DEBUG: | #elif __mips__
[INFO] [stderr]   DEBUG: | %CPU "mips32"
[INFO] [stderr]   DEBUG: | #elif __sh__
[INFO] [stderr]   DEBUG: | %CPU "sh4"
[INFO] [stderr]   DEBUG: | #endif
[INFO] [stderr]   DEBUG: | #if __FreeBSD_kernel__
[INFO] [stderr]   DEBUG: | %KERNEL "kFreeBSD"
[INFO] [stderr]   DEBUG: | #elif __DragonFly__
[INFO] [stderr]   DEBUG: | %KERNEL "DragonFly"
[INFO] [stderr]   DEBUG: | #elif __OpenBSD__
[INFO] [stderr]   DEBUG: | %KERNEL "OpenBSD"
[INFO] [stderr]   DEBUG: | #elif __sun__
[INFO] [stderr]   DEBUG: | %KERNEL "SunOS"
[INFO] [stderr]   DEBUG: | #elif __FreeBSD__
[INFO] [stderr]   DEBUG: | %KERNEL "FreeBSD"
[INFO] [stderr]   DEBUG: | #elif __linux__
[INFO] [stderr]   DEBUG: | %KERNEL "Linux"
[INFO] [stderr]   DEBUG: | #elif _WIN32 || __CYGWIN__
[INFO] [stderr]   DEBUG: | %KERNEL "WINNT"
[INFO] [stderr]   DEBUG: | #elif __NetBSD__
[INFO] [stderr]   DEBUG: | %KERNEL "NetBSD"
[INFO] [stderr]   DEBUG: | #elif __APPLE__
[INFO] [stderr]   DEBUG: | %KERNEL "Darwin"
[INFO] [stderr]   DEBUG: | #endif
[INFO] [stderr]   DEBUG: | #if _MSC_VER || __BYTE_ORDER__ == __ORDER_LITTLE_ENDIAN__
[INFO] [stderr]   DEBUG: | %ENDIANNESS "little"
[INFO] [stderr]   DEBUG: | #elif __BYTE_ORDER__ == __ORDER_BIG_ENDIAN__
[INFO] [stderr]   DEBUG: | %ENDIANNESS "big"
[INFO] [stderr]   DEBUG: | #endif
[INFO] [stderr]   DEBUG: Executing: `/usr/bin/gcc -std=gnu99 -E /tmp/conftest.1ew1nO.c`
[INFO] [stderr]   DEBUG: COMPILER = gcc
[INFO] [stderr]   DEBUG: VERSION = 9.3.0
[INFO] [stderr]   DEBUG: STDC_VERSION = 199901L
[INFO] [stderr]   DEBUG: CPU = x86_64
[INFO] [stderr]   DEBUG: KERNEL = Linux
[INFO] [stderr]   DEBUG: ENDIANNESS = little
[INFO] [stderr]   INFO: yes
[INFO] [stderr]   INFO: checking the host C compiler version... 
[INFO] [stderr]   INFO: 9.3.0
[INFO] [stderr]   INFO: checking the host C compiler works... 
[INFO] [stderr]   DEBUG: Creating `/tmp/conftest.HSyg_j.c` with content:
[INFO] [stderr]   DEBUG: | 
[INFO] [stderr]   DEBUG: | int
[INFO] [stderr]   DEBUG: | main(void)
[INFO] [stderr]   DEBUG: | {
[INFO] [stderr]   DEBUG: | 
[INFO] [stderr]   DEBUG: |   ;
[INFO] [stderr]   DEBUG: |   return 0;
[INFO] [stderr]   DEBUG: | }
[INFO] [stderr]   DEBUG: Executing: `/usr/bin/gcc -std=gnu99 -c /tmp/conftest.HSyg_j.c`
[INFO] [stderr]   INFO: yes
[INFO] [stderr]   INFO: checking for the host C++ compiler... 
[INFO] [stderr]   DEBUG: _host_cxx: Trying /usr/bin/g++
[INFO] [stderr]   INFO: /usr/bin/g++
[INFO] [stderr]   INFO: checking whether the host C++ compiler can be used... 
[INFO] [stderr]   DEBUG: Creating `/tmp/conftest.QFYunz.cpp` with content:
[INFO] [stderr]   DEBUG: | #if defined(_MSC_VER)
[INFO] [stderr]   DEBUG: | #if defined(__clang__)
[INFO] [stderr]   DEBUG: | %COMPILER "clang-cl"
[INFO] [stderr]   DEBUG: | %VERSION _MSC_FULL_VER
[INFO] [stderr]   DEBUG: | #else
[INFO] [stderr]   DEBUG: | %COMPILER "msvc"
[INFO] [stderr]   DEBUG: | %VERSION _MSC_FULL_VER
[INFO] [stderr]   DEBUG: | #endif
[INFO] [stderr]   DEBUG: | #elif defined(__clang__)
[INFO] [stderr]   DEBUG: | %COMPILER "clang"
[INFO] [stderr]   DEBUG: | #  if !__cplusplus || __has_feature(cxx_alignof)
[INFO] [stderr]   DEBUG: | %VERSION __clang_major__.__clang_minor__.__clang_patchlevel__
[INFO] [stderr]   DEBUG: | #  endif
[INFO] [stderr]   DEBUG: | #elif defined(__GNUC__)
[INFO] [stderr]   DEBUG: | %COMPILER "gcc"
[INFO] [stderr]   DEBUG: | %VERSION __GNUC__.__GNUC_MINOR__.__GNUC_PATCHLEVEL__
[INFO] [stderr]   DEBUG: | #endif
[INFO] [stderr]   DEBUG: | 
[INFO] [stderr]   DEBUG: | #if __cplusplus
[INFO] [stderr]   DEBUG: | %cplusplus __cplusplus
[INFO] [stderr]   DEBUG: | #elif __STDC_VERSION__
[INFO] [stderr]   DEBUG: | %STDC_VERSION __STDC_VERSION__
[INFO] [stderr]   DEBUG: | #elif __STDC__
[INFO] [stderr]   DEBUG: | %STDC_VERSION 198900L
[INFO] [stderr]   DEBUG: | #endif
[INFO] [stderr]   DEBUG: | #if __i386__ || _M_IX86
[INFO] [stderr]   DEBUG: | %CPU "x86"
[INFO] [stderr]   DEBUG: | #elif __x86_64__ || _M_X64
[INFO] [stderr]   DEBUG: | %CPU "x86_64"
[INFO] [stderr]   DEBUG: | #elif __arm__ || _M_ARM
[INFO] [stderr]   DEBUG: | %CPU "arm"
[INFO] [stderr]   DEBUG: | #elif __aarch64__
[INFO] [stderr]   DEBUG: | %CPU "aarch64"
[INFO] [stderr]   DEBUG: | #elif __ia64__
[INFO] [stderr]   DEBUG: | %CPU "ia64"
[INFO] [stderr]   DEBUG: | #elif __s390x__
[INFO] [stderr]   DEBUG: | %CPU "s390x"
[INFO] [stderr]   DEBUG: | #elif __s390__
[INFO] [stderr]   DEBUG: | %CPU "s390"
[INFO] [stderr]   DEBUG: | #elif __powerpc64__
[INFO] [stderr]   DEBUG: | %CPU "ppc64"
[INFO] [stderr]   DEBUG: | #elif __powerpc__
[INFO] [stderr]   DEBUG: | %CPU "ppc"
[INFO] [stderr]   DEBUG: | #elif __alpha__
[INFO] [stderr]   DEBUG: | %CPU "Alpha"
[INFO] [stderr]   DEBUG: | #elif __hppa__
[INFO] [stderr]   DEBUG: | %CPU "hppa"
[INFO] [stderr]   DEBUG: | #elif __sparc__ && __arch64__
[INFO] [stderr]   DEBUG: | %CPU "sparc64"
[INFO] [stderr]   DEBUG: | #elif __sparc__
[INFO] [stderr]   DEBUG: | %CPU "sparc"
[INFO] [stderr]   DEBUG: | #elif __mips64
[INFO] [stderr]   DEBUG: | %CPU "mips64"
[INFO] [stderr]   DEBUG: | #elif __mips__
[INFO] [stderr]   DEBUG: | %CPU "mips32"
[INFO] [stderr]   DEBUG: | #elif __sh__
[INFO] [stderr]   DEBUG: | %CPU "sh4"
[INFO] [stderr]   DEBUG: | #endif
[INFO] [stderr]   DEBUG: | #if __FreeBSD_kernel__
[INFO] [stderr]   DEBUG: | %KERNEL "kFreeBSD"
[INFO] [stderr]   DEBUG: | #elif __DragonFly__
[INFO] [stderr]   DEBUG: | %KERNEL "DragonFly"
[INFO] [stderr]   DEBUG: | #elif __OpenBSD__
[INFO] [stderr]   DEBUG: | %KERNEL "OpenBSD"
[INFO] [stderr]   DEBUG: | #elif __sun__
[INFO] [stderr]   DEBUG: | %KERNEL "SunOS"
[INFO] [stderr]   DEBUG: | #elif __FreeBSD__
[INFO] [stderr]   DEBUG: | %KERNEL "FreeBSD"
[INFO] [stderr]   DEBUG: | #elif __linux__
[INFO] [stderr]   DEBUG: | %KERNEL "Linux"
[INFO] [stderr]   DEBUG: | #elif _WIN32 || __CYGWIN__
[INFO] [stderr]   DEBUG: | %KERNEL "WINNT"
[INFO] [stderr]   DEBUG: | #elif __NetBSD__
[INFO] [stderr]   DEBUG: | %KERNEL "NetBSD"
[INFO] [stderr]   DEBUG: | #elif __APPLE__
[INFO] [stderr]   DEBUG: | %KERNEL "Darwin"
[INFO] [stderr]   DEBUG: | #endif
[INFO] [stderr]   DEBUG: | #if _MSC_VER || __BYTE_ORDER__ == __ORDER_LITTLE_ENDIAN__
[INFO] [stderr]   DEBUG: | %ENDIANNESS "little"
[INFO] [stderr]   DEBUG: | #elif __BYTE_ORDER__ == __ORDER_BIG_ENDIAN__
[INFO] [stderr]   DEBUG: | %ENDIANNESS "big"
[INFO] [stderr]   DEBUG: | #endif
[INFO] [stderr]   DEBUG: Executing: `/usr/bin/g++ -E /tmp/conftest.QFYunz.cpp`
[INFO] [stderr]   DEBUG: COMPILER = gcc
[INFO] [stderr]   DEBUG: VERSION = 9.3.0
[INFO] [stderr]   DEBUG: cplusplus = 201402L
[INFO] [stderr]   DEBUG: CPU = x86_64
[INFO] [stderr]   DEBUG: KERNEL = Linux
[INFO] [stderr]   DEBUG: ENDIANNESS = little
[INFO] [stderr]   INFO: yes
[INFO] [stderr]   INFO: checking the host C++ compiler version... 
[INFO] [stderr]   INFO: 9.3.0
[INFO] [stderr]   INFO: checking the host C++ compiler works... 
[INFO] [stderr]   DEBUG: Creating `/tmp/conftest.GjlBEs.cpp` with content:
[INFO] [stderr]   DEBUG: | 
[INFO] [stderr]   DEBUG: | int
[INFO] [stderr]   DEBUG: | main(void)
[INFO] [stderr]   DEBUG: | {
[INFO] [stderr]   DEBUG: | 
[INFO] [stderr]   DEBUG: |   ;
[INFO] [stderr]   DEBUG: |   return 0;
[INFO] [stderr]   DEBUG: | }
[INFO] [stderr]   DEBUG: Executing: `/usr/bin/g++ -c /tmp/conftest.GjlBEs.cpp`
[INFO] [stderr]   INFO: yes
[INFO] [stderr]   INFO: checking for 64-bit OS... 
[INFO] [stderr]   DEBUG: Creating `/tmp/conftest.s0ljUL.cpp` with content:
[INFO] [stderr]   DEBUG: | 
[INFO] [stderr]   DEBUG: | int
[INFO] [stderr]   DEBUG: | main(void)
[INFO] [stderr]   DEBUG: | {
[INFO] [stderr]   DEBUG: | static_assert(sizeof(void *) == 8, "")
[INFO] [stderr]   DEBUG: |   ;
[INFO] [stderr]   DEBUG: |   return 0;
[INFO] [stderr]   DEBUG: | }
[INFO] [stderr]   DEBUG: Executing: `/usr/bin/g++ -c /tmp/conftest.s0ljUL.cpp`
[INFO] [stderr]   INFO: yes
[INFO] [stderr]   INFO: checking bindgen cflags... 
[INFO] [stderr]   INFO: no
[INFO] [stderr]   INFO: checking for linker... 
[INFO] [stderr]   DEBUG: Executing: `/usr/bin/gcc -std=gnu99 -print-prog-name=ld.gold`
[INFO] [stderr]   DEBUG: Executing: `/usr/bin/gcc -std=gnu99 -B /opt/rustwide/target/debug/build/mozjs_sys-246b4c5a510f7c57/out/build/unix/gold -Wl,--version`
[INFO] [stderr]   INFO: gold
[INFO] [stderr]   INFO: checking for stdint.h... 
[INFO] [stderr]   DEBUG: Creating `/tmp/conftest.ecf9dU.cpp` with content:
[INFO] [stderr]   DEBUG: | #include <stdint.h>
[INFO] [stderr]   DEBUG: | int
[INFO] [stderr]   DEBUG: | main(void)
[INFO] [stderr]   DEBUG: | {
[INFO] [stderr]   DEBUG: | 
[INFO] [stderr]   DEBUG: |   ;
[INFO] [stderr]   DEBUG: |   return 0;
[INFO] [stderr]   DEBUG: | }
[INFO] [stderr]   DEBUG: Executing: `/usr/bin/g++ -c /tmp/conftest.ecf9dU.cpp`
[INFO] [stderr]   INFO: yes
[INFO] [stderr]   INFO: checking for inttypes.h... 
[INFO] [stderr]   DEBUG: Creating `/tmp/conftest.A__4Ti.cpp` with content:
[INFO] [stderr]   DEBUG: | #include <inttypes.h>
[INFO] [stderr]   DEBUG: | int
[INFO] [stderr]   DEBUG: | main(void)
[INFO] [stderr]   DEBUG: | {
[INFO] [stderr]   DEBUG: | 
[INFO] [stderr]   DEBUG: |   ;
[INFO] [stderr]   DEBUG: |   return 0;
[INFO] [stderr]   DEBUG: | }
[INFO] [stderr]   DEBUG: Executing: `/usr/bin/g++ -c /tmp/conftest.A__4Ti.cpp`
[INFO] [stderr]   INFO: yes
[INFO] [stderr]   INFO: checking for malloc.h... 
[INFO] [stderr]   DEBUG: Creating `/tmp/conftest.SzYwjG.cpp` with content:
[INFO] [stderr]   DEBUG: | #include <malloc.h>
[INFO] [stderr]   DEBUG: | int
[INFO] [stderr]   DEBUG: | main(void)
[INFO] [stderr]   DEBUG: | {
[INFO] [stderr]   DEBUG: | 
[INFO] [stderr]   DEBUG: |   ;
[INFO] [stderr]   DEBUG: |   return 0;
[INFO] [stderr]   DEBUG: | }
[INFO] [stderr]   DEBUG: Executing: `/usr/bin/g++ -c /tmp/conftest.SzYwjG.cpp`
[INFO] [stderr]   INFO: yes
[INFO] [stderr]   INFO: checking for alloca.h... 
[INFO] [stderr]   DEBUG: Creating `/tmp/conftest.8oZVPI.cpp` with content:
[INFO] [stderr]   DEBUG: | #include <alloca.h>
[INFO] [stderr]   DEBUG: | int
[INFO] [stderr]   DEBUG: | main(void)
[INFO] [stderr]   DEBUG: | {
[INFO] [stderr]   DEBUG: | 
[INFO] [stderr]   DEBUG: |   ;
[INFO] [stderr]   DEBUG: |   return 0;
[INFO] [stderr]   DEBUG: | }
[INFO] [stderr]   DEBUG: Executing: `/usr/bin/g++ -c /tmp/conftest.8oZVPI.cpp`
[INFO] [stderr]   INFO: yes
[INFO] [stderr]   INFO: checking for sys/byteorder.h... 
[INFO] [stderr]   DEBUG: Creating `/tmp/conftest.no6Ujz.cpp` with content:
[INFO] [stderr]   DEBUG: | #include <sys/byteorder.h>
[INFO] [stderr]   DEBUG: | int
[INFO] [stderr]   DEBUG: | main(void)
[INFO] [stderr]   DEBUG: | {
[INFO] [stderr]   DEBUG: | 
[INFO] [stderr]   DEBUG: |   ;
[INFO] [stderr]   DEBUG: |   return 0;
[INFO] [stderr]   DEBUG: | }
[INFO] [stderr]   DEBUG: Executing: `/usr/bin/g++ -c /tmp/conftest.no6Ujz.cpp`
[INFO] [stderr]   DEBUG: The command returned non-zero exit status 1.
[INFO] [stderr]   DEBUG: Its error output was:
[INFO] [stderr]   DEBUG: | /tmp/conftest.no6Ujz.cpp:1:10: fatal error: sys/byteorder.h: No such file or directory
[INFO] [stderr]   DEBUG: |     1 | #include <sys/byteorder.h>
[INFO] [stderr]   DEBUG: |       |          ^~~~~~~~~~~~~~~~~
[INFO] [stderr]   DEBUG: | compilation terminated.
[INFO] [stderr]   INFO: no
[INFO] [stderr]   INFO: checking for getopt.h... 
[INFO] [stderr]   DEBUG: Creating `/tmp/conftest.zkpgXQ.cpp` with content:
[INFO] [stderr]   DEBUG: | #include <getopt.h>
[INFO] [stderr]   DEBUG: | int
[INFO] [stderr]   DEBUG: | main(void)
[INFO] [stderr]   DEBUG: | {
[INFO] [stderr]   DEBUG: | 
[INFO] [stderr]   DEBUG: |   ;
[INFO] [stderr]   DEBUG: |   return 0;
[INFO] [stderr]   DEBUG: | }
[INFO] [stderr]   DEBUG: Executing: `/usr/bin/g++ -c /tmp/conftest.zkpgXQ.cpp`
[INFO] [stderr]   INFO: yes
[INFO] [stderr]   INFO: checking for unistd.h... 
[INFO] [stderr]   DEBUG: Creating `/tmp/conftest._wry4s.cpp` with content:
[INFO] [stderr]   DEBUG: | #include <unistd.h>
[INFO] [stderr]   DEBUG: | int
[INFO] [stderr]   DEBUG: | main(void)
[INFO] [stderr]   DEBUG: | {
[INFO] [stderr]   DEBUG: | 
[INFO] [stderr]   DEBUG: |   ;
[INFO] [stderr]   DEBUG: |   return 0;
[INFO] [stderr]   DEBUG: | }
[INFO] [stderr]   DEBUG: Executing: `/usr/bin/g++ -c /tmp/conftest._wry4s.cpp`
[INFO] [stderr]   INFO: yes
[INFO] [stderr]   INFO: checking for nl_types.h... 
[INFO] [stderr]   DEBUG: Creating `/tmp/conftest.nv4lCg.cpp` with content:
[INFO] [stderr]   DEBUG: | #include <nl_types.h>
[INFO] [stderr]   DEBUG: | int
[INFO] [stderr]   DEBUG: | main(void)
[INFO] [stderr]   DEBUG: | {
[INFO] [stderr]   DEBUG: | 
[INFO] [stderr]   DEBUG: |   ;
[INFO] [stderr]   DEBUG: |   return 0;
[INFO] [stderr]   DEBUG: | }
[INFO] [stderr]   DEBUG: Executing: `/usr/bin/g++ -c /tmp/conftest.nv4lCg.cpp`
[INFO] [stderr]   INFO: yes
[INFO] [stderr]   INFO: checking for cpuid.h... 
[INFO] [stderr]   DEBUG: Creating `/tmp/conftest.CF7VhP.cpp` with content:
[INFO] [stderr]   DEBUG: | #include <cpuid.h>
[INFO] [stderr]   DEBUG: | int
[INFO] [stderr]   DEBUG: | main(void)
[INFO] [stderr]   DEBUG: | {
[INFO] [stderr]   DEBUG: | 
[INFO] [stderr]   DEBUG: |   ;
[INFO] [stderr]   DEBUG: |   return 0;
[INFO] [stderr]   DEBUG: | }
[INFO] [stderr]   DEBUG: Executing: `/usr/bin/g++ -c /tmp/conftest.CF7VhP.cpp`
[INFO] [stderr]   INFO: yes
[INFO] [stderr]   INFO: checking for sys/statvfs.h... 
[INFO] [stderr]   DEBUG: Creating `/tmp/conftest.SB6_6l.cpp` with content:
[INFO] [stderr]   DEBUG: | #include <sys/statvfs.h>
[INFO] [stderr]   DEBUG: | int
[INFO] [stderr]   DEBUG: | main(void)
[INFO] [stderr]   DEBUG: | {
[INFO] [stderr]   DEBUG: | 
[INFO] [stderr]   DEBUG: |   ;
[INFO] [stderr]   DEBUG: |   return 0;
[INFO] [stderr]   DEBUG: | }
[INFO] [stderr]   DEBUG: Executing: `/usr/bin/g++ -c /tmp/conftest.SB6_6l.cpp`
[INFO] [stderr]   INFO: yes
[INFO] [stderr]   INFO: checking for sys/statfs.h... 
[INFO] [stderr]   DEBUG: Creating `/tmp/conftest.s8gq44.cpp` with content:
[INFO] [stderr]   DEBUG: | #include <sys/statfs.h>
[INFO] [stderr]   DEBUG: | int
[INFO] [stderr]   DEBUG: | main(void)
[INFO] [stderr]   DEBUG: | {
[INFO] [stderr]   DEBUG: | 
[INFO] [stderr]   DEBUG: |   ;
[INFO] [stderr]   DEBUG: |   return 0;
[INFO] [stderr]   DEBUG: | }
[INFO] [stderr]   DEBUG: Executing: `/usr/bin/g++ -c /tmp/conftest.s8gq44.cpp`
[INFO] [stderr]   INFO: yes
[INFO] [stderr]   INFO: checking for sys/vfs.h... 
[INFO] [stderr]   DEBUG: Creating `/tmp/conftest.U3P2Xl.cpp` with content:
[INFO] [stderr]   DEBUG: | #include <sys/vfs.h>
[INFO] [stderr]   DEBUG: | int
[INFO] [stderr]   DEBUG: | main(void)
[INFO] [stderr]   DEBUG: | {
[INFO] [stderr]   DEBUG: | 
[INFO] [stderr]   DEBUG: |   ;
[INFO] [stderr]   DEBUG: |   return 0;
[INFO] [stderr]   DEBUG: | }
[INFO] [stderr]   DEBUG: Executing: `/usr/bin/g++ -c /tmp/conftest.U3P2Xl.cpp`
[INFO] [stderr]   INFO: yes
[INFO] [stderr]   INFO: checking for sys/mount.h... 
[INFO] [stderr]   DEBUG: Creating `/tmp/conftest.x_gfvt.cpp` with content:
[INFO] [stderr]   DEBUG: | #include <sys/mount.h>
[INFO] [stderr]   DEBUG: | int
[INFO] [stderr]   DEBUG: | main(void)
[INFO] [stderr]   DEBUG: | {
[INFO] [stderr]   DEBUG: | 
[INFO] [stderr]   DEBUG: |   ;
[INFO] [stderr]   DEBUG: |   return 0;
[INFO] [stderr]   DEBUG: | }
[INFO] [stderr]   DEBUG: Executing: `/usr/bin/g++ -c /tmp/conftest.x_gfvt.cpp`
[INFO] [stderr]   INFO: yes
[INFO] [stderr]   INFO: checking for sys/quota.h... 
[INFO] [stderr]   DEBUG: Creating `/tmp/conftest.zKbH8F.cpp` with content:
[INFO] [stderr]   DEBUG: | #include <sys/quota.h>
[INFO] [stderr]   DEBUG: | int
[INFO] [stderr]   DEBUG: | main(void)
[INFO] [stderr]   DEBUG: | {
[INFO] [stderr]   DEBUG: | quotactl(0, nullptr, 0, (caddr_t)nullptr);
[INFO] [stderr]   DEBUG: |   ;
[INFO] [stderr]   DEBUG: |   return 0;
[INFO] [stderr]   DEBUG: | }
[INFO] [stderr]   DEBUG: Executing: `/usr/bin/g++ -c /tmp/conftest.zKbH8F.cpp`
[INFO] [stderr]   INFO: yes
[INFO] [stderr]   INFO: checking for linux/quota.h... 
[INFO] [stderr]   DEBUG: Creating `/tmp/conftest.SnJ3t9.cpp` with content:
[INFO] [stderr]   DEBUG: | #include <sys/socket.h>
[INFO] [stderr]   DEBUG: | #include <linux/quota.h>
[INFO] [stderr]   DEBUG: | int
[INFO] [stderr]   DEBUG: | main(void)
[INFO] [stderr]   DEBUG: | {
[INFO] [stderr]   DEBUG: | 
[INFO] [stderr]   DEBUG: |   ;
[INFO] [stderr]   DEBUG: |   return 0;
[INFO] [stderr]   DEBUG: | }
[INFO] [stderr]   DEBUG: Executing: `/usr/bin/g++ -c /tmp/conftest.SnJ3t9.cpp`
[INFO] [stderr]   INFO: yes
[INFO] [stderr]   INFO: checking for linux/if_addr.h... 
[INFO] [stderr]   DEBUG: Creating `/tmp/conftest.mt5WkO.cpp` with content:
[INFO] [stderr]   DEBUG: | #include <sys/socket.h>
[INFO] [stderr]   DEBUG: | #include <linux/if_addr.h>
[INFO] [stderr]   DEBUG: | int
[INFO] [stderr]   DEBUG: | main(void)
[INFO] [stderr]   DEBUG: | {
[INFO] [stderr]   DEBUG: | 
[INFO] [stderr]   DEBUG: |   ;
[INFO] [stderr]   DEBUG: |   return 0;
[INFO] [stderr]   DEBUG: | }
[INFO] [stderr]   DEBUG: Executing: `/usr/bin/g++ -c /tmp/conftest.mt5WkO.cpp`
[INFO] [stderr]   INFO: yes
[INFO] [stderr]   INFO: checking for linux/rtnetlink.h... 
[INFO] [stderr]   DEBUG: Creating `/tmp/conftest.QyLpiD.cpp` with content:
[INFO] [stderr]   DEBUG: | #include <sys/socket.h>
[INFO] [stderr]   DEBUG: | #include <linux/rtnetlink.h>
[INFO] [stderr]   DEBUG: | int
[INFO] [stderr]   DEBUG: | main(void)
[INFO] [stderr]   DEBUG: | {
[INFO] [stderr]   DEBUG: | 
[INFO] [stderr]   DEBUG: |   ;
[INFO] [stderr]   DEBUG: |   return 0;
[INFO] [stderr]   DEBUG: | }
[INFO] [stderr]   DEBUG: Executing: `/usr/bin/g++ -c /tmp/conftest.QyLpiD.cpp`
[INFO] [stderr]   INFO: yes
[INFO] [stderr]   INFO: checking for sys/queue.h... 
[INFO] [stderr]   DEBUG: Creating `/tmp/conftest.NadMP7.cpp` with content:
[INFO] [stderr]   DEBUG: | #include <sys/queue.h>
[INFO] [stderr]   DEBUG: | int
[INFO] [stderr]   DEBUG: | main(void)
[INFO] [stderr]   DEBUG: | {
[INFO] [stderr]   DEBUG: | 
[INFO] [stderr]   DEBUG: |   ;
[INFO] [stderr]   DEBUG: |   return 0;
[INFO] [stderr]   DEBUG: | }
[INFO] [stderr]   DEBUG: Executing: `/usr/bin/g++ -c /tmp/conftest.NadMP7.cpp`
[INFO] [stderr]   INFO: yes
[INFO] [stderr]   INFO: checking for sys/types.h... 
[INFO] [stderr]   DEBUG: Creating `/tmp/conftest._1ovAT.cpp` with content:
[INFO] [stderr]   DEBUG: | #include <sys/types.h>
[INFO] [stderr]   DEBUG: | int
[INFO] [stderr]   DEBUG: | main(void)
[INFO] [stderr]   DEBUG: | {
[INFO] [stderr]   DEBUG: | 
[INFO] [stderr]   DEBUG: |   ;
[INFO] [stderr]   DEBUG: |   return 0;
[INFO] [stderr]   DEBUG: | }
[INFO] [stderr]   DEBUG: Executing: `/usr/bin/g++ -c /tmp/conftest._1ovAT.cpp`
[INFO] [stderr]   INFO: yes
[INFO] [stderr]   INFO: checking for netinet/in.h... 
[INFO] [stderr]   DEBUG: Creating `/tmp/conftest.AblYXB.cpp` with content:
[INFO] [stderr]   DEBUG: | #include <netinet/in.h>
[INFO] [stderr]   DEBUG: | int
[INFO] [stderr]   DEBUG: | main(void)
[INFO] [stderr]   DEBUG: | {
[INFO] [stderr]   DEBUG: | 
[INFO] [stderr]   DEBUG: |   ;
[INFO] [stderr]   DEBUG: |   return 0;
[INFO] [stderr]   DEBUG: | }
[INFO] [stderr]   DEBUG: Executing: `/usr/bin/g++ -c /tmp/conftest.AblYXB.cpp`
[INFO] [stderr]   INFO: yes
[INFO] [stderr]   INFO: checking for byteswap.h... 
[INFO] [stderr]   DEBUG: Creating `/tmp/conftest.25Buf3.cpp` with content:
[INFO] [stderr]   DEBUG: | #include <byteswap.h>
[INFO] [stderr]   DEBUG: | int
[INFO] [stderr]   DEBUG: | main(void)
[INFO] [stderr]   DEBUG: | {
[INFO] [stderr]   DEBUG: | 
[INFO] [stderr]   DEBUG: |   ;
[INFO] [stderr]   DEBUG: |   return 0;
[INFO] [stderr]   DEBUG: | }
[INFO] [stderr]   DEBUG: Executing: `/usr/bin/g++ -c /tmp/conftest.25Buf3.cpp`
[INFO] [stderr]   INFO: yes
[INFO] [stderr]   INFO: checking for linux/perf_event.h... 
[INFO] [stderr]   DEBUG: Creating `/tmp/conftest.q9qtEH.cpp` with content:
[INFO] [stderr]   DEBUG: | #include <linux/perf_event.h>
[INFO] [stderr]   DEBUG: | int
[INFO] [stderr]   DEBUG: | main(void)
[INFO] [stderr]   DEBUG: | {
[INFO] [stderr]   DEBUG: | 
[INFO] [stderr]   DEBUG: |   ;
[INFO] [stderr]   DEBUG: |   return 0;
[INFO] [stderr]   DEBUG: | }
[INFO] [stderr]   DEBUG: Executing: `/usr/bin/g++ -c /tmp/conftest.q9qtEH.cpp`
[INFO] [stderr]   INFO: yes
[INFO] [stderr]   INFO: checking for perf_event_open system call... 
[INFO] [stderr]   DEBUG: Creating `/tmp/conftest.JTU7xE.cpp` with content:
[INFO] [stderr]   DEBUG: | #include <asm/unistd.h>
[INFO] [stderr]   DEBUG: | int
[INFO] [stderr]   DEBUG: | main(void)
[INFO] [stderr]   DEBUG: | {
[INFO] [stderr]   DEBUG: | return sizeof(__NR_perf_event_open);
[INFO] [stderr]   DEBUG: |   ;
[INFO] [stderr]   DEBUG: |   return 0;
[INFO] [stderr]   DEBUG: | }
[INFO] [stderr]   DEBUG: Executing: `/usr/bin/g++ -c /tmp/conftest.JTU7xE.cpp`
[INFO] [stderr]   INFO: yes
[INFO] [stderr]   INFO: checking whether the C compiler supports -Wunreachable-code-return... 
[INFO] [stderr]   DEBUG: Creating `/tmp/conftest.BFSWem.c` with content:
[INFO] [stderr]   DEBUG: | 
[INFO] [stderr]   DEBUG: | int
[INFO] [stderr]   DEBUG: | main(void)
[INFO] [stderr]   DEBUG: | {
[INFO] [stderr]   DEBUG: | 
[INFO] [stderr]   DEBUG: |   ;
[INFO] [stderr]   DEBUG: |   return 0;
[INFO] [stderr]   DEBUG: | }
[INFO] [stderr]   DEBUG: Executing: `/usr/bin/gcc -std=gnu99 -Werror -Wunreachable-code-return -c /tmp/conftest.BFSWem.c`
[INFO] [stderr]   DEBUG: The command returned non-zero exit status 1.
[INFO] [stderr]   DEBUG: Its error output was:
[INFO] [stderr]   DEBUG: | gcc: error: unrecognized command line option '-Wunreachable-code-return'; did you mean '-Wunreachable-code'?
[INFO] [stderr]   INFO: no
[INFO] [stderr]   INFO: checking whether the C++ compiler supports -Wunreachable-code-return... 
[INFO] [stderr]   DEBUG: Creating `/tmp/conftest.Pnaopt.cpp` with content:
[INFO] [stderr]   DEBUG: | 
[INFO] [stderr]   DEBUG: | int
[INFO] [stderr]   DEBUG: | main(void)
[INFO] [stderr]   DEBUG: | {
[INFO] [stderr]   DEBUG: | 
[INFO] [stderr]   DEBUG: |   ;
[INFO] [stderr]   DEBUG: |   return 0;
[INFO] [stderr]   DEBUG: | }
[INFO] [stderr]   DEBUG: Executing: `/usr/bin/g++ -Werror -Wunreachable-code-return -c -c /tmp/conftest.Pnaopt.cpp`
[INFO] [stderr]   DEBUG: The command returned non-zero exit status 1.
[INFO] [stderr]   DEBUG: Its error output was:
[INFO] [stderr]   DEBUG: | g++: error: unrecognized command line option '-Wunreachable-code-return'; did you mean '-Wunreachable-code'?
[INFO] [stderr]   INFO: no
[INFO] [stderr]   INFO: checking whether the C compiler supports -Wclass-varargs... 
[INFO] [stderr]   DEBUG: Creating `/tmp/conftest.alZX5M.c` with content:
[INFO] [stderr]   DEBUG: | 
[INFO] [stderr]   DEBUG: | int
[INFO] [stderr]   DEBUG: | main(void)
[INFO] [stderr]   DEBUG: | {
[INFO] [stderr]   DEBUG: | 
[INFO] [stderr]   DEBUG: |   ;
[INFO] [stderr]   DEBUG: |   return 0;
[INFO] [stderr]   DEBUG: | }
[INFO] [stderr]   DEBUG: Executing: `/usr/bin/gcc -std=gnu99 -Werror -Wclass-varargs -c /tmp/conftest.alZX5M.c`
[INFO] [stderr]   DEBUG: The command returned non-zero exit status 1.
[INFO] [stderr]   DEBUG: Its error output was:
[INFO] [stderr]   DEBUG: | gcc: error: unrecognized command line option '-Wclass-varargs'; did you mean '-Wno-varargs'?
[INFO] [stderr]   INFO: no
[INFO] [stderr]   INFO: checking whether the C++ compiler supports -Wclass-varargs... 
[INFO] [stderr]   DEBUG: Creating `/tmp/conftest.vfI0GY.cpp` with content:
[INFO] [stderr]   DEBUG: | 
[INFO] [stderr]   DEBUG: | int
[INFO] [stderr]   DEBUG: | main(void)
[INFO] [stderr]   DEBUG: | {
[INFO] [stderr]   DEBUG: | 
[INFO] [stderr]   DEBUG: |   ;
[INFO] [stderr]   DEBUG: |   return 0;
[INFO] [stderr]   DEBUG: | }
[INFO] [stderr]   DEBUG: Executing: `/usr/bin/g++ -Werror -Wclass-varargs -c -c /tmp/conftest.vfI0GY.cpp`
[INFO] [stderr]   DEBUG: The command returned non-zero exit status 1.
[INFO] [stderr]   DEBUG: Its error output was:
[INFO] [stderr]   DEBUG: | g++: error: unrecognized command line option '-Wclass-varargs'; did you mean '-Wno-varargs'?
[INFO] [stderr]   INFO: no
[INFO] [stderr]   INFO: checking whether the C compiler supports -Wloop-analysis... 
[INFO] [stderr]   DEBUG: Creating `/tmp/conftest.oZmjRx.c` with content:
[INFO] [stderr]   DEBUG: | 
[INFO] [stderr]   DEBUG: | int
[INFO] [stderr]   DEBUG: | main(void)
[INFO] [stderr]   DEBUG: | {
[INFO] [stderr]   DEBUG: | 
[INFO] [stderr]   DEBUG: |   ;
[INFO] [stderr]   DEBUG: |   return 0;
[INFO] [stderr]   DEBUG: | }
[INFO] [stderr]   DEBUG: Executing: `/usr/bin/gcc -std=gnu99 -Werror -Wloop-analysis -c /tmp/conftest.oZmjRx.c`
[INFO] [stderr]   DEBUG: The command returned non-zero exit status 1.
[INFO] [stderr]   DEBUG: Its error output was:
[INFO] [stderr]   DEBUG: | gcc: error: unrecognized command line option '-Wloop-analysis'
[INFO] [stderr]   INFO: no
[INFO] [stderr]   INFO: checking whether the C++ compiler supports -Wloop-analysis... 
[INFO] [stderr]   DEBUG: Creating `/tmp/conftest.7MZmEW.cpp` with content:
[INFO] [stderr]   DEBUG: | 
[INFO] [stderr]   DEBUG: | int
[INFO] [stderr]   DEBUG: | main(void)
[INFO] [stderr]   DEBUG: | {
[INFO] [stderr]   DEBUG: | 
[INFO] [stderr]   DEBUG: |   ;
[INFO] [stderr]   DEBUG: |   return 0;
[INFO] [stderr]   DEBUG: | }
[INFO] [stderr]   DEBUG: Executing: `/usr/bin/g++ -Werror -Wloop-analysis -c -c /tmp/conftest.7MZmEW.cpp`
[INFO] [stderr]   DEBUG: The command returned non-zero exit status 1.
[INFO] [stderr]   DEBUG: Its error output was:
[INFO] [stderr]   DEBUG: | g++: error: unrecognized command line option '-Wloop-analysis'
[INFO] [stderr]   INFO: no
[INFO] [stderr]   INFO: checking whether the C++ compiler supports -Wc++1z-compat... 
[INFO] [stderr]   DEBUG: Creating `/tmp/conftest.9RdYvR.cpp` with content:
[INFO] [stderr]   DEBUG: | 
[INFO] [stderr]   DEBUG: | int
[INFO] [stderr]   DEBUG: | main(void)
[INFO] [stderr]   DEBUG: | {
[INFO] [stderr]   DEBUG: | 
[INFO] [stderr]   DEBUG: |   ;
[INFO] [stderr]   DEBUG: |   return 0;
[INFO] [stderr]   DEBUG: | }
[INFO] [stderr]   DEBUG: Executing: `/usr/bin/g++ -Werror -Wc++1z-compat -c /tmp/conftest.9RdYvR.cpp`
[INFO] [stderr]   INFO: yes
[INFO] [stderr]   INFO: checking whether the C++ compiler supports -Wcomma... 
[INFO] [stderr]   DEBUG: Creating `/tmp/conftest.ESdaf_.cpp` with content:
[INFO] [stderr]   DEBUG: | 
[INFO] [stderr]   DEBUG: | int
[INFO] [stderr]   DEBUG: | main(void)
[INFO] [stderr]   DEBUG: | {
[INFO] [stderr]   DEBUG: | 
[INFO] [stderr]   DEBUG: |   ;
[INFO] [stderr]   DEBUG: |   return 0;
[INFO] [stderr]   DEBUG: | }
[INFO] [stderr]   DEBUG: Executing: `/usr/bin/g++ -Werror -Wcomma -c /tmp/conftest.ESdaf_.cpp`
[INFO] [stderr]   DEBUG: The command returned non-zero exit status 1.
[INFO] [stderr]   DEBUG: Its error output was:
[INFO] [stderr]   DEBUG: | g++: error: unrecognized command line option '-Wcomma'; did you mean '-Wcomment'?
[INFO] [stderr]   INFO: no
[INFO] [stderr]   INFO: checking whether the C compiler supports -Wduplicated-cond... 
[INFO] [stderr]   DEBUG: Creating `/tmp/conftest.jRsItt.c` with content:
[INFO] [stderr]   DEBUG: | 
[INFO] [stderr]   DEBUG: | int
[INFO] [stderr]   DEBUG: | main(void)
[INFO] [stderr]   DEBUG: | {
[INFO] [stderr]   DEBUG: | 
[INFO] [stderr]   DEBUG: |   ;
[INFO] [stderr]   DEBUG: |   return 0;
[INFO] [stderr]   DEBUG: | }
[INFO] [stderr]   DEBUG: Executing: `/usr/bin/gcc -std=gnu99 -Werror -Wduplicated-cond -c /tmp/conftest.jRsItt.c`
[INFO] [stderr]   INFO: yes
[INFO] [stderr]   INFO: checking whether the C++ compiler supports -Wduplicated-cond... 
[INFO] [stderr]   DEBUG: Creating `/tmp/conftest.Vy8Cmk.cpp` with content:
[INFO] [stderr]   DEBUG: | 
[INFO] [stderr]   DEBUG: | int
[INFO] [stderr]   DEBUG: | main(void)
[INFO] [stderr]   DEBUG: | {
[INFO] [stderr]   DEBUG: | 
[INFO] [stderr]   DEBUG: |   ;
[INFO] [stderr]   DEBUG: |   return 0;
[INFO] [stderr]   DEBUG: | }
[INFO] [stderr]   DEBUG: Executing: `/usr/bin/g++ -Werror -Wduplicated-cond -c -c /tmp/conftest.Vy8Cmk.cpp`
[INFO] [stderr]   INFO: yes
[INFO] [stderr]   INFO: checking whether the C++ compiler supports -Wimplicit-fallthrough... 
[INFO] [stderr]   DEBUG: Creating `/tmp/conftest.HTitaM.cpp` with content:
[INFO] [stderr]   DEBUG: | 
[INFO] [stderr]   DEBUG: | int
[INFO] [stderr]   DEBUG: | main(void)
[INFO] [stderr]   DEBUG: | {
[INFO] [stderr]   DEBUG: | 
[INFO] [stderr]   DEBUG: |   ;
[INFO] [stderr]   DEBUG: |   return 0;
[INFO] [stderr]   DEBUG: | }
[INFO] [stderr]   DEBUG: Executing: `/usr/bin/g++ -Werror -Wimplicit-fallthrough -c /tmp/conftest.HTitaM.cpp`
[INFO] [stderr]   INFO: yes
[INFO] [stderr]   INFO: checking whether the C compiler supports -Wstring-conversion... 
[INFO] [stderr]   DEBUG: Creating `/tmp/conftest.TzB24B.c` with content:
[INFO] [stderr]   DEBUG: | 
[INFO] [stderr]   DEBUG: | int
[INFO] [stderr]   DEBUG: | main(void)
[INFO] [stderr]   DEBUG: | {
[INFO] [stderr]   DEBUG: | 
[INFO] [stderr]   DEBUG: |   ;
[INFO] [stderr]   DEBUG: |   return 0;
[INFO] [stderr]   DEBUG: | }
[INFO] [stderr]   DEBUG: Executing: `/usr/bin/gcc -std=gnu99 -Werror -Wstring-conversion -c /tmp/conftest.TzB24B.c`
[INFO] [stderr]   DEBUG: The command returned non-zero exit status 1.
[INFO] [stderr]   DEBUG: Its error output was:
[INFO] [stderr]   DEBUG: | gcc: error: unrecognized command line option '-Wstring-conversion'; did you mean '-Wsign-conversion'?
[INFO] [stderr]   INFO: no
[INFO] [stderr]   INFO: checking whether the C++ compiler supports -Wstring-conversion... 
[INFO] [stderr]   DEBUG: Creating `/tmp/conftest.tjZe5C.cpp` with content:
[INFO] [stderr]   DEBUG: | 
[INFO] [stderr]   DEBUG: | int
[INFO] [stderr]   DEBUG: | main(void)
[INFO] [stderr]   DEBUG: | {
[INFO] [stderr]   DEBUG: | 
[INFO] [stderr]   DEBUG: |   ;
[INFO] [stderr]   DEBUG: |   return 0;
[INFO] [stderr]   DEBUG: | }
[INFO] [stderr]   DEBUG: Executing: `/usr/bin/g++ -Werror -Wstring-conversion -c -c /tmp/conftest.tjZe5C.cpp`
[INFO] [stderr]   DEBUG: The command returned non-zero exit status 1.
[INFO] [stderr]   DEBUG: Its error output was:
[INFO] [stderr]   DEBUG: | g++: error: unrecognized command line option '-Wstring-conversion'; did you mean '-Wsign-conversion'?
[INFO] [stderr]   INFO: no
[INFO] [stderr]   INFO: checking whether the C++ compiler supports -Wno-inline-new-delete... 
[INFO] [stderr]   DEBUG: Creating `/tmp/conftest.sCMVvZ.cpp` with content:
[INFO] [stderr]   DEBUG: | 
[INFO] [stderr]   DEBUG: | int
[INFO] [stderr]   DEBUG: | main(void)
[INFO] [stderr]   DEBUG: | {
[INFO] [stderr]   DEBUG: | 
[INFO] [stderr]   DEBUG: |   ;
[INFO] [stderr]   DEBUG: |   return 0;
[INFO] [stderr]   DEBUG: | }
[INFO] [stderr]   DEBUG: Executing: `/usr/bin/g++ -Werror -Winline-new-delete -c /tmp/conftest.sCMVvZ.cpp`
[INFO] [stderr]   DEBUG: The command returned non-zero exit status 1.
[INFO] [stderr]   DEBUG: Its error output was:
[INFO] [stderr]   DEBUG: | g++: error: unrecognized command line option '-Winline-new-delete'
[INFO] [stderr]   INFO: no
[INFO] [stderr]   INFO: checking whether the C compiler supports -Wno-error=maybe-uninitialized... 
[INFO] [stderr]   DEBUG: Creating `/tmp/conftest.hQGCOU.c` with content:
[INFO] [stderr]   DEBUG: | 
[INFO] [stderr]   DEBUG: | int
[INFO] [stderr]   DEBUG: | main(void)
[INFO] [stderr]   DEBUG: | {
[INFO] [stderr]   DEBUG: | 
[INFO] [stderr]   DEBUG: |   ;
[INFO] [stderr]   DEBUG: |   return 0;
[INFO] [stderr]   DEBUG: | }
[INFO] [stderr]   DEBUG: Executing: `/usr/bin/gcc -std=gnu99 -Werror -Wno-error=maybe-uninitialized -c /tmp/conftest.hQGCOU.c`
[INFO] [stderr]   INFO: yes
[INFO] [stderr]   INFO: checking whether the C++ compiler supports -Wno-error=maybe-uninitialized... 
[INFO] [stderr]   DEBUG: Creating `/tmp/conftest.dD6uRO.cpp` with content:
[INFO] [stderr]   DEBUG: | 
[INFO] [stderr]   DEBUG: | int
[INFO] [stderr]   DEBUG: | main(void)
[INFO] [stderr]   DEBUG: | {
[INFO] [stderr]   DEBUG: | 
[INFO] [stderr]   DEBUG: |   ;
[INFO] [stderr]   DEBUG: |   return 0;
[INFO] [stderr]   DEBUG: | }
[INFO] [stderr]   DEBUG: Executing: `/usr/bin/g++ -Werror -Wno-error=maybe-uninitialized -c -c /tmp/conftest.dD6uRO.cpp`
[INFO] [stderr]   INFO: yes
[INFO] [stderr]   INFO: checking whether the C compiler supports -Wno-error=deprecated-declarations... 
[INFO] [stderr]   DEBUG: Creating `/tmp/conftest.F9zwNm.c` with content:
[INFO] [stderr]   DEBUG: | 
[INFO] [stderr]   DEBUG: | int
[INFO] [stderr]   DEBUG: | main(void)
[INFO] [stderr]   DEBUG: | {
[INFO] [stderr]   DEBUG: | 
[INFO] [stderr]   DEBUG: |   ;
[INFO] [stderr]   DEBUG: |   return 0;
[INFO] [stderr]   DEBUG: | }
[INFO] [stderr]   DEBUG: Executing: `/usr/bin/gcc -std=gnu99 -Werror -Wno-error=deprecated-declarations -c /tmp/conftest.F9zwNm.c`
[INFO] [stderr]   INFO: yes
[INFO] [stderr]   INFO: checking whether the C++ compiler supports -Wno-error=deprecated-declarations... 
[INFO] [stderr]   DEBUG: Creating `/tmp/conftest._YZnYU.cpp` with content:
[INFO] [stderr]   DEBUG: | 
[INFO] [stderr]   DEBUG: | int
[INFO] [stderr]   DEBUG: | main(void)
[INFO] [stderr]   DEBUG: | {
[INFO] [stderr]   DEBUG: | 
[INFO] [stderr]   DEBUG: |   ;
[INFO] [stderr]   DEBUG: |   return 0;
[INFO] [stderr]   DEBUG: | }
[INFO] [stderr]   DEBUG: Executing: `/usr/bin/g++ -Werror -Wno-error=deprecated-declarations -c -c /tmp/conftest._YZnYU.cpp`
[INFO] [stderr]   INFO: yes
[INFO] [stderr]   INFO: checking whether the C compiler supports -Wno-error=array-bounds... 
[INFO] [stderr]   DEBUG: Creating `/tmp/conftest.XrMOEB.c` with content:
[INFO] [stderr]   DEBUG: | 
[INFO] [stderr]   DEBUG: | int
[INFO] [stderr]   DEBUG: | main(void)
[INFO] [stderr]   DEBUG: | {
[INFO] [stderr]   DEBUG: | 
[INFO] [stderr]   DEBUG: |   ;
[INFO] [stderr]   DEBUG: |   return 0;
[INFO] [stderr]   DEBUG: | }
[INFO] [stderr]   DEBUG: Executing: `/usr/bin/gcc -std=gnu99 -Werror -Wno-error=array-bounds -c /tmp/conftest.XrMOEB.c`
[INFO] [stderr]   INFO: yes
[INFO] [stderr]   INFO: checking whether the C++ compiler supports -Wno-error=array-bounds... 
[INFO] [stderr]   DEBUG: Creating `/tmp/conftest.vvkXHY.cpp` with content:
[INFO] [stderr]   DEBUG: | 
[INFO] [stderr]   DEBUG: | int
[INFO] [stderr]   DEBUG: | main(void)
[INFO] [stderr]   DEBUG: | {
[INFO] [stderr]   DEBUG: | 
[INFO] [stderr]   DEBUG: |   ;
[INFO] [stderr]   DEBUG: |   return 0;
[INFO] [stderr]   DEBUG: | }
[INFO] [stderr]   DEBUG: Executing: `/usr/bin/g++ -Werror -Wno-error=array-bounds -c -c /tmp/conftest.vvkXHY.cpp`
[INFO] [stderr]   INFO: yes
[INFO] [stderr]   INFO: checking whether the C compiler supports -Wno-error=free-nonheap-object... 
[INFO] [stderr]   DEBUG: Creating `/tmp/conftest.QplUma.c` with content:
[INFO] [stderr]   DEBUG: | 
[INFO] [stderr]   DEBUG: | int
[INFO] [stderr]   DEBUG: | main(void)
[INFO] [stderr]   DEBUG: | {
[INFO] [stderr]   DEBUG: | 
[INFO] [stderr]   DEBUG: |   ;
[INFO] [stderr]   DEBUG: |   return 0;
[INFO] [stderr]   DEBUG: | }
[INFO] [stderr]   DEBUG: Executing: `/usr/bin/gcc -std=gnu99 -Werror -Wno-error=free-nonheap-object -c /tmp/conftest.QplUma.c`
[INFO] [stderr]   INFO: yes
[INFO] [stderr]   INFO: checking whether the C++ compiler supports -Wno-error=free-nonheap-object... 
[INFO] [stderr]   DEBUG: Creating `/tmp/conftest.vbA6jR.cpp` with content:
[INFO] [stderr]   DEBUG: | 
[INFO] [stderr]   DEBUG: | int
[INFO] [stderr]   DEBUG: | main(void)
[INFO] [stderr]   DEBUG: | {
[INFO] [stderr]   DEBUG: | 
[INFO] [stderr]   DEBUG: |   ;
[INFO] [stderr]   DEBUG: |   return 0;
[INFO] [stderr]   DEBUG: | }
[INFO] [stderr]   DEBUG: Executing: `/usr/bin/g++ -Werror -Wno-error=free-nonheap-object -c -c /tmp/conftest.vbA6jR.cpp`
[INFO] [stderr]   INFO: yes
[INFO] [stderr]   INFO: checking whether the C compiler supports -Wformat... 
[INFO] [stderr]   DEBUG: Creating `/tmp/conftest.rQ0pHI.c` with content:
[INFO] [stderr]   DEBUG: | 
[INFO] [stderr]   DEBUG: | int
[INFO] [stderr]   DEBUG: | main(void)
[INFO] [stderr]   DEBUG: | {
[INFO] [stderr]   DEBUG: | 
[INFO] [stderr]   DEBUG: |   ;
[INFO] [stderr]   DEBUG: |   return 0;
[INFO] [stderr]   DEBUG: | }
[INFO] [stderr]   DEBUG: Executing: `/usr/bin/gcc -std=gnu99 -Werror -Wformat -c /tmp/conftest.rQ0pHI.c`
[INFO] [stderr]   INFO: yes
[INFO] [stderr]   INFO: checking whether the C++ compiler supports -Wformat... 
[INFO] [stderr]   DEBUG: Creating `/tmp/conftest.GZ5Hdh.cpp` with content:
[INFO] [stderr]   DEBUG: | 
[INFO] [stderr]   DEBUG: | int
[INFO] [stderr]   DEBUG: | main(void)
[INFO] [stderr]   DEBUG: | {
[INFO] [stderr]   DEBUG: | 
[INFO] [stderr]   DEBUG: |   ;
[INFO] [stderr]   DEBUG: |   return 0;
[INFO] [stderr]   DEBUG: | }
[INFO] [stderr]   DEBUG: Executing: `/usr/bin/g++ -Werror -Wformat -c -c /tmp/conftest.GZ5Hdh.cpp`
[INFO] [stderr]   INFO: yes
[INFO] [stderr]   INFO: checking whether the C compiler supports -Wformat-security... 
[INFO] [stderr]   DEBUG: Creating `/tmp/conftest.hAi88i.c` with content:
[INFO] [stderr]   DEBUG: | 
[INFO] [stderr]   DEBUG: | int
[INFO] [stderr]   DEBUG: | main(void)
[INFO] [stderr]   DEBUG: | {
[INFO] [stderr]   DEBUG: | 
[INFO] [stderr]   DEBUG: |   ;
[INFO] [stderr]   DEBUG: |   return 0;
[INFO] [stderr]   DEBUG: | }
[INFO] [stderr]   DEBUG: Executing: `/usr/bin/gcc -std=gnu99 -Werror -Wformat-security -c /tmp/conftest.hAi88i.c`
[INFO] [stderr]   INFO: yes
[INFO] [stderr]   INFO: checking whether the C++ compiler supports -Wformat-security... 
[INFO] [stderr]   DEBUG: Creating `/tmp/conftest.2yLIil.cpp` with content:
[INFO] [stderr]   DEBUG: | 
[INFO] [stderr]   DEBUG: | int
[INFO] [stderr]   DEBUG: | main(void)
[INFO] [stderr]   DEBUG: | {
[INFO] [stderr]   DEBUG: | 
[INFO] [stderr]   DEBUG: |   ;
[INFO] [stderr]   DEBUG: |   return 0;
[INFO] [stderr]   DEBUG: | }
[INFO] [stderr]   DEBUG: Executing: `/usr/bin/g++ -Werror -Wformat-security -c -c /tmp/conftest.2yLIil.cpp`
[INFO] [stderr]   INFO: yes
[INFO] [stderr]   INFO: checking whether the C compiler supports -Wformat-overflow=2... 
[INFO] [stderr]   DEBUG: Creating `/tmp/conftest.zEvvV4.c` with content:
[INFO] [stderr]   DEBUG: | 
[INFO] [stderr]   DEBUG: | int
[INFO] [stderr]   DEBUG: | main(void)
[INFO] [stderr]   DEBUG: | {
[INFO] [stderr]   DEBUG: | 
[INFO] [stderr]   DEBUG: |   ;
[INFO] [stderr]   DEBUG: |   return 0;
[INFO] [stderr]   DEBUG: | }
[INFO] [stderr]   DEBUG: Executing: `/usr/bin/gcc -std=gnu99 -Werror -Wformat-overflow=2 -c /tmp/conftest.zEvvV4.c`
[INFO] [stderr]   INFO: yes
[INFO] [stderr]   INFO: checking whether the C++ compiler supports -Wformat-overflow=2... 
[INFO] [stderr]   DEBUG: Creating `/tmp/conftest.4c8xLD.cpp` with content:
[INFO] [stderr]   DEBUG: | 
[INFO] [stderr]   DEBUG: | int
[INFO] [stderr]   DEBUG: | main(void)
[INFO] [stderr]   DEBUG: | {
[INFO] [stderr]   DEBUG: | 
[INFO] [stderr]   DEBUG: |   ;
[INFO] [stderr]   DEBUG: |   return 0;
[INFO] [stderr]   DEBUG: | }
[INFO] [stderr]   DEBUG: Executing: `/usr/bin/g++ -Werror -Wformat-overflow=2 -c -c /tmp/conftest.4c8xLD.cpp`
[INFO] [stderr]   INFO: yes
[INFO] [stderr]   INFO: checking whether the C compiler supports -Wno-gnu-zero-variadic-macro-arguments... 
[INFO] [stderr]   DEBUG: Creating `/tmp/conftest.SIvmId.c` with content:
[INFO] [stderr]   DEBUG: | 
[INFO] [stderr]   DEBUG: | int
[INFO] [stderr]   DEBUG: | main(void)
[INFO] [stderr]   DEBUG: | {
[INFO] [stderr]   DEBUG: | 
[INFO] [stderr]   DEBUG: |   ;
[INFO] [stderr]   DEBUG: |   return 0;
[INFO] [stderr]   DEBUG: | }
[INFO] [stderr]   DEBUG: Executing: `/usr/bin/gcc -std=gnu99 -Werror -Wgnu-zero-variadic-macro-arguments -c /tmp/conftest.SIvmId.c`
[INFO] [stderr]   DEBUG: The command returned non-zero exit status 1.
[INFO] [stderr]   DEBUG: Its error output was:
[INFO] [stderr]   DEBUG: | gcc: error: unrecognized command line option '-Wgnu-zero-variadic-macro-arguments'
[INFO] [stderr]   INFO: no
[INFO] [stderr]   INFO: checking whether the C++ compiler supports -Wno-gnu-zero-variadic-macro-arguments... 
[INFO] [stderr]   DEBUG: Creating `/tmp/conftest.R2lmwA.cpp` with content:
[INFO] [stderr]   DEBUG: | 
[INFO] [stderr]   DEBUG: | int
[INFO] [stderr]   DEBUG: | main(void)
[INFO] [stderr]   DEBUG: | {
[INFO] [stderr]   DEBUG: | 
[INFO] [stderr]   DEBUG: |   ;
[INFO] [stderr]   DEBUG: |   return 0;
[INFO] [stderr]   DEBUG: | }
[INFO] [stderr]   DEBUG: Executing: `/usr/bin/g++ -Werror -Wgnu-zero-variadic-macro-arguments -c -c /tmp/conftest.R2lmwA.cpp`
[INFO] [stderr]   DEBUG: The command returned non-zero exit status 1.
[INFO] [stderr]   DEBUG: Its error output was:
[INFO] [stderr]   DEBUG: | g++: error: unrecognized command line option '-Wgnu-zero-variadic-macro-arguments'
[INFO] [stderr]   INFO: no
[INFO] [stderr]   INFO: checking whether the C++ compiler supports -Wno-noexcept-type... 
[INFO] [stderr]   DEBUG: Creating `/tmp/conftest.7ibAzR.cpp` with content:
[INFO] [stderr]   DEBUG: | 
[INFO] [stderr]   DEBUG: | int
[INFO] [stderr]   DEBUG: | main(void)
[INFO] [stderr]   DEBUG: | {
[INFO] [stderr]   DEBUG: | 
[INFO] [stderr]   DEBUG: |   ;
[INFO] [stderr]   DEBUG: |   return 0;
[INFO] [stderr]   DEBUG: | }
[INFO] [stderr]   DEBUG: Executing: `/usr/bin/g++ -Werror -Wnoexcept-type -c /tmp/conftest.7ibAzR.cpp`
[INFO] [stderr]   INFO: yes
[INFO] [stderr]   INFO: checking whether the C++ compiler supports -fno-sized-deallocation... 
[INFO] [stderr]   DEBUG: Creating `/tmp/conftest.NTHqSQ.cpp` with content:
[INFO] [stderr]   DEBUG: | 
[INFO] [stderr]   DEBUG: | int
[INFO] [stderr]   DEBUG: | main(void)
[INFO] [stderr]   DEBUG: | {
[INFO] [stderr]   DEBUG: | 
[INFO] [stderr]   DEBUG: |   ;
[INFO] [stderr]   DEBUG: |   return 0;
[INFO] [stderr]   DEBUG: | }
[INFO] [stderr]   DEBUG: Executing: `/usr/bin/g++ -Werror -fno-sized-deallocation -c /tmp/conftest.NTHqSQ.cpp`
[INFO] [stderr]   INFO: yes
[INFO] [stderr]   INFO: checking for awk... 
[INFO] [stderr]   DEBUG: awk: Trying gawk
[INFO] [stderr]   DEBUG: awk: Trying mawk
[INFO] [stderr]   INFO: /usr/bin/mawk
[INFO] [stderr]   INFO: checking for perl... 
[INFO] [stderr]   DEBUG: perl: Trying perl5
[INFO] [stderr]   DEBUG: perl: Trying perl
[INFO] [stderr]   INFO: /usr/bin/perl
[INFO] [stderr]   INFO: checking for minimum required perl version >= 5.006... 
[INFO] [stderr]   DEBUG: Executing: `/usr/bin/perl -e 'print $]'`
[INFO] [stderr]   INFO: 5.030000
[INFO] [stderr]   INFO: checking for full perl installation... 
[INFO] [stderr]   INFO: yes
[INFO] [stderr]   INFO: checking for gmake... 
[INFO] [stderr]   DEBUG: gmake: Trying gmake
[INFO] [stderr]   DEBUG: gmake: Trying make
[INFO] [stderr]   INFO: /usr/bin/make
[INFO] [stderr]   INFO: checking for watchman... 
[INFO] [stderr]   INFO: not found
[INFO] [stderr]   INFO: checking for xargs... 
[INFO] [stderr]   DEBUG: xargs: Trying xargs
[INFO] [stderr]   INFO: /usr/bin/xargs
[INFO] [stderr]   INFO: checking for rpmbuild... 
[INFO] [stderr]   DEBUG: rpmbuild: Trying rpmbuild
[INFO] [stderr]   INFO: not found
[INFO] [stderr]   INFO: checking for autoconf... 
[INFO] [stderr]   ERROR: Could not find autoconf 2.13
[INFO] [stderr] 
[INFO] [stderr]   --- stderr
[INFO] [stderr]   ERROR: Could not find autoconf 2.13
[INFO] [stderr]   make: *** [makefile.cargo:183: maybe-configure] Error 1
[INFO] [stderr]   thread 'main' panicked at 'assertion failed: result.success()', /opt/rustwide/cargo-home/registry/src/github.com-1ecc6299db9ec823/mozjs_sys-0.61.13/build.rs:142:5
[INFO] [stderr]   stack backtrace:
[INFO] [stderr]      0:     0x5596c0853cf0 - std::backtrace_rs::backtrace::libunwind::trace::h34055254b57d8e79
[INFO] [stderr]                                  at /rustc/a178d0322ce20e33eac124758e837cbd80a6f633/library/std/src/../../backtrace/src/backtrace/libunwind.rs:90:5
[INFO] [stderr]      1:     0x5596c0853cf0 - std::backtrace_rs::backtrace::trace_unsynchronized::h8f1e3fbd9afff6ec
[INFO] [stderr]                                  at /rustc/a178d0322ce20e33eac124758e837cbd80a6f633/library/std/src/../../backtrace/src/backtrace/mod.rs:66:5
[INFO] [stderr]      2:     0x5596c0853cf0 - std::sys_common::backtrace::_print_fmt::h3a99a796b770c360
[INFO] [stderr]                                  at /rustc/a178d0322ce20e33eac124758e837cbd80a6f633/library/std/src/sys_common/backtrace.rs:67:5
[INFO] [stderr]      3:     0x5596c0853cf0 - <std::sys_common::backtrace::_print::DisplayBacktrace as core::fmt::Display>::fmt::h32d1f94a80615d18
[INFO] [stderr]                                  at /rustc/a178d0322ce20e33eac124758e837cbd80a6f633/library/std/src/sys_common/backtrace.rs:46:22
[INFO] [stderr]      4:     0x5596c087a1fc - core::fmt::write::h306731c068f7162c
[INFO] [stderr]                                  at /rustc/a178d0322ce20e33eac124758e837cbd80a6f633/library/core/src/fmt/mod.rs:1110:17
[INFO] [stderr]      5:     0x5596c0850285 - std::io::Write::write_fmt::hd2fa90334eee2a21
[INFO] [stderr]                                  at /rustc/a178d0322ce20e33eac124758e837cbd80a6f633/library/std/src/io/mod.rs:1588:15
[INFO] [stderr]      6:     0x5596c085693b - std::sys_common::backtrace::_print::h5abaa2601a852287
[INFO] [stderr]                                  at /rustc/a178d0322ce20e33eac124758e837cbd80a6f633/library/std/src/sys_common/backtrace.rs:49:5
[INFO] [stderr]      7:     0x5596c085693b - std::sys_common::backtrace::print::h8d81445442bb638f
[INFO] [stderr]                                  at /rustc/a178d0322ce20e33eac124758e837cbd80a6f633/library/std/src/sys_common/backtrace.rs:36:9
[INFO] [stderr]      8:     0x5596c085693b - std::panicking::default_hook::{{closure}}::hcfe804496a9fa747
[INFO] [stderr]                                  at /rustc/a178d0322ce20e33eac124758e837cbd80a6f633/library/std/src/panicking.rs:208:50
[INFO] [stderr]      9:     0x5596c0856411 - std::panicking::default_hook::hbea8e3ccf2ba8901
[INFO] [stderr]                                  at /rustc/a178d0322ce20e33eac124758e837cbd80a6f633/library/std/src/panicking.rs:225:9
[INFO] [stderr]     10:     0x5596c0857004 - std::panicking::rust_panic_with_hook::h7ee9e1a2d0f8975a
[INFO] [stderr]                                  at /rustc/a178d0322ce20e33eac124758e837cbd80a6f633/library/std/src/panicking.rs:622:17
[INFO] [stderr]     11:     0x5596c0856ab7 - std::panicking::begin_panic_handler::{{closure}}::h8ab3b4491718b2c7
[INFO] [stderr]                                  at /rustc/a178d0322ce20e33eac124758e837cbd80a6f633/library/std/src/panicking.rs:517:13
[INFO] [stderr]     12:     0x5596c08541ec - std::sys_common::backtrace::__rust_end_short_backtrace::hd489062ffa586a9f
[INFO] [stderr]                                  at /rustc/a178d0322ce20e33eac124758e837cbd80a6f633/library/std/src/sys_common/backtrace.rs:141:18
[INFO] [stderr]     13:     0x5596c0856a49 - rust_begin_unwind
[INFO] [stderr]                                  at /rustc/a178d0322ce20e33eac124758e837cbd80a6f633/library/std/src/panicking.rs:515:5
[INFO] [stderr]     14:     0x5596c02b6a11 - core::panicking::panic_fmt::hca6330e3e14086b4
[INFO] [stderr]                                  at /rustc/a178d0322ce20e33eac124758e837cbd80a6f633/library/core/src/panicking.rs:92:14
[INFO] [stderr]     15:     0x5596c02b695d - core::panicking::panic::h1a48d878ff3dcd40
[INFO] [stderr]                                  at /rustc/a178d0322ce20e33eac124758e837cbd80a6f633/library/core/src/panicking.rs:50:5
[INFO] [stderr]     16:     0x5596c02b9eab - build_script_build::build_jsapi::h3234966bd042a64c
[INFO] [stderr]                                  at /opt/rustwide/cargo-home/registry/src/github.com-1ecc6299db9ec823/mozjs_sys-0.61.13/build.rs:142:5
[INFO] [stderr]     17:     0x5596c02b8f10 - build_script_build::main::hca559e8898a0acc6
[INFO] [stderr]                                  at /opt/rustwide/cargo-home/registry/src/github.com-1ecc6299db9ec823/mozjs_sys-0.61.13/build.rs:48:5
[INFO] [stderr]     18:     0x5596c02c2a9b - core::ops::function::FnOnce::call_once::h0409641d62cfa363
[INFO] [stderr]                                  at /rustc/a178d0322ce20e33eac124758e837cbd80a6f633/library/core/src/ops/function.rs:227:5
[INFO] [stderr]     19:     0x5596c02bebce - std::sys_common::backtrace::__rust_begin_short_backtrace::h111d8cd2a41b88a5
[INFO] [stderr]                                  at /rustc/a178d0322ce20e33eac124758e837cbd80a6f633/library/std/src/sys_common/backtrace.rs:125:18
[INFO] [stderr]     20:     0x5596c02be561 - std::rt::lang_start::{{closure}}::hcee80e0fb07dcc76
[INFO] [stderr]                                  at /rustc/a178d0322ce20e33eac124758e837cbd80a6f633/library/std/src/rt.rs:49:18
[INFO] [stderr]     21:     0x5596c0857609 - core::ops::function::impls::<impl core::ops::function::FnOnce<A> for &F>::call_once::h2aabc384aab89b7b
[INFO] [stderr]                                  at /rustc/a178d0322ce20e33eac124758e837cbd80a6f633/library/core/src/ops/function.rs:259:13
[INFO] [stderr]     22:     0x5596c0857609 - std::panicking::try::do_call::hc5fcacb7a85fc7b1
[INFO] [stderr]                                  at /rustc/a178d0322ce20e33eac124758e837cbd80a6f633/library/std/src/panicking.rs:401:40
[INFO] [stderr]     23:     0x5596c0857609 - std::panicking::try::hb5d9603af3abbe3a
[INFO] [stderr]                                  at /rustc/a178d0322ce20e33eac124758e837cbd80a6f633/library/std/src/panicking.rs:365:19
[INFO] [stderr]     24:     0x5596c0857609 - std::panic::catch_unwind::h98fe6ac3925e64b4
[INFO] [stderr]                                  at /rustc/a178d0322ce20e33eac124758e837cbd80a6f633/library/std/src/panic.rs:434:14
[INFO] [stderr]     25:     0x5596c0857609 - std::rt::lang_start_internal::h22ac7383c516f93e
[INFO] [stderr]                                  at /rustc/a178d0322ce20e33eac124758e837cbd80a6f633/library/std/src/rt.rs:34:21
[INFO] [stderr]     26:     0x5596c02be540 - std::rt::lang_start::h714685970c6b7f0b
[INFO] [stderr]                                  at /rustc/a178d0322ce20e33eac124758e837cbd80a6f633/library/std/src/rt.rs:48:5
[INFO] [stderr]     27:     0x5596c02bcc4c - main
[INFO] [stderr]     28:     0x7fb7d32e60b3 - __libc_start_main
[INFO] [stderr]     29:     0x5596c02b720e - _start
[INFO] [stderr]     30:                0x0 - <unknown>
[INFO] running `Command { std: "docker" "inspect" "e3336f47c76e9ae2bbc34ce3c684ecae5f4c7f9b68d679fe54bdcd01371680bb", kill_on_drop: false }`
[INFO] running `Command { std: "docker" "rm" "-f" "e3336f47c76e9ae2bbc34ce3c684ecae5f4c7f9b68d679fe54bdcd01371680bb", kill_on_drop: false }`
[INFO] [stdout] e3336f47c76e9ae2bbc34ce3c684ecae5f4c7f9b68d679fe54bdcd01371680bb
