[INFO] cloning repository https://github.com/benediktwerner/btd-tower-placer
[INFO] running `Command { std: "git" "-c" "credential.helper=" "-c" "credential.helper=/workspace/cargo-home/bin/git-credential-null" "clone" "--bare" "https://github.com/benediktwerner/btd-tower-placer" "/workspace/cache/git-repos/https%3A%2F%2Fgithub.com%2Fbenediktwerner%2Fbtd-tower-placer", kill_on_drop: false }`
[INFO] [stderr] Cloning into bare repository '/workspace/cache/git-repos/https%3A%2F%2Fgithub.com%2Fbenediktwerner%2Fbtd-tower-placer'...
[INFO] running `Command { std: "git" "rev-parse" "HEAD", kill_on_drop: false }`
[INFO] [stdout] dd2a863f3b6dfedd6b87114c59793d3c21fa68bd
[INFO] testing benediktwerner/btd-tower-placer against beta-2021-08-01 for beta-1.55-1
[INFO] running `Command { std: "git" "clone" "/workspace/cache/git-repos/https%3A%2F%2Fgithub.com%2Fbenediktwerner%2Fbtd-tower-placer" "/workspace/builds/worker-31/source", kill_on_drop: false }`
[INFO] [stderr] Cloning into '/workspace/builds/worker-31/source'...
[INFO] [stderr] done.
[INFO] validating manifest of git repo https://github.com/benediktwerner/btd-tower-placer on toolchain beta-2021-08-01
[INFO] running `Command { std: "/workspace/cargo-home/bin/cargo" "+beta-2021-08-01" "metadata" "--manifest-path" "Cargo.toml" "--no-deps", kill_on_drop: false }`
[INFO] started tweaking git repo https://github.com/benediktwerner/btd-tower-placer
[INFO] finished tweaking git repo https://github.com/benediktwerner/btd-tower-placer
[INFO] tweaked toml for git repo https://github.com/benediktwerner/btd-tower-placer written to /workspace/builds/worker-31/source/Cargo.toml
[INFO] crate git repo https://github.com/benediktwerner/btd-tower-placer already has a lockfile, it will not be regenerated
[INFO] running `Command { std: "/workspace/cargo-home/bin/cargo" "+beta-2021-08-01" "fetch" "--manifest-path" "Cargo.toml", kill_on_drop: false }`
[INFO] [stderr]     Blocking waiting for file lock on package cache
[INFO] running `Command { std: "docker" "create" "-v" "/var/lib/crater-agent-workspace/builds/worker-31/target:/opt/rustwide/target:rw,Z" "-v" "/var/lib/crater-agent-workspace/builds/worker-31/source:/opt/rustwide/workdir:ro,Z" "-v" "/var/lib/crater-agent-workspace/cargo-home:/opt/rustwide/cargo-home:ro,Z" "-v" "/var/lib/crater-agent-workspace/rustup-home:/opt/rustwide/rustup-home:ro,Z" "-e" "SOURCE_DIR=/opt/rustwide/workdir" "-e" "CARGO_TARGET_DIR=/opt/rustwide/target" "-e" "CARGO_HOME=/opt/rustwide/cargo-home" "-e" "RUSTUP_HOME=/opt/rustwide/rustup-home" "-w" "/opt/rustwide/workdir" "-m" "1610612736" "--user" "0:0" "--network" "none" "ghcr.io/rust-lang/crates-build-env/linux@sha256:34b6a614d2c27851fe6cbf88fbd1137609cefab8b10d0615aaeb6fd47975d74e" "/opt/rustwide/cargo-home/bin/cargo" "+beta-2021-08-01" "metadata" "--no-deps" "--format-version=1", kill_on_drop: false }`
[INFO] [stdout] 33ddf260cb3003b926603d2d0d75d3ff33ba626c1c326ad7536df2e87d71c8a6
[INFO] running `Command { std: "docker" "start" "-a" "33ddf260cb3003b926603d2d0d75d3ff33ba626c1c326ad7536df2e87d71c8a6", kill_on_drop: false }`
[INFO] running `Command { std: "docker" "inspect" "33ddf260cb3003b926603d2d0d75d3ff33ba626c1c326ad7536df2e87d71c8a6", kill_on_drop: false }`
[INFO] running `Command { std: "docker" "rm" "-f" "33ddf260cb3003b926603d2d0d75d3ff33ba626c1c326ad7536df2e87d71c8a6", kill_on_drop: false }`
[INFO] [stdout] 33ddf260cb3003b926603d2d0d75d3ff33ba626c1c326ad7536df2e87d71c8a6
[INFO] running `Command { std: "docker" "create" "-v" "/var/lib/crater-agent-workspace/builds/worker-31/target:/opt/rustwide/target:rw,Z" "-v" "/var/lib/crater-agent-workspace/builds/worker-31/source:/opt/rustwide/workdir:ro,Z" "-v" "/var/lib/crater-agent-workspace/cargo-home:/opt/rustwide/cargo-home:ro,Z" "-v" "/var/lib/crater-agent-workspace/rustup-home:/opt/rustwide/rustup-home:ro,Z" "-e" "SOURCE_DIR=/opt/rustwide/workdir" "-e" "CARGO_TARGET_DIR=/opt/rustwide/target" "-e" "CARGO_INCREMENTAL=0" "-e" "RUST_BACKTRACE=full" "-e" "RUSTFLAGS=--cap-lints=warn" "-e" "CARGO_HOME=/opt/rustwide/cargo-home" "-e" "RUSTUP_HOME=/opt/rustwide/rustup-home" "-w" "/opt/rustwide/workdir" "-m" "1610612736" "--user" "0:0" "--network" "none" "ghcr.io/rust-lang/crates-build-env/linux@sha256:34b6a614d2c27851fe6cbf88fbd1137609cefab8b10d0615aaeb6fd47975d74e" "/opt/rustwide/cargo-home/bin/cargo" "+beta-2021-08-01" "build" "--frozen" "--message-format=json", kill_on_drop: false }`
[INFO] [stdout] c3d5769f37389383d3bd1038cfa2b0c043a2c286bbf4a9312702e9e9af1b221e
[INFO] running `Command { std: "docker" "start" "-a" "c3d5769f37389383d3bd1038cfa2b0c043a2c286bbf4a9312702e9e9af1b221e", kill_on_drop: false }`
[INFO] [stderr]     Blocking waiting for file lock on package cache
[INFO] [stderr]    Compiling winapi v0.3.9
[INFO] [stderr]    Compiling btd-tower-placer v0.1.0 (/opt/rustwide/workdir)
[INFO] [stdout] error[E0433]: failed to resolve: could not find `shared` in `winapi`
[INFO] [stdout]  --> src/input.rs:2:13
[INFO] [stdout]   |
[INFO] [stdout] 2 | use winapi::shared::{minwindef::DWORD, windef::POINT};
[INFO] [stdout]   |             ^^^^^^ could not find `shared` in `winapi`
[INFO] [stdout] 
[INFO] [stdout] 
[INFO] [stdout] error[E0432]: unresolved import `winapi::um`
[INFO] [stdout]  --> src/input.rs:3:13
[INFO] [stdout]   |
[INFO] [stdout] 3 | use winapi::um::winuser;
[INFO] [stdout]   |             ^^ could not find `um` in `winapi`
[INFO] [stdout] 
[INFO] [stdout] 
[INFO] [stdout] error[E0433]: failed to resolve: could not find `ctypes` in `winapi`
[INFO] [stdout]   --> src/input.rs:84:53
[INFO] [stdout]    |
[INFO] [stdout] 84 |     pub fn register_global_hotkey(self, id: winapi::ctypes::c_int) -> Result<RegisteredHotkey, ()> {
[INFO] [stdout]    |                                                     ^^^^^^ could not find `ctypes` in `winapi`
[INFO] [stdout] 
[INFO] [stdout] 
[INFO] [stdout] error[E0433]: failed to resolve: could not find `ctypes` in `winapi`
[INFO] [stdout]   --> src/input.rs:97:37
[INFO] [stdout]    |
[INFO] [stdout] 97 | pub struct RegisteredHotkey(winapi::ctypes::c_int);
[INFO] [stdout]    |                                     ^^^^^^ could not find `ctypes` in `winapi`
[INFO] [stdout] 
[INFO] [stdout] 
[INFO] [stdout] error[E0412]: cannot find type `DWORD` in this scope
[INFO] [stdout]   --> src/input.rs:39:35
[INFO] [stdout]    |
[INFO] [stdout] 39 | unsafe fn send_mouse_event(event: DWORD) {
[INFO] [stdout]    |                                   ^^^^^ not found in this scope
[INFO] [stdout] 
[INFO] [stdout] 
[INFO] [stdout] error[E0422]: cannot find struct, variant or union type `POINT` in this scope
[INFO] [stdout]   --> src/input.rs:52:25
[INFO] [stdout]    |
[INFO] [stdout] 52 |         let mut point = POINT { x: 0, y: 0 };
[INFO] [stdout]    |                         ^^^^^ not found in this scope
[INFO] [stdout] 
[INFO] [stdout] 
[INFO] [stdout] error: aborting due to 6 previous errors
[INFO] [stdout] 
[INFO] [stdout] 
[INFO] [stdout] Some errors have detailed explanations: E0412, E0422, E0432, E0433.
[INFO] [stdout] 
[INFO] [stdout] For more information about an error, try `rustc --explain E0412`.
[INFO] [stdout] 
[INFO] [stderr] error: could not compile `btd-tower-placer` due to 7 previous errors
[INFO] running `Command { std: "docker" "inspect" "c3d5769f37389383d3bd1038cfa2b0c043a2c286bbf4a9312702e9e9af1b221e", kill_on_drop: false }`
[INFO] running `Command { std: "docker" "rm" "-f" "c3d5769f37389383d3bd1038cfa2b0c043a2c286bbf4a9312702e9e9af1b221e", kill_on_drop: false }`
[INFO] [stdout] c3d5769f37389383d3bd1038cfa2b0c043a2c286bbf4a9312702e9e9af1b221e
