[INFO] cloning repository https://github.com/ben-wallis/win31dialog
[INFO] running `Command { std: "git" "-c" "credential.helper=" "-c" "credential.helper=/workspace/cargo-home/bin/git-credential-null" "clone" "--bare" "https://github.com/ben-wallis/win31dialog" "/workspace/cache/git-repos/https%3A%2F%2Fgithub.com%2Fben-wallis%2Fwin31dialog", kill_on_drop: false }`
[INFO] [stderr] Cloning into bare repository '/workspace/cache/git-repos/https%3A%2F%2Fgithub.com%2Fben-wallis%2Fwin31dialog'...
[INFO] running `Command { std: "git" "rev-parse" "HEAD", kill_on_drop: false }`
[INFO] [stdout] ad3dad798f083d5dc70fdfd156517b1a2078972c
[INFO] testing ben-wallis/win31dialog against 1.54.0 for beta-1.55-1
[INFO] running `Command { std: "git" "clone" "/workspace/cache/git-repos/https%3A%2F%2Fgithub.com%2Fben-wallis%2Fwin31dialog" "/workspace/builds/worker-52/source", kill_on_drop: false }`
[INFO] [stderr] Cloning into '/workspace/builds/worker-52/source'...
[INFO] [stderr] done.
[INFO] validating manifest of git repo https://github.com/ben-wallis/win31dialog on toolchain 1.54.0
[INFO] running `Command { std: "/workspace/cargo-home/bin/cargo" "+1.54.0" "metadata" "--manifest-path" "Cargo.toml" "--no-deps", kill_on_drop: false }`
[INFO] started tweaking git repo https://github.com/ben-wallis/win31dialog
[INFO] finished tweaking git repo https://github.com/ben-wallis/win31dialog
[INFO] tweaked toml for git repo https://github.com/ben-wallis/win31dialog written to /workspace/builds/worker-52/source/Cargo.toml
[INFO] crate git repo https://github.com/ben-wallis/win31dialog already has a lockfile, it will not be regenerated
[INFO] running `Command { std: "/workspace/cargo-home/bin/cargo" "+1.54.0" "fetch" "--manifest-path" "Cargo.toml", kill_on_drop: false }`
[INFO] [stderr]     Blocking waiting for file lock on package cache
[INFO] running `Command { std: "docker" "create" "-v" "/var/lib/crater-agent-workspace/builds/worker-52/target:/opt/rustwide/target:rw,Z" "-v" "/var/lib/crater-agent-workspace/builds/worker-52/source:/opt/rustwide/workdir:ro,Z" "-v" "/var/lib/crater-agent-workspace/cargo-home:/opt/rustwide/cargo-home:ro,Z" "-v" "/var/lib/crater-agent-workspace/rustup-home:/opt/rustwide/rustup-home:ro,Z" "-e" "SOURCE_DIR=/opt/rustwide/workdir" "-e" "CARGO_TARGET_DIR=/opt/rustwide/target" "-e" "CARGO_HOME=/opt/rustwide/cargo-home" "-e" "RUSTUP_HOME=/opt/rustwide/rustup-home" "-w" "/opt/rustwide/workdir" "-m" "1610612736" "--user" "0:0" "--network" "none" "ghcr.io/rust-lang/crates-build-env/linux@sha256:34b6a614d2c27851fe6cbf88fbd1137609cefab8b10d0615aaeb6fd47975d74e" "/opt/rustwide/cargo-home/bin/cargo" "+1.54.0" "metadata" "--no-deps" "--format-version=1", kill_on_drop: false }`
[INFO] [stdout] 6d91ac68cac911ddbfb035a3eac1d64f5a4879efc8720bea38869dc64334441d
[INFO] running `Command { std: "docker" "start" "-a" "6d91ac68cac911ddbfb035a3eac1d64f5a4879efc8720bea38869dc64334441d", kill_on_drop: false }`
[INFO] running `Command { std: "docker" "inspect" "6d91ac68cac911ddbfb035a3eac1d64f5a4879efc8720bea38869dc64334441d", kill_on_drop: false }`
[INFO] running `Command { std: "docker" "rm" "-f" "6d91ac68cac911ddbfb035a3eac1d64f5a4879efc8720bea38869dc64334441d", kill_on_drop: false }`
[INFO] [stdout] 6d91ac68cac911ddbfb035a3eac1d64f5a4879efc8720bea38869dc64334441d
[INFO] running `Command { std: "docker" "create" "-v" "/var/lib/crater-agent-workspace/builds/worker-52/target:/opt/rustwide/target:rw,Z" "-v" "/var/lib/crater-agent-workspace/builds/worker-52/source:/opt/rustwide/workdir:ro,Z" "-v" "/var/lib/crater-agent-workspace/cargo-home:/opt/rustwide/cargo-home:ro,Z" "-v" "/var/lib/crater-agent-workspace/rustup-home:/opt/rustwide/rustup-home:ro,Z" "-e" "SOURCE_DIR=/opt/rustwide/workdir" "-e" "CARGO_TARGET_DIR=/opt/rustwide/target" "-e" "CARGO_INCREMENTAL=0" "-e" "RUST_BACKTRACE=full" "-e" "RUSTFLAGS=--cap-lints=warn" "-e" "CARGO_HOME=/opt/rustwide/cargo-home" "-e" "RUSTUP_HOME=/opt/rustwide/rustup-home" "-w" "/opt/rustwide/workdir" "-m" "1610612736" "--user" "0:0" "--network" "none" "ghcr.io/rust-lang/crates-build-env/linux@sha256:34b6a614d2c27851fe6cbf88fbd1137609cefab8b10d0615aaeb6fd47975d74e" "/opt/rustwide/cargo-home/bin/cargo" "+1.54.0" "build" "--frozen" "--message-format=json", kill_on_drop: false }`
[INFO] [stdout] 82c27c06954fa7bee8beed9fbe07e66eba5cd939c5066d22d2101fcd307af0c3
[INFO] running `Command { std: "docker" "start" "-a" "82c27c06954fa7bee8beed9fbe07e66eba5cd939c5066d22d2101fcd307af0c3", kill_on_drop: false }`
[INFO] [stderr]     Blocking waiting for file lock on package cache
[INFO] [stderr]    Compiling winapi v0.3.8
[INFO] [stderr]    Compiling win31dialog v0.1.0 (/opt/rustwide/workdir)
[INFO] [stdout] error[E0433]: failed to resolve: could not find `shared` in `winapi`
[INFO] [stdout]  --> src/main.rs:5:5
[INFO] [stdout]   |
[INFO] [stdout] 5 |     shared::{
[INFO] [stdout]   |     ^^^^^^ could not find `shared` in `winapi`
[INFO] [stdout] 
[INFO] [stdout] 
[INFO] [stdout] error[E0433]: failed to resolve: could not find `um` in `winapi`
[INFO] [stdout]  --> src/main.rs:9:5
[INFO] [stdout]   |
[INFO] [stdout] 9 |     um::commdlg::{GetOpenFileNameW, OPENFILENAMEW, OFN_ALLOWMULTISELECT}
[INFO] [stdout]   |     ^^ could not find `um` in `winapi`
[INFO] [stdout] 
[INFO] [stdout] 
[INFO] [stdout] error[E0422]: cannot find struct, variant or union type `OPENFILENAMEW` in this scope
[INFO] [stdout]   --> src/main.rs:20:29
[INFO] [stdout]    |
[INFO] [stdout] 20 |     let mut openfilenamew = OPENFILENAMEW {
[INFO] [stdout]    |                             ^^^^^^^^^^^^^ not found in this scope
[INFO] [stdout] 
[INFO] [stdout] 
[INFO] [stdout] error[E0412]: cannot find type `OPENFILENAMEW` in this scope
[INFO] [stdout]   --> src/main.rs:21:32
[INFO] [stdout]    |
[INFO] [stdout] 21 |         lStructSize: size_of::<OPENFILENAMEW>() as u32,
[INFO] [stdout]    |                                ^^^^^^^^^^^^^ not found in this scope
[INFO] [stdout] 
[INFO] [stdout] 
[INFO] [stdout] error[E0412]: cannot find type `HWND` in this scope
[INFO] [stdout]   --> src/main.rs:22:25
[INFO] [stdout]    |
[INFO] [stdout] 22 |         hwndOwner: 0 as HWND, // TODO: owner
[INFO] [stdout]    |                         ^^^^ not found in this scope
[INFO] [stdout] 
[INFO] [stdout] 
[INFO] [stdout] error[E0412]: cannot find type `HINSTANCE` in this scope
[INFO] [stdout]   --> src/main.rs:23:25
[INFO] [stdout]    |
[INFO] [stdout] 23 |         hInstance: 0 as HINSTANCE,
[INFO] [stdout]    |                         ^^^^^^^^^ not found in this scope
[INFO] [stdout] 
[INFO] [stdout] 
[INFO] [stdout] error[E0425]: cannot find value `OFN_ALLOWMULTISELECT` in this scope
[INFO] [stdout]   --> src/main.rs:34:16
[INFO] [stdout]    |
[INFO] [stdout] 34 |         Flags: OFN_ALLOWMULTISELECT,
[INFO] [stdout]    |                ^^^^^^^^^^^^^^^^^^^^ not found in this scope
[INFO] [stdout] 
[INFO] [stdout] 
[INFO] [stdout] error[E0412]: cannot find type `LPVOID` in this scope
[INFO] [stdout]   --> src/main.rs:41:26
[INFO] [stdout]    |
[INFO] [stdout] 41 |         pvReserved: 0 as LPVOID,
[INFO] [stdout]    |                          ^^^^^^ not found in this scope
[INFO] [stdout] 
[INFO] [stdout] 
[INFO] [stdout] error[E0425]: cannot find function, tuple struct or tuple variant `GetOpenFileNameW` in this scope
[INFO] [stdout]   --> src/main.rs:46:14
[INFO] [stdout]    |
[INFO] [stdout] 46 |     unsafe { GetOpenFileNameW(&mut openfilenamew); }
[INFO] [stdout]    |              ^^^^^^^^^^^^^^^^ not found in this scope
[INFO] [stdout] 
[INFO] [stdout] 
[INFO] [stdout] error: aborting due to 9 previous errors
[INFO] [stdout] 
[INFO] [stdout] 
[INFO] [stdout] Some errors have detailed explanations: E0412, E0422, E0425, E0433.
[INFO] [stdout] 
[INFO] [stdout] For more information about an error, try `rustc --explain E0412`.
[INFO] [stdout] 
[INFO] [stderr] error: could not compile `win31dialog`
[INFO] [stderr] 
[INFO] [stderr] To learn more, run the command again with --verbose.
[INFO] running `Command { std: "docker" "inspect" "82c27c06954fa7bee8beed9fbe07e66eba5cd939c5066d22d2101fcd307af0c3", kill_on_drop: false }`
[INFO] running `Command { std: "docker" "rm" "-f" "82c27c06954fa7bee8beed9fbe07e66eba5cd939c5066d22d2101fcd307af0c3", kill_on_drop: false }`
[INFO] [stdout] 82c27c06954fa7bee8beed9fbe07e66eba5cd939c5066d22d2101fcd307af0c3
