[INFO] cloning repository https://github.com/beanmachine44/Floyd-Warshall
[INFO] running `Command { std: "git" "-c" "credential.helper=" "-c" "credential.helper=/workspace/cargo-home/bin/git-credential-null" "clone" "--bare" "https://github.com/beanmachine44/Floyd-Warshall" "/workspace/cache/git-repos/https%3A%2F%2Fgithub.com%2Fbeanmachine44%2FFloyd-Warshall", kill_on_drop: false }`
[INFO] [stderr] Cloning into bare repository '/workspace/cache/git-repos/https%3A%2F%2Fgithub.com%2Fbeanmachine44%2FFloyd-Warshall'...
[INFO] running `Command { std: "git" "rev-parse" "HEAD", kill_on_drop: false }`
[INFO] [stdout] ff83618f000ca5437b6eaef1a34484675e456c5f
[INFO] testing beanmachine44/Floyd-Warshall against 1.54.0 for beta-1.55-1
[INFO] running `Command { std: "git" "clone" "/workspace/cache/git-repos/https%3A%2F%2Fgithub.com%2Fbeanmachine44%2FFloyd-Warshall" "/workspace/builds/worker-65/source", kill_on_drop: false }`
[INFO] [stderr] Cloning into '/workspace/builds/worker-65/source'...
[INFO] [stderr] done.
[INFO] validating manifest of git repo https://github.com/beanmachine44/Floyd-Warshall on toolchain 1.54.0
[INFO] running `Command { std: "/workspace/cargo-home/bin/cargo" "+1.54.0" "metadata" "--manifest-path" "Cargo.toml" "--no-deps", kill_on_drop: false }`
[INFO] started tweaking git repo https://github.com/beanmachine44/Floyd-Warshall
[INFO] finished tweaking git repo https://github.com/beanmachine44/Floyd-Warshall
[INFO] tweaked toml for git repo https://github.com/beanmachine44/Floyd-Warshall written to /workspace/builds/worker-65/source/Cargo.toml
[INFO] crate git repo https://github.com/beanmachine44/Floyd-Warshall already has a lockfile, it will not be regenerated
[INFO] running `Command { std: "/workspace/cargo-home/bin/cargo" "+1.54.0" "fetch" "--manifest-path" "Cargo.toml", kill_on_drop: false }`
[INFO] [stderr]     Blocking waiting for file lock on package cache
[INFO] running `Command { std: "docker" "create" "-v" "/var/lib/crater-agent-workspace/builds/worker-65/target:/opt/rustwide/target:rw,Z" "-v" "/var/lib/crater-agent-workspace/builds/worker-65/source:/opt/rustwide/workdir:ro,Z" "-v" "/var/lib/crater-agent-workspace/cargo-home:/opt/rustwide/cargo-home:ro,Z" "-v" "/var/lib/crater-agent-workspace/rustup-home:/opt/rustwide/rustup-home:ro,Z" "-e" "SOURCE_DIR=/opt/rustwide/workdir" "-e" "CARGO_TARGET_DIR=/opt/rustwide/target" "-e" "CARGO_HOME=/opt/rustwide/cargo-home" "-e" "RUSTUP_HOME=/opt/rustwide/rustup-home" "-w" "/opt/rustwide/workdir" "-m" "1610612736" "--user" "0:0" "--network" "none" "ghcr.io/rust-lang/crates-build-env/linux@sha256:34b6a614d2c27851fe6cbf88fbd1137609cefab8b10d0615aaeb6fd47975d74e" "/opt/rustwide/cargo-home/bin/cargo" "+1.54.0" "metadata" "--no-deps" "--format-version=1", kill_on_drop: false }`
[INFO] [stdout] de318999b087e4dc269d31a46101d87d45ed8f5f0c80b96b5c6e9d7aed87de13
[INFO] running `Command { std: "docker" "start" "-a" "de318999b087e4dc269d31a46101d87d45ed8f5f0c80b96b5c6e9d7aed87de13", kill_on_drop: false }`
[INFO] running `Command { std: "docker" "inspect" "de318999b087e4dc269d31a46101d87d45ed8f5f0c80b96b5c6e9d7aed87de13", kill_on_drop: false }`
[INFO] running `Command { std: "docker" "rm" "-f" "de318999b087e4dc269d31a46101d87d45ed8f5f0c80b96b5c6e9d7aed87de13", kill_on_drop: false }`
[INFO] [stdout] de318999b087e4dc269d31a46101d87d45ed8f5f0c80b96b5c6e9d7aed87de13
[INFO] running `Command { std: "docker" "create" "-v" "/var/lib/crater-agent-workspace/builds/worker-65/target:/opt/rustwide/target:rw,Z" "-v" "/var/lib/crater-agent-workspace/builds/worker-65/source:/opt/rustwide/workdir:ro,Z" "-v" "/var/lib/crater-agent-workspace/cargo-home:/opt/rustwide/cargo-home:ro,Z" "-v" "/var/lib/crater-agent-workspace/rustup-home:/opt/rustwide/rustup-home:ro,Z" "-e" "SOURCE_DIR=/opt/rustwide/workdir" "-e" "CARGO_TARGET_DIR=/opt/rustwide/target" "-e" "CARGO_INCREMENTAL=0" "-e" "RUST_BACKTRACE=full" "-e" "RUSTFLAGS=--cap-lints=warn" "-e" "CARGO_HOME=/opt/rustwide/cargo-home" "-e" "RUSTUP_HOME=/opt/rustwide/rustup-home" "-w" "/opt/rustwide/workdir" "-m" "1610612736" "--user" "0:0" "--network" "none" "ghcr.io/rust-lang/crates-build-env/linux@sha256:34b6a614d2c27851fe6cbf88fbd1137609cefab8b10d0615aaeb6fd47975d74e" "/opt/rustwide/cargo-home/bin/cargo" "+1.54.0" "build" "--frozen" "--message-format=json", kill_on_drop: false }`
[INFO] [stdout] 614190d6dbb289302f654ef37661f05e5b9ab6e738e293599e4b05a2cac9dac4
[INFO] running `Command { std: "docker" "start" "-a" "614190d6dbb289302f654ef37661f05e5b9ab6e738e293599e4b05a2cac9dac4", kill_on_drop: false }`
[INFO] [stderr]     Blocking waiting for file lock on package cache
[INFO] [stderr]    Compiling Floyd-Warshall v0.0.1 (/opt/rustwide/workdir)
[INFO] [stdout] error: invalid suffix `u` for number literal
[INFO] [stdout]   --> src/main.rs:58:20
[INFO] [stdout]    |
[INFO] [stdout] 58 |     for v in range(0u, 6u) {
[INFO] [stdout]    |                    ^^ invalid suffix `u`
[INFO] [stdout]    |
[INFO] [stdout]    = help: the suffix must be one of the numeric types (`u32`, `isize`, `f32`, etc.)
[INFO] [stdout] 
[INFO] [stdout] 
[INFO] [stdout] error: invalid suffix `u` for number literal
[INFO] [stdout]   --> src/main.rs:58:24
[INFO] [stdout]    |
[INFO] [stdout] 58 |     for v in range(0u, 6u) {
[INFO] [stdout]    |                        ^^ invalid suffix `u`
[INFO] [stdout]    |
[INFO] [stdout]    = help: the suffix must be one of the numeric types (`u32`, `isize`, `f32`, etc.)
[INFO] [stdout] 
[INFO] [stdout] 
[INFO] [stdout] error: invalid suffix `u` for number literal
[INFO] [stdout]   --> src/main.rs:62:20
[INFO] [stdout]    |
[INFO] [stdout] 62 |     for k in range(0u, 6u) {
[INFO] [stdout]    |                    ^^ invalid suffix `u`
[INFO] [stdout]    |
[INFO] [stdout]    = help: the suffix must be one of the numeric types (`u32`, `isize`, `f32`, etc.)
[INFO] [stdout] 
[INFO] [stdout] 
[INFO] [stdout] error: invalid suffix `u` for number literal
[INFO] [stdout]   --> src/main.rs:62:24
[INFO] [stdout]    |
[INFO] [stdout] 62 |     for k in range(0u, 6u) {
[INFO] [stdout]    |                        ^^ invalid suffix `u`
[INFO] [stdout]    |
[INFO] [stdout]    = help: the suffix must be one of the numeric types (`u32`, `isize`, `f32`, etc.)
[INFO] [stdout] 
[INFO] [stdout] 
[INFO] [stdout] error: invalid suffix `u` for number literal
[INFO] [stdout]   --> src/main.rs:64:21
[INFO] [stdout]    |
[INFO] [stdout] 64 |         for i in range(0u, 6u) {
[INFO] [stdout]    |                        ^^ invalid suffix `u`
[INFO] [stdout]    |
[INFO] [stdout]    = help: the suffix must be one of the numeric types (`u32`, `isize`, `f32`, etc.)
[INFO] [stdout] 
[INFO] [stdout] 
[INFO] [stdout] error: invalid suffix `u` for number literal
[INFO] [stdout]   --> src/main.rs:64:25
[INFO] [stdout]    |
[INFO] [stdout] 64 |         for i in range(0u, 6u) {
[INFO] [stdout]    |                            ^^ invalid suffix `u`
[INFO] [stdout]    |
[INFO] [stdout]    = help: the suffix must be one of the numeric types (`u32`, `isize`, `f32`, etc.)
[INFO] [stdout] 
[INFO] [stdout] 
[INFO] [stdout] error: invalid suffix `u` for number literal
[INFO] [stdout]   --> src/main.rs:65:22
[INFO] [stdout]    |
[INFO] [stdout] 65 |             for j in range(0u, 6u) {
[INFO] [stdout]    |                            ^^ invalid suffix `u`
[INFO] [stdout]    |
[INFO] [stdout]    = help: the suffix must be one of the numeric types (`u32`, `isize`, `f32`, etc.)
[INFO] [stdout] 
[INFO] [stdout] 
[INFO] [stdout] error: invalid suffix `u` for number literal
[INFO] [stdout]   --> src/main.rs:65:26
[INFO] [stdout]    |
[INFO] [stdout] 65 |             for j in range(0u, 6u) {
[INFO] [stdout]    |                                ^^ invalid suffix `u`
[INFO] [stdout]    |
[INFO] [stdout]    = help: the suffix must be one of the numeric types (`u32`, `isize`, `f32`, etc.)
[INFO] [stdout] 
[INFO] [stdout] 
[INFO] [stdout] error: expected one of `.`, `;`, `?`, `}`, or an operator, found keyword `for`
[INFO] [stdout]   --> src/main.rs:74:7
[INFO] [stdout]    |
[INFO] [stdout] 72 |             print!("\t")
[INFO] [stdout]    |                         - expected one of `.`, `;`, `?`, `}`, or an operator
[INFO] [stdout] 73 | 
[INFO] [stdout] 74 |             for j in range(0u, 6u) {
[INFO] [stdout]    |             ^^^ unexpected token
[INFO] [stdout] 
[INFO] [stdout] 
[INFO] [stdout] error: expected one of `.`, `;`, `?`, `}`, or an operator, found keyword `for`
[INFO] [stdout]   --> src/main.rs:85:6
[INFO] [stdout]    |
[INFO] [stdout] 83 |         print!("\n\n")
[INFO] [stdout]    |                       - expected one of `.`, `;`, `?`, `}`, or an operator
[INFO] [stdout] 84 |         
[INFO] [stdout] 85 |         for i in range(0u, 6u) {
[INFO] [stdout]    |         ^^^ unexpected token
[INFO] [stdout] 
[INFO] [stdout] 
[INFO] [stdout] error: invalid suffix `u` for number literal
[INFO] [stdout]    --> src/main.rs:111:17
[INFO] [stdout]     |
[INFO] [stdout] 111 |     for i in range(0u, 6u) {
[INFO] [stdout]     |                    ^^ invalid suffix `u`
[INFO] [stdout]     |
[INFO] [stdout]     = help: the suffix must be one of the numeric types (`u32`, `isize`, `f32`, etc.)
[INFO] [stdout] 
[INFO] [stdout] 
[INFO] [stdout] error: invalid suffix `u` for number literal
[INFO] [stdout]    --> src/main.rs:111:21
[INFO] [stdout]     |
[INFO] [stdout] 111 |     for i in range(0u, 6u) {
[INFO] [stdout]     |                        ^^ invalid suffix `u`
[INFO] [stdout]     |
[INFO] [stdout]     = help: the suffix must be one of the numeric types (`u32`, `isize`, `f32`, etc.)
[INFO] [stdout] 
[INFO] [stdout] 
[INFO] [stdout] error: invalid suffix `u` for number literal
[INFO] [stdout]    --> src/main.rs:112:18
[INFO] [stdout]     |
[INFO] [stdout] 112 |         for j in range(0u, 6u) {
[INFO] [stdout]     |                        ^^ invalid suffix `u`
[INFO] [stdout]     |
[INFO] [stdout]     = help: the suffix must be one of the numeric types (`u32`, `isize`, `f32`, etc.)
[INFO] [stdout] 
[INFO] [stdout] 
[INFO] [stdout] error: invalid suffix `u` for number literal
[INFO] [stdout]    --> src/main.rs:112:22
[INFO] [stdout]     |
[INFO] [stdout] 112 |         for j in range(0u, 6u) {
[INFO] [stdout]     |                            ^^ invalid suffix `u`
[INFO] [stdout]     |
[INFO] [stdout]     = help: the suffix must be one of the numeric types (`u32`, `isize`, `f32`, etc.)
[INFO] [stdout] 
[INFO] [stdout] 
[INFO] [stdout] error: expected one of `.`, `;`, `?`, `}`, or an operator, found keyword `for`
[INFO] [stdout]    --> src/main.rs:121:3
[INFO] [stdout]     |
[INFO] [stdout] 119 |         print!("\t")
[INFO] [stdout]     |                     - expected one of `.`, `;`, `?`, `}`, or an operator
[INFO] [stdout] 120 | 
[INFO] [stdout] 121 |         for j in range(0u, 6u) {
[INFO] [stdout]     |         ^^^ unexpected token
[INFO] [stdout] 
[INFO] [stdout] 
[INFO] [stdout] error[E0412]: cannot find type `uint` in this scope
[INFO] [stdout]  --> src/main.rs:2:12
[INFO] [stdout]   |
[INFO] [stdout] 2 |     start: uint,
[INFO] [stdout]   |            ^^^^ not found in this scope
[INFO] [stdout] 
[INFO] [stdout] 
[INFO] [stdout] error[E0412]: cannot find type `uint` in this scope
[INFO] [stdout]  --> src/main.rs:3:10
[INFO] [stdout]   |
[INFO] [stdout] 3 |     end: uint,
[INFO] [stdout]   |          ^^^^ not found in this scope
[INFO] [stdout] 
[INFO] [stdout] 
[INFO] [stdout] error[E0412]: cannot find type `int` in this scope
[INFO] [stdout]  --> src/main.rs:4:13
[INFO] [stdout]   |
[INFO] [stdout] 4 |     weight: int
[INFO] [stdout]   |             ^^^
[INFO] [stdout]   |             |
[INFO] [stdout]   |             not found in this scope
[INFO] [stdout]   |             help: perhaps you intended to use this type: `i32`
[INFO] [stdout] 
[INFO] [stdout] 
[INFO] [stdout] error[E0412]: cannot find type `int` in this scope
[INFO] [stdout]  --> src/main.rs:8:12
[INFO] [stdout]   |
[INFO] [stdout] 8 |     Length(int),
[INFO] [stdout]   |            ^^^
[INFO] [stdout]   |            |
[INFO] [stdout]   |            not found in this scope
[INFO] [stdout]   |            help: perhaps you intended to use this type: `i32`
[INFO] [stdout] 
[INFO] [stdout] 
[INFO] [stdout] error[E0531]: cannot find tuple struct or tuple variant `Length` in this scope
[INFO] [stdout]   --> src/main.rs:16:4
[INFO] [stdout]    |
[INFO] [stdout] 16 |             Length(x) => {
[INFO] [stdout]    |             ^^^^^^ not found in this scope
[INFO] [stdout]    |
[INFO] [stdout] help: consider importing this tuple variant
[INFO] [stdout]    |
[INFO] [stdout] 1  | use Distance::Length;
[INFO] [stdout]    |
[INFO] [stdout] 
[INFO] [stdout] 
[INFO] [stdout] error[E0531]: cannot find tuple struct or tuple variant `Length` in this scope
[INFO] [stdout]   --> src/main.rs:18:6
[INFO] [stdout]    |
[INFO] [stdout] 18 |                     Length(y) => Length(x+y),
[INFO] [stdout]    |                     ^^^^^^ not found in this scope
[INFO] [stdout]    |
[INFO] [stdout] help: consider importing this tuple variant
[INFO] [stdout]    |
[INFO] [stdout] 1  | use Distance::Length;
[INFO] [stdout]    |
[INFO] [stdout] 
[INFO] [stdout] 
[INFO] [stdout] error[E0425]: cannot find function, tuple struct or tuple variant `Length` in this scope
[INFO] [stdout]   --> src/main.rs:18:19
[INFO] [stdout]    |
[INFO] [stdout] 18 |                     Length(y) => Length(x+y),
[INFO] [stdout]    |                                  ^^^^^^ not found in this scope
[INFO] [stdout]    |
[INFO] [stdout] help: consider importing this tuple variant
[INFO] [stdout]    |
[INFO] [stdout] 1  | use Distance::Length;
[INFO] [stdout]    |
[INFO] [stdout] 
[INFO] [stdout] 
[INFO] [stdout] error[E0412]: cannot find type `uint` in this scope
[INFO] [stdout]   --> src/main.rs:28:9
[INFO] [stdout]    |
[INFO] [stdout] 28 |     Vertex(uint),
[INFO] [stdout]    |            ^^^^ not found in this scope
[INFO] [stdout] 
[INFO] [stdout] 
[INFO] [stdout] error[E0425]: cannot find value `Infinity` in this scope
[INFO] [stdout]   --> src/main.rs:49:22
[INFO] [stdout]    |
[INFO] [stdout] 49 |     let mut dist = [[Infinity, ..6], ..6];
[INFO] [stdout]    |                      ^^^^^^^^ not found in this scope
[INFO] [stdout]    |
[INFO] [stdout] help: consider importing this unit variant
[INFO] [stdout]    |
[INFO] [stdout] 1  | use Distance::Infinity;
[INFO] [stdout]    |
[INFO] [stdout] 
[INFO] [stdout] 
[INFO] [stdout] error[E0425]: cannot find value `Null` in this scope
[INFO] [stdout]   --> src/main.rs:50:22
[INFO] [stdout]    |
[INFO] [stdout] 50 |     let mut pred = [[Null, ..6], ..6];
[INFO] [stdout]    |                      ^^^^ not found in this scope
[INFO] [stdout]    |
[INFO] [stdout] help: consider importing this unit variant
[INFO] [stdout]    |
[INFO] [stdout] 1  | use Vertex::Null;
[INFO] [stdout]    |
[INFO] [stdout] 
[INFO] [stdout] 
[INFO] [stdout] error[E0425]: cannot find function, tuple struct or tuple variant `Length` in this scope
[INFO] [stdout]   --> src/main.rs:54:43
[INFO] [stdout]    |
[INFO] [stdout] 54 |         dist[edge.start - 1][edge.end - 1] = Length(edge.weight);
[INFO] [stdout]    |                                              ^^^^^^ not found in this scope
[INFO] [stdout]    |
[INFO] [stdout] help: consider importing this tuple variant
[INFO] [stdout]    |
[INFO] [stdout] 1  | use Distance::Length;
[INFO] [stdout]    |
[INFO] [stdout] 
[INFO] [stdout] 
[INFO] [stdout] error[E0423]: expected function, tuple struct or tuple variant, found enum `Vertex`
[INFO] [stdout]   --> src/main.rs:55:43
[INFO] [stdout]    |
[INFO] [stdout] 55 |         pred[edge.start - 1][edge.end - 1] = Vertex(edge.start);
[INFO] [stdout]    |                                              ^^^^^^
[INFO] [stdout]    |
[INFO] [stdout]    = help: you might have meant to construct the enum's non-tuple variant
[INFO] [stdout] note: the enum is defined here
[INFO] [stdout]   --> src/main.rs:27:1
[INFO] [stdout]    |
[INFO] [stdout] 27 | / enum Vertex {
[INFO] [stdout] 28 | |     Vertex(uint),
[INFO] [stdout] 29 | |     Null
[INFO] [stdout] 30 | | }
[INFO] [stdout]    | |_^
[INFO] [stdout] help: try to construct one of the enum's variants
[INFO] [stdout]    |
[INFO] [stdout] 55 |         pred[edge.start - 1][edge.end - 1] = Vertex::Vertex(edge.start);
[INFO] [stdout]    |                                              ^^^^^^^^^^^^^^
[INFO] [stdout] help: consider importing this tuple variant instead
[INFO] [stdout]    |
[INFO] [stdout] 1  | use Vertex::Vertex;
[INFO] [stdout]    |
[INFO] [stdout] 
[INFO] [stdout] 
[INFO] [stdout] error[E0425]: cannot find function `range` in this scope
[INFO] [stdout]   --> src/main.rs:58:14
[INFO] [stdout]    |
[INFO] [stdout] 58 |     for v in range(0u, 6u) {
[INFO] [stdout]    |              ^^^^^ not found in this scope
[INFO] [stdout]    |
[INFO] [stdout] help: consider importing this function
[INFO] [stdout]    |
[INFO] [stdout] 1  | use std::slice::range;
[INFO] [stdout]    |
[INFO] [stdout] 
[INFO] [stdout] 
[INFO] [stdout] error[E0425]: cannot find function, tuple struct or tuple variant `Length` in this scope
[INFO] [stdout]   --> src/main.rs:59:19
[INFO] [stdout]    |
[INFO] [stdout] 59 |         dist[v][v] = Length(0);
[INFO] [stdout]    |                      ^^^^^^ not found in this scope
[INFO] [stdout]    |
[INFO] [stdout] help: consider importing this tuple variant
[INFO] [stdout]    |
[INFO] [stdout] 1  | use Distance::Length;
[INFO] [stdout]    |
[INFO] [stdout] 
[INFO] [stdout] 
[INFO] [stdout] error[E0425]: cannot find function `range` in this scope
[INFO] [stdout]   --> src/main.rs:62:14
[INFO] [stdout]    |
[INFO] [stdout] 62 |     for k in range(0u, 6u) {
[INFO] [stdout]    |              ^^^^^ not found in this scope
[INFO] [stdout]    |
[INFO] [stdout] help: consider importing this function
[INFO] [stdout]    |
[INFO] [stdout] 1  | use std::slice::range;
[INFO] [stdout]    |
[INFO] [stdout] 
[INFO] [stdout] 
[INFO] [stdout] error[E0425]: cannot find function `range` in this scope
[INFO] [stdout]   --> src/main.rs:64:15
[INFO] [stdout]    |
[INFO] [stdout] 64 |         for i in range(0u, 6u) {
[INFO] [stdout]    |                  ^^^^^ not found in this scope
[INFO] [stdout]    |
[INFO] [stdout] help: consider importing this function
[INFO] [stdout]    |
[INFO] [stdout] 1  | use std::slice::range;
[INFO] [stdout]    |
[INFO] [stdout] 
[INFO] [stdout] 
[INFO] [stdout] error[E0425]: cannot find function `range` in this scope
[INFO] [stdout]   --> src/main.rs:65:16
[INFO] [stdout]    |
[INFO] [stdout] 65 |             for j in range(0u, 6u) {
[INFO] [stdout]    |                      ^^^^^ not found in this scope
[INFO] [stdout]    |
[INFO] [stdout] help: consider importing this function
[INFO] [stdout]    |
[INFO] [stdout] 1  | use std::slice::range;
[INFO] [stdout]    |
[INFO] [stdout] 
[INFO] [stdout] 
[INFO] [stdout] error[E0531]: cannot find tuple struct or tuple variant `Length` in this scope
[INFO] [stdout]   --> src/main.rs:67:9
[INFO] [stdout]    |
[INFO] [stdout] 67 |                     Length(x) => print!("{}\t", x),
[INFO] [stdout]    |                     ^^^^^^ not found in this scope
[INFO] [stdout]    |
[INFO] [stdout] help: consider importing this tuple variant
[INFO] [stdout]    |
[INFO] [stdout] 1  | use Distance::Length;
[INFO] [stdout]    |
[INFO] [stdout] 
[INFO] [stdout] 
[INFO] [stdout] error[E0425]: cannot find function `range` in this scope
[INFO] [stdout]    --> src/main.rs:111:11
[INFO] [stdout]     |
[INFO] [stdout] 111 |     for i in range(0u, 6u) {
[INFO] [stdout]     |              ^^^^^ not found in this scope
[INFO] [stdout]     |
[INFO] [stdout] help: consider importing this function
[INFO] [stdout]     |
[INFO] [stdout] 1   | use std::slice::range;
[INFO] [stdout]     |
[INFO] [stdout] 
[INFO] [stdout] 
[INFO] [stdout] error[E0425]: cannot find function `range` in this scope
[INFO] [stdout]    --> src/main.rs:112:12
[INFO] [stdout]     |
[INFO] [stdout] 112 |         for j in range(0u, 6u) {
[INFO] [stdout]     |                  ^^^^^ not found in this scope
[INFO] [stdout]     |
[INFO] [stdout] help: consider importing this function
[INFO] [stdout]     |
[INFO] [stdout] 1   | use std::slice::range;
[INFO] [stdout]     |
[INFO] [stdout] 
[INFO] [stdout] 
[INFO] [stdout] error[E0531]: cannot find tuple struct or tuple variant `Length` in this scope
[INFO] [stdout]    --> src/main.rs:114:5
[INFO] [stdout]     |
[INFO] [stdout] 114 |                 Length(x) => print!("{}\t", x),
[INFO] [stdout]     |                 ^^^^^^ not found in this scope
[INFO] [stdout]     |
[INFO] [stdout] help: consider importing this tuple variant
[INFO] [stdout]     |
[INFO] [stdout] 1   | use Distance::Length;
[INFO] [stdout]     |
[INFO] [stdout] 
[INFO] [stdout] 
[INFO] [stdout] error: aborting due to 36 previous errors
[INFO] [stdout] 
[INFO] [stdout] 
[INFO] [stdout] Some errors have detailed explanations: E0412, E0423, E0425, E0531.
[INFO] [stdout] 
[INFO] [stdout] For more information about an error, try `rustc --explain E0412`.
[INFO] [stdout] 
[INFO] [stderr] error: could not compile `Floyd-Warshall`
[INFO] [stderr] 
[INFO] [stderr] To learn more, run the command again with --verbose.
[INFO] running `Command { std: "docker" "inspect" "614190d6dbb289302f654ef37661f05e5b9ab6e738e293599e4b05a2cac9dac4", kill_on_drop: false }`
[INFO] running `Command { std: "docker" "rm" "-f" "614190d6dbb289302f654ef37661f05e5b9ab6e738e293599e4b05a2cac9dac4", kill_on_drop: false }`
[INFO] [stdout] 614190d6dbb289302f654ef37661f05e5b9ab6e738e293599e4b05a2cac9dac4
