[INFO] cloning repository https://github.com/bbrener1/dylib_linking_test
[INFO] running `Command { std: "git" "-c" "credential.helper=" "-c" "credential.helper=/workspace/cargo-home/bin/git-credential-null" "clone" "--bare" "https://github.com/bbrener1/dylib_linking_test" "/workspace/cache/git-repos/https%3A%2F%2Fgithub.com%2Fbbrener1%2Fdylib_linking_test", kill_on_drop: false }`
[INFO] [stderr] Cloning into bare repository '/workspace/cache/git-repos/https%3A%2F%2Fgithub.com%2Fbbrener1%2Fdylib_linking_test'...
[INFO] running `Command { std: "git" "rev-parse" "HEAD", kill_on_drop: false }`
[INFO] [stdout] 94f98b27b66c237c99a490e3856421530c88991d
[INFO] testing bbrener1/dylib_linking_test against beta-2021-08-01 for beta-1.55-1
[INFO] running `Command { std: "git" "clone" "/workspace/cache/git-repos/https%3A%2F%2Fgithub.com%2Fbbrener1%2Fdylib_linking_test" "/workspace/builds/worker-30/source", kill_on_drop: false }`
[INFO] [stderr] Cloning into '/workspace/builds/worker-30/source'...
[INFO] [stderr] done.
[INFO] validating manifest of git repo https://github.com/bbrener1/dylib_linking_test on toolchain beta-2021-08-01
[INFO] running `Command { std: "/workspace/cargo-home/bin/cargo" "+beta-2021-08-01" "metadata" "--manifest-path" "Cargo.toml" "--no-deps", kill_on_drop: false }`
[INFO] started tweaking git repo https://github.com/bbrener1/dylib_linking_test
[INFO] finished tweaking git repo https://github.com/bbrener1/dylib_linking_test
[INFO] tweaked toml for git repo https://github.com/bbrener1/dylib_linking_test written to /workspace/builds/worker-30/source/Cargo.toml
[INFO] crate git repo https://github.com/bbrener1/dylib_linking_test already has a lockfile, it will not be regenerated
[INFO] running `Command { std: "/workspace/cargo-home/bin/cargo" "+beta-2021-08-01" "fetch" "--manifest-path" "Cargo.toml", kill_on_drop: false }`
[INFO] [stderr]     Blocking waiting for file lock on package cache
[INFO] [stderr]     Updating crates.io index
[INFO] [stderr]     Blocking waiting for file lock on package cache
[INFO] running `Command { std: "docker" "create" "-v" "/var/lib/crater-agent-workspace/builds/worker-30/target:/opt/rustwide/target:rw,Z" "-v" "/var/lib/crater-agent-workspace/builds/worker-30/source:/opt/rustwide/workdir:ro,Z" "-v" "/var/lib/crater-agent-workspace/cargo-home:/opt/rustwide/cargo-home:ro,Z" "-v" "/var/lib/crater-agent-workspace/rustup-home:/opt/rustwide/rustup-home:ro,Z" "-e" "SOURCE_DIR=/opt/rustwide/workdir" "-e" "CARGO_TARGET_DIR=/opt/rustwide/target" "-e" "CARGO_HOME=/opt/rustwide/cargo-home" "-e" "RUSTUP_HOME=/opt/rustwide/rustup-home" "-w" "/opt/rustwide/workdir" "-m" "1610612736" "--user" "0:0" "--network" "none" "ghcr.io/rust-lang/crates-build-env/linux@sha256:34b6a614d2c27851fe6cbf88fbd1137609cefab8b10d0615aaeb6fd47975d74e" "/opt/rustwide/cargo-home/bin/cargo" "+beta-2021-08-01" "metadata" "--no-deps" "--format-version=1", kill_on_drop: false }`
[INFO] [stdout] 5e68cbf2b154909e125c427c019d19e8fc72e576d84a4cf0e2ddbc5fa600cedf
[INFO] running `Command { std: "docker" "start" "-a" "5e68cbf2b154909e125c427c019d19e8fc72e576d84a4cf0e2ddbc5fa600cedf", kill_on_drop: false }`
[INFO] running `Command { std: "docker" "inspect" "5e68cbf2b154909e125c427c019d19e8fc72e576d84a4cf0e2ddbc5fa600cedf", kill_on_drop: false }`
[INFO] running `Command { std: "docker" "rm" "-f" "5e68cbf2b154909e125c427c019d19e8fc72e576d84a4cf0e2ddbc5fa600cedf", kill_on_drop: false }`
[INFO] [stdout] 5e68cbf2b154909e125c427c019d19e8fc72e576d84a4cf0e2ddbc5fa600cedf
[INFO] running `Command { std: "docker" "create" "-v" "/var/lib/crater-agent-workspace/builds/worker-30/target:/opt/rustwide/target:rw,Z" "-v" "/var/lib/crater-agent-workspace/builds/worker-30/source:/opt/rustwide/workdir:ro,Z" "-v" "/var/lib/crater-agent-workspace/cargo-home:/opt/rustwide/cargo-home:ro,Z" "-v" "/var/lib/crater-agent-workspace/rustup-home:/opt/rustwide/rustup-home:ro,Z" "-e" "SOURCE_DIR=/opt/rustwide/workdir" "-e" "CARGO_TARGET_DIR=/opt/rustwide/target" "-e" "CARGO_INCREMENTAL=0" "-e" "RUST_BACKTRACE=full" "-e" "RUSTFLAGS=--cap-lints=warn" "-e" "CARGO_HOME=/opt/rustwide/cargo-home" "-e" "RUSTUP_HOME=/opt/rustwide/rustup-home" "-w" "/opt/rustwide/workdir" "-m" "1610612736" "--user" "0:0" "--network" "none" "ghcr.io/rust-lang/crates-build-env/linux@sha256:34b6a614d2c27851fe6cbf88fbd1137609cefab8b10d0615aaeb6fd47975d74e" "/opt/rustwide/cargo-home/bin/cargo" "+beta-2021-08-01" "build" "--frozen" "--message-format=json", kill_on_drop: false }`
[INFO] [stdout] 83b3b310dd5ced86b1079d1b1f2e98a7a1c3402164cd29cff2792325b578e7c7
[INFO] running `Command { std: "docker" "start" "-a" "83b3b310dd5ced86b1079d1b1f2e98a7a1c3402164cd29cff2792325b578e7c7", kill_on_drop: false }`
[INFO] [stderr]     Blocking waiting for file lock on package cache
[INFO] [stderr]    Compiling libc v0.2.98
[INFO] [stderr]    Compiling cc v1.0.69
[INFO] [stderr]    Compiling pkg-config v0.3.19
[INFO] [stderr]    Compiling autocfg v0.1.7
[INFO] [stderr]    Compiling memchr v2.4.0
[INFO] [stderr]    Compiling syn v1.0.74
[INFO] [stderr]    Compiling proc-macro2 v0.4.20
[INFO] [stderr]    Compiling failure_derive v0.1.8
[INFO] [stderr]    Compiling gimli v0.25.0
[INFO] [stderr]    Compiling num-traits v0.2.6
[INFO] [stderr]    Compiling adler v1.0.2
[INFO] [stderr]    Compiling unicode-xid v0.1.0
[INFO] [stderr]    Compiling rustc-demangle v0.1.20
[INFO] [stderr]    Compiling curl v0.4.35
[INFO] [stderr]    Compiling num-complex v0.2.1
[INFO] [stderr]    Compiling matrixmultiply v0.1.14
[INFO] [stderr]    Compiling openssl-probe v0.1.4
[INFO] [stderr]    Compiling rand_core v0.4.2
[INFO] [stderr]    Compiling rawpointer v0.1.0
[INFO] [stderr]    Compiling either v1.5.0
[INFO] [stderr]    Compiling ndarray v0.12.0
[INFO] [stderr]    Compiling blas-src v0.2.1
[INFO] [stderr]    Compiling miniz_oxide v0.4.4
[INFO] [stderr]    Compiling rand_core v0.2.2
[INFO] [stderr]    Compiling itertools v0.7.8
[INFO] [stderr]    Compiling rand_jitter v0.1.4
[INFO] [stderr]    Compiling rand_pcg v0.1.2
[INFO] [stderr]    Compiling rand_chacha v0.1.1
[INFO] [stderr]    Compiling rand v0.6.5
[INFO] [stderr]    Compiling openssl-sys v0.9.65
[INFO] [stderr]    Compiling libz-sys v1.1.3
[INFO] [stderr]    Compiling curl-sys v0.4.45+curl-7.78.0
[INFO] [stderr]    Compiling backtrace v0.3.61
[INFO] [stderr]    Compiling lzma-sys v0.1.17
[INFO] [stderr]    Compiling addr2line v0.16.0
[INFO] [stderr]    Compiling object v0.26.0
[INFO] [stderr]    Compiling quote v0.6.8
[INFO] [stderr]    Compiling filetime v0.2.13
[INFO] [stderr]    Compiling socket2 v0.3.19
[INFO] [stderr]    Compiling xattr v0.2.2
[INFO] [stderr]    Compiling lapacke-sys v0.1.4
[INFO] [stderr]    Compiling cblas-sys v0.1.4
[INFO] [stderr]    Compiling rand_os v0.1.3
[INFO] [stderr]    Compiling rand v0.5.5
[INFO] [stderr]    Compiling syn v0.14.9
[INFO] [stderr]    Compiling xz2 v0.1.6
[INFO] [stderr]    Compiling tar v0.4.35
[INFO] [stderr]    Compiling lapacke v0.2.0
[INFO] [stdout] error[E0277]: the trait bound `Hc128Core: BlockRngCore` is not satisfied
[INFO] [stdout]   --> /opt/rustwide/cargo-home/registry/src/github.com-1ecc6299db9ec823/rand-0.6.5/src/rngs/thread.rs:73:15
[INFO] [stdout]    |
[INFO] [stdout] 73 |     rng: *mut ReseedingRng<Hc128Core, EntropyRng>,
[INFO] [stdout]    |               ^^^^^^^^^^^^^^^^^^^^^^^^^^^^^^^^^^^ the trait `BlockRngCore` is not implemented for `Hc128Core`
[INFO] [stdout]    | 
[INFO] [stdout]   ::: /opt/rustwide/cargo-home/registry/src/github.com-1ecc6299db9ec823/rand-0.6.5/src/rngs/adapter/reseeding.rs:88:12
[INFO] [stdout]    |
[INFO] [stdout] 88 | pub struct ReseedingRng<R, Rsdr>(BlockRng<ReseedingCore<R, Rsdr>>)
[INFO] [stdout]    |            ------------ required by a bound in this
[INFO] [stdout] 89 | where R: BlockRngCore + SeedableRng,
[INFO] [stdout]    |          ------------ required by this bound in `reseeding::ReseedingRng`
[INFO] [stdout] 
[INFO] [stdout] 
[INFO] [stdout] error[E0277]: the trait bound `Hc128Core: SeedableRng` is not satisfied
[INFO] [stdout]   --> /opt/rustwide/cargo-home/registry/src/github.com-1ecc6299db9ec823/rand-0.6.5/src/rngs/thread.rs:73:15
[INFO] [stdout]    |
[INFO] [stdout] 73 |     rng: *mut ReseedingRng<Hc128Core, EntropyRng>,
[INFO] [stdout]    |               ^^^^^^^^^^^^^^^^^^^^^^^^^^^^^^^^^^^ the trait `SeedableRng` is not implemented for `Hc128Core`
[INFO] [stdout]    | 
[INFO] [stdout]   ::: /opt/rustwide/cargo-home/registry/src/github.com-1ecc6299db9ec823/rand-0.6.5/src/rngs/adapter/reseeding.rs:88:12
[INFO] [stdout]    |
[INFO] [stdout] 88 | pub struct ReseedingRng<R, Rsdr>(BlockRng<ReseedingCore<R, Rsdr>>)
[INFO] [stdout]    |            ------------ required by a bound in this
[INFO] [stdout] 89 | where R: BlockRngCore + SeedableRng,
[INFO] [stdout]    |                         ----------- required by this bound in `reseeding::ReseedingRng`
[INFO] [stdout] 
[INFO] [stdout] 
[INFO] [stdout] error[E0277]: the trait bound `Hc128Core: BlockRngCore` is not satisfied
[INFO] [stdout]   --> /opt/rustwide/cargo-home/registry/src/github.com-1ecc6299db9ec823/rand-0.6.5/src/rngs/thread.rs:77:39
[INFO] [stdout]    |
[INFO] [stdout] 77 |     static THREAD_RNG_KEY: UnsafeCell<ReseedingRng<Hc128Core, EntropyRng>> = {
[INFO] [stdout]    |                                       ^^^^^^^^^^^^^^^^^^^^^^^^^^^^^^^^^^^ the trait `BlockRngCore` is not implemented for `Hc128Core`
[INFO] [stdout]    | 
[INFO] [stdout]   ::: /opt/rustwide/cargo-home/registry/src/github.com-1ecc6299db9ec823/rand-0.6.5/src/rngs/adapter/reseeding.rs:88:12
[INFO] [stdout]    |
[INFO] [stdout] 88 | pub struct ReseedingRng<R, Rsdr>(BlockRng<ReseedingCore<R, Rsdr>>)
[INFO] [stdout]    |            ------------ required by a bound in this
[INFO] [stdout] 89 | where R: BlockRngCore + SeedableRng,
[INFO] [stdout]    |          ------------ required by this bound in `reseeding::ReseedingRng`
[INFO] [stdout] 
[INFO] [stdout] 
[INFO] [stdout] error[E0277]: the trait bound `Hc128Core: SeedableRng` is not satisfied
[INFO] [stdout]   --> /opt/rustwide/cargo-home/registry/src/github.com-1ecc6299db9ec823/rand-0.6.5/src/rngs/thread.rs:77:39
[INFO] [stdout]    |
[INFO] [stdout] 77 |     static THREAD_RNG_KEY: UnsafeCell<ReseedingRng<Hc128Core, EntropyRng>> = {
[INFO] [stdout]    |                                       ^^^^^^^^^^^^^^^^^^^^^^^^^^^^^^^^^^^ the trait `SeedableRng` is not implemented for `Hc128Core`
[INFO] [stdout]    | 
[INFO] [stdout]   ::: /opt/rustwide/cargo-home/registry/src/github.com-1ecc6299db9ec823/rand-0.6.5/src/rngs/adapter/reseeding.rs:88:12
[INFO] [stdout]    |
[INFO] [stdout] 88 | pub struct ReseedingRng<R, Rsdr>(BlockRng<ReseedingCore<R, Rsdr>>)
[INFO] [stdout]    |            ------------ required by a bound in this
[INFO] [stdout] 89 | where R: BlockRngCore + SeedableRng,
[INFO] [stdout]    |                         ----------- required by this bound in `reseeding::ReseedingRng`
[INFO] [stdout] 
[INFO] [stdout] 
[INFO] [stdout] error[E0277]: the trait bound `Hc128Core: BlockRngCore` is not satisfied
[INFO] [stdout]   --> /opt/rustwide/cargo-home/registry/src/github.com-1ecc6299db9ec823/rand-0.6.5/src/rngs/thread.rs:77:28
[INFO] [stdout]    |
[INFO] [stdout] 77 |     static THREAD_RNG_KEY: UnsafeCell<ReseedingRng<Hc128Core, EntropyRng>> = {
[INFO] [stdout]    |                            ^^^^^^^^^^^^^^^^^^^^^^^^^^^^^^^^^^^^^^^^^^^^^^^ the trait `BlockRngCore` is not implemented for `Hc128Core`
[INFO] [stdout]    | 
[INFO] [stdout]   ::: /opt/rustwide/cargo-home/registry/src/github.com-1ecc6299db9ec823/rand-0.6.5/src/rngs/adapter/reseeding.rs:88:12
[INFO] [stdout]    |
[INFO] [stdout] 88 | pub struct ReseedingRng<R, Rsdr>(BlockRng<ReseedingCore<R, Rsdr>>)
[INFO] [stdout]    |            ------------ required by a bound in this
[INFO] [stdout] 89 | where R: BlockRngCore + SeedableRng,
[INFO] [stdout]    |          ------------ required by this bound in `reseeding::ReseedingRng`
[INFO] [stdout] 
[INFO] [stdout] 
[INFO] [stdout] error[E0277]: the trait bound `Hc128Core: SeedableRng` is not satisfied
[INFO] [stdout]   --> /opt/rustwide/cargo-home/registry/src/github.com-1ecc6299db9ec823/rand-0.6.5/src/rngs/thread.rs:77:28
[INFO] [stdout]    |
[INFO] [stdout] 77 |     static THREAD_RNG_KEY: UnsafeCell<ReseedingRng<Hc128Core, EntropyRng>> = {
[INFO] [stdout]    |                            ^^^^^^^^^^^^^^^^^^^^^^^^^^^^^^^^^^^^^^^^^^^^^^^ the trait `SeedableRng` is not implemented for `Hc128Core`
[INFO] [stdout]    | 
[INFO] [stdout]   ::: /opt/rustwide/cargo-home/registry/src/github.com-1ecc6299db9ec823/rand-0.6.5/src/rngs/adapter/reseeding.rs:88:12
[INFO] [stdout]    |
[INFO] [stdout] 88 | pub struct ReseedingRng<R, Rsdr>(BlockRng<ReseedingCore<R, Rsdr>>)
[INFO] [stdout]    |            ------------ required by a bound in this
[INFO] [stdout] 89 | where R: BlockRngCore + SeedableRng,
[INFO] [stdout]    |                         ----------- required by this bound in `reseeding::ReseedingRng`
[INFO] [stdout] 
[INFO] [stdout] 
[INFO] [stdout] error[E0277]: the trait bound `Hc128Core: BlockRngCore` is not satisfied
[INFO] [stdout]   --> /opt/rustwide/cargo-home/registry/src/github.com-1ecc6299db9ec823/rand-0.6.5/src/rngs/thread.rs:76:1
[INFO] [stdout]    |
[INFO] [stdout] 76 | / thread_local!(
[INFO] [stdout] 77 | |     static THREAD_RNG_KEY: UnsafeCell<ReseedingRng<Hc128Core, EntropyRng>> = {
[INFO] [stdout] 78 | |         let mut entropy_source = EntropyRng::new();
[INFO] [stdout] 79 | |         let r = Hc128Core::from_rng(&mut entropy_source).unwrap_or_else(|err|
[INFO] [stdout] ...  |
[INFO] [stdout] 85 | |     }
[INFO] [stdout] 86 | | );
[INFO] [stdout]    | |__^ the trait `BlockRngCore` is not implemented for `Hc128Core`
[INFO] [stdout]    | 
[INFO] [stdout]   ::: /opt/rustwide/cargo-home/registry/src/github.com-1ecc6299db9ec823/rand-0.6.5/src/rngs/adapter/reseeding.rs:88:12
[INFO] [stdout]    |
[INFO] [stdout] 88 |   pub struct ReseedingRng<R, Rsdr>(BlockRng<ReseedingCore<R, Rsdr>>)
[INFO] [stdout]    |              ------------ required by a bound in this
[INFO] [stdout] 89 |   where R: BlockRngCore + SeedableRng,
[INFO] [stdout]    |            ------------ required by this bound in `reseeding::ReseedingRng`
[INFO] [stdout]    |
[INFO] [stdout]    = note: this error originates in the macro `$crate::__thread_local_inner` (in Nightly builds, run with -Z macro-backtrace for more info)
[INFO] [stdout] 
[INFO] [stdout] 
[INFO] [stdout] error[E0277]: the trait bound `Hc128Core: SeedableRng` is not satisfied
[INFO] [stdout]   --> /opt/rustwide/cargo-home/registry/src/github.com-1ecc6299db9ec823/rand-0.6.5/src/rngs/thread.rs:76:1
[INFO] [stdout]    |
[INFO] [stdout] 76 | / thread_local!(
[INFO] [stdout] 77 | |     static THREAD_RNG_KEY: UnsafeCell<ReseedingRng<Hc128Core, EntropyRng>> = {
[INFO] [stdout] 78 | |         let mut entropy_source = EntropyRng::new();
[INFO] [stdout] 79 | |         let r = Hc128Core::from_rng(&mut entropy_source).unwrap_or_else(|err|
[INFO] [stdout] ...  |
[INFO] [stdout] 85 | |     }
[INFO] [stdout] 86 | | );
[INFO] [stdout]    | |__^ the trait `SeedableRng` is not implemented for `Hc128Core`
[INFO] [stdout]    | 
[INFO] [stdout]   ::: /opt/rustwide/cargo-home/registry/src/github.com-1ecc6299db9ec823/rand-0.6.5/src/rngs/adapter/reseeding.rs:88:12
[INFO] [stdout]    |
[INFO] [stdout] 88 |   pub struct ReseedingRng<R, Rsdr>(BlockRng<ReseedingCore<R, Rsdr>>)
[INFO] [stdout]    |              ------------ required by a bound in this
[INFO] [stdout] 89 |   where R: BlockRngCore + SeedableRng,
[INFO] [stdout]    |                           ----------- required by this bound in `reseeding::ReseedingRng`
[INFO] [stdout]    |
[INFO] [stdout]    = note: this error originates in the macro `$crate::__thread_local_inner` (in Nightly builds, run with -Z macro-backtrace for more info)
[INFO] [stdout] 
[INFO] [stdout] 
[INFO] [stdout] error[E0277]: the trait bound `rand_hc::Hc128Rng: SeedableRng` is not satisfied
[INFO] [stdout]    --> /opt/rustwide/cargo-home/registry/src/github.com-1ecc6299db9ec823/rand-0.6.5/src/rngs/std.rs:56:17
[INFO] [stdout]     |
[INFO] [stdout] 56  |     type Seed = <Hc128Rng as SeedableRng>::Seed;
[INFO] [stdout]     |                 ^^^^^^^^^^^^^^^^^^^^^^^^^^^^^^^ the trait `SeedableRng` is not implemented for `rand_hc::Hc128Rng`
[INFO] [stdout]     | 
[INFO] [stdout]    ::: /opt/rustwide/cargo-home/registry/src/github.com-1ecc6299db9ec823/rand_core-0.4.2/src/lib.rs:221:1
[INFO] [stdout]     |
[INFO] [stdout] 221 | pub trait SeedableRng: Sized {
[INFO] [stdout]     | ---------------------------- required by this bound in `SeedableRng`
[INFO] [stdout] 
[INFO] [stdout] 
[INFO] [stdout] error[E0277]: the trait bound `rand_hc::Hc128Rng: SeedableRng` is not satisfied
[INFO] [stdout]   --> /opt/rustwide/cargo-home/registry/src/github.com-1ecc6299db9ec823/rand-0.6.5/src/rngs/std.rs:58:8
[INFO] [stdout]    |
[INFO] [stdout] 58 |     fn from_seed(seed: Self::Seed) -> Self {
[INFO] [stdout]    |        ^^^^^^^^^ the trait `SeedableRng` is not implemented for `rand_hc::Hc128Rng`
[INFO] [stdout] 
[INFO] [stdout] 
[INFO] [stdout] error[E0277]: the trait bound `rand_isaac::IsaacRng: SeedableRng` is not satisfied
[INFO] [stdout]    --> /opt/rustwide/cargo-home/registry/src/github.com-1ecc6299db9ec823/rand-0.6.5/src/deprecated.rs:51:17
[INFO] [stdout]     |
[INFO] [stdout] 51  |     type Seed = <rand_isaac::IsaacRng as SeedableRng>::Seed;
[INFO] [stdout]     |                 ^^^^^^^^^^^^^^^^^^^^^^^^^^^^^^^^^^^^^^^^^^^ the trait `SeedableRng` is not implemented for `rand_isaac::IsaacRng`
[INFO] [stdout]     | 
[INFO] [stdout]    ::: /opt/rustwide/cargo-home/registry/src/github.com-1ecc6299db9ec823/rand_core-0.4.2/src/lib.rs:221:1
[INFO] [stdout]     |
[INFO] [stdout] 221 | pub trait SeedableRng: Sized {
[INFO] [stdout]     | ---------------------------- required by this bound in `SeedableRng`
[INFO] [stdout] 
[INFO] [stdout] 
[INFO] [stdout] error[E0277]: the trait bound `rand_isaac::IsaacRng: SeedableRng` is not satisfied
[INFO] [stdout]   --> /opt/rustwide/cargo-home/registry/src/github.com-1ecc6299db9ec823/rand-0.6.5/src/deprecated.rs:53:8
[INFO] [stdout]    |
[INFO] [stdout] 53 |     fn from_seed(seed: Self::Seed) -> Self {
[INFO] [stdout]    |        ^^^^^^^^^ the trait `SeedableRng` is not implemented for `rand_isaac::IsaacRng`
[INFO] [stdout] 
[INFO] [stdout] 
[INFO] [stdout] error[E0277]: the trait bound `rand_isaac::Isaac64Rng: SeedableRng` is not satisfied
[INFO] [stdout]    --> /opt/rustwide/cargo-home/registry/src/github.com-1ecc6299db9ec823/rand-0.6.5/src/deprecated.rs:97:17
[INFO] [stdout]     |
[INFO] [stdout] 97  |     type Seed = <rand_isaac::Isaac64Rng as SeedableRng>::Seed;
[INFO] [stdout]     |                 ^^^^^^^^^^^^^^^^^^^^^^^^^^^^^^^^^^^^^^^^^^^^^ the trait `SeedableRng` is not implemented for `rand_isaac::Isaac64Rng`
[INFO] [stdout]     | 
[INFO] [stdout]    ::: /opt/rustwide/cargo-home/registry/src/github.com-1ecc6299db9ec823/rand_core-0.4.2/src/lib.rs:221:1
[INFO] [stdout]     |
[INFO] [stdout] 221 | pub trait SeedableRng: Sized {
[INFO] [stdout]     | ---------------------------- required by this bound in `SeedableRng`
[INFO] [stdout] 
[INFO] [stdout] 
[INFO] [stdout] error[E0277]: the trait bound `rand_isaac::Isaac64Rng: SeedableRng` is not satisfied
[INFO] [stdout]   --> /opt/rustwide/cargo-home/registry/src/github.com-1ecc6299db9ec823/rand-0.6.5/src/deprecated.rs:99:8
[INFO] [stdout]    |
[INFO] [stdout] 99 |     fn from_seed(seed: Self::Seed) -> Self {
[INFO] [stdout]    |        ^^^^^^^^^ the trait `SeedableRng` is not implemented for `rand_isaac::Isaac64Rng`
[INFO] [stdout] 
[INFO] [stdout] 
[INFO] [stdout] error[E0277]: the trait bound `rand_chacha::ChaChaRng: SeedableRng` is not satisfied
[INFO] [stdout]    --> /opt/rustwide/cargo-home/registry/src/github.com-1ecc6299db9ec823/rand-0.6.5/src/deprecated.rs:142:17
[INFO] [stdout]     |
[INFO] [stdout] 142 |     type Seed = <rand_chacha::ChaChaRng as SeedableRng>::Seed;
[INFO] [stdout]     |                 ^^^^^^^^^^^^^^^^^^^^^^^^^^^^^^^^^^^^^^^^^^^^^ the trait `SeedableRng` is not implemented for `rand_chacha::ChaChaRng`
[INFO] [stdout]     | 
[INFO] [stdout]    ::: /opt/rustwide/cargo-home/registry/src/github.com-1ecc6299db9ec823/rand_core-0.4.2/src/lib.rs:221:1
[INFO] [stdout]     |
[INFO] [stdout] 221 | pub trait SeedableRng: Sized {
[INFO] [stdout]     | ---------------------------- required by this bound in `SeedableRng`
[INFO] [stdout] 
[INFO] [stdout] 
[INFO] [stdout] error[E0277]: the trait bound `rand_chacha::ChaChaRng: SeedableRng` is not satisfied
[INFO] [stdout]    --> /opt/rustwide/cargo-home/registry/src/github.com-1ecc6299db9ec823/rand-0.6.5/src/deprecated.rs:144:8
[INFO] [stdout]     |
[INFO] [stdout] 144 |     fn from_seed(seed: Self::Seed) -> Self {
[INFO] [stdout]     |        ^^^^^^^^^ the trait `SeedableRng` is not implemented for `rand_chacha::ChaChaRng`
[INFO] [stdout] 
[INFO] [stdout] 
[INFO] [stdout] error[E0277]: the trait bound `rand_hc::Hc128Rng: SeedableRng` is not satisfied
[INFO] [stdout]    --> /opt/rustwide/cargo-home/registry/src/github.com-1ecc6299db9ec823/rand-0.6.5/src/deprecated.rs:199:17
[INFO] [stdout]     |
[INFO] [stdout] 199 |     type Seed = <rand_hc::Hc128Rng as SeedableRng>::Seed;
[INFO] [stdout]     |                 ^^^^^^^^^^^^^^^^^^^^^^^^^^^^^^^^^^^^^^^^ the trait `SeedableRng` is not implemented for `rand_hc::Hc128Rng`
[INFO] [stdout]     | 
[INFO] [stdout]    ::: /opt/rustwide/cargo-home/registry/src/github.com-1ecc6299db9ec823/rand_core-0.4.2/src/lib.rs:221:1
[INFO] [stdout]     |
[INFO] [stdout] 221 | pub trait SeedableRng: Sized {
[INFO] [stdout]     | ---------------------------- required by this bound in `SeedableRng`
[INFO] [stdout] 
[INFO] [stdout] 
[INFO] [stdout] error[E0277]: the trait bound `rand_hc::Hc128Rng: SeedableRng` is not satisfied
[INFO] [stdout]    --> /opt/rustwide/cargo-home/registry/src/github.com-1ecc6299db9ec823/rand-0.6.5/src/deprecated.rs:201:8
[INFO] [stdout]     |
[INFO] [stdout] 201 |     fn from_seed(seed: Self::Seed) -> Self {
[INFO] [stdout]     |        ^^^^^^^^^ the trait `SeedableRng` is not implemented for `rand_hc::Hc128Rng`
[INFO] [stdout] 
[INFO] [stdout] 
[INFO] [stdout] error[E0277]: the trait bound `rand_xorshift::XorShiftRng: SeedableRng` is not satisfied
[INFO] [stdout]    --> /opt/rustwide/cargo-home/registry/src/github.com-1ecc6299db9ec823/rand-0.6.5/src/deprecated.rs:240:17
[INFO] [stdout]     |
[INFO] [stdout] 240 |     type Seed = <::rand_xorshift::XorShiftRng as SeedableRng>::Seed;
[INFO] [stdout]     |                 ^^^^^^^^^^^^^^^^^^^^^^^^^^^^^^^^^^^^^^^^^^^^^^^^^^^ the trait `SeedableRng` is not implemented for `rand_xorshift::XorShiftRng`
[INFO] [stdout]     | 
[INFO] [stdout]    ::: /opt/rustwide/cargo-home/registry/src/github.com-1ecc6299db9ec823/rand_core-0.4.2/src/lib.rs:221:1
[INFO] [stdout]     |
[INFO] [stdout] 221 | pub trait SeedableRng: Sized {
[INFO] [stdout]     | ---------------------------- required by this bound in `SeedableRng`
[INFO] [stdout] 
[INFO] [stdout] 
[INFO] [stdout] error[E0277]: the trait bound `rand_xorshift::XorShiftRng: SeedableRng` is not satisfied
[INFO] [stdout]    --> /opt/rustwide/cargo-home/registry/src/github.com-1ecc6299db9ec823/rand-0.6.5/src/deprecated.rs:242:8
[INFO] [stdout]     |
[INFO] [stdout] 242 |     fn from_seed(seed: Self::Seed) -> Self {
[INFO] [stdout]     |        ^^^^^^^^^ the trait `SeedableRng` is not implemented for `rand_xorshift::XorShiftRng`
[INFO] [stdout] 
[INFO] [stdout] 
[INFO] [stdout] error[E0277]: the trait bound `rand_hc::Hc128Rng: SeedableRng` is not satisfied
[INFO] [stdout]    --> /opt/rustwide/cargo-home/registry/src/github.com-1ecc6299db9ec823/rand-0.6.5/src/deprecated.rs:280:5
[INFO] [stdout]     |
[INFO] [stdout] 280 |     type Seed = <rngs::StdRng as SeedableRng>::Seed;
[INFO] [stdout]     |     ^^^^^^^^^^^^^^^^^^^^^^^^^^^^^^^^^^^^^^^^^^^^^^^^ the trait `SeedableRng` is not implemented for `rand_hc::Hc128Rng`
[INFO] [stdout] 
[INFO] [stdout] 
[INFO] [stdout] error[E0277]: the trait bound `rand_hc::Hc128Rng: SeedableRng` is not satisfied
[INFO] [stdout]    --> /opt/rustwide/cargo-home/registry/src/github.com-1ecc6299db9ec823/rand-0.6.5/src/deprecated.rs:282:8
[INFO] [stdout]     |
[INFO] [stdout] 282 |     fn from_seed(seed: Self::Seed) -> Self {
[INFO] [stdout]     |        ^^^^^^^^^ the trait `SeedableRng` is not implemented for `rand_hc::Hc128Rng`
[INFO] [stdout] 
[INFO] [stdout] 
[INFO] [stdout] error: aborting due to 22 previous errors
[INFO] [stdout] 
[INFO] [stdout] 
[INFO] [stdout] For more information about this error, try `rustc --explain E0277`.
[INFO] [stdout] 
[INFO] [stderr] error: could not compile `rand` due to 23 previous errors
[INFO] [stderr] warning: build failed, waiting for other jobs to finish...
[INFO] [stderr] error: build failed
[INFO] running `Command { std: "docker" "inspect" "83b3b310dd5ced86b1079d1b1f2e98a7a1c3402164cd29cff2792325b578e7c7", kill_on_drop: false }`
[INFO] running `Command { std: "docker" "rm" "-f" "83b3b310dd5ced86b1079d1b1f2e98a7a1c3402164cd29cff2792325b578e7c7", kill_on_drop: false }`
[INFO] [stdout] 83b3b310dd5ced86b1079d1b1f2e98a7a1c3402164cd29cff2792325b578e7c7
