[INFO] cloning repository https://github.com/bamling/amethyst-nphysics-example
[INFO] running `Command { std: "git" "-c" "credential.helper=" "-c" "credential.helper=/workspace/cargo-home/bin/git-credential-null" "clone" "--bare" "https://github.com/bamling/amethyst-nphysics-example" "/workspace/cache/git-repos/https%3A%2F%2Fgithub.com%2Fbamling%2Famethyst-nphysics-example", kill_on_drop: false }`
[INFO] [stderr] Cloning into bare repository '/workspace/cache/git-repos/https%3A%2F%2Fgithub.com%2Fbamling%2Famethyst-nphysics-example'...
[INFO] running `Command { std: "git" "rev-parse" "HEAD", kill_on_drop: false }`
[INFO] [stdout] bfde54e3e43d2f732e27e2c9b1c157131855826c
[INFO] testing bamling/amethyst-nphysics-example against beta-2021-08-01 for beta-1.55-1
[INFO] running `Command { std: "git" "clone" "/workspace/cache/git-repos/https%3A%2F%2Fgithub.com%2Fbamling%2Famethyst-nphysics-example" "/workspace/builds/worker-2/source", kill_on_drop: false }`
[INFO] [stderr] Cloning into '/workspace/builds/worker-2/source'...
[INFO] [stderr] done.
[INFO] validating manifest of git repo https://github.com/bamling/amethyst-nphysics-example on toolchain beta-2021-08-01
[INFO] running `Command { std: "/workspace/cargo-home/bin/cargo" "+beta-2021-08-01" "metadata" "--manifest-path" "Cargo.toml" "--no-deps", kill_on_drop: false }`
[INFO] started tweaking git repo https://github.com/bamling/amethyst-nphysics-example
[INFO] finished tweaking git repo https://github.com/bamling/amethyst-nphysics-example
[INFO] tweaked toml for git repo https://github.com/bamling/amethyst-nphysics-example written to /workspace/builds/worker-2/source/Cargo.toml
[INFO] crate git repo https://github.com/bamling/amethyst-nphysics-example already has a lockfile, it will not be regenerated
[INFO] running `Command { std: "/workspace/cargo-home/bin/cargo" "+beta-2021-08-01" "fetch" "--manifest-path" "Cargo.toml", kill_on_drop: false }`
[INFO] [stderr]  Downloading crates ...
[INFO] [stderr]   Downloaded http v0.1.17
[INFO] [stderr]   Downloaded humantime v1.2.0
[INFO] [stderr]   Downloaded tokio-reactor v0.1.9
[INFO] [stderr]   Downloaded tokio-threadpool v0.1.14
[INFO] [stderr]   Downloaded native-tls v0.2.3
[INFO] [stderr]   Downloaded tempfile v3.0.8
[INFO] [stderr]   Downloaded quick-error v1.2.2
[INFO] [stderr]   Downloaded serde_bytes v0.11.1
[INFO] [stderr]   Downloaded relevant v0.4.1
[INFO] [stderr]   Downloaded inventory-impl v0.1.3
[INFO] [stderr]   Downloaded security-framework v0.3.1
[INFO] [stderr]   Downloaded x11 v2.18.1
[INFO] [stderr]   Downloaded x11-clipboard v0.3.2
[INFO] [stderr]   Downloaded ctor v0.1.9
[INFO] [stderr]   Downloaded bincode v1.1.4
[INFO] [stderr]   Downloaded slice-deque v0.2.4
[INFO] [stderr]   Downloaded miniz_oxide v0.2.1
[INFO] [stderr]   Downloaded debugid v0.4.0
[INFO] [stderr]   Downloaded vcpkg v0.2.6
[INFO] [stderr]   Downloaded openssl-sys v0.9.47
[INFO] [stderr]   Downloaded want v0.0.6
[INFO] [stderr]   Downloaded string v0.1.3
[INFO] [stderr]   Downloaded error-chain v0.12.1
[INFO] [stderr]   Downloaded flate2 v1.0.7
[INFO] [stderr]   Downloaded httpdate v0.3.2
[INFO] [stderr]   Downloaded termcolor v1.0.4
[INFO] [stderr]   Downloaded unicode-segmentation v1.3.0
[INFO] [stderr]   Downloaded erased-serde v0.3.9
[INFO] [stderr]   Downloaded alga_derive v0.9.1
[INFO] [stderr]   Downloaded twox-hash v1.3.0
[INFO] [stderr]   Downloaded glyph_brush_layout v0.1.6
[INFO] [stderr]   Downloaded lyon_geom v0.12.6
[INFO] [stderr]   Downloaded hashbrown v0.3.0
[INFO] [stderr]   Downloaded claxon v0.3.3
[INFO] [stderr]   Downloaded stdweb-internal-runtime v0.1.4
[INFO] [stderr]   Downloaded ordermap v0.3.5
[INFO] [stderr]   Downloaded cc v1.0.37
[INFO] [stderr]   Downloaded ncollide3d v0.19.1
[INFO] [stderr]   Downloaded serde_json v1.0.39
[INFO] [stderr]   Downloaded nalgebra v0.18.0
[INFO] [stderr]   Downloaded cmake v0.1.40
[INFO] [stderr]   Downloaded futures-cpupool v0.1.8
[INFO] [stderr]   Downloaded numtoa v0.1.0
[INFO] [stderr]   Downloaded try_from v0.3.2
[INFO] [stderr]   Downloaded fixedbitset v0.1.9
[INFO] [stderr]   Downloaded mime v0.3.13
[INFO] [stderr]   Downloaded proc-macro-hack v0.5.7
[INFO] [stderr]   Downloaded ryu v0.2.8
[INFO] [stderr]   Downloaded mime_guess v2.0.0-alpha.6
[INFO] [stderr]   Downloaded tokio-executor v0.1.7
[INFO] [stderr]   Downloaded try-lock v0.2.2
[INFO] [stderr]   Downloaded rustc-demangle v0.1.14
[INFO] [stderr]   Downloaded tokio-trace-core v0.1.0
[INFO] [stderr]   Downloaded unicase v2.4.0
[INFO] [stderr]   Downloaded sentry-types v0.11.0
[INFO] [stderr]   Downloaded cookie_store v0.7.0
[INFO] [stderr]   Downloaded tokio-buf v0.1.1
[INFO] [stderr]   Downloaded schannel v0.1.15
[INFO] [stderr]   Downloaded stdweb-derive v0.5.1
[INFO] [stderr]   Downloaded cookie v0.12.0
[INFO] [stderr]   Downloaded num-traits v0.2.8
[INFO] [stderr]   Downloaded rusttype v0.7.6
[INFO] [stderr]   Downloaded base-x v0.2.4
[INFO] [stderr]   Downloaded bumpalo v2.4.3
[INFO] [stderr]   Downloaded httparse v1.3.3
[INFO] [stderr]   Downloaded autocfg v0.1.4
[INFO] [stderr]   Downloaded stdweb-internal-macros v0.2.7
[INFO] [stderr]   Downloaded tokio-sync v0.1.5
[INFO] [stderr]   Downloaded hyper-tls v0.3.2
[INFO] [stderr]   Downloaded backtrace v0.3.20
[INFO] [stderr]   Downloaded ghost v0.1.0
[INFO] [stderr]   Downloaded num-integer v0.1.41
[INFO] [stderr]   Downloaded libm v0.1.3
[INFO] [stderr]   Downloaded uname v0.1.1
[INFO] [stderr]   Downloaded http-body v0.1.0
[INFO] [stderr]   Downloaded sentry v0.15.5
[INFO] [stderr]   Downloaded image v0.21.1
[INFO] [stderr]   Downloaded petgraph v0.4.13
[INFO] [stderr]   Downloaded serde_derive v1.0.91
[INFO] [stderr]   Downloaded serde v1.0.91
[INFO] [stderr] warning: spurious network error (2 tries remaining): [55] Failed sending data to the peer (Connection died, tried 5 times before giving up)
[INFO] [stderr]   Downloaded cfg-if v0.1.9
[INFO] [stderr]   Downloaded winit v0.19.1
[INFO] [stderr]   Downloaded minimp3 v0.3.3
[INFO] [stderr]   Downloaded rendy-shader v0.2.0
[INFO] [stderr]   Downloaded gfx-backend-empty v0.2.0
[INFO] [stderr]   Downloaded rendy-util v0.2.0
[INFO] [stderr]   Downloaded rendy-mesh v0.2.0
[INFO] [stderr]   Downloaded rendy-resource v0.2.0
[INFO] [stderr]   Downloaded rendy-chain v0.2.0
[INFO] [stderr]   Downloaded rendy-texture v0.2.0
[INFO] [stderr]   Downloaded rendy-descriptor v0.2.0
[INFO] [stderr]   Downloaded gfx-backend-vulkan v0.2.0
[INFO] [stderr]   Downloaded rendy-memory v0.2.0
[INFO] [stderr]   Downloaded rendy-graph v0.2.0
[INFO] [stderr]   Downloaded stdweb v0.4.17
[INFO] [stderr]   Downloaded glyph_brush v0.5.0
[INFO] [stderr]   Downloaded rendy-frame v0.2.0
[INFO] [stderr]   Downloaded rendy-wsi v0.2.0
[INFO] [stderr]   Downloaded specs-hierarchy v0.3.1
[INFO] [stderr]   Downloaded regex-syntax v0.6.6
[INFO] [stderr]   Downloaded rendy-factory v0.2.0
[INFO] [stderr]   Downloaded encoding_rs v0.8.17
[INFO] [stderr]   Downloaded rendy-command v0.2.0
[INFO] [stderr]   Downloaded quickcheck v0.8.3
[INFO] [stderr]   Downloaded rendy v0.2.1
[INFO] [stderr]   Downloaded syn v0.15.34
[INFO] [stderr]   Downloaded glsl-layout-derive v0.3.0
[INFO] [stderr]   Downloaded winconsole v0.10.0
[INFO] [stderr]   Downloaded wincolor v1.0.1
[INFO] [stderr]   Downloaded winutil v0.1.1
[INFO] [stderr]   Downloaded publicsuffix v1.5.2
[INFO] [stderr]   Downloaded env_logger v0.6.1
[INFO] [stderr]   Downloaded sized-chunks v0.1.3
[INFO] [stderr]   Downloaded im v12.3.4
[INFO] [stderr]   Downloaded miniz_oxide_c_api v0.2.1
[INFO] [stderr]   Downloaded gfx-hal v0.2.0
[INFO] [stderr]   Downloaded indexmap v1.0.2
[INFO] [stderr]   Downloaded hyper v0.12.29
[INFO] [stderr]   Downloaded nphysics3d v0.11.1
[INFO] [stderr]   Downloaded openssl v0.10.23
[INFO] [stderr]   Downloaded alga v0.9.1
[INFO] [stderr]   Downloaded security-framework-sys v0.3.1
[INFO] [stderr]   Downloaded wasm-bindgen-backend v0.2.45
[INFO] [stderr]   Downloaded libc v0.2.55
[INFO] [stderr]   Downloaded remove_dir_all v0.5.1
[INFO] [stderr]   Downloaded h2 v0.1.20
[INFO] [stderr]   Downloaded wasm-bindgen-shared v0.2.45
[INFO] [stderr]   Downloaded wasm-bindgen-macro-support v0.2.45
[INFO] [stderr]   Downloaded wasm-bindgen-macro v0.2.45
[INFO] [stderr]   Downloaded iovec v0.1.2
[INFO] [stderr]   Downloaded inventory v0.1.3
[INFO] [stderr]   Downloaded colored v1.8.0
[INFO] [stderr]   Downloaded getset v0.0.7
[INFO] [stderr]   Downloaded rgb v0.8.13
[INFO] [stderr]   Downloaded tokio v0.1.20
[INFO] [stderr]   Downloaded num-iter v0.1.39
[INFO] [stderr]   Downloaded glsl-layout v0.3.0
[INFO] [stderr]   Downloaded wasm-bindgen v0.2.45
[INFO] [stderr]   Downloaded shred v0.7.2
[INFO] [stderr]   Downloaded termion v1.5.2
[INFO] [stderr]   Downloaded dtoa v0.4.4
[INFO] [stderr]   Downloaded synstructure v0.10.2
[INFO] [stderr]   Downloaded hostname v0.1.5
[INFO] [stderr]   Downloaded serde_urlencoded v0.5.5
[INFO] [stderr]   Downloaded futures v0.1.27
[INFO] [stderr]   Downloaded tokio-current-thread v0.1.6
[INFO] [stderr]   Downloaded mio v0.6.17
[INFO] [stderr]   Downloaded regex v1.1.6
[INFO] [stderr]   Downloaded url_serde v0.2.0
[INFO] [stderr]   Downloaded reqwest v0.9.17
[INFO] [stderr]   Downloaded tokio-timer v0.2.11
[INFO] [stderr]   Downloaded aho-corasick v0.7.3
[INFO] [stderr]   Downloaded laminar v0.2.2
[INFO] running `Command { std: "docker" "create" "-v" "/var/lib/crater-agent-workspace/builds/worker-2/target:/opt/rustwide/target:rw,Z" "-v" "/var/lib/crater-agent-workspace/builds/worker-2/source:/opt/rustwide/workdir:ro,Z" "-v" "/var/lib/crater-agent-workspace/cargo-home:/opt/rustwide/cargo-home:ro,Z" "-v" "/var/lib/crater-agent-workspace/rustup-home:/opt/rustwide/rustup-home:ro,Z" "-e" "SOURCE_DIR=/opt/rustwide/workdir" "-e" "CARGO_TARGET_DIR=/opt/rustwide/target" "-e" "CARGO_HOME=/opt/rustwide/cargo-home" "-e" "RUSTUP_HOME=/opt/rustwide/rustup-home" "-w" "/opt/rustwide/workdir" "-m" "1610612736" "--user" "0:0" "--network" "none" "ghcr.io/rust-lang/crates-build-env/linux@sha256:34b6a614d2c27851fe6cbf88fbd1137609cefab8b10d0615aaeb6fd47975d74e" "/opt/rustwide/cargo-home/bin/cargo" "+beta-2021-08-01" "metadata" "--no-deps" "--format-version=1", kill_on_drop: false }`
[INFO] [stdout] 03bedd8895cde707621e85cb32db98757ec8caf0de4b729ad2b562f5b131ce74
[INFO] [stderr] WARNING: Your kernel does not support swap limit capabilities or the cgroup is not mounted. Memory limited without swap.
[INFO] running `Command { std: "docker" "start" "-a" "03bedd8895cde707621e85cb32db98757ec8caf0de4b729ad2b562f5b131ce74", kill_on_drop: false }`
[INFO] running `Command { std: "docker" "inspect" "03bedd8895cde707621e85cb32db98757ec8caf0de4b729ad2b562f5b131ce74", kill_on_drop: false }`
[INFO] running `Command { std: "docker" "rm" "-f" "03bedd8895cde707621e85cb32db98757ec8caf0de4b729ad2b562f5b131ce74", kill_on_drop: false }`
[INFO] [stdout] 03bedd8895cde707621e85cb32db98757ec8caf0de4b729ad2b562f5b131ce74
[INFO] running `Command { std: "docker" "create" "-v" "/var/lib/crater-agent-workspace/builds/worker-2/target:/opt/rustwide/target:rw,Z" "-v" "/var/lib/crater-agent-workspace/builds/worker-2/source:/opt/rustwide/workdir:ro,Z" "-v" "/var/lib/crater-agent-workspace/cargo-home:/opt/rustwide/cargo-home:ro,Z" "-v" "/var/lib/crater-agent-workspace/rustup-home:/opt/rustwide/rustup-home:ro,Z" "-e" "SOURCE_DIR=/opt/rustwide/workdir" "-e" "CARGO_TARGET_DIR=/opt/rustwide/target" "-e" "CARGO_INCREMENTAL=0" "-e" "RUST_BACKTRACE=full" "-e" "RUSTFLAGS=--cap-lints=warn" "-e" "CARGO_HOME=/opt/rustwide/cargo-home" "-e" "RUSTUP_HOME=/opt/rustwide/rustup-home" "-w" "/opt/rustwide/workdir" "-m" "1610612736" "--user" "0:0" "--network" "none" "ghcr.io/rust-lang/crates-build-env/linux@sha256:34b6a614d2c27851fe6cbf88fbd1137609cefab8b10d0615aaeb6fd47975d74e" "/opt/rustwide/cargo-home/bin/cargo" "+beta-2021-08-01" "build" "--frozen" "--message-format=json", kill_on_drop: false }`
[INFO] [stderr] WARNING: Your kernel does not support swap limit capabilities or the cgroup is not mounted. Memory limited without swap.
[INFO] [stdout] 7c9260e1e9fa63e44e3f60ab78f2a08e1c1b04302144bc4eaa973535cbd9b952
[INFO] running `Command { std: "docker" "start" "-a" "7c9260e1e9fa63e44e3f60ab78f2a08e1c1b04302144bc4eaa973535cbd9b952", kill_on_drop: false }`
[INFO] [stderr]    Compiling syn v0.15.34
[INFO] [stderr]    Compiling mint v0.5.1
[INFO] [stderr]    Compiling num-complex v0.2.1
[INFO] [stderr]    Compiling libm v0.1.3
[INFO] [stderr]    Compiling nonzero_signed v1.0.3
[INFO] [stderr]    Compiling winapi v0.3.7
[INFO] [stderr]    Compiling claxon v0.3.3
[INFO] [stderr]    Compiling hashbrown v0.3.0
[INFO] [stderr]    Compiling fluent-locale v0.4.1
[INFO] [stderr]    Compiling arrayvec v0.4.10
[INFO] [stderr]    Compiling backtrace v0.3.20
[INFO] [stderr]    Compiling num-integer v0.1.41
[INFO] [stderr]    Compiling libloading v0.5.0
[INFO] [stderr]    Compiling num-iter v0.1.39
[INFO] [stderr]    Compiling cmake v0.1.40
[INFO] [stderr]    Compiling proc-macro2 v0.3.8
[INFO] [stderr]    Compiling minimp3-sys v0.3.1
[INFO] [stderr]    Compiling bincode v1.1.4
[INFO] [stderr]    Compiling x11 v2.18.1
[INFO] [stderr]    Compiling servo-fontconfig-sys v4.0.7
[INFO] [stderr]    Compiling itertools v0.7.11
[INFO] [stderr]    Compiling annotate-snippets v0.1.0
[INFO] [stderr]    Compiling stackvector v1.0.2
[INFO] [stderr]    Compiling quote v0.5.2
[INFO] [stderr]    Compiling nix v0.13.0
[INFO] [stderr]    Compiling memmap v0.7.0
[INFO] [stderr]    Compiling xcb v0.8.2
[INFO] [stderr]    Compiling atty v0.2.11
[INFO] [stderr]    Compiling shared_library v0.1.9
[INFO] [stderr]    Compiling dirs v1.0.5
[INFO] [stderr]    Compiling slice-deque v0.2.4
[INFO] [stderr]    Compiling memmap v0.6.2
[INFO] [stderr]    Compiling uname v0.1.1
[INFO] [stderr]    Compiling hostname v0.1.5
[INFO] [stderr]    Compiling fxhash v0.2.1
[INFO] [stderr]    Compiling stb_truetype v0.2.6
[INFO] [stderr]    Compiling rustc-hash v1.0.1
[INFO] [stderr]    Compiling ogg v0.7.0
[INFO] [stderr]    Compiling err-derive v0.1.5
[INFO] [stderr]    Compiling im v12.3.4
[INFO] [stderr]    Compiling sentry v0.15.5
[INFO] [stderr]    Compiling servo-freetype-sys v4.0.5
[INFO] [stderr]    Compiling expat-sys v2.1.6
[INFO] [stderr]    Compiling x11-dl v2.18.3
[INFO] [stderr]    Compiling alsa-sys v0.1.2
[INFO] [stderr]    Compiling generic-array v0.12.0
[INFO] [stderr]    Compiling sized-chunks v0.1.3
[INFO] [stderr]    Compiling syn v0.13.11
[INFO] [stderr]    Compiling fluent-syntax v0.1.1
[INFO] [stderr]    Compiling rand v0.3.23
[INFO] [stderr]    Compiling crossbeam-epoch v0.3.1
[INFO] [stderr]    Compiling crossbeam-epoch v0.7.1
[INFO] [stderr]    Compiling crossbeam-epoch v0.5.2
[INFO] [stderr]    Compiling crossbeam-epoch v0.6.1
[INFO] [stderr]    Compiling lexical-core v0.4.0
[INFO] [stderr]    Compiling wayland-scanner v0.21.12
[INFO] [stderr]    Compiling syn v0.14.9
[INFO] [stderr]    Compiling approx v0.3.2
[INFO] [stderr]    Compiling clap v2.33.0
[INFO] [stderr]    Compiling ash v0.29.0
[INFO] [stderr]    Compiling rustc_version_runtime v0.1.5
[INFO] [stderr] error: failed to run custom build command for `rustc_version_runtime v0.1.5`
[INFO] [stderr] 
[INFO] [stderr] Caused by:
[INFO] [stderr]   process didn't exit successfully: `/opt/rustwide/target/debug/build/rustc_version_runtime-ab71c27d7eebf69a/build-script-build` (exit status: 101)
[INFO] [stderr]   --- stderr
[INFO] [stderr]   thread 'main' panicked at 'called `Result::unwrap()` on an `Err` value: Os { code: 30, kind: ReadOnlyFilesystem, message: "Read-only file system" }', /opt/rustwide/cargo-home/registry/src/github.com-1ecc6299db9ec823/rustc_version_runtime-0.1.5/build.rs:27:48
[INFO] [stderr]   stack backtrace:
[INFO] [stderr]      0:     0x557efe9214e0 - std::backtrace_rs::backtrace::libunwind::trace::hff4d1766e93f64f1
[INFO] [stderr]                                  at /rustc/53fd98ca776cb875bc9e5514f56b52eb74f9e7a9/library/std/src/../../backtrace/src/backtrace/libunwind.rs:90:5
[INFO] [stderr]      1:     0x557efe9214e0 - std::backtrace_rs::backtrace::trace_unsynchronized::h56bbc8eb78770bcb
[INFO] [stderr]                                  at /rustc/53fd98ca776cb875bc9e5514f56b52eb74f9e7a9/library/std/src/../../backtrace/src/backtrace/mod.rs:66:5
[INFO] [stderr]      2:     0x557efe9214e0 - std::sys_common::backtrace::_print_fmt::h5c8e75464faca780
[INFO] [stderr]                                  at /rustc/53fd98ca776cb875bc9e5514f56b52eb74f9e7a9/library/std/src/sys_common/backtrace.rs:67:5
[INFO] [stderr]      3:     0x557efe9214e0 - <std::sys_common::backtrace::_print::DisplayBacktrace as core::fmt::Display>::fmt::h48b88277def8b362
[INFO] [stderr]                                  at /rustc/53fd98ca776cb875bc9e5514f56b52eb74f9e7a9/library/std/src/sys_common/backtrace.rs:46:22
[INFO] [stderr]      4:     0x557efe93e56c - core::fmt::write::h3381b3176fe2b3d3
[INFO] [stderr]                                  at /rustc/53fd98ca776cb875bc9e5514f56b52eb74f9e7a9/library/core/src/fmt/mod.rs:1115:17
[INFO] [stderr]      5:     0x557efe91f5f5 - std::io::Write::write_fmt::hd42607e5d8e44db0
[INFO] [stderr]                                  at /rustc/53fd98ca776cb875bc9e5514f56b52eb74f9e7a9/library/std/src/io/mod.rs:1665:15
[INFO] [stderr]      6:     0x557efe92318b - std::sys_common::backtrace::_print::ha537687d6c17dd0d
[INFO] [stderr]                                  at /rustc/53fd98ca776cb875bc9e5514f56b52eb74f9e7a9/library/std/src/sys_common/backtrace.rs:49:5
[INFO] [stderr]      7:     0x557efe92318b - std::sys_common::backtrace::print::h61376ae57d131d72
[INFO] [stderr]                                  at /rustc/53fd98ca776cb875bc9e5514f56b52eb74f9e7a9/library/std/src/sys_common/backtrace.rs:36:9
[INFO] [stderr]      8:     0x557efe92318b - std::panicking::default_hook::{{closure}}::h0f7208c0b9644a54
[INFO] [stderr]                                  at /rustc/53fd98ca776cb875bc9e5514f56b52eb74f9e7a9/library/std/src/panicking.rs:208:50
[INFO] [stderr]      9:     0x557efe922c61 - std::panicking::default_hook::hdac7fc06578c14ce
[INFO] [stderr]                                  at /rustc/53fd98ca776cb875bc9e5514f56b52eb74f9e7a9/library/std/src/panicking.rs:225:9
[INFO] [stderr]     10:     0x557efe923854 - std::panicking::rust_panic_with_hook::h72b21c283da3d1ef
[INFO] [stderr]                                  at /rustc/53fd98ca776cb875bc9e5514f56b52eb74f9e7a9/library/std/src/panicking.rs:622:17
[INFO] [stderr]     11:     0x557efe923337 - std::panicking::begin_panic_handler::{{closure}}::he5778f1729cff84a
[INFO] [stderr]                                  at /rustc/53fd98ca776cb875bc9e5514f56b52eb74f9e7a9/library/std/src/panicking.rs:519:13
[INFO] [stderr]     12:     0x557efe9219bc - std::sys_common::backtrace::__rust_end_short_backtrace::h2d11ca8b453b4b1d
[INFO] [stderr]                                  at /rustc/53fd98ca776cb875bc9e5514f56b52eb74f9e7a9/library/std/src/sys_common/backtrace.rs:141:18
[INFO] [stderr]     13:     0x557efe923299 - rust_begin_unwind
[INFO] [stderr]                                  at /rustc/53fd98ca776cb875bc9e5514f56b52eb74f9e7a9/library/std/src/panicking.rs:515:5
[INFO] [stderr]     14:     0x557efe8ed041 - core::panicking::panic_fmt::hf9de31d4acbce4db
[INFO] [stderr]                                  at /rustc/53fd98ca776cb875bc9e5514f56b52eb74f9e7a9/library/core/src/panicking.rs:92:14
[INFO] [stderr]     15:     0x557efe8ed0d3 - core::result::unwrap_failed::ha0c84e81219e5878
[INFO] [stderr]                                  at /rustc/53fd98ca776cb875bc9e5514f56b52eb74f9e7a9/library/core/src/result.rs:1599:5
[INFO] [stderr]     16:     0x557efe8f07de - core::result::Result<T,E>::unwrap::h7a4d08aa8729c2dd
[INFO] [stderr]                                  at /rustc/53fd98ca776cb875bc9e5514f56b52eb74f9e7a9/library/core/src/result.rs:1281:23
[INFO] [stderr]     17:     0x557efe8ede3e - build_script_build::main::hfe1dde19361d6a3d
[INFO] [stderr]                                  at /opt/rustwide/cargo-home/registry/src/github.com-1ecc6299db9ec823/rustc_version_runtime-0.1.5/build.rs:27:17
[INFO] [stderr]     18:     0x557efe8ef73b - core::ops::function::FnOnce::call_once::hc67c0c0cb287124b
[INFO] [stderr]                                  at /rustc/53fd98ca776cb875bc9e5514f56b52eb74f9e7a9/library/core/src/ops/function.rs:227:5
[INFO] [stderr]     19:     0x557efe8ef93e - std::sys_common::backtrace::__rust_begin_short_backtrace::hf73c36da19ef936e
[INFO] [stderr]                                  at /rustc/53fd98ca776cb875bc9e5514f56b52eb74f9e7a9/library/std/src/sys_common/backtrace.rs:125:18
[INFO] [stderr]     20:     0x557efe8ef591 - std::rt::lang_start::{{closure}}::h8e6e422539839bb3
[INFO] [stderr]                                  at /rustc/53fd98ca776cb875bc9e5514f56b52eb74f9e7a9/library/std/src/rt.rs:63:18
[INFO] [stderr]     21:     0x557efe923d5a - core::ops::function::impls::<impl core::ops::function::FnOnce<A> for &F>::call_once::ha88a7d1a4d24e549
[INFO] [stderr]                                  at /rustc/53fd98ca776cb875bc9e5514f56b52eb74f9e7a9/library/core/src/ops/function.rs:259:13
[INFO] [stderr]     22:     0x557efe923d5a - std::panicking::try::do_call::hd3b1d7740607ccc7
[INFO] [stderr]                                  at /rustc/53fd98ca776cb875bc9e5514f56b52eb74f9e7a9/library/std/src/panicking.rs:401:40
[INFO] [stderr]     23:     0x557efe923d5a - std::panicking::try::h0ee8c65ac7461507
[INFO] [stderr]                                  at /rustc/53fd98ca776cb875bc9e5514f56b52eb74f9e7a9/library/std/src/panicking.rs:365:19
[INFO] [stderr]     24:     0x557efe923d5a - std::panic::catch_unwind::head47f0de4ccd838
[INFO] [stderr]                                  at /rustc/53fd98ca776cb875bc9e5514f56b52eb74f9e7a9/library/std/src/panic.rs:434:14
[INFO] [stderr]     25:     0x557efe923d5a - std::rt::lang_start_internal::{{closure}}::hbc7de8ec820ac085
[INFO] [stderr]                                  at /rustc/53fd98ca776cb875bc9e5514f56b52eb74f9e7a9/library/std/src/rt.rs:45:48
[INFO] [stderr]     26:     0x557efe923d5a - std::panicking::try::do_call::h2609e52e8bad4a7b
[INFO] [stderr]                                  at /rustc/53fd98ca776cb875bc9e5514f56b52eb74f9e7a9/library/std/src/panicking.rs:401:40
[INFO] [stderr]     27:     0x557efe923d5a - std::panicking::try::hd0929f0b603e0389
[INFO] [stderr]                                  at /rustc/53fd98ca776cb875bc9e5514f56b52eb74f9e7a9/library/std/src/panicking.rs:365:19
[INFO] [stderr]     28:     0x557efe923d5a - std::panic::catch_unwind::h27902b81c3e47571
[INFO] [stderr]                                  at /rustc/53fd98ca776cb875bc9e5514f56b52eb74f9e7a9/library/std/src/panic.rs:434:14
[INFO] [stderr]     29:     0x557efe923d5a - std::rt::lang_start_internal::h3fb2d794dd391e3e
[INFO] [stderr]                                  at /rustc/53fd98ca776cb875bc9e5514f56b52eb74f9e7a9/library/std/src/rt.rs:45:20
[INFO] [stderr]     30:     0x557efe8ef560 - std::rt::lang_start::hcc3f987ca594ff20
[INFO] [stderr]                                  at /rustc/53fd98ca776cb875bc9e5514f56b52eb74f9e7a9/library/std/src/rt.rs:62:5
[INFO] [stderr]     31:     0x557efe8eef3c - main
[INFO] [stderr]     32:     0x7fac6d3d80b3 - __libc_start_main
[INFO] [stderr]     33:     0x557efe8ed79e - _start
[INFO] [stderr]     34:                0x0 - <unknown>
[INFO] [stderr] warning: build failed, waiting for other jobs to finish...
[INFO] [stdout] error[E0308]: mismatched types
[INFO] [stdout]    --> /opt/rustwide/cargo-home/registry/src/github.com-1ecc6299db9ec823/lexical-core-0.4.0/src/atof/algorithm/bigcomp.rs:246:55
[INFO] [stdout]     |
[INFO] [stdout] 246 |     let nlz = den.leading_zeros().wrapping_sub(wlz) & (u32::BITS - 1);
[INFO] [stdout]     |                                                       ^^^^^^^^^^^^^^^ expected `usize`, found `u32`
[INFO] [stdout] 
[INFO] [stdout] 
[INFO] [stdout] error[E0277]: no implementation for `usize & u32`
[INFO] [stdout]    --> /opt/rustwide/cargo-home/registry/src/github.com-1ecc6299db9ec823/lexical-core-0.4.0/src/atof/algorithm/bigcomp.rs:246:53
[INFO] [stdout]     |
[INFO] [stdout] 246 |     let nlz = den.leading_zeros().wrapping_sub(wlz) & (u32::BITS - 1);
[INFO] [stdout]     |                                                     ^ no implementation for `usize & u32`
[INFO] [stdout]     |
[INFO] [stdout]     = help: the trait `BitAnd<u32>` is not implemented for `usize`
[INFO] [stdout] 
[INFO] [stdout] 
[INFO] [stdout] error[E0308]: mismatched types
[INFO] [stdout]    --> /opt/rustwide/cargo-home/registry/src/github.com-1ecc6299db9ec823/lexical-core-0.4.0/src/atof/algorithm/bigcomp.rs:264:40
[INFO] [stdout]     |
[INFO] [stdout] 264 |         let (q, r) = shift.ceil_divmod(Limb::BITS);
[INFO] [stdout]     |                                        ^^^^^^^^^^ expected `usize`, found `u32`
[INFO] [stdout]     |
[INFO] [stdout] help: you can convert a `u32` to a `usize` and panic if the converted value doesn't fit
[INFO] [stdout]     |
[INFO] [stdout] 264 |         let (q, r) = shift.ceil_divmod(Limb::BITS.try_into().unwrap());
[INFO] [stdout]     |                                        ^^^^^^^^^^^^^^^^^^^^^^^^^^^^^^
[INFO] [stdout] 
[INFO] [stdout] 
[INFO] [stdout] error[E0308]: mismatched types
[INFO] [stdout]   --> /opt/rustwide/cargo-home/registry/src/github.com-1ecc6299db9ec823/lexical-core-0.4.0/src/atof/algorithm/bigint.rs:94:24
[INFO] [stdout]    |
[INFO] [stdout] 94 |     let bytes = bits / Limb::BITS;
[INFO] [stdout]    |                        ^^^^^^^^^^ expected `usize`, found `u32`
[INFO] [stdout] 
[INFO] [stdout] 
[INFO] [stdout] error[E0277]: cannot divide `usize` by `u32`
[INFO] [stdout]   --> /opt/rustwide/cargo-home/registry/src/github.com-1ecc6299db9ec823/lexical-core-0.4.0/src/atof/algorithm/bigint.rs:94:22
[INFO] [stdout]    |
[INFO] [stdout] 94 |     let bytes = bits / Limb::BITS;
[INFO] [stdout]    |                      ^ no implementation for `usize / u32`
[INFO] [stdout]    |
[INFO] [stdout]    = help: the trait `Div<u32>` is not implemented for `usize`
[INFO] [stdout] 
[INFO] [stdout] 
[INFO] [stdout] error[E0308]: mismatched types
[INFO] [stdout]     --> /opt/rustwide/cargo-home/registry/src/github.com-1ecc6299db9ec823/lexical-core-0.4.0/src/atof/algorithm/math.rs:1064:42
[INFO] [stdout]      |
[INFO] [stdout] 1064 |     let mut count = index.saturating_mul(Limb::BITS);
[INFO] [stdout]      |                                          ^^^^^^^^^^ expected `usize`, found `u32`
[INFO] [stdout]      |
[INFO] [stdout] help: you can convert a `u32` to a `usize` and panic if the converted value doesn't fit
[INFO] [stdout]      |
[INFO] [stdout] 1064 |     let mut count = index.saturating_mul(Limb::BITS.try_into().unwrap());
[INFO] [stdout]      |                                          ^^^^^^^^^^^^^^^^^^^^^^^^^^^^^^
[INFO] [stdout] 
[INFO] [stdout] 
[INFO] [stdout] error[E0308]: mismatched types
[INFO] [stdout]     --> /opt/rustwide/cargo-home/registry/src/github.com-1ecc6299db9ec823/lexical-core-0.4.0/src/atof/algorithm/math.rs:1079:28
[INFO] [stdout]      |
[INFO] [stdout] 1079 |     Limb::BITS.checked_mul(x.len())
[INFO] [stdout]      |                            ^^^^^^^ expected `u32`, found `usize`
[INFO] [stdout]      |
[INFO] [stdout] help: you can convert a `usize` to a `u32` and panic if the converted value doesn't fit
[INFO] [stdout]      |
[INFO] [stdout] 1079 |     Limb::BITS.checked_mul(x.len().try_into().unwrap())
[INFO] [stdout]      |                            ^^^^^^^^^^^^^^^^^^^^^^^^^^^
[INFO] [stdout] 
[INFO] [stdout] 
[INFO] [stdout] error[E0308]: mismatched types
[INFO] [stdout]     --> /opt/rustwide/cargo-home/registry/src/github.com-1ecc6299db9ec823/lexical-core-0.4.0/src/atof/algorithm/math.rs:1080:22
[INFO] [stdout]      |
[INFO] [stdout] 1080 |         .map(|v| v - nlz)
[INFO] [stdout]      |                      ^^^ expected `u32`, found `usize`
[INFO] [stdout] 
[INFO] [stdout] 
[INFO] [stdout] error[E0277]: cannot subtract `usize` from `u32`
[INFO] [stdout]     --> /opt/rustwide/cargo-home/registry/src/github.com-1ecc6299db9ec823/lexical-core-0.4.0/src/atof/algorithm/math.rs:1080:20
[INFO] [stdout]      |
[INFO] [stdout] 1080 |         .map(|v| v - nlz)
[INFO] [stdout]      |                    ^ no implementation for `u32 - usize`
[INFO] [stdout]      |
[INFO] [stdout]      = help: the trait `Sub<usize>` is not implemented for `u32`
[INFO] [stdout] 
[INFO] [stdout] 
[INFO] [stdout] error[E0308]: mismatched types
[INFO] [stdout]     --> /opt/rustwide/cargo-home/registry/src/github.com-1ecc6299db9ec823/lexical-core-0.4.0/src/atof/algorithm/math.rs:1081:20
[INFO] [stdout]      |
[INFO] [stdout] 1081 |         .unwrap_or(usize::max_value())
[INFO] [stdout]      |                    ^^^^^^^^^^^^^^^^^^ expected `u32`, found `usize`
[INFO] [stdout]      |
[INFO] [stdout] help: you can convert a `usize` to a `u32` and panic if the converted value doesn't fit
[INFO] [stdout]      |
[INFO] [stdout] 1081 |         .unwrap_or(usize::max_value().try_into().unwrap())
[INFO] [stdout]      |                    ^^^^^^^^^^^^^^^^^^^^^^^^^^^^^^^^^^^^^^
[INFO] [stdout] 
[INFO] [stdout] 
[INFO] [stdout] error[E0308]: mismatched types
[INFO] [stdout]     --> /opt/rustwide/cargo-home/registry/src/github.com-1ecc6299db9ec823/lexical-core-0.4.0/src/atof/algorithm/math.rs:1079:5
[INFO] [stdout]      |
[INFO] [stdout] 1075 |   pub fn bit_length(x: &[Limb]) -> usize {
[INFO] [stdout]      |                                    ----- expected `usize` because of return type
[INFO] [stdout] ...
[INFO] [stdout] 1079 | /     Limb::BITS.checked_mul(x.len())
[INFO] [stdout] 1080 | |         .map(|v| v - nlz)
[INFO] [stdout] 1081 | |         .unwrap_or(usize::max_value())
[INFO] [stdout]      | |______________________________________^ expected `usize`, found `u32`
[INFO] [stdout]      |
[INFO] [stdout] help: you can convert a `u32` to a `usize` and panic if the converted value doesn't fit
[INFO] [stdout]      |
[INFO] [stdout] 1079 |     Limb::BITS.checked_mul(x.len())
[INFO] [stdout] 1080 |         .map(|v| v - nlz)
[INFO] [stdout] 1081 |         .unwrap_or(usize::max_value()).try_into().unwrap()
[INFO] [stdout]      |
[INFO] [stdout] 
[INFO] [stdout] 
[INFO] [stdout] error[E0308]: mismatched types
[INFO] [stdout]     --> /opt/rustwide/cargo-home/registry/src/github.com-1ecc6299db9ec823/lexical-core-0.4.0/src/atof/algorithm/math.rs:1106:23
[INFO] [stdout]      |
[INFO] [stdout] 1106 |     debug_assert!(n < bits && n != 0);
[INFO] [stdout]      |                       ^^^^ expected `usize`, found `u32`
[INFO] [stdout]      |
[INFO] [stdout] help: you can convert a `u32` to a `usize` and panic if the converted value doesn't fit
[INFO] [stdout]      |
[INFO] [stdout] 1106 |     debug_assert!(n < bits.try_into().unwrap() && n != 0);
[INFO] [stdout]      |                       ^^^^^^^^^^^^^^^^^^^^^^^^
[INFO] [stdout] 
[INFO] [stdout] 
[INFO] [stdout] error[E0308]: mismatched types
[INFO] [stdout]     --> /opt/rustwide/cargo-home/registry/src/github.com-1ecc6299db9ec823/lexical-core-0.4.0/src/atof/algorithm/math.rs:1113:25
[INFO] [stdout]      |
[INFO] [stdout] 1113 |     let lshift = bits - n;
[INFO] [stdout]      |                         ^ expected `u32`, found `usize`
[INFO] [stdout] 
[INFO] [stdout] 
[INFO] [stdout] error[E0277]: cannot subtract `usize` from `u32`
[INFO] [stdout]     --> /opt/rustwide/cargo-home/registry/src/github.com-1ecc6299db9ec823/lexical-core-0.4.0/src/atof/algorithm/math.rs:1113:23
[INFO] [stdout]      |
[INFO] [stdout] 1113 |     let lshift = bits - n;
[INFO] [stdout]      |                       ^ no implementation for `u32 - usize`
[INFO] [stdout]      |
[INFO] [stdout]      = help: the trait `Sub<usize>` is not implemented for `u32`
[INFO] [stdout] 
[INFO] [stdout] 
[INFO] [stdout] error[E0308]: mismatched types
[INFO] [stdout]     --> /opt/rustwide/cargo-home/registry/src/github.com-1ecc6299db9ec823/lexical-core-0.4.0/src/atof/algorithm/math.rs:1154:19
[INFO] [stdout]      |
[INFO] [stdout] 1154 |     let rem = n % bits;
[INFO] [stdout]      |                   ^^^^ expected `usize`, found `u32`
[INFO] [stdout] 
[INFO] [stdout] 
[INFO] [stdout] error[E0277]: cannot mod `usize` by `u32`
[INFO] [stdout]     --> /opt/rustwide/cargo-home/registry/src/github.com-1ecc6299db9ec823/lexical-core-0.4.0/src/atof/algorithm/math.rs:1154:17
[INFO] [stdout]      |
[INFO] [stdout] 1154 |     let rem = n % bits;
[INFO] [stdout]      |                 ^ no implementation for `usize % u32`
[INFO] [stdout]      |
[INFO] [stdout]      = help: the trait `Rem<u32>` is not implemented for `usize`
[INFO] [stdout] 
[INFO] [stdout] 
[INFO] [stdout] error[E0308]: mismatched types
[INFO] [stdout]     --> /opt/rustwide/cargo-home/registry/src/github.com-1ecc6299db9ec823/lexical-core-0.4.0/src/atof/algorithm/math.rs:1155:19
[INFO] [stdout]      |
[INFO] [stdout] 1155 |     let div = n / bits;
[INFO] [stdout]      |                   ^^^^ expected `usize`, found `u32`
[INFO] [stdout] 
[INFO] [stdout] 
[INFO] [stdout] error[E0277]: cannot divide `usize` by `u32`
[INFO] [stdout]     --> /opt/rustwide/cargo-home/registry/src/github.com-1ecc6299db9ec823/lexical-core-0.4.0/src/atof/algorithm/math.rs:1155:17
[INFO] [stdout]      |
[INFO] [stdout] 1155 |     let div = n / bits;
[INFO] [stdout]      |                 ^ no implementation for `usize / u32`
[INFO] [stdout]      |
[INFO] [stdout]      = help: the trait `Div<u32>` is not implemented for `usize`
[INFO] [stdout] 
[INFO] [stdout] 
[INFO] [stdout] error[E0308]: mismatched types
[INFO] [stdout]     --> /opt/rustwide/cargo-home/registry/src/github.com-1ecc6299db9ec823/lexical-core-0.4.0/src/atof/algorithm/math.rs:1211:23
[INFO] [stdout]      |
[INFO] [stdout] 1211 |     debug_assert!(n < bits);
[INFO] [stdout]      |                       ^^^^ expected `usize`, found `u32`
[INFO] [stdout]      |
[INFO] [stdout] help: you can convert a `u32` to a `usize` and panic if the converted value doesn't fit
[INFO] [stdout]      |
[INFO] [stdout] 1211 |     debug_assert!(n < bits.try_into().unwrap());
[INFO] [stdout]      |                       ^^^^^^^^^^^^^^^^^^^^^^^^
[INFO] [stdout] 
[INFO] [stdout] 
[INFO] [stdout] error[E0308]: mismatched types
[INFO] [stdout]     --> /opt/rustwide/cargo-home/registry/src/github.com-1ecc6299db9ec823/lexical-core-0.4.0/src/atof/algorithm/math.rs:1221:25
[INFO] [stdout]      |
[INFO] [stdout] 1221 |     let rshift = bits - n;
[INFO] [stdout]      |                         ^ expected `u32`, found `usize`
[INFO] [stdout] 
[INFO] [stdout] 
[INFO] [stdout] error[E0277]: cannot subtract `usize` from `u32`
[INFO] [stdout]     --> /opt/rustwide/cargo-home/registry/src/github.com-1ecc6299db9ec823/lexical-core-0.4.0/src/atof/algorithm/math.rs:1221:23
[INFO] [stdout]      |
[INFO] [stdout] 1221 |     let rshift = bits - n;
[INFO] [stdout]      |                       ^ no implementation for `u32 - usize`
[INFO] [stdout]      |
[INFO] [stdout]      = help: the trait `Sub<usize>` is not implemented for `u32`
[INFO] [stdout] 
[INFO] [stdout] 
[INFO] [stdout] error[E0308]: mismatched types
[INFO] [stdout]     --> /opt/rustwide/cargo-home/registry/src/github.com-1ecc6299db9ec823/lexical-core-0.4.0/src/atof/algorithm/math.rs:1273:19
[INFO] [stdout]      |
[INFO] [stdout] 1273 |     let rem = n % bits;
[INFO] [stdout]      |                   ^^^^ expected `usize`, found `u32`
[INFO] [stdout] 
[INFO] [stdout] 
[INFO] [stdout] error[E0277]: cannot mod `usize` by `u32`
[INFO] [stdout]     --> /opt/rustwide/cargo-home/registry/src/github.com-1ecc6299db9ec823/lexical-core-0.4.0/src/atof/algorithm/math.rs:1273:17
[INFO] [stdout]      |
[INFO] [stdout] 1273 |     let rem = n % bits;
[INFO] [stdout]      |                 ^ no implementation for `usize % u32`
[INFO] [stdout]      |
[INFO] [stdout]      = help: the trait `Rem<u32>` is not implemented for `usize`
[INFO] [stdout] 
[INFO] [stdout] 
[INFO] [stdout] error[E0308]: mismatched types
[INFO] [stdout]     --> /opt/rustwide/cargo-home/registry/src/github.com-1ecc6299db9ec823/lexical-core-0.4.0/src/atof/algorithm/math.rs:1274:19
[INFO] [stdout]      |
[INFO] [stdout] 1274 |     let div = n / bits;
[INFO] [stdout]      |                   ^^^^ expected `usize`, found `u32`
[INFO] [stdout] 
[INFO] [stdout] 
[INFO] [stdout] error[E0277]: cannot divide `usize` by `u32`
[INFO] [stdout]     --> /opt/rustwide/cargo-home/registry/src/github.com-1ecc6299db9ec823/lexical-core-0.4.0/src/atof/algorithm/math.rs:1274:17
[INFO] [stdout]      |
[INFO] [stdout] 1274 |     let div = n / bits;
[INFO] [stdout]      |                 ^ no implementation for `usize / u32`
[INFO] [stdout]      |
[INFO] [stdout]      = help: the trait `Div<u32>` is not implemented for `usize`
[INFO] [stdout] 
[INFO] [stdout] 
[INFO] [stdout] error[E0308]: mismatched types
[INFO] [stdout]     --> /opt/rustwide/cargo-home/registry/src/github.com-1ecc6299db9ec823/lexical-core-0.4.0/src/atof/algorithm/math.rs:2085:27
[INFO] [stdout]      |
[INFO] [stdout] 2085 |     let rs = Limb::BITS - s;
[INFO] [stdout]      |                           ^ expected `u32`, found `usize`
[INFO] [stdout] 
[INFO] [stdout] 
[INFO] [stdout] error[E0277]: cannot subtract `usize` from `u32`
[INFO] [stdout]     --> /opt/rustwide/cargo-home/registry/src/github.com-1ecc6299db9ec823/lexical-core-0.4.0/src/atof/algorithm/math.rs:2085:25
[INFO] [stdout]      |
[INFO] [stdout] 2085 |     let rs = Limb::BITS - s;
[INFO] [stdout]      |                         ^ no implementation for `u32 - usize`
[INFO] [stdout]      |
[INFO] [stdout]      = help: the trait `Sub<usize>` is not implemented for `u32`
[INFO] [stdout] 
[INFO] [stdout] 
[INFO] [stdout] error: aborting due to 27 previous errors
[INFO] [stdout] 
[INFO] [stdout] 
[INFO] [stdout] Some errors have detailed explanations: E0277, E0308.
[INFO] [stdout] 
[INFO] [stdout] For more information about an error, try `rustc --explain E0277`.
[INFO] [stdout] 
[INFO] [stderr] error: build failed
[INFO] running `Command { std: "docker" "inspect" "7c9260e1e9fa63e44e3f60ab78f2a08e1c1b04302144bc4eaa973535cbd9b952", kill_on_drop: false }`
[INFO] running `Command { std: "docker" "rm" "-f" "7c9260e1e9fa63e44e3f60ab78f2a08e1c1b04302144bc4eaa973535cbd9b952", kill_on_drop: false }`
[INFO] [stdout] 7c9260e1e9fa63e44e3f60ab78f2a08e1c1b04302144bc4eaa973535cbd9b952
